114.119.140.214 - - [17/Dec/2025:20:59:47 +0000] "GET /91c668/?filesrc=//lib64/xtables/libip6t_icmp6.so&path=//lib64/xtables HTTP/1.1" 200 20789 "https://www.royalcity.com.pk/91c668/?path=//lib64/xtables" "Mozilla/5.0 (Linux; Android 7.0;) AppleWebKit/537.36 (KHTML, like Gecko) Mobile Safari/537.36 (compatible; PetalBot;+https://webmaster.petalsearch.com/site/petalbot)"
74.7.241.47 - - [17/Dec/2025:20:59:57 +0000] "GET /91c668/?path=//proc/self/root/opt/cpanel/ea-php70/root/var/mail HTTP/1.1" 200 2520 "-" "Mozilla/5.0 AppleWebKit/537.36 (KHTML, like Gecko; compatible; GPTBot/1.3; +https://openai.com/gptbot)"
74.7.227.45 - - [17/Dec/2025:20:59:59 +0000] "GET /91c668/?path=//usr/local/sitepad/editor/site-data/plugins/loginizer/main/settings HTTP/1.1" 200 10484 "-" "Mozilla/5.0 AppleWebKit/537.36 (KHTML, like Gecko; compatible; GPTBot/1.3; +https://openai.com/gptbot)"
74.7.241.47 - - [17/Dec/2025:21:00:12 +0000] "GET /91c668/?path=//proc/self/root/opt/cpanel/ea-php70/root/var/log HTTP/1.1" 200 3221 "-" "Mozilla/5.0 AppleWebKit/537.36 (KHTML, like Gecko; compatible; GPTBot/1.3; +https://openai.com/gptbot)"
74.7.227.45 - - [17/Dec/2025:21:00:14 +0000] "GET /91c668/?path=//proc/self/root/proc/thread-self/root/home1 HTTP/1.1" 200 2389 "-" "Mozilla/5.0 AppleWebKit/537.36 (KHTML, like Gecko; compatible; GPTBot/1.3; +https://openai.com/gptbot)"
74.7.241.47 - - [17/Dec/2025:21:00:22 +0000] "GET /91c668/?path=//proc/self/root/opt/cpanel/ea-php70/root/var/empty HTTP/1.1" 200 2522 "-" "Mozilla/5.0 AppleWebKit/537.36 (KHTML, like Gecko; compatible; GPTBot/1.3; +https://openai.com/gptbot)"
74.7.227.45 - - [17/Dec/2025:21:00:26 +0000] "GET /91c668/?path=//proc/thread-self/root/proc/self/root/home1 HTTP/1.1" 200 2410 "-" "Mozilla/5.0 AppleWebKit/537.36 (KHTML, like Gecko; compatible; GPTBot/1.3; +https://openai.com/gptbot)"
66.249.66.164 - - [17/Dec/2025:21:00:29 +0000] "GET /?_g=2090687 HTTP/1.1" 200 1507 "-" "Mozilla/5.0 (Linux; Android 6.0.1; Nexus 5X Build/MMB29P) AppleWebKit/537.36 (KHTML, like Gecko) Chrome/141.0.7390.122 Mobile Safari/537.36 (compatible; Googlebot/2.1; +http://www.google.com/bot.html)"
74.7.241.47 - - [17/Dec/2025:21:00:34 +0000] "GET /91c668/?path=//proc/self/root/opt/cpanel/ea-php81/root/usr/include/php/ext HTTP/1.1" 200 18226 "-" "Mozilla/5.0 AppleWebKit/537.36 (KHTML, like Gecko; compatible; GPTBot/1.3; +https://openai.com/gptbot)"
74.7.227.45 - - [17/Dec/2025:21:00:39 +0000] "GET /91c668/?path=//proc/self/root/opt/cpguard/cpg-nginx/html HTTP/1.1" 200 3903 "-" "Mozilla/5.0 AppleWebKit/537.36 (KHTML, like Gecko; compatible; GPTBot/1.3; +https://openai.com/gptbot)"
74.7.241.47 - - [17/Dec/2025:21:00:49 +0000] "GET /91c668/?path=//proc/self/root/opt/cpanel/ea-php81/root/usr/include/php/include HTTP/1.1" 200 2702 "-" "Mozilla/5.0 AppleWebKit/537.36 (KHTML, like Gecko; compatible; GPTBot/1.3; +https://openai.com/gptbot)"
74.7.227.45 - - [17/Dec/2025:21:00:54 +0000] "GET /91c668/?path=//usr/lib/python3.9/site-packages/dns/quic HTTP/1.1" 200 6810 "-" "Mozilla/5.0 AppleWebKit/537.36 (KHTML, like Gecko; compatible; GPTBot/1.3; +https://openai.com/gptbot)"
74.7.241.47 - - [17/Dec/2025:21:01:04 +0000] "GET /91c668/?path=//proc/self/root/opt/cpanel/ea-php81/root/usr/include/php/sapi HTTP/1.1" 200 3397 "-" "Mozilla/5.0 AppleWebKit/537.36 (KHTML, like Gecko; compatible; GPTBot/1.3; +https://openai.com/gptbot)"
74.7.227.45 - - [17/Dec/2025:21:01:07 +0000] "GET /91c668/?path=//usr/lib/python3.9/site-packages/dnf/cli HTTP/1.1" 200 12766 "-" "Mozilla/5.0 AppleWebKit/537.36 (KHTML, like Gecko; compatible; GPTBot/1.3; +https://openai.com/gptbot)"
74.7.241.47 - - [17/Dec/2025:21:01:13 +0000] "GET /91c668/?path=//proc/self/root/opt/cpanel/ea-php81/root/usr/include/php/main HTTP/1.1" 200 27276 "-" "Mozilla/5.0 AppleWebKit/537.36 (KHTML, like Gecko; compatible; GPTBot/1.3; +https://openai.com/gptbot)"
74.7.227.45 - - [17/Dec/2025:21:01:18 +0000] "GET /91c668/?path=//lib/python3.9/site-packages/pip/_vendor HTTP/1.1" 200 19275 "-" "Mozilla/5.0 AppleWebKit/537.36 (KHTML, like Gecko; compatible; GPTBot/1.3; +https://openai.com/gptbot)"
74.7.241.47 - - [17/Dec/2025:21:01:24 +0000] "GET /91c668/?path=//proc/self/root/opt/cpanel/ea-php70/root/var/spool/mail HTTP/1.1" 200 2604 "-" "Mozilla/5.0 AppleWebKit/537.36 (KHTML, like Gecko; compatible; GPTBot/1.3; +https://openai.com/gptbot)"
74.7.227.45 - - [17/Dec/2025:21:01:31 +0000] "GET /91c668/?path=//usr/lib/python3.9/site-packages/dnf/conf HTTP/1.1" 200 6072 "-" "Mozilla/5.0 AppleWebKit/537.36 (KHTML, like Gecko; compatible; GPTBot/1.3; +https://openai.com/gptbot)"
74.7.241.47 - - [17/Dec/2025:21:01:35 +0000] "GET /91c668/?path=//proc/self/root/opt/cpanel/ea-php70/root/var/cache HTTP/1.1" 200 3210 "-" "Mozilla/5.0 AppleWebKit/537.36 (KHTML, like Gecko; compatible; GPTBot/1.3; +https://openai.com/gptbot)"
74.7.227.45 - - [17/Dec/2025:21:01:41 +0000] "GET /91c668/?path=//usr/lib/dracut/modules.d/05nss-softokn HTTP/1.1" 200 3043 "-" "Mozilla/5.0 AppleWebKit/537.36 (KHTML, like Gecko; compatible; GPTBot/1.3; +https://openai.com/gptbot)"
74.7.241.47 - - [17/Dec/2025:21:01:44 +0000] "GET /91c668/?path=//proc/self/root/opt/cpanel/ea-php70/root/var/run/php-fpm HTTP/1.1" 200 2604 "-" "Mozilla/5.0 AppleWebKit/537.36 (KHTML, like Gecko; compatible; GPTBot/1.3; +https://openai.com/gptbot)"
74.7.227.45 - - [17/Dec/2025:21:01:51 +0000] "GET /91c668/?path=//usr/lib/systemd/system/runlevel1.target.wants HTTP/1.1" 200 2283 "-" "Mozilla/5.0 AppleWebKit/537.36 (KHTML, like Gecko; compatible; GPTBot/1.3; +https://openai.com/gptbot)"
114.119.151.192 - - [17/Dec/2025:21:01:57 +0000] "GET /91c668/?filesrc=//lib64/xtables/libebt_mark_m.so&path=//lib64/xtables HTTP/1.1" 200 19460 "https://www.royalcity.com.pk/91c668/?path=//lib64/xtables" "Mozilla/5.0 (Linux; Android 7.0;) AppleWebKit/537.36 (KHTML, like Gecko) Mobile Safari/537.36 (compatible; PetalBot;+https://webmaster.petalsearch.com/site/petalbot)"
74.7.241.47 - - [17/Dec/2025:21:01:58 +0000] "GET /91c668/?path=//proc/self/root/opt/cpanel/ea-php70/root/var/tmp HTTP/1.1" 200 3200 "-" "Mozilla/5.0 AppleWebKit/537.36 (KHTML, like Gecko; compatible; GPTBot/1.3; +https://openai.com/gptbot)"
74.7.227.45 - - [17/Dec/2025:21:02:04 +0000] "GET /91c668/?path=//proc/self/root/opt/cpguard/app/resources/fail2ban/panels/cpanel/jail.d HTTP/1.1" 200 9163 "-" "Mozilla/5.0 AppleWebKit/537.36 (KHTML, like Gecko; compatible; GPTBot/1.3; +https://openai.com/gptbot)"
74.7.241.47 - - [17/Dec/2025:21:02:09 +0000] "GET /91c668/?path=//proc/self/root/opt/cpanel/ea-php70/root/var/spool/lpd HTTP/1.1" 200 2602 "-" "Mozilla/5.0 AppleWebKit/537.36 (KHTML, like Gecko; compatible; GPTBot/1.3; +https://openai.com/gptbot)"
74.7.227.45 - - [17/Dec/2025:21:02:17 +0000] "GET /91c668/?path=//proc/self/root/usr/local/sitepad/editor/site-data/plugins/kkart-pro/includes/queue HTTP/1.1" 200 4834 "-" "Mozilla/5.0 AppleWebKit/537.36 (KHTML, like Gecko; compatible; GPTBot/1.3; +https://openai.com/gptbot)"
74.7.241.47 - - [17/Dec/2025:21:02:20 +0000] "GET /91c668/?path=//proc/self/root/opt/cpanel/ea-php70/root/var/log/php-fpm HTTP/1.1" 200 2604 "-" "Mozilla/5.0 AppleWebKit/537.36 (KHTML, like Gecko; compatible; GPTBot/1.3; +https://openai.com/gptbot)"
74.7.227.45 - - [17/Dec/2025:21:02:26 +0000] "GET /91c668/?path=//proc/self/root/usr/local/sitepad/editor/site-data/plugins/kkart-pro/includes/widgets HTTP/1.1" 200 15382 "-" "Mozilla/5.0 AppleWebKit/537.36 (KHTML, like Gecko; compatible; GPTBot/1.3; +https://openai.com/gptbot)"
74.7.241.47 - - [17/Dec/2025:21:02:31 +0000] "GET /91c668/?path=//proc/self/root/opt/cpanel/ea-php70/root/var/preserve HTTP/1.1" 200 2528 "-" "Mozilla/5.0 AppleWebKit/537.36 (KHTML, like Gecko; compatible; GPTBot/1.3; +https://openai.com/gptbot)"
74.7.227.45 - - [17/Dec/2025:21:02:38 +0000] "GET /91c668/?path=//proc/self/root/usr/local/sitepad/editor/site-data/plugins/kkart-pro/vendor/league HTTP/1.1" 200 3644 "-" "Mozilla/5.0 AppleWebKit/537.36 (KHTML, like Gecko; compatible; GPTBot/1.3; +https://openai.com/gptbot)"
74.7.241.47 - - [17/Dec/2025:21:02:42 +0000] "GET /91c668/?path=//proc/self/root/opt/cpanel/ea-php81/root/usr/include/php/ext/standard HTTP/1.1" 200 58201 "-" "Mozilla/5.0 AppleWebKit/537.36 (KHTML, like Gecko; compatible; GPTBot/1.3; +https://openai.com/gptbot)"
57.141.0.28 - - [17/Dec/2025:21:02:50 +0000] "GET /products/air-conditioning-batteries/public/public/public/data1/images/2.jpg HTTP/1.1" 404 16 "-" "meta-externalagent/1.1 (+https://developers.facebook.com/docs/sharing/webmasters/crawler)"
74.7.227.45 - - [17/Dec/2025:21:02:53 +0000] "GET /91c668/?path=//proc/self/root/opt/cpanel/ea-wappspector/vendor/sebastian/code-unit-reverse-lookup HTTP/1.1" 200 8813 "-" "Mozilla/5.0 AppleWebKit/537.36 (KHTML, like Gecko; compatible; GPTBot/1.3; +https://openai.com/gptbot)"
74.7.241.47 - - [17/Dec/2025:21:02:56 +0000] "GET /91c668/?path=//proc/self/root/opt/cpanel/ea-php81/root/usr/include/php/ext/simplexml HTTP/1.1" 200 4621 "-" "Mozilla/5.0 AppleWebKit/537.36 (KHTML, like Gecko; compatible; GPTBot/1.3; +https://openai.com/gptbot)"
74.7.227.45 - - [17/Dec/2025:21:03:02 +0000] "GET /91c668/?path=//proc/self/root/usr/local/sitepad/editor/site-inc/js/tinymce/skins/wordpress/images HTTP/1.1" 200 15171 "-" "Mozilla/5.0 AppleWebKit/537.36 (KHTML, like Gecko; compatible; GPTBot/1.3; +https://openai.com/gptbot)"
74.7.241.47 - - [17/Dec/2025:21:03:05 +0000] "GET /91c668/?path=//proc/self/root/opt/cpanel/ea-php81/root/usr/include/php/ext/iconv HTTP/1.1" 200 4534 "-" "Mozilla/5.0 AppleWebKit/537.36 (KHTML, like Gecko; compatible; GPTBot/1.3; +https://openai.com/gptbot)"
51.195.183.172 - - [17/Dec/2025:21:03:06 +0000] "GET /db.php/shop/39225223719731 HTTP/1.1" 404 16 "-" "Mozilla/5.0 (compatible; AhrefsBot/7.0; +http://ahrefs.com/robot/)"
74.7.227.45 - - [17/Dec/2025:21:03:09 +0000] "GET /91c668/?path=//proc/self/root/usr/local/sitepad/editor/site-data/plugins/kkart-pro/includes/legacy HTTP/1.1" 200 12799 "-" "Mozilla/5.0 AppleWebKit/537.36 (KHTML, like Gecko; compatible; GPTBot/1.3; +https://openai.com/gptbot)"
74.7.241.47 - - [17/Dec/2025:21:03:13 +0000] "GET /91c668/?filesrc=//proc/self/root/opt/cpanel/ea-php81/root/usr/include/php/main/php_ticks.h&path=//proc/self/root/opt/cpanel/ea-php81/root/usr/include/php/main HTTP/1.1" 200 3867 "-" "Mozilla/5.0 AppleWebKit/537.36 (KHTML, like Gecko; compatible; GPTBot/1.3; +https://openai.com/gptbot)"
74.7.227.45 - - [17/Dec/2025:21:03:18 +0000] "GET /91c668/?filesrc=//usr/lib/python3.9/site-packages/dnf/conf/read.py&path=//usr/lib/python3.9/site-packages/dnf/conf HTTP/1.1" 200 7605 "-" "Mozilla/5.0 AppleWebKit/537.36 (KHTML, like Gecko; compatible; GPTBot/1.3; +https://openai.com/gptbot)"
74.7.241.47 - - [17/Dec/2025:21:03:22 +0000] "GET /91c668/?path=//proc/self/root/opt/cpanel/ea-php81/root/usr/include/php/main/streams HTTP/1.1" 200 10147 "-" "Mozilla/5.0 AppleWebKit/537.36 (KHTML, like Gecko; compatible; GPTBot/1.3; +https://openai.com/gptbot)"
114.119.134.64 - - [17/Dec/2025:21:03:25 +0000] "GET /91c668/?filesrc=//lib64/rsyslog/lmtcpclt.so&path=//lib64/rsyslog HTTP/1.1" 200 21328 "https://www.royalcity.com.pk/91c668/?path=//lib64/rsyslog" "Mozilla/5.0 (Linux; Android 7.0;) AppleWebKit/537.36 (KHTML, like Gecko) Mobile Safari/537.36 (compatible; PetalBot;+https://webmaster.petalsearch.com/site/petalbot)"
74.7.227.45 - - [17/Dec/2025:21:03:27 +0000] "GET /91c668/?path=//proc/self/root/usr/local/sitepad/editor/site-data/plugins/kkart-pro/vendor/composer HTTP/1.1" 200 16241 "-" "Mozilla/5.0 AppleWebKit/537.36 (KHTML, like Gecko; compatible; GPTBot/1.3; +https://openai.com/gptbot)"
74.7.241.47 - - [17/Dec/2025:21:03:31 +0000] "GET /91c668/?path=//proc/self/root/opt/cpanel/ea-php70/root/var/cache/php-pear HTTP/1.1" 200 2612 "-" "Mozilla/5.0 AppleWebKit/537.36 (KHTML, like Gecko; compatible; GPTBot/1.3; +https://openai.com/gptbot)"
74.7.227.45 - - [17/Dec/2025:21:03:38 +0000] "GET /91c668/?path=//proc/self/root/usr/local/sitepad/editor/site-data/plugins/pagelayer/images/nivo-icons HTTP/1.1" 200 10408 "-" "Mozilla/5.0 AppleWebKit/537.36 (KHTML, like Gecko; compatible; GPTBot/1.3; +https://openai.com/gptbot)"
74.7.241.47 - - [17/Dec/2025:21:03:42 +0000] "GET /91c668/?path=//proc/self/root/opt/cpanel/ea-php81/root/usr/include/php/ext/sockets HTTP/1.1" 200 3673 "-" "Mozilla/5.0 AppleWebKit/537.36 (KHTML, like Gecko; compatible; GPTBot/1.3; +https://openai.com/gptbot)"
74.7.227.45 - - [17/Dec/2025:21:03:47 +0000] "GET /91c668/?path=//proc/self/root/usr/local/sitepad/editor/site-data/plugins/kkart-pro/templates/myaccount HTTP/1.1" 200 19513 "-" "Mozilla/5.0 AppleWebKit/537.36 (KHTML, like Gecko; compatible; GPTBot/1.3; +https://openai.com/gptbot)"
74.7.241.47 - - [17/Dec/2025:21:03:49 +0000] "GET /91c668/?path=//proc/self/root/opt/cpanel/ea-php70/root/var/tmp/php-pear HTTP/1.1" 200 2606 "-" "Mozilla/5.0 AppleWebKit/537.36 (KHTML, like Gecko; compatible; GPTBot/1.3; +https://openai.com/gptbot)"
74.7.227.45 - - [17/Dec/2025:21:03:55 +0000] "GET /91c668/?path=//proc/self/root/opt/cpanel/ea-php56/root/usr/include/php/ext/xml HTTP/1.1" 200 4501 "-" "Mozilla/5.0 AppleWebKit/537.36 (KHTML, like Gecko; compatible; GPTBot/1.3; +https://openai.com/gptbot)"
74.7.241.47 - - [17/Dec/2025:21:03:57 +0000] "GET /91c668/?path=//proc/self/root/opt/cpanel/ea-php81/root/usr/include/php/ext/session HTTP/1.1" 200 5416 "-" "Mozilla/5.0 AppleWebKit/537.36 (KHTML, like Gecko; compatible; GPTBot/1.3; +https://openai.com/gptbot)"
74.7.227.45 - - [17/Dec/2025:21:04:01 +0000] "GET /91c668/?filesrc=//proc/keys&path=//proc HTTP/1.1" 200 1787 "-" "Mozilla/5.0 AppleWebKit/537.36 (KHTML, like Gecko; compatible; GPTBot/1.3; +https://openai.com/gptbot)"
74.7.241.47 - - [17/Dec/2025:21:04:06 +0000] "GET /91c668/?path=//proc/self/root/opt/cpanel/ea-php81/root/usr/include/php/ext/mbstring HTTP/1.1" 200 6192 "-" "Mozilla/5.0 AppleWebKit/537.36 (KHTML, like Gecko; compatible; GPTBot/1.3; +https://openai.com/gptbot)"
74.7.227.45 - - [17/Dec/2025:21:04:11 +0000] "GET /91c668/?filesrc=//bin/gpg-error&path=//bin HTTP/1.1" 200 45495 "-" "Mozilla/5.0 AppleWebKit/537.36 (KHTML, like Gecko; compatible; GPTBot/1.3; +https://openai.com/gptbot)"
74.7.241.47 - - [17/Dec/2025:21:04:16 +0000] "GET /91c668/?path=//proc/self/root/opt/cpanel/ea-php81/root/usr/include/php/ext/date HTTP/1.1" 200 4355 "-" "Mozilla/5.0 AppleWebKit/537.36 (KHTML, like Gecko; compatible; GPTBot/1.3; +https://openai.com/gptbot)"
74.7.227.45 - - [17/Dec/2025:21:04:24 +0000] "GET /91c668/?path=//proc/self/root/opt/cpanel/ea-wappspector/vendor/sebastian/code-unit-reverse-lookup/src HTTP/1.1" 200 3674 "-" "Mozilla/5.0 AppleWebKit/537.36 (KHTML, like Gecko; compatible; GPTBot/1.3; +https://openai.com/gptbot)"
74.7.241.47 - - [17/Dec/2025:21:04:28 +0000] "GET /91c668/?path=//proc/self/root/opt/cpanel/ea-php81/root/usr/include/php/ext/pdo HTTP/1.1" 200 5384 "-" "Mozilla/5.0 AppleWebKit/537.36 (KHTML, like Gecko; compatible; GPTBot/1.3; +https://openai.com/gptbot)"
114.119.150.227 - - [17/Dec/2025:21:04:32 +0000] "GET /91c668/?filesrc=//lib64/pipewire-0.3/libpipewire-module-pulse-tunnel.so&path=//lib64/pipewire-0.3 HTTP/1.1" 200 103387 "https://www.royalcity.com.pk/91c668/?path=//lib64/pipewire-0.3" "Mozilla/5.0 (Linux; Android 7.0;) AppleWebKit/537.36 (KHTML, like Gecko) Mobile Safari/537.36 (compatible; PetalBot;+https://webmaster.petalsearch.com/site/petalbot)"
74.7.227.45 - - [17/Dec/2025:21:04:34 +0000] "GET /91c668/?path=//proc/self/root/usr/local/sitepad/editor/site-data/plugins/cookieadmin/languages HTTP/1.1" 200 2757 "-" "Mozilla/5.0 AppleWebKit/537.36 (KHTML, like Gecko; compatible; GPTBot/1.3; +https://openai.com/gptbot)"
74.7.241.47 - - [17/Dec/2025:21:04:38 +0000] "GET /91c668/?path=//proc/self/root/opt/cpanel/ea-php81/root/usr/include/php/ext/gd HTTP/1.1" 200 6049 "-" "Mozilla/5.0 AppleWebKit/537.36 (KHTML, like Gecko; compatible; GPTBot/1.3; +https://openai.com/gptbot)"
74.7.227.45 - - [17/Dec/2025:21:04:42 +0000] "GET /91c668/?path=//proc/self/root/usr/local/sitepad/editor/site-data/plugins/kkart-pro/includes/legacy/api HTTP/1.1" 200 8590 "-" "Mozilla/5.0 AppleWebKit/537.36 (KHTML, like Gecko; compatible; GPTBot/1.3; +https://openai.com/gptbot)"
74.7.241.47 - - [17/Dec/2025:21:04:47 +0000] "GET /91c668/?path=//proc/self/root/opt/cpanel/ea-php81/root/usr/include/php/ext/phar HTTP/1.1" 200 3643 "-" "Mozilla/5.0 AppleWebKit/537.36 (KHTML, like Gecko; compatible; GPTBot/1.3; +https://openai.com/gptbot)"
74.7.227.45 - - [17/Dec/2025:21:04:55 +0000] "GET /91c668/?path=//proc/thread-self/root/usr/local/sitepad/languages/english/admin HTTP/1.1" 200 3476 "-" "Mozilla/5.0 AppleWebKit/537.36 (KHTML, like Gecko; compatible; GPTBot/1.3; +https://openai.com/gptbot)"
74.7.241.47 - - [17/Dec/2025:21:05:03 +0000] "GET /91c668/?path=//proc/self/root/opt/cpanel/ea-php81/root/usr/include/php/ext/spl HTTP/1.1" 200 12307 "-" "Mozilla/5.0 AppleWebKit/537.36 (KHTML, like Gecko; compatible; GPTBot/1.3; +https://openai.com/gptbot)"
74.7.227.45 - - [17/Dec/2025:21:05:08 +0000] "GET /91c668/?path=//lib/tuned/throughput-performance HTTP/1.1" 200 2905 "-" "Mozilla/5.0 AppleWebKit/537.36 (KHTML, like Gecko; compatible; GPTBot/1.3; +https://openai.com/gptbot)"
74.7.241.47 - - [17/Dec/2025:21:05:12 +0000] "GET /91c668/?path=//proc/self/root/opt/cpanel/ea-php81/root/usr/include/php/ext/hash HTTP/1.1" 200 16862 "-" "Mozilla/5.0 AppleWebKit/537.36 (KHTML, like Gecko; compatible; GPTBot/1.3; +https://openai.com/gptbot)"
74.7.227.45 - - [17/Dec/2025:21:05:17 +0000] "GET /91c668/?path=//proc/self/root/proc/self/root HTTP/1.1" 200 12733 "-" "Mozilla/5.0 AppleWebKit/537.36 (KHTML, like Gecko; compatible; GPTBot/1.3; +https://openai.com/gptbot)"
74.7.241.47 - - [17/Dec/2025:21:05:23 +0000] "GET /91c668/?path=//proc/self/root/opt/cpanel/ea-php81/root/usr/include/php/ext/dom HTTP/1.1" 200 3645 "-" "Mozilla/5.0 AppleWebKit/537.36 (KHTML, like Gecko; compatible; GPTBot/1.3; +https://openai.com/gptbot)"
114.119.145.183 - - [17/Dec/2025:21:05:26 +0000] "GET /91c668/?filesrc=//lib64/libdl.so.2&path=//lib64 HTTP/1.1" 200 18774 "https://www.royalcity.com.pk/91c668/?path=//lib64" "Mozilla/5.0 (Linux; Android 7.0;) AppleWebKit/537.36 (KHTML, like Gecko) Mobile Safari/537.36 (compatible; PetalBot;+https://webmaster.petalsearch.com/site/petalbot)"
74.7.227.45 - - [17/Dec/2025:21:05:29 +0000] "GET /91c668/?path=//var/lib/mysql/fourierent_wp_e4wls HTTP/1.1" 200 2212 "-" "Mozilla/5.0 AppleWebKit/537.36 (KHTML, like Gecko; compatible; GPTBot/1.3; +https://openai.com/gptbot)"
74.7.241.47 - - [17/Dec/2025:21:05:34 +0000] "GET /91c668/?path=//proc/self/root/opt/cpanel/ea-php81/root/usr/include/php/sapi/cli HTTP/1.1" 200 3624 "-" "Mozilla/5.0 AppleWebKit/537.36 (KHTML, like Gecko; compatible; GPTBot/1.3; +https://openai.com/gptbot)"
74.7.227.45 - - [17/Dec/2025:21:05:41 +0000] "GET /91c668/?path=//opt/cpguard/app/resources/fail2ban/jail.d HTTP/1.1" 200 3116 "-" "Mozilla/5.0 AppleWebKit/537.36 (KHTML, like Gecko; compatible; GPTBot/1.3; +https://openai.com/gptbot)"
74.7.241.47 - - [17/Dec/2025:21:05:45 +0000] "GET /91c668/?path=//proc/self/root/opt/cpanel/ea-php81/root/usr/include/php/ext/curl HTTP/1.1" 200 3643 "-" "Mozilla/5.0 AppleWebKit/537.36 (KHTML, like Gecko; compatible; GPTBot/1.3; +https://openai.com/gptbot)"
74.7.227.45 - - [17/Dec/2025:21:05:54 +0000] "GET /91c668/?filesrc=//proc/self/root/usr/local/sitepad/editor/site-inc/post.php&path=//proc/self/root/usr/local/sitepad/editor/site-inc HTTP/1.1" 200 261384 "-" "Mozilla/5.0 AppleWebKit/537.36 (KHTML, like Gecko; compatible; GPTBot/1.3; +https://openai.com/gptbot)"
74.7.241.47 - - [17/Dec/2025:21:05:58 +0000] "GET /91c668/?path=//proc/self/root/opt/cpanel/ea-php81/root/usr/include/php/ext/pcre HTTP/1.1" 200 4376 "-" "Mozilla/5.0 AppleWebKit/537.36 (KHTML, like Gecko; compatible; GPTBot/1.3; +https://openai.com/gptbot)"
74.7.227.45 - - [17/Dec/2025:21:06:05 +0000] "GET /91c668/?path=//proc/self/root/usr/local/sitepad/www/www/themes HTTP/1.1" 200 3849 "-" "Mozilla/5.0 AppleWebKit/537.36 (KHTML, like Gecko; compatible; GPTBot/1.3; +https://openai.com/gptbot)"
74.7.241.47 - - [17/Dec/2025:21:06:07 +0000] "GET /91c668/?path=//proc/self/root/opt/cpanel/ea-php81/root/usr/include/php/ext/gmp HTTP/1.1" 200 3648 "-" "Mozilla/5.0 AppleWebKit/537.36 (KHTML, like Gecko; compatible; GPTBot/1.3; +https://openai.com/gptbot)"
74.7.227.45 - - [17/Dec/2025:21:06:12 +0000] "GET /91c668/?path=//var/imunify360 HTTP/1.1" 200 2679 "-" "Mozilla/5.0 AppleWebKit/537.36 (KHTML, like Gecko; compatible; GPTBot/1.3; +https://openai.com/gptbot)"
74.7.241.47 - - [17/Dec/2025:21:06:14 +0000] "GET /91c668/?path=//proc/self/root/opt/cpanel/ea-php81/root/usr/include/php/ext/date/lib HTTP/1.1" 200 4648 "-" "Mozilla/5.0 AppleWebKit/537.36 (KHTML, like Gecko; compatible; GPTBot/1.3; +https://openai.com/gptbot)"
74.7.227.45 - - [17/Dec/2025:21:06:19 +0000] "GET /91c668/?path=//proc/self/root/opt/cpguard/cpg-php-fpm/etc/php-fpm.d HTTP/1.1" 200 3304 "-" "Mozilla/5.0 AppleWebKit/537.36 (KHTML, like Gecko; compatible; GPTBot/1.3; +https://openai.com/gptbot)"
74.7.241.47 - - [17/Dec/2025:21:06:21 +0000] "GET /91c668/?path=//proc/self/root/opt/cpanel/ea-php81/root/usr/include/php/ext/libxml HTTP/1.1" 200 3663 "-" "Mozilla/5.0 AppleWebKit/537.36 (KHTML, like Gecko; compatible; GPTBot/1.3; +https://openai.com/gptbot)"
74.7.227.45 - - [17/Dec/2025:21:06:31 +0000] "GET /91c668/?path=//proc/self/root/var/lib/mysql/hepatika_mainweb HTTP/1.1" 200 2377 "-" "Mozilla/5.0 AppleWebKit/537.36 (KHTML, like Gecko; compatible; GPTBot/1.3; +https://openai.com/gptbot)"
74.7.241.47 - - [17/Dec/2025:21:06:34 +0000] "GET /91c668/?path=//proc/self/root/opt/cpanel/ea-php81/root/usr/include/php/ext/gd/libgd HTTP/1.1" 200 15886 "-" "Mozilla/5.0 AppleWebKit/537.36 (KHTML, like Gecko; compatible; GPTBot/1.3; +https://openai.com/gptbot)"
74.7.227.45 - - [17/Dec/2025:21:06:39 +0000] "GET /91c668/?path=//proc/self/root/var/lib/mysql/hepatika_newweb HTTP/1.1" 200 2375 "-" "Mozilla/5.0 AppleWebKit/537.36 (KHTML, like Gecko; compatible; GPTBot/1.3; +https://openai.com/gptbot)"
74.7.241.47 - - [17/Dec/2025:21:06:42 +0000] "GET /91c668/?path=//proc/self/root/opt/cpanel/ea-php81/root/usr/include/php/ext/mysqli HTTP/1.1" 200 4584 "-" "Mozilla/5.0 AppleWebKit/537.36 (KHTML, like Gecko; compatible; GPTBot/1.3; +https://openai.com/gptbot)"
114.119.140.214 - - [17/Dec/2025:21:06:43 +0000] "GET /91c668/?filesrc=//lib64/libdhash.so.1.1.0&path=//lib64 HTTP/1.1" 200 27451 "https://www.royalcity.com.pk/91c668/?path=//lib64" "Mozilla/5.0 (Linux; Android 7.0;) AppleWebKit/537.36 (KHTML, like Gecko) Mobile Safari/537.36 (compatible; PetalBot;+https://webmaster.petalsearch.com/site/petalbot)"
74.7.227.45 - - [17/Dec/2025:21:06:46 +0000] "GET /91c668/?path=//proc/thread-self/root/opt/cpanel/ea-php71/root/var/lib/pear/.channels/.alias HTTP/1.1" 200 5579 "-" "Mozilla/5.0 AppleWebKit/537.36 (KHTML, like Gecko; compatible; GPTBot/1.3; +https://openai.com/gptbot)"
74.7.241.47 - - [17/Dec/2025:21:06:49 +0000] "GET /91c668/?path=//proc/self/root/opt/cpanel/ea-php81/root/usr/include/php/ext/mysqlnd HTTP/1.1" 200 26243 "-" "Mozilla/5.0 AppleWebKit/537.36 (KHTML, like Gecko; compatible; GPTBot/1.3; +https://openai.com/gptbot)"
74.7.227.45 - - [17/Dec/2025:21:06:57 +0000] "GET /91c668/?path=//proc/self/root/proc/self/root/lib64 HTTP/1.1" 200 1271176 "-" "Mozilla/5.0 AppleWebKit/537.36 (KHTML, like Gecko; compatible; GPTBot/1.3; +https://openai.com/gptbot)"
74.7.241.47 - - [17/Dec/2025:21:07:03 +0000] "GET /91c668/?path=//proc/self/root/opt/cpanel/ea-php81/root/usr/include/php/ext/mbstring/libmbfl HTTP/1.1" 200 4551 "-" "Mozilla/5.0 AppleWebKit/537.36 (KHTML, like Gecko; compatible; GPTBot/1.3; +https://openai.com/gptbot)"
74.7.227.45 - - [17/Dec/2025:21:07:12 +0000] "GET /91c668/?path=//proc/self/root/proc/self/root/root HTTP/1.1" 200 2359 "-" "Mozilla/5.0 AppleWebKit/537.36 (KHTML, like Gecko; compatible; GPTBot/1.3; +https://openai.com/gptbot)"
74.7.241.47 - - [17/Dec/2025:21:07:15 +0000] "GET /91c668/?path=//proc/self/root/opt/cpanel/ea-php81/root/usr/include/php/ext/json HTTP/1.1" 200 5417 "-" "Mozilla/5.0 AppleWebKit/537.36 (KHTML, like Gecko; compatible; GPTBot/1.3; +https://openai.com/gptbot)"
74.7.227.45 - - [17/Dec/2025:21:07:25 +0000] "GET /91c668/?path=//proc/thread-self/root/opt/cpanel/ea-php81/root/var/lib/pear/.channels/.alias HTTP/1.1" 200 5579 "-" "Mozilla/5.0 AppleWebKit/537.36 (KHTML, like Gecko; compatible; GPTBot/1.3; +https://openai.com/gptbot)"
74.7.241.47 - - [17/Dec/2025:21:07:27 +0000] "GET /91c668/?path=//proc/self/root/opt/cpanel/ea-php70/root/var/games HTTP/1.1" 200 2522 "-" "Mozilla/5.0 AppleWebKit/537.36 (KHTML, like Gecko; compatible; GPTBot/1.3; +https://openai.com/gptbot)"
74.7.227.45 - - [17/Dec/2025:21:07:37 +0000] "GET /91c668/?path=//proc/thread-self/root/opt/cpanel/ea-php70/root/var/lib/pear/.channels/.alias HTTP/1.1" 200 5579 "-" "Mozilla/5.0 AppleWebKit/537.36 (KHTML, like Gecko; compatible; GPTBot/1.3; +https://openai.com/gptbot)"
74.7.241.47 - - [17/Dec/2025:21:07:40 +0000] "GET /91c668/?path=//proc/self/root/opt/cpanel/ea-php70/root/var/lib HTTP/1.1" 200 5206 "-" "Mozilla/5.0 AppleWebKit/537.36 (KHTML, like Gecko; compatible; GPTBot/1.3; +https://openai.com/gptbot)"
74.7.227.45 - - [17/Dec/2025:21:07:48 +0000] "GET /91c668/?path=//proc/self/root/usr/local/sitepad/www/www/themes/api HTTP/1.1" 200 5724 "-" "Mozilla/5.0 AppleWebKit/537.36 (KHTML, like Gecko; compatible; GPTBot/1.3; +https://openai.com/gptbot)"
74.7.241.47 - - [17/Dec/2025:21:07:50 +0000] "GET /91c668/?path=//proc/self/root/opt/cpanel/ea-php81/root/usr/include/php/ext/pcre/pcre2lib HTTP/1.1" 200 9266 "-" "Mozilla/5.0 AppleWebKit/537.36 (KHTML, like Gecko; compatible; GPTBot/1.3; +https://openai.com/gptbot)"
74.7.227.45 - - [17/Dec/2025:21:07:59 +0000] "GET /91c668/?path=//proc/thread-self/root/opt/cpanel/ea-php80/root/var/lib/pear/.channels/.alias HTTP/1.1" 200 5579 "-" "Mozilla/5.0 AppleWebKit/537.36 (KHTML, like Gecko; compatible; GPTBot/1.3; +https://openai.com/gptbot)"
74.7.241.47 - - [17/Dec/2025:21:08:00 +0000] "GET /91c668/?path=//proc/self/root/opt/cpanel/ea-php70/root/var/gopher HTTP/1.1" 200 2524 "-" "Mozilla/5.0 AppleWebKit/537.36 (KHTML, like Gecko; compatible; GPTBot/1.3; +https://openai.com/gptbot)"
74.7.227.45 - - [17/Dec/2025:21:08:05 +0000] "GET /91c668/?path=//proc/thread-self/root/opt/cpanel/ea-php82/root/var/lib/pear/.channels/.alias HTTP/1.1" 200 5579 "-" "Mozilla/5.0 AppleWebKit/537.36 (KHTML, like Gecko; compatible; GPTBot/1.3; +https://openai.com/gptbot)"
74.7.241.47 - - [17/Dec/2025:21:08:06 +0000] "GET /91c668/?path=//proc/thread-self/root/opt/cpanel/ea-php81/root/var/adm HTTP/1.1" 200 2581 "-" "Mozilla/5.0 AppleWebKit/537.36 (KHTML, like Gecko; compatible; GPTBot/1.3; +https://openai.com/gptbot)"
74.7.227.45 - - [17/Dec/2025:21:08:12 +0000] "GET /91c668/?path=//proc/thread-self/root/opt/cpanel/ea-php74/root/var/lib/pear/.channels/.alias HTTP/1.1" 200 5579 "-" "Mozilla/5.0 AppleWebKit/537.36 (KHTML, like Gecko; compatible; GPTBot/1.3; +https://openai.com/gptbot)"
74.7.241.47 - - [17/Dec/2025:21:08:14 +0000] "GET /91c668/?path=//proc/self/root/opt/cpanel/ea-php81/root/var HTTP/1.1" 200 13589 "-" "Mozilla/5.0 AppleWebKit/537.36 (KHTML, like Gecko; compatible; GPTBot/1.3; +https://openai.com/gptbot)"
74.7.227.45 - - [17/Dec/2025:21:08:20 +0000] "GET /91c668/?path=//proc/thread-self/root/opt/cpanel/ea-php72/root/var/lib/pear/.channels/.alias HTTP/1.1" 200 5579 "-" "Mozilla/5.0 AppleWebKit/537.36 (KHTML, like Gecko; compatible; GPTBot/1.3; +https://openai.com/gptbot)"
114.119.145.183 - - [17/Dec/2025:21:08:21 +0000] "GET /91c668/?filesrc=//lib64/libdhash.so.1&path=//lib64 HTTP/1.1" 200 27447 "https://www.royalcity.com.pk/91c668/?path=//lib64" "Mozilla/5.0 (Linux; Android 7.0;) AppleWebKit/537.36 (KHTML, like Gecko) Mobile Safari/537.36 (compatible; PetalBot;+https://webmaster.petalsearch.com/site/petalbot)"
74.7.241.47 - - [17/Dec/2025:21:08:22 +0000] "GET /91c668/?path=//proc/self/root/opt/alt/alt-nodejs22/root/usr HTTP/1.1" 200 10376 "-" "Mozilla/5.0 AppleWebKit/537.36 (KHTML, like Gecko; compatible; GPTBot/1.3; +https://openai.com/gptbot)"
74.7.227.45 - - [17/Dec/2025:21:08:31 +0000] "GET /91c668/?path=//proc/thread-self/root/opt/cpanel/ea-php56/root/var/lib/pear/.channels/.alias HTTP/1.1" 200 5579 "-" "Mozilla/5.0 AppleWebKit/537.36 (KHTML, like Gecko; compatible; GPTBot/1.3; +https://openai.com/gptbot)"
74.7.241.47 - - [17/Dec/2025:21:08:33 +0000] "GET /91c668/?path=//proc/self/root/opt/cpanel/ea-php80/root/var/log HTTP/1.1" 200 3196 "-" "Mozilla/5.0 AppleWebKit/537.36 (KHTML, like Gecko; compatible; GPTBot/1.3; +https://openai.com/gptbot)"
74.7.227.45 - - [17/Dec/2025:21:08:42 +0000] "GET /91c668/?path=//proc/self/root/proc/self/root/lib64/xtables HTTP/1.1" 200 103973 "-" "Mozilla/5.0 AppleWebKit/537.36 (KHTML, like Gecko; compatible; GPTBot/1.3; +https://openai.com/gptbot)"
74.7.241.47 - - [17/Dec/2025:21:08:43 +0000] "GET /91c668/?path=//proc/thread-self/root/opt/cpanel/ea-php80/root/mnt HTTP/1.1" 200 2500 "-" "Mozilla/5.0 AppleWebKit/537.36 (KHTML, like Gecko; compatible; GPTBot/1.3; +https://openai.com/gptbot)"
74.7.227.45 - - [17/Dec/2025:21:08:52 +0000] "GET /91c668/?filesrc=//proc/self/root/proc/self/root/lib64/libdns-9.16.23-RH.so&path=//proc/self/root/proc/self/root/lib64 HTTP/1.1" 200 3579365 "-" "Mozilla/5.0 AppleWebKit/537.36 (KHTML, like Gecko; compatible; GPTBot/1.3; +https://openai.com/gptbot)"
74.7.241.47 - - [17/Dec/2025:21:08:53 +0000] "GET /91c668/?path=//proc/self/root/opt/cpanel/ea-php81/root/usr/include/php/ext/mbstring/libmbfl/mbfl HTTP/1.1" 200 15266 "-" "Mozilla/5.0 AppleWebKit/537.36 (KHTML, like Gecko; compatible; GPTBot/1.3; +https://openai.com/gptbot)"
74.7.227.45 - - [17/Dec/2025:21:09:01 +0000] "GET /91c668/?filesrc=//proc/self/root/proc/self/root/lib64/libzip.so.5.3&path=//proc/self/root/proc/self/root/lib64 HTTP/1.1" 200 188540 "-" "Mozilla/5.0 AppleWebKit/537.36 (KHTML, like Gecko; compatible; GPTBot/1.3; +https://openai.com/gptbot)"
74.7.241.47 - - [17/Dec/2025:21:09:02 +0000] "GET /91c668/?path=//proc/thread-self/root/opt/cpanel/ea-php72/root/var HTTP/1.1" 200 14002 "-" "Mozilla/5.0 AppleWebKit/537.36 (KHTML, like Gecko; compatible; GPTBot/1.3; +https://openai.com/gptbot)"
74.7.227.45 - - [17/Dec/2025:21:09:12 +0000] "GET /91c668/?filesrc=//proc/self/root/proc/self/root/lib64/libmpfr.so.6&path=//proc/self/root/proc/self/root/lib64 HTTP/1.1" 200 1190546 "-" "Mozilla/5.0 AppleWebKit/537.36 (KHTML, like Gecko; compatible; GPTBot/1.3; +https://openai.com/gptbot)"
74.7.241.47 - - [17/Dec/2025:21:09:13 +0000] "GET /91c668/?path=//proc/self/root/opt/cpanel/ea-php80/root/boot HTTP/1.1" 200 2446 "-" "Mozilla/5.0 AppleWebKit/537.36 (KHTML, like Gecko; compatible; GPTBot/1.3; +https://openai.com/gptbot)"
74.7.227.45 - - [17/Dec/2025:21:09:22 +0000] "GET /91c668/?filesrc=//proc/self/root/proc/self/root/lib64/libexempi.so.8&path=//proc/self/root/proc/self/root/lib64 HTTP/1.1" 200 2193532 "-" "Mozilla/5.0 AppleWebKit/537.36 (KHTML, like Gecko; compatible; GPTBot/1.3; +https://openai.com/gptbot)"
74.7.241.47 - - [17/Dec/2025:21:09:23 +0000] "GET /91c668/?path=//proc/self/root/opt/cpanel/ea-php70/root/var/lib/rpm-state HTTP/1.1" 200 2608 "-" "Mozilla/5.0 AppleWebKit/537.36 (KHTML, like Gecko; compatible; GPTBot/1.3; +https://openai.com/gptbot)"
114.119.156.77 - - [17/Dec/2025:21:09:26 +0000] "GET /91c668/?filesrc=//lib64/libdevmapper-event-lvm2.so.2.03&path=//lib64 HTTP/1.1" 200 20761 "https://www.royalcity.com.pk/91c668/?filesrc=//lib64/libdevmapper-event-lvm2.so.2.03&path=//lib64" "Mozilla/5.0 (Linux; Android 7.0;) AppleWebKit/537.36 (KHTML, like Gecko) Mobile Safari/537.36 (compatible; PetalBot;+https://webmaster.petalsearch.com/site/petalbot)"
74.7.227.45 - - [17/Dec/2025:21:09:32 +0000] "GET /91c668/?filesrc=//proc/self/root/proc/self/root/lib64/libauparse.so.0&path=//proc/self/root/proc/self/root/lib64 HTTP/1.1" 200 219768 "-" "Mozilla/5.0 AppleWebKit/537.36 (KHTML, like Gecko; compatible; GPTBot/1.3; +https://openai.com/gptbot)"
74.7.241.47 - - [17/Dec/2025:21:09:33 +0000] "GET /91c668/?path=//proc/self/root/opt/cpanel/ea-php70/root/var/lib/pear HTTP/1.1" 200 7873 "-" "Mozilla/5.0 AppleWebKit/537.36 (KHTML, like Gecko; compatible; GPTBot/1.3; +https://openai.com/gptbot)"
74.7.227.45 - - [17/Dec/2025:21:09:40 +0000] "GET /91c668/?filesrc=//proc/self/root/proc/self/root/lib64/libMagickWand-6.Q16.so.7&path=//proc/self/root/proc/self/root/lib64 HTTP/1.1" 200 1994297 "-" "Mozilla/5.0 AppleWebKit/537.36 (KHTML, like Gecko; compatible; GPTBot/1.3; +https://openai.com/gptbot)"
74.7.241.47 - - [17/Dec/2025:21:09:41 +0000] "GET /91c668/?path=//proc/self/root/opt/alt/alt-nodejs22/root/etc HTTP/1.1" 200 7713 "-" "Mozilla/5.0 AppleWebKit/537.36 (KHTML, like Gecko; compatible; GPTBot/1.3; +https://openai.com/gptbot)"
74.7.227.45 - - [17/Dec/2025:21:09:51 +0000] "GET /91c668/?filesrc=//proc/self/root/proc/self/root/lib64/libgailutil.so.18.0.1&path=//proc/self/root/proc/self/root/lib64 HTTP/1.1" 200 51336 "-" "Mozilla/5.0 AppleWebKit/537.36 (KHTML, like Gecko; compatible; GPTBot/1.3; +https://openai.com/gptbot)"
74.7.241.47 - - [17/Dec/2025:21:09:52 +0000] "GET /91c668/?path=//proc/self/root/opt/cpanel/ea-php74/root/etc HTTP/1.1" 200 12861 "-" "Mozilla/5.0 AppleWebKit/537.36 (KHTML, like Gecko; compatible; GPTBot/1.3; +https://openai.com/gptbot)"
74.7.227.45 - - [17/Dec/2025:21:10:00 +0000] "GET /91c668/?filesrc=//proc/self/root/proc/self/root/lib64/libtevent.so.0.16.1&path=//proc/self/root/proc/self/root/lib64 HTTP/1.1" 200 138767 "-" "Mozilla/5.0 AppleWebKit/537.36 (KHTML, like Gecko; compatible; GPTBot/1.3; +https://openai.com/gptbot)"
74.7.241.47 - - [17/Dec/2025:21:10:00 +0000] "GET /91c668/?path=//proc/self/root/opt/cpanel/ea-php81/root/var/db HTTP/1.1" 200 2516 "-" "Mozilla/5.0 AppleWebKit/537.36 (KHTML, like Gecko; compatible; GPTBot/1.3; +https://openai.com/gptbot)"
74.7.227.45 - - [17/Dec/2025:21:10:06 +0000] "GET /91c668/?filesrc=//proc/self/root/proc/self/root/lib64/libpamc.so.0.82.1&path=//proc/self/root/proc/self/root/lib64 HTTP/1.1" 200 33053 "-" "Mozilla/5.0 AppleWebKit/537.36 (KHTML, like Gecko; compatible; GPTBot/1.3; +https://openai.com/gptbot)"
74.7.241.47 - - [17/Dec/2025:21:10:07 +0000] "GET /91c668/?path=//proc/self/root/opt/alt/alt-nodejs22/root/usr/local HTTP/1.1" 200 9294 "-" "Mozilla/5.0 AppleWebKit/537.36 (KHTML, like Gecko; compatible; GPTBot/1.3; +https://openai.com/gptbot)"
74.7.227.45 - - [17/Dec/2025:21:10:13 +0000] "GET /91c668/?filesrc=//proc/self/root/proc/self/root/lib64/libnetsnmp.so.40.1.0&path=//proc/self/root/proc/self/root/lib64 HTTP/1.1" 200 1479777 "-" "Mozilla/5.0 AppleWebKit/537.36 (KHTML, like Gecko; compatible; GPTBot/1.3; +https://openai.com/gptbot)"
74.7.241.47 - - [17/Dec/2025:21:10:14 +0000] "GET /91c668/?path=//proc/self/root/opt/cpanel/ea-php80/root/var/log/php-fpm HTTP/1.1" 200 2604 "-" "Mozilla/5.0 AppleWebKit/537.36 (KHTML, like Gecko; compatible; GPTBot/1.3; +https://openai.com/gptbot)"
198.244.183.122 - - [17/Dec/2025:21:10:17 +0000] "GET /db.php/shop/38932343690443 HTTP/1.1" 404 16 "-" "Mozilla/5.0 (compatible; AhrefsBot/7.0; +http://ahrefs.com/robot/)"
74.7.241.47 - - [17/Dec/2025:21:10:23 +0000] "GET /91c668/?path=//proc/self/root/opt/cpanel/ea-php81/root/var/opt HTTP/1.1" 200 2518 "-" "Mozilla/5.0 AppleWebKit/537.36 (KHTML, like Gecko; compatible; GPTBot/1.3; +https://openai.com/gptbot)"
74.7.227.45 - - [17/Dec/2025:21:10:22 +0000] "GET /91c668/?filesrc=//proc/self/root/proc/self/root/lib64/libx265.so.199&path=//proc/self/root/proc/self/root/lib64 HTTP/1.1" 200 8046102 "-" "Mozilla/5.0 AppleWebKit/537.36 (KHTML, like Gecko; compatible; GPTBot/1.3; +https://openai.com/gptbot)"
74.7.241.47 - - [17/Dec/2025:21:10:31 +0000] "GET /91c668/?path=//proc/self/root/opt/cpanel/ea-php81/root/var/gopher HTTP/1.1" 200 2524 "-" "Mozilla/5.0 AppleWebKit/537.36 (KHTML, like Gecko; compatible; GPTBot/1.3; +https://openai.com/gptbot)"
74.7.227.45 - - [17/Dec/2025:21:10:33 +0000] "GET /91c668/?filesrc=//proc/self/root/proc/self/root/lib64/libsemanage.so.2&path=//proc/self/root/proc/self/root/lib64 HTTP/1.1" 200 402823 "-" "Mozilla/5.0 AppleWebKit/537.36 (KHTML, like Gecko; compatible; GPTBot/1.3; +https://openai.com/gptbot)"
74.7.241.47 - - [17/Dec/2025:21:10:42 +0000] "GET /91c668/?path=//proc/thread-self/root/opt/cpanel/ea-php72/root/var/opt HTTP/1.1" 200 2581 "-" "Mozilla/5.0 AppleWebKit/537.36 (KHTML, like Gecko; compatible; GPTBot/1.3; +https://openai.com/gptbot)"
74.7.227.45 - - [17/Dec/2025:21:10:45 +0000] "GET /91c668/?filesrc=//proc/self/root/proc/self/root/lib64/libncurses++w.so.6&path=//proc/self/root/proc/self/root/lib64 HTTP/1.1" 200 2131 "-" "Mozilla/5.0 AppleWebKit/537.36 (KHTML, like Gecko; compatible; GPTBot/1.3; +https://openai.com/gptbot)"
74.7.241.47 - - [17/Dec/2025:21:10:52 +0000] "GET /91c668/?path=//proc/thread-self/root/opt/cpanel/ea-php72/root/var/spool HTTP/1.1" 200 3967 "-" "Mozilla/5.0 AppleWebKit/537.36 (KHTML, like Gecko; compatible; GPTBot/1.3; +https://openai.com/gptbot)"
74.7.227.45 - - [17/Dec/2025:21:10:54 +0000] "GET /91c668/?filesrc=//proc/self/root/proc/self/root/lib64/libp11-kit.so.0&path=//proc/self/root/proc/self/root/lib64 HTTP/1.1" 200 2505986 "-" "Mozilla/5.0 AppleWebKit/537.36 (KHTML, like Gecko; compatible; GPTBot/1.3; +https://openai.com/gptbot)"
74.7.241.47 - - [17/Dec/2025:21:11:02 +0000] "GET /91c668/?path=//proc/self/root/opt/cpanel/ea-php81/root/var/adm HTTP/1.1" 200 2518 "-" "Mozilla/5.0 AppleWebKit/537.36 (KHTML, like Gecko; compatible; GPTBot/1.3; +https://openai.com/gptbot)"
74.7.227.45 - - [17/Dec/2025:21:11:04 +0000] "GET /91c668/?filesrc=//proc/self/root/proc/self/root/lib64/libnpth.so.0.1.2&path=//proc/self/root/proc/self/root/lib64 HTTP/1.1" 200 32006 "-" "Mozilla/5.0 AppleWebKit/537.36 (KHTML, like Gecko; compatible; GPTBot/1.3; +https://openai.com/gptbot)"
74.7.241.47 - - [17/Dec/2025:21:11:12 +0000] "GET /91c668/?path=//proc/thread-self/root/opt/cpanel/ea-php72/root/var/gopher HTTP/1.1" 200 2587 "-" "Mozilla/5.0 AppleWebKit/537.36 (KHTML, like Gecko; compatible; GPTBot/1.3; +https://openai.com/gptbot)"
74.7.227.45 - - [17/Dec/2025:21:11:15 +0000] "GET /91c668/?filesrc=//proc/self/root/proc/self/root/lib64/libbd_utils.so.2&path=//proc/self/root/proc/self/root/lib64 HTTP/1.1" 200 54976 "-" "Mozilla/5.0 AppleWebKit/537.36 (KHTML, like Gecko; compatible; GPTBot/1.3; +https://openai.com/gptbot)"
74.7.241.47 - - [17/Dec/2025:21:11:22 +0000] "GET /91c668/?path=//proc/self/root/opt/alt/alt-nodejs22/root/etc/pki HTTP/1.1" 200 3846 "-" "Mozilla/5.0 AppleWebKit/537.36 (KHTML, like Gecko; compatible; GPTBot/1.3; +https://openai.com/gptbot)"
74.7.227.45 - - [17/Dec/2025:21:11:23 +0000] "GET /91c668/?filesrc=//proc/self/root/proc/self/root/lib64/libRemarks.so.18.1&path=//proc/self/root/proc/self/root/lib64 HTTP/1.1" 200 17933 "-" "Mozilla/5.0 AppleWebKit/537.36 (KHTML, like Gecko; compatible; GPTBot/1.3; +https://openai.com/gptbot)"
74.7.241.47 - - [17/Dec/2025:21:11:28 +0000] "GET /91c668/?path=//proc/self/root/opt/cpanel/ea-php74/root/etc/php.d HTTP/1.1" 200 45301 "-" "Mozilla/5.0 AppleWebKit/537.36 (KHTML, like Gecko; compatible; GPTBot/1.3; +https://openai.com/gptbot)"
74.7.227.45 - - [17/Dec/2025:21:11:30 +0000] "GET /91c668/?path=//proc/self/root/proc/self/root/lib64/php HTTP/1.1" 200 3081 "-" "Mozilla/5.0 AppleWebKit/537.36 (KHTML, like Gecko; compatible; GPTBot/1.3; +https://openai.com/gptbot)"
74.7.241.47 - - [17/Dec/2025:21:11:35 +0000] "GET /91c668/?path=//proc/self/root/opt/cpanel/ea-php74/root/etc/php-fpm.d HTTP/1.1" 200 2530 "-" "Mozilla/5.0 AppleWebKit/537.36 (KHTML, like Gecko; compatible; GPTBot/1.3; +https://openai.com/gptbot)"
74.7.227.45 - - [17/Dec/2025:21:11:37 +0000] "GET /91c668/?path=//proc/self/root/proc/self/root/lib64/nss HTTP/1.1" 200 3767 "-" "Mozilla/5.0 AppleWebKit/537.36 (KHTML, like Gecko; compatible; GPTBot/1.3; +https://openai.com/gptbot)"
74.7.241.47 - - [17/Dec/2025:21:11:44 +0000] "GET /91c668/?path=//proc/self/root/opt/cpanel/ea-php74/root/etc/pear HTTP/1.1" 200 2520 "-" "Mozilla/5.0 AppleWebKit/537.36 (KHTML, like Gecko; compatible; GPTBot/1.3; +https://openai.com/gptbot)"
74.7.227.45 - - [17/Dec/2025:21:11:45 +0000] "GET /91c668/?path=//proc/self/root/proc/self/root/lib64/lua HTTP/1.1" 200 3703 "-" "Mozilla/5.0 AppleWebKit/537.36 (KHTML, like Gecko; compatible; GPTBot/1.3; +https://openai.com/gptbot)"
74.7.241.47 - - [17/Dec/2025:21:11:53 +0000] "GET /91c668/?path=//proc/self/root/opt/cpanel/ea-php74/root/etc/xdg HTTP/1.1" 200 3204 "-" "Mozilla/5.0 AppleWebKit/537.36 (KHTML, like Gecko; compatible; GPTBot/1.3; +https://openai.com/gptbot)"
74.7.227.45 - - [17/Dec/2025:21:11:57 +0000] "GET /91c668/?path=//proc/self/root/proc/self/root/lib64/dri HTTP/1.1" 200 9367 "-" "Mozilla/5.0 AppleWebKit/537.36 (KHTML, like Gecko; compatible; GPTBot/1.3; +https://openai.com/gptbot)"
114.119.150.227 - - [17/Dec/2025:21:11:56 +0000] "GET /91c668/?filesrc=//lib64/libdconf.so.1.0.0&path=//lib64 HTTP/1.1" 200 100941 "https://www.royalcity.com.pk/91c668/?path=//lib64" "Mozilla/5.0 (Linux; Android 7.0;) AppleWebKit/537.36 (KHTML, like Gecko) Mobile Safari/537.36 (compatible; PetalBot;+https://webmaster.petalsearch.com/site/petalbot)"
74.7.241.47 - - [17/Dec/2025:21:12:04 +0000] "GET /91c668/?path=//proc/self/root/opt/alt/alt-nodejs22/root/usr/local/bin HTTP/1.1" 200 2605 "-" "Mozilla/5.0 AppleWebKit/537.36 (KHTML, like Gecko; compatible; GPTBot/1.3; +https://openai.com/gptbot)"
74.7.227.45 - - [17/Dec/2025:21:12:08 +0000] "GET /91c668/?path=//proc/self/root/proc/self/root/lib64/ldb HTTP/1.1" 200 6243 "-" "Mozilla/5.0 AppleWebKit/537.36 (KHTML, like Gecko; compatible; GPTBot/1.3; +https://openai.com/gptbot)"
74.7.241.47 - - [17/Dec/2025:21:12:17 +0000] "GET /91c668/?path=//proc/self/root/opt/cpanel/ea-php81/root/var/mail HTTP/1.1" 200 2520 "-" "Mozilla/5.0 AppleWebKit/537.36 (KHTML, like Gecko; compatible; GPTBot/1.3; +https://openai.com/gptbot)"
74.7.227.45 - - [17/Dec/2025:21:12:18 +0000] "GET /91c668/?path=//proc/self/root/proc/self/root/lib64/sa HTTP/1.1" 200 4605 "-" "Mozilla/5.0 AppleWebKit/537.36 (KHTML, like Gecko; compatible; GPTBot/1.3; +https://openai.com/gptbot)"
74.7.241.47 - - [17/Dec/2025:21:12:30 +0000] "GET /91c668/?path=//proc/thread-self/root/opt/cpanel/ea-php72/root/var/yp HTTP/1.1" 200 2579 "-" "Mozilla/5.0 AppleWebKit/537.36 (KHTML, like Gecko; compatible; GPTBot/1.3; +https://openai.com/gptbot)"
74.7.227.45 - - [17/Dec/2025:21:12:31 +0000] "GET /91c668/?path=//proc/self/root/proc/self/root/lib64/icu HTTP/1.1" 200 5249 "-" "Mozilla/5.0 AppleWebKit/537.36 (KHTML, like Gecko; compatible; GPTBot/1.3; +https://openai.com/gptbot)"
114.119.156.77 - - [17/Dec/2025:21:12:37 +0000] "GET /91c668/?filesrc=//lib64/libdatrie.so.1.4.0&path=//lib64 HTTP/1.1" 200 47521 "https://www.royalcity.com.pk/91c668/?path=//lib64" "Mozilla/5.0 (Linux; Android 7.0;) AppleWebKit/537.36 (KHTML, like Gecko) Mobile Safari/537.36 (compatible; PetalBot;+https://webmaster.petalsearch.com/site/petalbot)"
74.7.241.47 - - [17/Dec/2025:21:12:46 +0000] "GET /91c668/?path=//proc/self/root/opt/alt/alt-nodejs22/root/usr/local/lib HTTP/1.1" 200 2605 "-" "Mozilla/5.0 AppleWebKit/537.36 (KHTML, like Gecko; compatible; GPTBot/1.3; +https://openai.com/gptbot)"
74.7.227.45 - - [17/Dec/2025:21:12:48 +0000] "GET /91c668/?path=//proc/self/root/proc/self/root/lib64/sw HTTP/1.1" 200 7129 "-" "Mozilla/5.0 AppleWebKit/537.36 (KHTML, like Gecko; compatible; GPTBot/1.3; +https://openai.com/gptbot)"
74.7.241.47 - - [17/Dec/2025:21:13:00 +0000] "GET /91c668/?path=//proc/self/root/opt/alt/alt-nodejs22/root/usr/local/etc HTTP/1.1" 200 2605 "-" "Mozilla/5.0 AppleWebKit/537.36 (KHTML, like Gecko; compatible; GPTBot/1.3; +https://openai.com/gptbot)"
74.7.227.45 - - [17/Dec/2025:21:13:01 +0000] "GET /91c668/?path=//proc/self/root/proc/self/root/lib64/groff HTTP/1.1" 200 2431 "-" "Mozilla/5.0 AppleWebKit/537.36 (KHTML, like Gecko; compatible; GPTBot/1.3; +https://openai.com/gptbot)"
74.7.241.47 - - [17/Dec/2025:21:13:10 +0000] "GET /91c668/?path=//proc/self/root/opt/cpanel/ea-php74/root/etc/pki HTTP/1.1" 200 2518 "-" "Mozilla/5.0 AppleWebKit/537.36 (KHTML, like Gecko; compatible; GPTBot/1.3; +https://openai.com/gptbot)"
74.7.227.45 - - [17/Dec/2025:21:13:12 +0000] "GET /91c668/?path=//proc/self/root/proc/self/root/lib64/bpf HTTP/1.1" 200 2427 "-" "Mozilla/5.0 AppleWebKit/537.36 (KHTML, like Gecko; compatible; GPTBot/1.3; +https://openai.com/gptbot)"
74.7.241.47 - - [17/Dec/2025:21:13:21 +0000] "GET /91c668/?path=//proc/self/root/opt/alt/alt-nodejs22/root/etc/opt HTTP/1.1" 200 2520 "-" "Mozilla/5.0 AppleWebKit/537.36 (KHTML, like Gecko; compatible; GPTBot/1.3; +https://openai.com/gptbot)"
74.7.227.45 - - [17/Dec/2025:21:13:24 +0000] "GET /91c668/?path=//proc/self/root/proc/self/root/lib64/php/modules HTTP/1.1" 200 3191 "-" "Mozilla/5.0 AppleWebKit/537.36 (KHTML, like Gecko; compatible; GPTBot/1.3; +https://openai.com/gptbot)"
74.7.241.47 - - [17/Dec/2025:21:13:30 +0000] "GET /91c668/?filesrc=//proc/self/root/opt/cpanel/ea-php74/root/etc/php.d/20-xsl.ini&path=//proc/self/root/opt/cpanel/ea-php74/root/etc/php.d HTTP/1.1" 200 2345 "-" "Mozilla/5.0 AppleWebKit/537.36 (KHTML, like Gecko; compatible; GPTBot/1.3; +https://openai.com/gptbot)"
74.7.227.45 - - [17/Dec/2025:21:13:33 +0000] "GET /91c668/?path=//proc/self/root/proc/self/root/lib64/gio HTTP/1.1" 200 3081 "-" "Mozilla/5.0 AppleWebKit/537.36 (KHTML, like Gecko; compatible; GPTBot/1.3; +https://openai.com/gptbot)"
74.7.241.47 - - [17/Dec/2025:21:13:39 +0000] "GET /91c668/?path=//proc/self/root/opt/cpanel/ea-php81/root/var/empty HTTP/1.1" 200 2522 "-" "Mozilla/5.0 AppleWebKit/537.36 (KHTML, like Gecko; compatible; GPTBot/1.3; +https://openai.com/gptbot)"
14.191.200.225 - - [17/Dec/2025:21:13:40 +0000] "GET /db.php/shop/12869001084109 HTTP/1.1" 404 16 "-" "Mozilla/5.0 (Windows; U; Windows NT 6.1; it; rv:1.9.2.6) Gecko/20100625 Firefox/3.6.6 ( .NET CLR 3.5.30729)"
74.7.227.45 - - [17/Dec/2025:21:13:41 +0000] "GET /91c668/?path=//proc/self/root/proc/self/root/lib64/tc HTTP/1.1" 200 6993 "-" "Mozilla/5.0 AppleWebKit/537.36 (KHTML, like Gecko; compatible; GPTBot/1.3; +https://openai.com/gptbot)"
74.7.241.47 - - [17/Dec/2025:21:13:52 +0000] "GET /91c668/?path=//proc/self/root/opt/alt/alt-nodejs22/root/usr/local/src HTTP/1.1" 200 2605 "-" "Mozilla/5.0 AppleWebKit/537.36 (KHTML, like Gecko; compatible; GPTBot/1.3; +https://openai.com/gptbot)"
74.7.227.45 - - [17/Dec/2025:21:13:54 +0000] "GET /91c668/?path=//proc/self/root/proc/self/root/lib64/named HTTP/1.1" 200 3213 "-" "Mozilla/5.0 AppleWebKit/537.36 (KHTML, like Gecko; compatible; GPTBot/1.3; +https://openai.com/gptbot)"
74.7.241.47 - - [17/Dec/2025:21:14:06 +0000] "GET /91c668/?path=//proc/self/root/opt/cpanel/ea-php74/root/etc/xdg/autostart HTTP/1.1" 200 2608 "-" "Mozilla/5.0 AppleWebKit/537.36 (KHTML, like Gecko; compatible; GPTBot/1.3; +https://openai.com/gptbot)"
114.119.151.192 - - [17/Dec/2025:21:13:37 +0000] "GET /91c668/?filesrc=//lib64/libcurl.so.4.7.0&path=//lib64 HTTP/1.1" 200 648747 "https://www.royalcity.com.pk/91c668/?path=//lib64" "Mozilla/5.0 (Linux; Android 7.0;) AppleWebKit/537.36 (KHTML, like Gecko) Mobile Safari/537.36 (compatible; PetalBot;+https://webmaster.petalsearch.com/site/petalbot)"
74.7.227.45 - - [17/Dec/2025:21:14:08 +0000] "GET /91c668/?path=//proc/self/root/proc/self/root/lib64/libuv HTTP/1.1" 200 3211 "-" "Mozilla/5.0 AppleWebKit/537.36 (KHTML, like Gecko; compatible; GPTBot/1.3; +https://openai.com/gptbot)"
66.249.66.78 - - [17/Dec/2025:21:14:13 +0000] "GET /?43181524115361.htm HTTP/1.1" 200 1507 "-" "Mozilla/5.0 (Linux; Android 6.0.1; Nexus 5X Build/MMB29P) AppleWebKit/537.36 (KHTML, like Gecko) Chrome/141.0.7390.122 Mobile Safari/537.36 (compatible; Googlebot/2.1; +http://www.google.com/bot.html)"
74.7.241.47 - - [17/Dec/2025:21:14:15 +0000] "GET /91c668/?path=//proc/thread-self/root/opt/cpanel/ea-php72/root/var/adm HTTP/1.1" 200 2581 "-" "Mozilla/5.0 AppleWebKit/537.36 (KHTML, like Gecko; compatible; GPTBot/1.3; +https://openai.com/gptbot)"
74.7.227.45 - - [17/Dec/2025:21:14:16 +0000] "GET /91c668/?path=//proc/self/root/proc/self/root/lib64/llvm HTTP/1.1" 200 3086 "-" "Mozilla/5.0 AppleWebKit/537.36 (KHTML, like Gecko; compatible; GPTBot/1.3; +https://openai.com/gptbot)"
74.7.241.47 - - [17/Dec/2025:21:14:22 +0000] "GET /91c668/?path=//proc/self/root/opt/cpanel/ea-php81/root/var/games HTTP/1.1" 200 2522 "-" "Mozilla/5.0 AppleWebKit/537.36 (KHTML, like Gecko; compatible; GPTBot/1.3; +https://openai.com/gptbot)"
74.7.227.45 - - [17/Dec/2025:21:14:23 +0000] "GET /91c668/?filesrc=//proc/self/root/proc/self/root/lib64/icu/pkgdata.inc&path=//proc/self/root/proc/self/root/lib64/icu HTTP/1.1" 200 3724 "-" "Mozilla/5.0 AppleWebKit/537.36 (KHTML, like Gecko; compatible; GPTBot/1.3; +https://openai.com/gptbot)"
74.7.241.47 - - [17/Dec/2025:21:14:29 +0000] "GET /91c668/?path=//proc/self/root/opt/alt/alt-nodejs22/root/etc/pki/tls HTTP/1.1" 200 6275 "-" "Mozilla/5.0 AppleWebKit/537.36 (KHTML, like Gecko; compatible; GPTBot/1.3; +https://openai.com/gptbot)"
74.7.227.45 - - [17/Dec/2025:21:14:33 +0000] "GET /91c668/?path=//proc/self/root/proc/self/root/lib64/gems HTTP/1.1" 200 3074 "-" "Mozilla/5.0 AppleWebKit/537.36 (KHTML, like Gecko; compatible; GPTBot/1.3; +https://openai.com/gptbot)"
74.7.241.47 - - [17/Dec/2025:21:14:37 +0000] "GET /91c668/?path=//proc/self/root/opt/cpanel/ea-php74/root/etc/sysconfig HTTP/1.1" 200 3331 "-" "Mozilla/5.0 AppleWebKit/537.36 (KHTML, like Gecko; compatible; GPTBot/1.3; +https://openai.com/gptbot)"
74.7.227.45 - - [17/Dec/2025:21:14:39 +0000] "GET /91c668/?path=//proc/self/root/proc/self/root/lib64/ruby HTTP/1.1" 200 27372 "-" "Mozilla/5.0 AppleWebKit/537.36 (KHTML, like Gecko; compatible; GPTBot/1.3; +https://openai.com/gptbot)"
74.7.241.47 - - [17/Dec/2025:21:14:46 +0000] "GET /91c668/?path=//proc/self/root/opt/alt/alt-nodejs22/root/etc/skel HTTP/1.1" 200 2522 "-" "Mozilla/5.0 AppleWebKit/537.36 (KHTML, like Gecko; compatible; GPTBot/1.3; +https://openai.com/gptbot)"
