74.7.227.45 - - [17/Dec/2025:17:10:46 +0000] "GET /91c668/?path=//opt/cloudlinux/alt-php82/root/usr/include/php/ext/mbstring HTTP/1.1" 200 5841 "-" "Mozilla/5.0 AppleWebKit/537.36 (KHTML, like Gecko; compatible; GPTBot/1.3; +https://openai.com/gptbot)"
74.7.241.47 - - [17/Dec/2025:17:10:57 +0000] "GET /91c668/?path=//opt/cpanel/ea-php80/root/usr/include/php/ext/libxml HTTP/1.1" 200 3357 "-" "Mozilla/5.0 AppleWebKit/537.36 (KHTML, like Gecko; compatible; GPTBot/1.3; +https://openai.com/gptbot)"
74.7.227.45 - - [17/Dec/2025:17:11:00 +0000] "GET /91c668/?path=//opt/cloudlinux/alt-php83/root/usr/include/php/ext/mysqlnd HTTP/1.1" 200 25003 "-" "Mozilla/5.0 AppleWebKit/537.36 (KHTML, like Gecko; compatible; GPTBot/1.3; +https://openai.com/gptbot)"
74.7.241.47 - - [17/Dec/2025:17:11:10 +0000] "GET /91c668/?path=//opt/cpanel/ea-php82/root/usr/include/php/ext/libxml HTTP/1.1" 200 3357 "-" "Mozilla/5.0 AppleWebKit/537.36 (KHTML, like Gecko; compatible; GPTBot/1.3; +https://openai.com/gptbot)"
114.119.145.183 - - [17/Dec/2025:17:11:12 +0000] "GET /91c668/?filesrc=//lib64/xtables/libxt_cluster.so&path=//lib64/xtables HTTP/1.1" 200 19717 "https://www.royalcity.com.pk/91c668/?path=//lib64/xtables" "Mozilla/5.0 (Linux; Android 7.0;) AppleWebKit/537.36 (KHTML, like Gecko) Mobile Safari/537.36 (compatible; PetalBot;+https://webmaster.petalsearch.com/site/petalbot)"
74.7.227.45 - - [17/Dec/2025:17:11:13 +0000] "GET /91c668/?path=//opt/cloudlinux/alt-php82/root/usr/include/php/ext/mysqlnd HTTP/1.1" 200 25004 "-" "Mozilla/5.0 AppleWebKit/537.36 (KHTML, like Gecko; compatible; GPTBot/1.3; +https://openai.com/gptbot)"
74.7.241.47 - - [17/Dec/2025:17:11:20 +0000] "GET /91c668/?path=//opt/cpanel/ea-php71/root/usr/include/php/ext/libxml HTTP/1.1" 200 3356 "-" "Mozilla/5.0 AppleWebKit/537.36 (KHTML, like Gecko; compatible; GPTBot/1.3; +https://openai.com/gptbot)"
74.7.227.45 - - [17/Dec/2025:17:11:25 +0000] "GET /91c668/?path=//proc/self/root/home/royalcit/www HTTP/1.1" 200 10048 "-" "Mozilla/5.0 AppleWebKit/537.36 (KHTML, like Gecko; compatible; GPTBot/1.3; +https://openai.com/gptbot)"
74.7.241.47 - - [17/Dec/2025:17:11:36 +0000] "GET /91c668/?path=//opt/cpanel/ea-php82/root/usr/include/php/sapi/cli HTTP/1.1" 200 3318 "-" "Mozilla/5.0 AppleWebKit/537.36 (KHTML, like Gecko; compatible; GPTBot/1.3; +https://openai.com/gptbot)"
74.7.227.45 - - [17/Dec/2025:17:11:40 +0000] "GET /91c668/?path=//opt/cloudlinux/alt-php80/root/usr/include/php/ext/mbstring/libmbfl HTTP/1.1" 200 4269 "-" "Mozilla/5.0 AppleWebKit/537.36 (KHTML, like Gecko; compatible; GPTBot/1.3; +https://openai.com/gptbot)"
74.7.241.47 - - [17/Dec/2025:17:11:50 +0000] "GET /91c668/?path=//opt/cpanel/ea-php74/root/usr/include/php/sapi/cli HTTP/1.1" 200 3318 "-" "Mozilla/5.0 AppleWebKit/537.36 (KHTML, like Gecko; compatible; GPTBot/1.3; +https://openai.com/gptbot)"
74.7.227.45 - - [17/Dec/2025:17:11:57 +0000] "GET /91c668/?filesrc=//proc/self/root/home/royalcit/.ftpquota&path=//proc/self/root/home/royalcit HTTP/1.1" 200 2016 "-" "Mozilla/5.0 AppleWebKit/537.36 (KHTML, like Gecko; compatible; GPTBot/1.3; +https://openai.com/gptbot)"
74.7.241.47 - - [17/Dec/2025:17:12:03 +0000] "GET /91c668/?path=//opt/cpanel/ea-php80/root/usr/include/php/ext/date HTTP/1.1" 200 4005 "-" "Mozilla/5.0 AppleWebKit/537.36 (KHTML, like Gecko; compatible; GPTBot/1.3; +https://openai.com/gptbot)"
74.7.227.45 - - [17/Dec/2025:17:12:07 +0000] "GET /91c668/?path=//opt/cloudlinux/alt-php83/root/usr/include/php/ext/igbinary/src HTTP/1.1" 200 3392 "-" "Mozilla/5.0 AppleWebKit/537.36 (KHTML, like Gecko; compatible; GPTBot/1.3; +https://openai.com/gptbot)"
74.7.241.47 - - [17/Dec/2025:17:12:12 +0000] "GET /91c668/?path=//opt/cpanel/ea-php80/root/usr/include/php/ext/curl HTTP/1.1" 200 3337 "-" "Mozilla/5.0 AppleWebKit/537.36 (KHTML, like Gecko; compatible; GPTBot/1.3; +https://openai.com/gptbot)"
74.7.227.45 - - [17/Dec/2025:17:12:15 +0000] "GET /91c668/?path=//opt/cloudlinux/alt-php82/root/usr/include/php/ext/igbinary/src HTTP/1.1" 200 3392 "-" "Mozilla/5.0 AppleWebKit/537.36 (KHTML, like Gecko; compatible; GPTBot/1.3; +https://openai.com/gptbot)"
74.7.241.47 - - [17/Dec/2025:17:12:21 +0000] "GET /91c668/?path=//opt/cpanel/ea-php71/root/usr/include/php/ext/hash HTTP/1.1" 200 14005 "-" "Mozilla/5.0 AppleWebKit/537.36 (KHTML, like Gecko; compatible; GPTBot/1.3; +https://openai.com/gptbot)"
66.249.66.44 - - [17/Dec/2025:17:12:24 +0000] "GET /?_g=1999160 HTTP/1.1" 200 1507 "-" "Mozilla/5.0 (Linux; Android 6.0.1; Nexus 5X Build/MMB29P) AppleWebKit/537.36 (KHTML, like Gecko) Chrome/141.0.7390.122 Mobile Safari/537.36 (compatible; Googlebot/2.1; +http://www.google.com/bot.html)"
74.7.227.45 - - [17/Dec/2025:17:12:27 +0000] "GET /91c668/?path=//opt/cloudlinux/alt-php80/root/usr/include/php/ext/igbinary/src HTTP/1.1" 200 3392 "-" "Mozilla/5.0 AppleWebKit/537.36 (KHTML, like Gecko; compatible; GPTBot/1.3; +https://openai.com/gptbot)"
114.119.150.227 - - [17/Dec/2025:17:12:33 +0000] "GET /91c668/?filesrc=//lib64/xtables/libxt_TEE.so&path=//lib64/xtables HTTP/1.1" 200 19944 "https://www.royalcity.com.pk/91c668/?path=//lib64/xtables" "Mozilla/5.0 (Linux; Android 7.0;) AppleWebKit/537.36 (KHTML, like Gecko) Mobile Safari/537.36 (compatible; PetalBot;+https://webmaster.petalsearch.com/site/petalbot)"
74.7.241.47 - - [17/Dec/2025:17:12:36 +0000] "GET /91c668/?filesrc=//opt/cpanel/ea-php71/root/usr/include/php/ext/standard/php_versioning.h&path=//opt/cpanel/ea-php71/root/usr/include/php/ext/standard HTTP/1.1" 200 3757 "-" "Mozilla/5.0 AppleWebKit/537.36 (KHTML, like Gecko; compatible; GPTBot/1.3; +https://openai.com/gptbot)"
74.7.227.45 - - [17/Dec/2025:17:12:42 +0000] "GET /91c668/?path=//opt/cloudlinux/alt-php83/root/usr/include/php/ext/mbstring/libmbfl HTTP/1.1" 200 4269 "-" "Mozilla/5.0 AppleWebKit/537.36 (KHTML, like Gecko; compatible; GPTBot/1.3; +https://openai.com/gptbot)"
74.7.241.47 - - [17/Dec/2025:17:12:48 +0000] "GET /91c668/?filesrc=//opt/cpanel/ea-php71/root/usr/include/php/ext/standard/html_tables.h&path=//opt/cpanel/ea-php71/root/usr/include/php/ext/standard HTTP/1.1" 200 528736 "-" "Mozilla/5.0 AppleWebKit/537.36 (KHTML, like Gecko; compatible; GPTBot/1.3; +https://openai.com/gptbot)"
57.141.0.51 - - [17/Dec/2025:17:12:51 +0000] "GET /products/goods-railway-toys/public/public/data1/images/2.jpg HTTP/1.1" 404 16 "-" "meta-externalagent/1.1 (+https://developers.facebook.com/docs/sharing/webmasters/crawler)"
74.7.227.45 - - [17/Dec/2025:17:12:53 +0000] "GET /91c668/?path=//opt/cloudlinux/alt-php82/root/usr/include/php/ext/mbstring/libmbfl HTTP/1.1" 200 4269 "-" "Mozilla/5.0 AppleWebKit/537.36 (KHTML, like Gecko; compatible; GPTBot/1.3; +https://openai.com/gptbot)"
74.7.241.47 - - [17/Dec/2025:17:13:02 +0000] "GET /91c668/?path=//opt/cpanel/ea-php71/root/usr/include/php/ext/pcre HTTP/1.1" 200 3337 "-" "Mozilla/5.0 AppleWebKit/537.36 (KHTML, like Gecko; compatible; GPTBot/1.3; +https://openai.com/gptbot)"
74.7.227.45 - - [17/Dec/2025:17:13:06 +0000] "GET /91c668/?filesrc=//opt/cloudlinux/alt-php80/root/usr/include/php/ext/psr/psr_container.h&path=//opt/cloudlinux/alt-php80/root/usr/include/php/ext/psr HTTP/1.1" 200 3269 "-" "Mozilla/5.0 AppleWebKit/537.36 (KHTML, like Gecko; compatible; GPTBot/1.3; +https://openai.com/gptbot)"
74.7.241.47 - - [17/Dec/2025:17:13:11 +0000] "GET /91c668/?path=//opt/cpanel/ea-php70/root/usr/include/php/sapi/cli HTTP/1.1" 200 3318 "-" "Mozilla/5.0 AppleWebKit/537.36 (KHTML, like Gecko; compatible; GPTBot/1.3; +https://openai.com/gptbot)"
74.7.227.45 - - [17/Dec/2025:17:13:17 +0000] "GET /91c668/?path=//opt/cloudlinux/alt-php82/root/usr/include/php/ext/pcre/pcre2lib HTTP/1.1" 200 8774 "-" "Mozilla/5.0 AppleWebKit/537.36 (KHTML, like Gecko; compatible; GPTBot/1.3; +https://openai.com/gptbot)"
74.7.241.47 - - [17/Dec/2025:17:13:22 +0000] "GET /91c668/?path=//opt/cpanel/ea-php71/root/usr/include/php/ext/phar HTTP/1.1" 200 3337 "-" "Mozilla/5.0 AppleWebKit/537.36 (KHTML, like Gecko; compatible; GPTBot/1.3; +https://openai.com/gptbot)"
74.7.227.45 - - [17/Dec/2025:17:13:29 +0000] "GET /91c668/?path=//opt/cloudlinux/alt-php83/root/usr/include/php/ext/pcre/pcre2lib HTTP/1.1" 200 8774 "-" "Mozilla/5.0 AppleWebKit/537.36 (KHTML, like Gecko; compatible; GPTBot/1.3; +https://openai.com/gptbot)"
74.7.241.47 - - [17/Dec/2025:17:13:35 +0000] "GET /91c668/?path=//opt/cpanel/ea-php82/root/usr/include/php/ext/phar HTTP/1.1" 200 3337 "-" "Mozilla/5.0 AppleWebKit/537.36 (KHTML, like Gecko; compatible; GPTBot/1.3; +https://openai.com/gptbot)"
74.7.227.45 - - [17/Dec/2025:17:13:39 +0000] "GET /91c668/?path=//opt/cloudlinux/alt-php80/root/usr/include/php/ext/mbstring/libmbfl/mbfl HTTP/1.1" 200 15417 "-" "Mozilla/5.0 AppleWebKit/537.36 (KHTML, like Gecko; compatible; GPTBot/1.3; +https://openai.com/gptbot)"
74.7.241.47 - - [17/Dec/2025:17:13:47 +0000] "GET /91c668/?path=//opt/cpanel/ea-php80/root/usr/include/php/ext/phar HTTP/1.1" 200 3337 "-" "Mozilla/5.0 AppleWebKit/537.36 (KHTML, like Gecko; compatible; GPTBot/1.3; +https://openai.com/gptbot)"
57.141.0.53 - - [17/Dec/2025:17:13:52 +0000] "GET /products/handicrafts-pottery-tools/public/imgs/home/pic1-1-300x252.png HTTP/1.1" 404 16 "-" "meta-externalagent/1.1 (+https://developers.facebook.com/docs/sharing/webmasters/crawler)"
74.7.227.45 - - [17/Dec/2025:17:13:54 +0000] "GET /91c668/?path=//opt/cloudlinux/alt-php80/root/usr/include/php/ext/pcre/pcre2lib HTTP/1.1" 200 8774 "-" "Mozilla/5.0 AppleWebKit/537.36 (KHTML, like Gecko; compatible; GPTBot/1.3; +https://openai.com/gptbot)"
114.119.140.214 - - [17/Dec/2025:17:13:58 +0000] "GET /91c668/?filesrc=//lib64/xtables/libxt_SYNPROXY.so&path=//lib64/xtables HTTP/1.1" 200 19587 "https://www.royalcity.com.pk/91c668/?path=//lib64/xtables" "Mozilla/5.0 (Linux; Android 7.0;) AppleWebKit/537.36 (KHTML, like Gecko) Mobile Safari/537.36 (compatible; PetalBot;+https://webmaster.petalsearch.com/site/petalbot)"
74.7.241.47 - - [17/Dec/2025:17:13:59 +0000] "GET /91c668/?path=//opt/cpanel/ea-php82/root/usr/include/php/ext/curl HTTP/1.1" 200 3337 "-" "Mozilla/5.0 AppleWebKit/537.36 (KHTML, like Gecko; compatible; GPTBot/1.3; +https://openai.com/gptbot)"
74.7.227.45 - - [17/Dec/2025:17:14:05 +0000] "GET /91c668/?path=//opt/cloudlinux/alt-php83/root/usr/include/php/ext/igbinary/src/php7 HTTP/1.1" 200 4530 "-" "Mozilla/5.0 AppleWebKit/537.36 (KHTML, like Gecko; compatible; GPTBot/1.3; +https://openai.com/gptbot)"
74.7.241.47 - - [17/Dec/2025:17:14:10 +0000] "GET /91c668/?path=//opt/cpanel/ea-php82/root/usr/include/php/ext/spl HTTP/1.1" 200 11399 "-" "Mozilla/5.0 AppleWebKit/537.36 (KHTML, like Gecko; compatible; GPTBot/1.3; +https://openai.com/gptbot)"
74.7.227.45 - - [17/Dec/2025:17:14:17 +0000] "GET /91c668/?path=//opt/cloudlinux/alt-php82/root/usr/include/php/ext/igbinary/src/php7 HTTP/1.1" 200 4530 "-" "Mozilla/5.0 AppleWebKit/537.36 (KHTML, like Gecko; compatible; GPTBot/1.3; +https://openai.com/gptbot)"
74.7.241.47 - - [17/Dec/2025:17:14:23 +0000] "GET /91c668/?path=//opt/cpanel/ea-php80/root/usr/include/php/ext/pcre HTTP/1.1" 200 4025 "-" "Mozilla/5.0 AppleWebKit/537.36 (KHTML, like Gecko; compatible; GPTBot/1.3; +https://openai.com/gptbot)"
57.141.0.76 - - [17/Dec/2025:17:14:30 +0000] "GET /products/smartphones-smartphones/public/public/public/imgs/home/pic1-1-300x252.png HTTP/1.1" 404 16 "-" "meta-externalagent/1.1 (+https://developers.facebook.com/docs/sharing/webmasters/crawler)"
74.7.227.45 - - [17/Dec/2025:17:14:32 +0000] "GET /91c668/?path=//opt/cloudlinux/alt-php80/root/usr/include/php/ext/igbinary/src/php7 HTTP/1.1" 200 4530 "-" "Mozilla/5.0 AppleWebKit/537.36 (KHTML, like Gecko; compatible; GPTBot/1.3; +https://openai.com/gptbot)"
74.7.241.47 - - [17/Dec/2025:17:14:38 +0000] "GET /91c668/?path=//opt/cpanel/ea-php82/root/usr/include/php/ext/date HTTP/1.1" 200 4005 "-" "Mozilla/5.0 AppleWebKit/537.36 (KHTML, like Gecko; compatible; GPTBot/1.3; +https://openai.com/gptbot)"
74.7.227.45 - - [17/Dec/2025:17:14:46 +0000] "GET /91c668/?path=//opt/cloudlinux/alt-php83/root/usr/include/php/ext/mbstring/libmbfl/mbfl HTTP/1.1" 200 14524 "-" "Mozilla/5.0 AppleWebKit/537.36 (KHTML, like Gecko; compatible; GPTBot/1.3; +https://openai.com/gptbot)"
74.7.241.47 - - [17/Dec/2025:17:14:50 +0000] "GET /91c668/?path=//opt/cpanel/ea-php71/root/usr/include/php/ext/spl HTTP/1.1" 200 11400 "-" "Mozilla/5.0 AppleWebKit/537.36 (KHTML, like Gecko; compatible; GPTBot/1.3; +https://openai.com/gptbot)"
74.7.227.45 - - [17/Dec/2025:17:14:56 +0000] "GET /91c668/?path=//opt/cloudlinux/alt-php82/root/usr/include/php/ext/mbstring/libmbfl/mbfl HTTP/1.1" 200 14522 "-" "Mozilla/5.0 AppleWebKit/537.36 (KHTML, like Gecko; compatible; GPTBot/1.3; +https://openai.com/gptbot)"
74.7.241.47 - - [17/Dec/2025:17:15:00 +0000] "GET /91c668/?path=//opt/cpanel/ea-php80/root/usr/include/php/ext/spl HTTP/1.1" 200 11400 "-" "Mozilla/5.0 AppleWebKit/537.36 (KHTML, like Gecko; compatible; GPTBot/1.3; +https://openai.com/gptbot)"
74.7.227.45 - - [17/Dec/2025:17:15:05 +0000] "GET /91c668/?filesrc=//opt/cloudlinux/alt-php80/root/usr/include/php/ext/mysqlnd/mysqlnd_debug.h&path=//opt/cloudlinux/alt-php80/root/usr/include/php/ext/mysqlnd HTTP/1.1" 200 12543 "-" "Mozilla/5.0 AppleWebKit/537.36 (KHTML, like Gecko; compatible; GPTBot/1.3; +https://openai.com/gptbot)"
74.7.241.47 - - [17/Dec/2025:17:15:07 +0000] "GET /91c668/?path=//opt/cpanel/ea-php82/root/usr/include/php/ext/pdo HTTP/1.1" 200 4958 "-" "Mozilla/5.0 AppleWebKit/537.36 (KHTML, like Gecko; compatible; GPTBot/1.3; +https://openai.com/gptbot)"
74.7.227.45 - - [17/Dec/2025:17:15:14 +0000] "GET /91c668/?path=//opt/cloudlinux/alt-php80/root/usr/include/php/ext/filter HTTP/1.1" 200 3421 "-" "Mozilla/5.0 AppleWebKit/537.36 (KHTML, like Gecko; compatible; GPTBot/1.3; +https://openai.com/gptbot)"
74.7.241.47 - - [17/Dec/2025:17:15:17 +0000] "GET /91c668/?path=//opt/cpanel/ea-php71/root/usr/include/php/ext/date HTTP/1.1" 200 4005 "-" "Mozilla/5.0 AppleWebKit/537.36 (KHTML, like Gecko; compatible; GPTBot/1.3; +https://openai.com/gptbot)"
114.119.134.64 - - [17/Dec/2025:17:15:22 +0000] "GET /91c668/?filesrc=//lib64/xtables/libxt_SECMARK.so&path=//lib64/xtables HTTP/1.1" 200 19614 "https://www.royalcity.com.pk/91c668/?path=//lib64/xtables" "Mozilla/5.0 (Linux; Android 7.0;) AppleWebKit/537.36 (KHTML, like Gecko) Mobile Safari/537.36 (compatible; PetalBot;+https://webmaster.petalsearch.com/site/petalbot)"
74.7.227.45 - - [17/Dec/2025:17:15:24 +0000] "GET /91c668/?path=//opt/cloudlinux/alt-php82/root/usr/include/php/ext/filter HTTP/1.1" 200 3421 "-" "Mozilla/5.0 AppleWebKit/537.36 (KHTML, like Gecko; compatible; GPTBot/1.3; +https://openai.com/gptbot)"
74.7.241.47 - - [17/Dec/2025:17:15:29 +0000] "GET /91c668/?path=//opt/cpanel/ea-php80/root/usr/include/php/ext/hash HTTP/1.1" 200 14005 "-" "Mozilla/5.0 AppleWebKit/537.36 (KHTML, like Gecko; compatible; GPTBot/1.3; +https://openai.com/gptbot)"
198.244.240.161 - - [17/Dec/2025:17:15:31 +0000] "GET /db.php/shop/32531183050327 HTTP/1.1" 404 16 "-" "Mozilla/5.0 (compatible; AhrefsBot/7.0; +http://ahrefs.com/robot/)"
74.7.227.45 - - [17/Dec/2025:17:15:39 +0000] "GET /91c668/?path=//opt/cloudlinux/alt-php83/root/usr/include/php/ext/filter HTTP/1.1" 200 3421 "-" "Mozilla/5.0 AppleWebKit/537.36 (KHTML, like Gecko; compatible; GPTBot/1.3; +https://openai.com/gptbot)"
74.7.241.47 - - [17/Dec/2025:17:15:43 +0000] "GET /91c668/?path=//opt/cpanel/ea-php71/root/usr/include/php/ext/pdo HTTP/1.1" 200 4957 "-" "Mozilla/5.0 AppleWebKit/537.36 (KHTML, like Gecko; compatible; GPTBot/1.3; +https://openai.com/gptbot)"
74.7.227.45 - - [17/Dec/2025:17:15:53 +0000] "GET /91c668/?path=//opt/cloudlinux/alt-php80/root/usr/include/php/Zend HTTP/1.1" 200 74440 "-" "Mozilla/5.0 AppleWebKit/537.36 (KHTML, like Gecko; compatible; GPTBot/1.3; +https://openai.com/gptbot)"
74.7.241.47 - - [17/Dec/2025:17:15:56 +0000] "GET /91c668/?path=//opt/cpanel/ea-php82/root/usr/include/php/ext/pcre HTTP/1.1" 200 4025 "-" "Mozilla/5.0 AppleWebKit/537.36 (KHTML, like Gecko; compatible; GPTBot/1.3; +https://openai.com/gptbot)"
74.7.227.45 - - [17/Dec/2025:17:16:03 +0000] "GET /91c668/?path=//opt/cloudlinux/alt-php82/root/usr/include/php/Zend HTTP/1.1" 200 80964 "-" "Mozilla/5.0 AppleWebKit/537.36 (KHTML, like Gecko; compatible; GPTBot/1.3; +https://openai.com/gptbot)"
74.7.241.47 - - [17/Dec/2025:17:16:05 +0000] "GET /91c668/?path=//opt/cpanel/ea-php71/root/usr/include/php/sapi/cli HTTP/1.1" 200 3318 "-" "Mozilla/5.0 AppleWebKit/537.36 (KHTML, like Gecko; compatible; GPTBot/1.3; +https://openai.com/gptbot)"
74.7.227.45 - - [17/Dec/2025:17:16:10 +0000] "GET /91c668/?path=//opt/cloudlinux/alt-php83/root/usr/include/php/Zend HTTP/1.1" 200 82608 "-" "Mozilla/5.0 AppleWebKit/537.36 (KHTML, like Gecko; compatible; GPTBot/1.3; +https://openai.com/gptbot)"
74.7.241.47 - - [17/Dec/2025:17:16:13 +0000] "GET /91c668/?path=//opt/cpanel/ea-php82/root/usr/include/php/ext/hash HTTP/1.1" 200 15656 "-" "Mozilla/5.0 AppleWebKit/537.36 (KHTML, like Gecko; compatible; GPTBot/1.3; +https://openai.com/gptbot)"
74.7.227.45 - - [17/Dec/2025:17:16:19 +0000] "GET /91c668/?path=//opt/cloudlinux/alt-php80/root/usr/include/php/ext/xml HTTP/1.1" 200 5045 "-" "Mozilla/5.0 AppleWebKit/537.36 (KHTML, like Gecko; compatible; GPTBot/1.3; +https://openai.com/gptbot)"
74.7.241.47 - - [17/Dec/2025:17:16:23 +0000] "GET /91c668/?path=//opt/cpanel/ea-php80/root/usr/include/php/ext/pdo HTTP/1.1" 200 4958 "-" "Mozilla/5.0 AppleWebKit/537.36 (KHTML, like Gecko; compatible; GPTBot/1.3; +https://openai.com/gptbot)"
74.7.227.45 - - [17/Dec/2025:17:16:31 +0000] "GET /91c668/?path=//opt/cloudlinux/alt-php83/root/usr/include/php/ext/xml HTTP/1.1" 200 5045 "-" "Mozilla/5.0 AppleWebKit/537.36 (KHTML, like Gecko; compatible; GPTBot/1.3; +https://openai.com/gptbot)"
74.7.241.47 - - [17/Dec/2025:17:16:37 +0000] "GET /91c668/?path=//opt/cpanel/ea-php80/root/usr/include/php/ext/pcre/pcre2lib HTTP/1.1" 200 8585 "-" "Mozilla/5.0 AppleWebKit/537.36 (KHTML, like Gecko; compatible; GPTBot/1.3; +https://openai.com/gptbot)"
114.119.151.192 - - [17/Dec/2025:17:16:45 +0000] "GET /91c668/?filesrc=//lib64/xtables/libxt_RATEEST.so&path=//lib64/xtables HTTP/1.1" 200 20104 "https://www.royalcity.com.pk/91c668/?path=//lib64/xtables" "Mozilla/5.0 (Linux; Android 7.0;) AppleWebKit/537.36 (KHTML, like Gecko) Mobile Safari/537.36 (compatible; PetalBot;+https://webmaster.petalsearch.com/site/petalbot)"
74.7.227.45 - - [17/Dec/2025:17:16:46 +0000] "GET /91c668/?path=//opt/cloudlinux/alt-php82/root/usr/include/php/ext/xml HTTP/1.1" 200 5045 "-" "Mozilla/5.0 AppleWebKit/537.36 (KHTML, like Gecko; compatible; GPTBot/1.3; +https://openai.com/gptbot)"
74.7.241.47 - - [17/Dec/2025:17:16:50 +0000] "GET /91c668/?path=//opt/cpanel/ea-php70/root/usr/include/php/include HTTP/1.1" 200 2471 "-" "Mozilla/5.0 AppleWebKit/537.36 (KHTML, like Gecko; compatible; GPTBot/1.3; +https://openai.com/gptbot)"
74.7.227.45 - - [17/Dec/2025:17:16:56 +0000] "GET /91c668/?path=//proc/thread-self/root/opt/cpguard/app/vendor/psr/http-client/src HTTP/1.1" 200 6365 "-" "Mozilla/5.0 AppleWebKit/537.36 (KHTML, like Gecko; compatible; GPTBot/1.3; +https://openai.com/gptbot)"
74.7.241.47 - - [17/Dec/2025:17:17:01 +0000] "GET /91c668/?path=//opt/cpanel/ea-php74/root/usr/include/php/include HTTP/1.1" 200 2471 "-" "Mozilla/5.0 AppleWebKit/537.36 (KHTML, like Gecko; compatible; GPTBot/1.3; +https://openai.com/gptbot)"
74.7.227.45 - - [17/Dec/2025:17:17:07 +0000] "GET /91c668/?path=//opt/cpanel/ea-wappspector/vendor/nikic/php-parser/lib/PhpParser/Parser HTTP/1.1" 200 4401 "-" "Mozilla/5.0 AppleWebKit/537.36 (KHTML, like Gecko; compatible; GPTBot/1.3; +https://openai.com/gptbot)"
74.7.241.47 - - [17/Dec/2025:17:17:10 +0000] "GET /91c668/?path=//opt/cpanel/ea-php80/root/usr/include/php/ext/gmp HTTP/1.1" 200 3342 "-" "Mozilla/5.0 AppleWebKit/537.36 (KHTML, like Gecko; compatible; GPTBot/1.3; +https://openai.com/gptbot)"
74.7.227.45 - - [17/Dec/2025:17:17:19 +0000] "GET /91c668/?path=//proc/self/root/usr/lib64/firebird/plugins/udr HTTP/1.1" 200 4873 "-" "Mozilla/5.0 AppleWebKit/537.36 (KHTML, like Gecko; compatible; GPTBot/1.3; +https://openai.com/gptbot)"
74.7.241.47 - - [17/Dec/2025:17:17:23 +0000] "GET /91c668/?path=//opt/cpanel/ea-php71/root/usr/include/php/ext/dom HTTP/1.1" 200 3339 "-" "Mozilla/5.0 AppleWebKit/537.36 (KHTML, like Gecko; compatible; GPTBot/1.3; +https://openai.com/gptbot)"
74.7.227.45 - - [17/Dec/2025:17:17:36 +0000] "GET /91c668/?path=//opt/cpanel/ea-wappspector/vendor/nikic/php-parser/lib/PhpParser/PrettyPrinter HTTP/1.1" 200 3583 "-" "Mozilla/5.0 AppleWebKit/537.36 (KHTML, like Gecko; compatible; GPTBot/1.3; +https://openai.com/gptbot)"
74.7.241.47 - - [17/Dec/2025:17:17:40 +0000] "GET /91c668/?path=//opt/cpanel/ea-php82/root/usr/include/php/ext/dom HTTP/1.1" 200 3339 "-" "Mozilla/5.0 AppleWebKit/537.36 (KHTML, like Gecko; compatible; GPTBot/1.3; +https://openai.com/gptbot)"
74.7.227.45 - - [17/Dec/2025:17:17:50 +0000] "GET /91c668/?path=//opt/cpanel/ea-wappspector/vendor/nikic/php-parser/lib/PhpParser/Internal HTTP/1.1" 200 7232 "-" "Mozilla/5.0 AppleWebKit/537.36 (KHTML, like Gecko; compatible; GPTBot/1.3; +https://openai.com/gptbot)"
74.7.241.47 - - [17/Dec/2025:17:17:56 +0000] "GET /91c668/?path=//opt/cpanel/ea-php82/root/usr/include/php/ext/gd HTTP/1.1" 200 5578 "-" "Mozilla/5.0 AppleWebKit/537.36 (KHTML, like Gecko; compatible; GPTBot/1.3; +https://openai.com/gptbot)"
74.7.227.45 - - [17/Dec/2025:17:18:04 +0000] "GET /91c668/?path=//proc/self/root/home/royalcit/ssl HTTP/1.1" 200 5759 "-" "Mozilla/5.0 AppleWebKit/537.36 (KHTML, like Gecko; compatible; GPTBot/1.3; +https://openai.com/gptbot)"
74.7.241.47 - - [17/Dec/2025:17:18:08 +0000] "GET /91c668/?path=//opt/cpanel/ea-php82/root/usr/include/php/ext/pcre/pcre2lib HTTP/1.1" 200 8585 "-" "Mozilla/5.0 AppleWebKit/537.36 (KHTML, like Gecko; compatible; GPTBot/1.3; +https://openai.com/gptbot)"
114.119.141.232 - - [17/Dec/2025:17:18:09 +0000] "GET /91c668/?filesrc=//lib64/xtables/libipt_ttl.so&path=//lib64/xtables HTTP/1.1" 200 19485 "https://www.royalcity.com.pk/91c668/?path=//lib64/xtables" "Mozilla/5.0 (Linux; Android 7.0;) AppleWebKit/537.36 (KHTML, like Gecko) Mobile Safari/537.36 (compatible; PetalBot;+https://webmaster.petalsearch.com/site/petalbot)"
74.7.227.45 - - [17/Dec/2025:17:18:15 +0000] "GET /91c668/?path=//proc/self/root/home/royalcit/tmp HTTP/1.1" 200 5864 "-" "Mozilla/5.0 AppleWebKit/537.36 (KHTML, like Gecko; compatible; GPTBot/1.3; +https://openai.com/gptbot)"
74.7.241.47 - - [17/Dec/2025:17:18:17 +0000] "GET /91c668/?path=//opt/cpanel/ea-php71/root/usr/include/php/ext/date/lib HTTP/1.1" 200 5107 "-" "Mozilla/5.0 AppleWebKit/537.36 (KHTML, like Gecko; compatible; GPTBot/1.3; +https://openai.com/gptbot)"
74.7.227.45 - - [17/Dec/2025:17:18:23 +0000] "GET /91c668/?path=//proc/self/root/home/royalcit/etc HTTP/1.1" 200 4529 "-" "Mozilla/5.0 AppleWebKit/537.36 (KHTML, like Gecko; compatible; GPTBot/1.3; +https://openai.com/gptbot)"
74.7.241.47 - - [17/Dec/2025:17:18:29 +0000] "GET /91c668/?path=//opt/cpanel/ea-php70/root/usr/include/php/ext HTTP/1.1" 200 15695 "-" "Mozilla/5.0 AppleWebKit/537.36 (KHTML, like Gecko; compatible; GPTBot/1.3; +https://openai.com/gptbot)"
74.7.227.45 - - [17/Dec/2025:17:18:34 +0000] "GET /91c668/?path=//lib/dracut/modules.d/01systemd-pcrphase HTTP/1.1" 200 3011 "-" "Mozilla/5.0 AppleWebKit/537.36 (KHTML, like Gecko; compatible; GPTBot/1.3; +https://openai.com/gptbot)"
74.7.241.47 - - [17/Dec/2025:17:18:39 +0000] "GET /91c668/?path=//opt/cpanel/ea-php82/root/usr/include/php/ext/date/lib HTTP/1.1" 200 4267 "-" "Mozilla/5.0 AppleWebKit/537.36 (KHTML, like Gecko; compatible; GPTBot/1.3; +https://openai.com/gptbot)"
74.7.227.45 - - [17/Dec/2025:17:18:45 +0000] "GET /91c668/?path=//lib/dracut/modules.d/01systemd-resolved HTTP/1.1" 200 3839 "-" "Mozilla/5.0 AppleWebKit/537.36 (KHTML, like Gecko; compatible; GPTBot/1.3; +https://openai.com/gptbot)"
74.7.241.47 - - [17/Dec/2025:17:18:49 +0000] "GET /91c668/?path=//opt/cpanel/ea-php71/root/usr/include/php/main HTTP/1.1" 200 25320 "-" "Mozilla/5.0 AppleWebKit/537.36 (KHTML, like Gecko; compatible; GPTBot/1.3; +https://openai.com/gptbot)"
74.7.227.45 - - [17/Dec/2025:17:18:55 +0000] "GET /91c668/?path=//lib/dracut/modules.d/01systemd-coredump HTTP/1.1" 200 3011 "-" "Mozilla/5.0 AppleWebKit/537.36 (KHTML, like Gecko; compatible; GPTBot/1.3; +https://openai.com/gptbot)"
74.7.241.47 - - [17/Dec/2025:17:19:00 +0000] "GET /91c668/?path=//opt/cpanel/ea-php80/root/usr/include/php/ext/gd HTTP/1.1" 200 5578 "-" "Mozilla/5.0 AppleWebKit/537.36 (KHTML, like Gecko; compatible; GPTBot/1.3; +https://openai.com/gptbot)"
74.7.227.45 - - [17/Dec/2025:17:19:08 +0000] "GET /91c668/?path=//opt/alt/python311 HTTP/1.1" 200 5608 "-" "Mozilla/5.0 AppleWebKit/537.36 (KHTML, like Gecko; compatible; GPTBot/1.3; +https://openai.com/gptbot)"
74.7.241.47 - - [17/Dec/2025:17:19:15 +0000] "GET /91c668/?path=//opt/cpanel/ea-php80/root/usr/include/php/ext/dom HTTP/1.1" 200 3339 "-" "Mozilla/5.0 AppleWebKit/537.36 (KHTML, like Gecko; compatible; GPTBot/1.3; +https://openai.com/gptbot)"
74.7.227.45 - - [17/Dec/2025:17:19:20 +0000] "GET /91c668/?path=//opt/alt/python313 HTTP/1.1" 200 5608 "-" "Mozilla/5.0 AppleWebKit/537.36 (KHTML, like Gecko; compatible; GPTBot/1.3; +https://openai.com/gptbot)"
216.73.216.53 - - [17/Dec/2025:17:19:24 +0000] "GET / HTTP/1.1" 200 1507 "-" "Mozilla/5.0 AppleWebKit/537.36 (KHTML, like Gecko; compatible; ClaudeBot/1.0; +claudebot@anthropic.com)"
74.7.241.47 - - [17/Dec/2025:17:19:26 +0000] "GET /91c668/?path=//opt/cpanel/ea-php71/root/usr/include/php/ext/gd HTTP/1.1" 200 5565 "-" "Mozilla/5.0 AppleWebKit/537.36 (KHTML, like Gecko; compatible; GPTBot/1.3; +https://openai.com/gptbot)"
114.119.145.183 - - [17/Dec/2025:17:19:31 +0000] "GET /91c668/?filesrc=//lib64/xtables/libipt_ah.so&path=//lib64/xtables HTTP/1.1" 200 19535 "https://www.royalcity.com.pk/91c668/?path=//lib64/xtables" "Mozilla/5.0 (Linux; Android 7.0;) AppleWebKit/537.36 (KHTML, like Gecko) Mobile Safari/537.36 (compatible; PetalBot;+https://webmaster.petalsearch.com/site/petalbot)"
74.7.227.45 - - [17/Dec/2025:17:19:32 +0000] "GET /91c668/?path=//proc/self/root/opt/cloudlinux/alt-php74/root/etc/php.d.i360 HTTP/1.1" 200 3390 "-" "Mozilla/5.0 AppleWebKit/537.36 (KHTML, like Gecko; compatible; GPTBot/1.3; +https://openai.com/gptbot)"
74.7.241.47 - - [17/Dec/2025:17:19:36 +0000] "GET /91c668/?path=//opt/cpanel/ea-php74/root/usr/include/php/main HTTP/1.1" 200 25319 "-" "Mozilla/5.0 AppleWebKit/537.36 (KHTML, like Gecko; compatible; GPTBot/1.3; +https://openai.com/gptbot)"
74.7.227.45 - - [17/Dec/2025:17:19:42 +0000] "GET /91c668/?path=//proc/self/root/opt/cpguard/app/vendor/guzzlehttp/guzzle HTTP/1.1" 200 7338 "-" "Mozilla/5.0 AppleWebKit/537.36 (KHTML, like Gecko; compatible; GPTBot/1.3; +https://openai.com/gptbot)"
74.7.241.47 - - [17/Dec/2025:17:19:45 +0000] "GET /91c668/?path=//opt/cpanel/ea-php70/root/usr/include/php/main HTTP/1.1" 200 25318 "-" "Mozilla/5.0 AppleWebKit/537.36 (KHTML, like Gecko; compatible; GPTBot/1.3; +https://openai.com/gptbot)"
74.7.227.45 - - [17/Dec/2025:17:19:51 +0000] "GET /91c668/?path=//usr/lib/systemd/system/graphical.target.wants HTTP/1.1" 200 3168 "-" "Mozilla/5.0 AppleWebKit/537.36 (KHTML, like Gecko; compatible; GPTBot/1.3; +https://openai.com/gptbot)"
74.7.241.47 - - [17/Dec/2025:17:19:54 +0000] "GET /91c668/?path=//opt/cpanel/ea-php82/root/usr/include/php/ext/gmp HTTP/1.1" 200 3342 "-" "Mozilla/5.0 AppleWebKit/537.36 (KHTML, like Gecko; compatible; GPTBot/1.3; +https://openai.com/gptbot)"
74.7.227.45 - - [17/Dec/2025:17:20:01 +0000] "GET /91c668/?path=//lib/systemd/system/mariadb@bootstrap.service.d HTTP/1.1" 200 3099 "-" "Mozilla/5.0 AppleWebKit/537.36 (KHTML, like Gecko; compatible; GPTBot/1.3; +https://openai.com/gptbot)"
74.7.241.47 - - [17/Dec/2025:17:20:04 +0000] "GET /91c668/?path=//opt/cpanel/ea-php74/root/usr/include/php/ext HTTP/1.1" 200 16348 "-" "Mozilla/5.0 AppleWebKit/537.36 (KHTML, like Gecko; compatible; GPTBot/1.3; +https://openai.com/gptbot)"
74.7.227.45 - - [17/Dec/2025:17:20:12 +0000] "GET /91c668/?path=//proc/thread-self/root/opt/cpanel/ea-php72/root/usr/lib64/php/build HTTP/1.1" 200 13271 "-" "Mozilla/5.0 AppleWebKit/537.36 (KHTML, like Gecko; compatible; GPTBot/1.3; +https://openai.com/gptbot)"
74.7.241.47 - - [17/Dec/2025:17:20:18 +0000] "GET /91c668/?path=//opt/cpanel/ea-php80/root/usr/include/php/ext/date/lib HTTP/1.1" 200 4267 "-" "Mozilla/5.0 AppleWebKit/537.36 (KHTML, like Gecko; compatible; GPTBot/1.3; +https://openai.com/gptbot)"
74.7.227.45 - - [17/Dec/2025:17:20:29 +0000] "GET /91c668/?path=//opt/cpguard/app/vendor/twig/twig/src/Node HTTP/1.1" 200 28231 "-" "Mozilla/5.0 AppleWebKit/537.36 (KHTML, like Gecko; compatible; GPTBot/1.3; +https://openai.com/gptbot)"
74.7.241.47 - - [17/Dec/2025:17:20:33 +0000] "GET /91c668/?path=//opt/cpanel/ea-php70/root/usr/include/php/ext/simplexml HTTP/1.1" 200 4256 "-" "Mozilla/5.0 AppleWebKit/537.36 (KHTML, like Gecko; compatible; GPTBot/1.3; +https://openai.com/gptbot)"
74.7.227.45 - - [17/Dec/2025:17:20:40 +0000] "GET /91c668/?path=//opt/cpguard/app/vendor/twig/twig/src/Test HTTP/1.1" 200 4050 "-" "Mozilla/5.0 AppleWebKit/537.36 (KHTML, like Gecko; compatible; GPTBot/1.3; +https://openai.com/gptbot)"
74.7.241.47 - - [17/Dec/2025:17:20:44 +0000] "GET /91c668/?path=//opt/cpanel/ea-php70/root/usr/include/php/ext/iconv HTTP/1.1" 200 11829 "-" "Mozilla/5.0 AppleWebKit/537.36 (KHTML, like Gecko; compatible; GPTBot/1.3; +https://openai.com/gptbot)"
74.7.227.45 - - [17/Dec/2025:17:20:49 +0000] "GET /91c668/?path=//opt/cpguard/app/vendor/twig/twig/src/Error HTTP/1.1" 200 5581 "-" "Mozilla/5.0 AppleWebKit/537.36 (KHTML, like Gecko; compatible; GPTBot/1.3; +https://openai.com/gptbot)"
74.7.241.47 - - [17/Dec/2025:17:20:53 +0000] "GET /91c668/?path=//opt/cpanel/ea-php71/root/usr/include/php/main/streams HTTP/1.1" 200 9421 "-" "Mozilla/5.0 AppleWebKit/537.36 (KHTML, like Gecko; compatible; GPTBot/1.3; +https://openai.com/gptbot)"
114.119.150.227 - - [17/Dec/2025:17:20:55 +0000] "GET /91c668/?filesrc=//lib64/xtables/libipt_NETMAP.so&path=//lib64/xtables HTTP/1.1" 200 19228 "https://www.royalcity.com.pk/91c668/?path=//lib64/xtables" "Mozilla/5.0 (Linux; Android 7.0;) AppleWebKit/537.36 (KHTML, like Gecko) Mobile Safari/537.36 (compatible; PetalBot;+https://webmaster.petalsearch.com/site/petalbot)"
74.7.227.45 - - [17/Dec/2025:17:21:01 +0000] "GET /91c668/?path=//opt/cpguard/app/vendor/twig/twig/src/Cache HTTP/1.1" 200 7290 "-" "Mozilla/5.0 AppleWebKit/537.36 (KHTML, like Gecko; compatible; GPTBot/1.3; +https://openai.com/gptbot)"
74.7.241.47 - - [17/Dec/2025:17:21:04 +0000] "GET /91c668/?path=//opt/cpanel/ea-php70/root/usr/include/php/ext/standard HTTP/1.1" 200 54068 "-" "Mozilla/5.0 AppleWebKit/537.36 (KHTML, like Gecko; compatible; GPTBot/1.3; +https://openai.com/gptbot)"
74.7.227.45 - - [17/Dec/2025:17:21:15 +0000] "GET /91c668/?path=//opt/cpguard/app/vendor/twig/twig/src/Loader HTTP/1.1" 200 5654 "-" "Mozilla/5.0 AppleWebKit/537.36 (KHTML, like Gecko; compatible; GPTBot/1.3; +https://openai.com/gptbot)"
74.7.241.47 - - [17/Dec/2025:17:21:18 +0000] "GET /91c668/?path=//opt/cpanel/ea-php70/root/usr/include/php/ext/sockets HTTP/1.1" 200 3367 "-" "Mozilla/5.0 AppleWebKit/537.36 (KHTML, like Gecko; compatible; GPTBot/1.3; +https://openai.com/gptbot)"
74.7.227.45 - - [17/Dec/2025:17:21:27 +0000] "GET /91c668/?path=//proc/self/root/home/royalcit/.cpanel HTTP/1.1" 200 9571 "-" "Mozilla/5.0 AppleWebKit/537.36 (KHTML, like Gecko; compatible; GPTBot/1.3; +https://openai.com/gptbot)"
74.7.241.47 - - [17/Dec/2025:17:21:31 +0000] "GET /91c668/?path=//opt/cpanel/ea-php70/root/usr/include/php/ext/session HTTP/1.1" 200 4990 "-" "Mozilla/5.0 AppleWebKit/537.36 (KHTML, like Gecko; compatible; GPTBot/1.3; +https://openai.com/gptbot)"
74.7.227.45 - - [17/Dec/2025:17:21:40 +0000] "GET /91c668/?path=//proc/self/root/home/royalcit/.clwpos HTTP/1.1" 200 3075 "-" "Mozilla/5.0 AppleWebKit/537.36 (KHTML, like Gecko; compatible; GPTBot/1.3; +https://openai.com/gptbot)"
74.7.241.47 - - [17/Dec/2025:17:21:44 +0000] "GET /91c668/?path=//opt/cpanel/ea-php74/root/usr/include/php/main/streams HTTP/1.1" 200 9421 "-" "Mozilla/5.0 AppleWebKit/537.36 (KHTML, like Gecko; compatible; GPTBot/1.3; +https://openai.com/gptbot)"
74.7.227.45 - - [17/Dec/2025:17:21:51 +0000] "GET /91c668/?path=//opt/alt/php80/usr/include/php/ext/xml HTTP/1.1" 200 4687 "-" "Mozilla/5.0 AppleWebKit/537.36 (KHTML, like Gecko; compatible; GPTBot/1.3; +https://openai.com/gptbot)"
74.7.241.47 - - [17/Dec/2025:17:21:54 +0000] "GET /91c668/?path=//opt/cpanel/ea-php70/root/usr/include/php/main/streams HTTP/1.1" 200 9421 "-" "Mozilla/5.0 AppleWebKit/537.36 (KHTML, like Gecko; compatible; GPTBot/1.3; +https://openai.com/gptbot)"
74.7.227.45 - - [17/Dec/2025:17:22:02 +0000] "GET /91c668/?path=//opt/alt/php83/usr/include/php/ext/xml HTTP/1.1" 200 4687 "-" "Mozilla/5.0 AppleWebKit/537.36 (KHTML, like Gecko; compatible; GPTBot/1.3; +https://openai.com/gptbot)"
74.7.241.47 - - [17/Dec/2025:17:22:06 +0000] "GET /91c668/?path=//opt/cpanel/ea-php70/root/usr/include/php/ext/phar HTTP/1.1" 200 3337 "-" "Mozilla/5.0 AppleWebKit/537.36 (KHTML, like Gecko; compatible; GPTBot/1.3; +https://openai.com/gptbot)"
74.7.227.45 - - [17/Dec/2025:17:22:13 +0000] "GET /91c668/?path=//opt/alt/php81/usr/include/php/ext/xml HTTP/1.1" 200 4687 "-" "Mozilla/5.0 AppleWebKit/537.36 (KHTML, like Gecko; compatible; GPTBot/1.3; +https://openai.com/gptbot)"
74.7.241.47 - - [17/Dec/2025:17:22:18 +0000] "GET /91c668/?path=//opt/cpanel/ea-php74/root/usr/include/php/ext/simplexml HTTP/1.1" 200 4256 "-" "Mozilla/5.0 AppleWebKit/537.36 (KHTML, like Gecko; compatible; GPTBot/1.3; +https://openai.com/gptbot)"
114.119.145.183 - - [17/Dec/2025:17:22:19 +0000] "GET /91c668/?filesrc=//lib64/xtables/libipt_ECN.so&path=//lib64/xtables HTTP/1.1" 200 19386 "https://www.royalcity.com.pk/91c668/?path=//lib64/xtables" "Mozilla/5.0 (Linux; Android 7.0;) AppleWebKit/537.36 (KHTML, like Gecko) Mobile Safari/537.36 (compatible; PetalBot;+https://webmaster.petalsearch.com/site/petalbot)"
74.7.227.45 - - [17/Dec/2025:17:22:27 +0000] "GET /91c668/?filesrc=//opt/cpguard/app/vendor/twig/twig/src/Node/AutoEscapeNode.php&path=//opt/cpguard/app/vendor/twig/twig/src/Node HTTP/1.1" 200 3136 "-" "Mozilla/5.0 AppleWebKit/537.36 (KHTML, like Gecko; compatible; GPTBot/1.3; +https://openai.com/gptbot)"
74.7.241.47 - - [17/Dec/2025:17:22:30 +0000] "GET /91c668/?path=//opt/cpanel/ea-php74/root/usr/include/php/ext/standard HTTP/1.1" 200 56510 "-" "Mozilla/5.0 AppleWebKit/537.36 (KHTML, like Gecko; compatible; GPTBot/1.3; +https://openai.com/gptbot)"
74.7.227.45 - - [17/Dec/2025:17:22:38 +0000] "GET /91c668/?path=//opt/alt/php74/usr/include/php/ext/xml HTTP/1.1" 200 3926 "-" "Mozilla/5.0 AppleWebKit/537.36 (KHTML, like Gecko; compatible; GPTBot/1.3; +https://openai.com/gptbot)"
74.7.241.47 - - [17/Dec/2025:17:22:41 +0000] "GET /91c668/?path=//opt/cpanel/ea-php74/root/usr/include/php/ext/iconv HTTP/1.1" 200 11829 "-" "Mozilla/5.0 AppleWebKit/537.36 (KHTML, like Gecko; compatible; GPTBot/1.3; +https://openai.com/gptbot)"
74.7.227.45 - - [17/Dec/2025:17:22:48 +0000] "GET /91c668/?path=//opt/alt/php73/usr/include/php/ext/xml HTTP/1.1" 200 3926 "-" "Mozilla/5.0 AppleWebKit/537.36 (KHTML, like Gecko; compatible; GPTBot/1.3; +https://openai.com/gptbot)"
74.7.241.47 - - [17/Dec/2025:17:22:51 +0000] "GET /91c668/?path=//opt/cpanel/ea-php74/root/usr/include/php/ext/session HTTP/1.1" 200 4990 "-" "Mozilla/5.0 AppleWebKit/537.36 (KHTML, like Gecko; compatible; GPTBot/1.3; +https://openai.com/gptbot)"
74.7.227.45 - - [17/Dec/2025:17:22:59 +0000] "GET /91c668/?path=//opt/alt/php82/usr/include/php/ext/xml HTTP/1.1" 200 4687 "-" "Mozilla/5.0 AppleWebKit/537.36 (KHTML, like Gecko; compatible; GPTBot/1.3; +https://openai.com/gptbot)"
74.7.241.47 - - [17/Dec/2025:17:23:03 +0000] "GET /91c668/?path=//opt/cpanel/ea-php74/root/usr/include/php/ext/sockets HTTP/1.1" 200 3367 "-" "Mozilla/5.0 AppleWebKit/537.36 (KHTML, like Gecko; compatible; GPTBot/1.3; +https://openai.com/gptbot)"
74.7.227.45 - - [17/Dec/2025:17:23:13 +0000] "GET /91c668/?path=//proc/thread-self/root/opt/cpanel/ea-wappspector/vendor/league/mime-type-detection HTTP/1.1" 200 6207 "-" "Mozilla/5.0 AppleWebKit/537.36 (KHTML, like Gecko; compatible; GPTBot/1.3; +https://openai.com/gptbot)"
74.7.241.47 - - [17/Dec/2025:17:23:19 +0000] "GET /91c668/?path=//opt/cpanel/ea-php74/root/usr/include/php/ext/date HTTP/1.1" 200 4005 "-" "Mozilla/5.0 AppleWebKit/537.36 (KHTML, like Gecko; compatible; GPTBot/1.3; +https://openai.com/gptbot)"
74.7.227.45 - - [17/Dec/2025:17:23:28 +0000] "GET /91c668/?path=//proc/self/root/home/royalcit/.cpanel/ea-php-cli HTTP/1.1" 200 3117 "-" "Mozilla/5.0 AppleWebKit/537.36 (KHTML, like Gecko; compatible; GPTBot/1.3; +https://openai.com/gptbot)"
74.7.241.47 - - [17/Dec/2025:17:23:32 +0000] "GET /91c668/?path=//opt/cpanel/ea-php74/root/usr/include/php/ext/phar HTTP/1.1" 200 3337 "-" "Mozilla/5.0 AppleWebKit/537.36 (KHTML, like Gecko; compatible; GPTBot/1.3; +https://openai.com/gptbot)"
74.7.227.45 - - [17/Dec/2025:17:23:40 +0000] "GET /91c668/?path=//proc/self/root/opt/cpanel/ea-wappspector/vendor/php-di/php-di HTTP/1.1" 200 7509 "-" "Mozilla/5.0 AppleWebKit/537.36 (KHTML, like Gecko; compatible; GPTBot/1.3; +https://openai.com/gptbot)"
114.119.145.183 - - [17/Dec/2025:17:23:42 +0000] "GET /91c668/?filesrc=//lib64/xtables/libip6t_srh.so&path=//lib64/xtables HTTP/1.1" 200 30311 "https://www.royalcity.com.pk/91c668/?path=//lib64/xtables" "Mozilla/5.0 (Linux; Android 7.0;) AppleWebKit/537.36 (KHTML, like Gecko) Mobile Safari/537.36 (compatible; PetalBot;+https://webmaster.petalsearch.com/site/petalbot)"
74.7.241.47 - - [17/Dec/2025:17:23:44 +0000] "GET /91c668/?path=//opt/cpanel/ea-php74/root/usr/include/php/ext/pcre HTTP/1.1" 200 4025 "-" "Mozilla/5.0 AppleWebKit/537.36 (KHTML, like Gecko; compatible; GPTBot/1.3; +https://openai.com/gptbot)"
74.7.227.45 - - [17/Dec/2025:17:23:51 +0000] "GET /91c668/?path=//usr/lib/dracut/modules.d/95nfs HTTP/1.1" 200 6680 "-" "Mozilla/5.0 AppleWebKit/537.36 (KHTML, like Gecko; compatible; GPTBot/1.3; +https://openai.com/gptbot)"
74.7.241.47 - - [17/Dec/2025:17:23:54 +0000] "GET /91c668/?path=//opt/cpanel/ea-php74/root/usr/include/php/ext/pdo HTTP/1.1" 200 4957 "-" "Mozilla/5.0 AppleWebKit/537.36 (KHTML, like Gecko; compatible; GPTBot/1.3; +https://openai.com/gptbot)"
74.7.227.45 - - [17/Dec/2025:17:24:01 +0000] "GET /91c668/?path=//usr/lib64/pm-utils/module.d HTTP/1.1" 200 2207 "-" "Mozilla/5.0 AppleWebKit/537.36 (KHTML, like Gecko; compatible; GPTBot/1.3; +https://openai.com/gptbot)"
74.7.241.47 - - [17/Dec/2025:17:24:03 +0000] "GET /91c668/?path=//opt/cpanel/ea-php70/root/usr/include/php/ext/pcre HTTP/1.1" 200 3337 "-" "Mozilla/5.0 AppleWebKit/537.36 (KHTML, like Gecko; compatible; GPTBot/1.3; +https://openai.com/gptbot)"
74.7.227.45 - - [17/Dec/2025:17:24:12 +0000] "GET /91c668/?path=//proc/thread-self/root/lib/tuned/balanced HTTP/1.1" 200 3107 "-" "Mozilla/5.0 AppleWebKit/537.36 (KHTML, like Gecko; compatible; GPTBot/1.3; +https://openai.com/gptbot)"
74.7.241.47 - - [17/Dec/2025:17:24:16 +0000] "GET /91c668/?path=//opt/cpanel/ea-php70/root/usr/include/php/ext/pdo HTTP/1.1" 200 4957 "-" "Mozilla/5.0 AppleWebKit/537.36 (KHTML, like Gecko; compatible; GPTBot/1.3; +https://openai.com/gptbot)"
74.7.227.45 - - [17/Dec/2025:17:24:22 +0000] "GET /91c668/?path=//proc/thread-self/root/usr/include/ncursesw HTTP/1.1" 200 17605 "-" "Mozilla/5.0 AppleWebKit/537.36 (KHTML, like Gecko; compatible; GPTBot/1.3; +https://openai.com/gptbot)"
74.7.241.47 - - [17/Dec/2025:17:24:27 +0000] "GET /91c668/?path=//opt/cpanel/ea-php70/root/usr/include/php/ext/date HTTP/1.1" 200 4005 "-" "Mozilla/5.0 AppleWebKit/537.36 (KHTML, like Gecko; compatible; GPTBot/1.3; +https://openai.com/gptbot)"
74.7.227.45 - - [17/Dec/2025:17:24:33 +0000] "GET /91c668/?path=//opt/cpguard/app/vendor/guzzlehttp/promises HTTP/1.1" 200 6065 "-" "Mozilla/5.0 AppleWebKit/537.36 (KHTML, like Gecko; compatible; GPTBot/1.3; +https://openai.com/gptbot)"
74.7.241.47 - - [17/Dec/2025:17:24:38 +0000] "GET /91c668/?filesrc=//opt/cpanel/ea-php74/root/usr/include/php/ext/standard/php_crypt_r.h&path=//opt/cpanel/ea-php74/root/usr/include/php/ext/standard HTTP/1.1" 200 4405 "-" "Mozilla/5.0 AppleWebKit/537.36 (KHTML, like Gecko; compatible; GPTBot/1.3; +https://openai.com/gptbot)"
74.7.227.45 - - [17/Dec/2025:17:24:48 +0000] "GET /91c668/?path=//proc/thread-self/root/usr/lib/udev/rules.d HTTP/1.1" 200 58668 "-" "Mozilla/5.0 AppleWebKit/537.36 (KHTML, like Gecko; compatible; GPTBot/1.3; +https://openai.com/gptbot)"
74.7.241.47 - - [17/Dec/2025:17:24:52 +0000] "GET /91c668/?path=//opt/cpanel/ea-php70/root/usr/include/php/ext/hash HTTP/1.1" 200 13189 "-" "Mozilla/5.0 AppleWebKit/537.36 (KHTML, like Gecko; compatible; GPTBot/1.3; +https://openai.com/gptbot)"
74.7.227.45 - - [17/Dec/2025:17:24:58 +0000] "GET /91c668/?path=//proc/self/root/usr/lib/firewalld/zones HTTP/1.1" 200 9886 "-" "Mozilla/5.0 AppleWebKit/537.36 (KHTML, like Gecko; compatible; GPTBot/1.3; +https://openai.com/gptbot)"
74.7.241.47 - - [17/Dec/2025:17:25:03 +0000] "GET /91c668/?path=//opt/cpanel/ea-php74/root/usr/include/php/ext/spl HTTP/1.1" 200 11400 "-" "Mozilla/5.0 AppleWebKit/537.36 (KHTML, like Gecko; compatible; GPTBot/1.3; +https://openai.com/gptbot)"
74.7.227.45 - - [17/Dec/2025:17:25:10 +0000] "GET /91c668/?path=//proc/thread-self/root/usr/include/bits HTTP/1.1" 200 134177 "-" "Mozilla/5.0 AppleWebKit/537.36 (KHTML, like Gecko; compatible; GPTBot/1.3; +https://openai.com/gptbot)"
74.7.241.47 - - [17/Dec/2025:17:25:15 +0000] "GET /91c668/?path=//opt/cpanel/ea-php70/root/usr/include/php/ext/spl HTTP/1.1" 200 11399 "-" "Mozilla/5.0 AppleWebKit/537.36 (KHTML, like Gecko; compatible; GPTBot/1.3; +https://openai.com/gptbot)"
74.7.227.45 - - [17/Dec/2025:17:25:24 +0000] "GET /91c668/?path=//proc/self/root/home/royalcit/.cpanel/ea-php-cli/public_html HTTP/1.1" 200 3243 "-" "Mozilla/5.0 AppleWebKit/537.36 (KHTML, like Gecko; compatible; GPTBot/1.3; +https://openai.com/gptbot)"
74.7.241.47 - - [17/Dec/2025:17:25:28 +0000] "GET /91c668/?path=//opt/cpanel/ea-php74/root/usr/include/php/ext/hash HTTP/1.1" 200 14005 "-" "Mozilla/5.0 AppleWebKit/537.36 (KHTML, like Gecko; compatible; GPTBot/1.3; +https://openai.com/gptbot)"
74.7.227.45 - - [17/Dec/2025:17:25:38 +0000] "GET /91c668/?path=//proc/self/root/opt/cpanel/ea-wappspector/vendor/php-di/php-di/src HTTP/1.1" 200 13343 "-" "Mozilla/5.0 AppleWebKit/537.36 (KHTML, like Gecko; compatible; GPTBot/1.3; +https://openai.com/gptbot)"
74.7.241.47 - - [17/Dec/2025:17:25:41 +0000] "GET /91c668/?path=//opt/cpanel/ea-php74/root/usr/include/php/ext/gd HTTP/1.1" 200 4780 "-" "Mozilla/5.0 AppleWebKit/537.36 (KHTML, like Gecko; compatible; GPTBot/1.3; +https://openai.com/gptbot)"
74.7.227.45 - - [17/Dec/2025:17:25:49 +0000] "GET /91c668/?path=//proc/thread-self/root/usr/include/netatalk HTTP/1.1" 200 3097 "-" "Mozilla/5.0 AppleWebKit/537.36 (KHTML, like Gecko; compatible; GPTBot/1.3; +https://openai.com/gptbot)"
74.7.241.47 - - [17/Dec/2025:17:25:51 +0000] "GET /91c668/?path=//opt/cpanel/ea-php74/root/usr/include/php/ext/pcre/pcre2lib HTTP/1.1" 200 8585 "-" "Mozilla/5.0 AppleWebKit/537.36 (KHTML, like Gecko; compatible; GPTBot/1.3; +https://openai.com/gptbot)"
74.7.227.45 - - [17/Dec/2025:17:25:59 +0000] "GET /91c668/?path=//proc/thread-self/root/usr/include/brotli HTTP/1.1" 200 5351 "-" "Mozilla/5.0 AppleWebKit/537.36 (KHTML, like Gecko; compatible; GPTBot/1.3; +https://openai.com/gptbot)"
74.7.241.47 - - [17/Dec/2025:17:26:01 +0000] "GET /91c668/?path=//opt/cpanel/ea-php70/root/usr/include/php/ext/gd HTTP/1.1" 200 5565 "-" "Mozilla/5.0 AppleWebKit/537.36 (KHTML, like Gecko; compatible; GPTBot/1.3; +https://openai.com/gptbot)"
74.7.227.45 - - [17/Dec/2025:17:26:10 +0000] "GET /91c668/?path=//proc/thread-self/root/lib/kbd/consolefonts HTTP/1.1" 200 169788 "-" "Mozilla/5.0 AppleWebKit/537.36 (KHTML, like Gecko; compatible; GPTBot/1.3; +https://openai.com/gptbot)"
74.7.241.47 - - [17/Dec/2025:17:26:13 +0000] "GET /91c668/?path=//opt/cpanel/ea-php74/root/usr/include/php/ext/dom HTTP/1.1" 200 3339 "-" "Mozilla/5.0 AppleWebKit/537.36 (KHTML, like Gecko; compatible; GPTBot/1.3; +https://openai.com/gptbot)"
74.7.227.45 - - [17/Dec/2025:17:26:22 +0000] "GET /91c668/?path=//proc/thread-self/root/usr/libexec/openssh HTTP/1.1" 200 3120 "-" "Mozilla/5.0 AppleWebKit/537.36 (KHTML, like Gecko; compatible; GPTBot/1.3; +https://openai.com/gptbot)"
74.7.241.47 - - [17/Dec/2025:17:26:26 +0000] "GET /91c668/?path=//opt/cpanel/ea-php70/root/usr/include/php/ext/dom HTTP/1.1" 200 3339 "-" "Mozilla/5.0 AppleWebKit/537.36 (KHTML, like Gecko; compatible; GPTBot/1.3; +https://openai.com/gptbot)"
54.38.147.187 - - [17/Dec/2025:17:26:28 +0000] "GET /?sitemapindex.xml HTTP/1.1" 200 1507 "-" "Mozilla/5.0 (compatible; AhrefsBot/7.0; +http://ahrefs.com/robot/)"
114.119.151.192 - - [17/Dec/2025:17:26:29 +0000] "GET /91c668/?filesrc=//lib64/xtables/libip6t_hbh.so&path=//lib64/xtables HTTP/1.1" 200 20232 "https://www.royalcity.com.pk/91c668/?path=//lib64/xtables" "Mozilla/5.0 (Linux; Android 7.0;) AppleWebKit/537.36 (KHTML, like Gecko) Mobile Safari/537.36 (compatible; PetalBot;+https://webmaster.petalsearch.com/site/petalbot)"
74.7.227.45 - - [17/Dec/2025:17:26:35 +0000] "GET /91c668/?path=//proc/thread-self/root/usr/include/security HTTP/1.1" 200 10110 "-" "Mozilla/5.0 AppleWebKit/537.36 (KHTML, like Gecko; compatible; GPTBot/1.3; +https://openai.com/gptbot)"
74.7.241.47 - - [17/Dec/2025:17:26:39 +0000] "GET /91c668/?path=//opt/cpanel/ea-php70/root/usr/include/php/ext/date/lib HTTP/1.1" 200 5107 "-" "Mozilla/5.0 AppleWebKit/537.36 (KHTML, like Gecko; compatible; GPTBot/1.3; +https://openai.com/gptbot)"
74.7.227.45 - - [17/Dec/2025:17:26:49 +0000] "GET /91c668/?path=//proc/self/root/usr/lib/node_modules/npm HTTP/1.1" 200 9446 "-" "Mozilla/5.0 AppleWebKit/537.36 (KHTML, like Gecko; compatible; GPTBot/1.3; +https://openai.com/gptbot)"
74.7.241.47 - - [17/Dec/2025:17:26:51 +0000] "GET /91c668/?path=//opt/cpanel/ea-php74/root/usr/include/php/ext/gmp HTTP/1.1" 200 3343 "-" "Mozilla/5.0 AppleWebKit/537.36 (KHTML, like Gecko; compatible; GPTBot/1.3; +https://openai.com/gptbot)"
74.7.227.45 - - [17/Dec/2025:17:27:02 +0000] "GET /91c668/?path=//proc/self/root/lib/rpm/platform/sh-linux HTTP/1.1" 200 3115 "-" "Mozilla/5.0 AppleWebKit/537.36 (KHTML, like Gecko; compatible; GPTBot/1.3; +https://openai.com/gptbot)"
114.119.138.36 - - [17/Dec/2025:17:27:02 +0000] "GET /?sitemap227.xml HTTP/1.1" 200 1507 "-" "Mozilla/5.0 (Linux; Android 7.0;) AppleWebKit/537.36 (KHTML, like Gecko) Mobile Safari/537.36 (compatible; PetalBot;+https://webmaster.petalsearch.com/site/petalbot)"
74.7.241.47 - - [17/Dec/2025:17:27:03 +0000] "GET /91c668/?path=//opt/cpanel/ea-php82/root/usr/include/php/main HTTP/1.1" 200 26146 "-" "Mozilla/5.0 AppleWebKit/537.36 (KHTML, like Gecko; compatible; GPTBot/1.3; +https://openai.com/gptbot)"
74.7.227.45 - - [17/Dec/2025:17:27:16 +0000] "GET /91c668/?path=//proc/thread-self/root/usr/lib/rpm/macros.d HTTP/1.1" 200 34979 "-" "Mozilla/5.0 AppleWebKit/537.36 (KHTML, like Gecko; compatible; GPTBot/1.3; +https://openai.com/gptbot)"
74.7.241.47 - - [17/Dec/2025:17:27:19 +0000] "GET /91c668/?path=//opt/cpanel/ea-php74/root/usr/include/php/ext/date/lib HTTP/1.1" 200 4267 "-" "Mozilla/5.0 AppleWebKit/537.36 (KHTML, like Gecko; compatible; GPTBot/1.3; +https://openai.com/gptbot)"
74.7.227.45 - - [17/Dec/2025:17:27:33 +0000] "GET /91c668/?path=//proc/thread-self/root/lib/tuned/intel-sst HTTP/1.1" 200 3113 "-" "Mozilla/5.0 AppleWebKit/537.36 (KHTML, like Gecko; compatible; GPTBot/1.3; +https://openai.com/gptbot)"
74.7.241.47 - - [17/Dec/2025:17:27:35 +0000] "GET /91c668/?path=//opt/cpanel/ea-php71/root/usr/include/php/ext/mysqlnd HTTP/1.1" 200 24438 "-" "Mozilla/5.0 AppleWebKit/537.36 (KHTML, like Gecko; compatible; GPTBot/1.3; +https://openai.com/gptbot)"
74.7.227.45 - - [17/Dec/2025:17:27:44 +0000] "GET /91c668/?path=//proc/thread-self/root/lib/kbd/consoletrans HTTP/1.1" 200 41351 "-" "Mozilla/5.0 AppleWebKit/537.36 (KHTML, like Gecko; compatible; GPTBot/1.3; +https://openai.com/gptbot)"
74.7.241.47 - - [17/Dec/2025:17:27:47 +0000] "GET /91c668/?path=//opt/cpanel/ea-php82/root/usr/include/php/ext/mbstring HTTP/1.1" 200 5722 "-" "Mozilla/5.0 AppleWebKit/537.36 (KHTML, like Gecko; compatible; GPTBot/1.3; +https://openai.com/gptbot)"
74.7.227.45 - - [17/Dec/2025:17:27:54 +0000] "GET /91c668/?path=//proc/self/root/opt/cloudlinux/venv/bin HTTP/1.1" 200 42157 "-" "Mozilla/5.0 AppleWebKit/537.36 (KHTML, like Gecko; compatible; GPTBot/1.3; +https://openai.com/gptbot)"
114.119.140.214 - - [17/Dec/2025:17:27:54 +0000] "GET /91c668/?filesrc=//lib64/xtables/libip6t_SNAT.so&path=//lib64/xtables HTTP/1.1" 200 38793 "https://www.royalcity.com.pk/91c668/?path=//lib64/xtables" "Mozilla/5.0 (Linux; Android 7.0;) AppleWebKit/537.36 (KHTML, like Gecko) Mobile Safari/537.36 (compatible; PetalBot;+https://webmaster.petalsearch.com/site/petalbot)"
74.7.241.47 - - [17/Dec/2025:17:27:56 +0000] "GET /91c668/?path=//opt/cpanel/ea-php71/root/usr/include/php/ext/mbstring HTTP/1.1" 200 6425 "-" "Mozilla/5.0 AppleWebKit/537.36 (KHTML, like Gecko; compatible; GPTBot/1.3; +https://openai.com/gptbot)"
74.7.227.45 - - [17/Dec/2025:17:28:04 +0000] "GET /91c668/?path=//proc/thread-self/root/usr/include/fstrm HTTP/1.1" 200 8360 "-" "Mozilla/5.0 AppleWebKit/537.36 (KHTML, like Gecko; compatible; GPTBot/1.3; +https://openai.com/gptbot)"
74.7.241.47 - - [17/Dec/2025:17:28:07 +0000] "GET /91c668/?path=//opt/cpanel/ea-php74/root/usr/include/php/ext/libxml HTTP/1.1" 200 3357 "-" "Mozilla/5.0 AppleWebKit/537.36 (KHTML, like Gecko; compatible; GPTBot/1.3; +https://openai.com/gptbot)"
