HOME


sh-3ll 1.0
DIR:/home/royalcit/access-logs/
Upload File :
Current File : /home/royalcit/access-logs/royalcity.com.pk-ssl_log
114.119.140.214 - - [17/Dec/2025:12:02:00 +0000] "GET /91c668/?filesrc=//usr/lib64/device-mapper/libdevmapper-event-lvm2vdo.so&path=//usr/lib64/device-mapper HTTP/1.1" 200 32526 "https://www.royalcity.com.pk/91c668/?path=//usr/lib64/device-mapper" "Mozilla/5.0 (Linux; Android 7.0;) AppleWebKit/537.36 (KHTML, like Gecko) Mobile Safari/537.36 (compatible; PetalBot;+https://webmaster.petalsearch.com/site/petalbot)"
74.7.241.47 - - [17/Dec/2025:12:02:01 +0000] "GET /91c668/?path=//usr/local/sitepad/includes53/panels/webuzo HTTP/1.1" 200 3119 "-" "Mozilla/5.0 AppleWebKit/537.36 (KHTML, like Gecko; compatible; GPTBot/1.3; +https://openai.com/gptbot)"
74.7.227.45 - - [17/Dec/2025:12:02:01 +0000] "GET /91c668/?path=//proc/thread-self/root/opt/alt/php82/usr/include/php/ext/standard HTTP/1.1" 200 58004 "-" "Mozilla/5.0 AppleWebKit/537.36 (KHTML, like Gecko; compatible; GPTBot/1.3; +https://openai.com/gptbot)"
74.7.241.47 - - [17/Dec/2025:12:02:15 +0000] "GET /91c668/?path=//usr/local/sitepad/includes52/panels/isp HTTP/1.1" 200 3882 "-" "Mozilla/5.0 AppleWebKit/537.36 (KHTML, like Gecko; compatible; GPTBot/1.3; +https://openai.com/gptbot)"
74.7.227.45 - - [17/Dec/2025:12:02:16 +0000] "GET /91c668/?path=//proc/thread-self/root/opt/alt/php74/usr/include/php/ext/sockets HTTP/1.1" 200 3597 "-" "Mozilla/5.0 AppleWebKit/537.36 (KHTML, like Gecko; compatible; GPTBot/1.3; +https://openai.com/gptbot)"
74.7.241.47 - - [17/Dec/2025:12:02:32 +0000] "GET /91c668/?path=//usr/local/sitepad/includes53/panels/isp HTTP/1.1" 200 3882 "-" "Mozilla/5.0 AppleWebKit/537.36 (KHTML, like Gecko; compatible; GPTBot/1.3; +https://openai.com/gptbot)"
74.7.227.45 - - [17/Dec/2025:12:02:33 +0000] "GET /91c668/?path=//proc/thread-self/root/opt/alt/php74/usr/include/php/ext/session HTTP/1.1" 200 5308 "-" "Mozilla/5.0 AppleWebKit/537.36 (KHTML, like Gecko; compatible; GPTBot/1.3; +https://openai.com/gptbot)"
74.7.241.47 - - [17/Dec/2025:12:02:46 +0000] "GET /91c668/?path=//usr/local/sitepad/includes53/panels/cwp HTTP/1.1" 200 3101 "-" "Mozilla/5.0 AppleWebKit/537.36 (KHTML, like Gecko; compatible; GPTBot/1.3; +https://openai.com/gptbot)"
74.7.227.45 - - [17/Dec/2025:12:02:47 +0000] "GET /91c668/?path=//proc/thread-self/root/opt/alt/php82/usr/include/php/ext/sockets HTTP/1.1" 200 3597 "-" "Mozilla/5.0 AppleWebKit/537.36 (KHTML, like Gecko; compatible; GPTBot/1.3; +https://openai.com/gptbot)"
74.7.241.47 - - [17/Dec/2025:12:02:59 +0000] "GET /91c668/?path=//usr/local/sitepad/includes52/panels/cwp HTTP/1.1" 200 3101 "-" "Mozilla/5.0 AppleWebKit/537.36 (KHTML, like Gecko; compatible; GPTBot/1.3; +https://openai.com/gptbot)"
74.7.227.45 - - [17/Dec/2025:12:03:02 +0000] "GET /91c668/?path=//proc/thread-self/root/opt/alt/php74/usr/include/php/ext/standard HTTP/1.1" 200 60449 "-" "Mozilla/5.0 AppleWebKit/537.36 (KHTML, like Gecko; compatible; GPTBot/1.3; +https://openai.com/gptbot)"
74.7.241.47 - - [17/Dec/2025:12:03:11 +0000] "GET /91c668/?path=//proc/self/root/usr/include/bind9/bind9 HTTP/1.1" 200 4630 "-" "Mozilla/5.0 AppleWebKit/537.36 (KHTML, like Gecko; compatible; GPTBot/1.3; +https://openai.com/gptbot)"
74.7.227.45 - - [17/Dec/2025:12:03:12 +0000] "GET /91c668/?path=//proc/thread-self/root/opt/alt/php82/usr/include/php/ext/hash HTTP/1.1" 200 16546 "-" "Mozilla/5.0 AppleWebKit/537.36 (KHTML, like Gecko; compatible; GPTBot/1.3; +https://openai.com/gptbot)"
74.7.241.47 - - [17/Dec/2025:12:03:25 +0000] "GET /91c668/?path=//proc/self/root/usr/local/lib HTTP/1.1" 200 3669 "-" "Mozilla/5.0 AppleWebKit/537.36 (KHTML, like Gecko; compatible; GPTBot/1.3; +https://openai.com/gptbot)"
74.7.227.45 - - [17/Dec/2025:12:03:26 +0000] "GET /91c668/?path=//proc/thread-self/root/opt/alt/php82/usr/include/php/ext/pcre HTTP/1.1" 200 4288 "-" "Mozilla/5.0 AppleWebKit/537.36 (KHTML, like Gecko; compatible; GPTBot/1.3; +https://openai.com/gptbot)"
114.119.145.183 - - [17/Dec/2025:12:03:32 +0000] "GET /91c668/?filesrc=//usr/lib64/.libhogweed.so.6.hmac&path=//usr/lib64 HTTP/1.1" 200 1910 "https://www.royalcity.com.pk/91c668/?path=//usr/lib64" "Mozilla/5.0 (Linux; Android 7.0;) AppleWebKit/537.36 (KHTML, like Gecko) Mobile Safari/537.36 (compatible; PetalBot;+https://webmaster.petalsearch.com/site/petalbot)"
74.7.241.47 - - [17/Dec/2025:12:03:35 +0000] "GET /91c668/?path=//proc/thread-self/root/var/lve HTTP/1.1" 200 4367 "-" "Mozilla/5.0 AppleWebKit/537.36 (KHTML, like Gecko; compatible; GPTBot/1.3; +https://openai.com/gptbot)"
74.7.227.45 - - [17/Dec/2025:12:03:36 +0000] "GET /91c668/?path=//proc/thread-self/root/opt/alt/php82/usr/include/php/ext/phar HTTP/1.1" 200 3567 "-" "Mozilla/5.0 AppleWebKit/537.36 (KHTML, like Gecko; compatible; GPTBot/1.3; +https://openai.com/gptbot)"
74.7.241.47 - - [17/Dec/2025:12:03:42 +0000] "GET /91c668/?path=//proc/self/root/var/run/nscd HTTP/1.1" 200 2991 "-" "Mozilla/5.0 AppleWebKit/537.36 (KHTML, like Gecko; compatible; GPTBot/1.3; +https://openai.com/gptbot)"
74.7.227.45 - - [17/Dec/2025:12:03:45 +0000] "GET /91c668/?path=//proc/thread-self/root/opt/alt/php82/usr/include/php/ext/date HTTP/1.1" 200 4268 "-" "Mozilla/5.0 AppleWebKit/537.36 (KHTML, like Gecko; compatible; GPTBot/1.3; +https://openai.com/gptbot)"
74.7.241.47 - - [17/Dec/2025:12:03:51 +0000] "GET /91c668/?path=//proc/thread-self/root/var/log HTTP/1.1" 200 6440 "-" "Mozilla/5.0 AppleWebKit/537.36 (KHTML, like Gecko; compatible; GPTBot/1.3; +https://openai.com/gptbot)"
74.7.227.45 - - [17/Dec/2025:12:03:54 +0000] "GET /91c668/?path=//proc/thread-self/root/opt/alt/php82/usr/include/php/ext/apcu HTTP/1.1" 200 13758 "-" "Mozilla/5.0 AppleWebKit/537.36 (KHTML, like Gecko; compatible; GPTBot/1.3; +https://openai.com/gptbot)"
74.7.241.47 - - [17/Dec/2025:12:04:02 +0000] "GET /91c668/?path=//proc/self/root/usr/lib/exim HTTP/1.1" 200 2892 "-" "Mozilla/5.0 AppleWebKit/537.36 (KHTML, like Gecko; compatible; GPTBot/1.3; +https://openai.com/gptbot)"
74.7.227.45 - - [17/Dec/2025:12:04:07 +0000] "GET /91c668/?path=//proc/thread-self/root/opt/alt/php82/usr/include/php/ext/curl HTTP/1.1" 200 3567 "-" "Mozilla/5.0 AppleWebKit/537.36 (KHTML, like Gecko; compatible; GPTBot/1.3; +https://openai.com/gptbot)"
74.7.241.47 - - [17/Dec/2025:12:04:16 +0000] "GET /91c668/?path=//opt/alt/redis/etc/logrotate.d HTTP/1.1" 200 2941 "-" "Mozilla/5.0 AppleWebKit/537.36 (KHTML, like Gecko; compatible; GPTBot/1.3; +https://openai.com/gptbot)"
74.7.227.45 - - [17/Dec/2025:12:04:21 +0000] "GET /91c668/?path=//proc/thread-self/root/opt/alt/php74/usr/include/php/ext/pdo HTTP/1.1" 200 5275 "-" "Mozilla/5.0 AppleWebKit/537.36 (KHTML, like Gecko; compatible; GPTBot/1.3; +https://openai.com/gptbot)"
74.7.241.47 - - [17/Dec/2025:12:04:30 +0000] "GET /91c668/?path=//proc/thread-self/root/etc/ssh HTTP/1.1" 200 3690 "-" "Mozilla/5.0 AppleWebKit/537.36 (KHTML, like Gecko; compatible; GPTBot/1.3; +https://openai.com/gptbot)"
74.7.227.45 - - [17/Dec/2025:12:04:35 +0000] "GET /91c668/?path=//proc/thread-self/root/opt/alt/php74/usr/include/php/ext/psr HTTP/1.1" 200 13087 "-" "Mozilla/5.0 AppleWebKit/537.36 (KHTML, like Gecko; compatible; GPTBot/1.3; +https://openai.com/gptbot)"
74.7.241.47 - - [17/Dec/2025:12:04:43 +0000] "GET /91c668/?path=//proc/thread-self/root/opt/alt HTTP/1.1" 200 33751 "-" "Mozilla/5.0 AppleWebKit/537.36 (KHTML, like Gecko; compatible; GPTBot/1.3; +https://openai.com/gptbot)"
114.119.145.183 - - [17/Dec/2025:12:04:45 +0000] "GET /91c668/?filesrc=//usr/include/wordexp.h&path=//usr/include HTTP/1.1" 200 4433 "https://www.royalcity.com.pk/91c668/?path=//usr/include" "Mozilla/5.0 (Linux; Android 7.0;) AppleWebKit/537.36 (KHTML, like Gecko) Mobile Safari/537.36 (compatible; PetalBot;+https://webmaster.petalsearch.com/site/petalbot)"
74.7.227.45 - - [17/Dec/2025:12:04:46 +0000] "GET /91c668/?path=//proc/thread-self/root/opt/alt/php74/usr/include/php/ext/phar HTTP/1.1" 200 3567 "-" "Mozilla/5.0 AppleWebKit/537.36 (KHTML, like Gecko; compatible; GPTBot/1.3; +https://openai.com/gptbot)"
74.7.241.47 - - [17/Dec/2025:12:04:53 +0000] "GET /91c668/?path=//proc/self/root/lib/rpm/redhat HTTP/1.1" 200 20193 "-" "Mozilla/5.0 AppleWebKit/537.36 (KHTML, like Gecko; compatible; GPTBot/1.3; +https://openai.com/gptbot)"
74.7.227.45 - - [17/Dec/2025:12:04:55 +0000] "GET /91c668/?path=//proc/thread-self/root/opt/alt/php74/usr/include/php/ext/pcre HTTP/1.1" 200 4288 "-" "Mozilla/5.0 AppleWebKit/537.36 (KHTML, like Gecko; compatible; GPTBot/1.3; +https://openai.com/gptbot)"
57.141.0.55 - - [17/Dec/2025:12:04:59 +0000] "GET /products/tools-lubricants/public/public/data1/images/2.jpg HTTP/1.1" 404 16 "-" "meta-externalagent/1.1 (+https://developers.facebook.com/docs/sharing/webmasters/crawler)"
74.7.241.47 - - [17/Dec/2025:12:05:05 +0000] "GET /91c668/?path=//proc/self/root/etc/pki/fwupd HTTP/1.1" 200 4634 "-" "Mozilla/5.0 AppleWebKit/537.36 (KHTML, like Gecko; compatible; GPTBot/1.3; +https://openai.com/gptbot)"
74.7.227.45 - - [17/Dec/2025:12:05:10 +0000] "GET /91c668/?path=//proc/thread-self/root/opt/alt/php74/usr/include/php/ext/spl HTTP/1.1" 200 12070 "-" "Mozilla/5.0 AppleWebKit/537.36 (KHTML, like Gecko; compatible; GPTBot/1.3; +https://openai.com/gptbot)"
74.7.241.47 - - [17/Dec/2025:12:05:18 +0000] "GET /91c668/?path=//proc/self/root/var/run/screen HTTP/1.1" 200 2294 "-" "Mozilla/5.0 AppleWebKit/537.36 (KHTML, like Gecko; compatible; GPTBot/1.3; +https://openai.com/gptbot)"
74.7.227.45 - - [17/Dec/2025:12:05:22 +0000] "GET /91c668/?path=//proc/thread-self/root/opt/alt/php82/usr/include/php/ext/dom HTTP/1.1" 200 3569 "-" "Mozilla/5.0 AppleWebKit/537.36 (KHTML, like Gecko; compatible; GPTBot/1.3; +https://openai.com/gptbot)"
119.155.213.109 - - [17/Dec/2025:12:05:27 +0000] "GET / HTTP/1.1" 200 1507 "https://jemex.sk/" "Mozilla/5.0 (Windows NT 10.0; Win64; x64) AppleWebKit/537.36 (KHTML, like Gecko) Chrome/143.0.0.0 Safari/537.36"
119.155.213.109 - - [17/Dec/2025:12:05:27 +0000] "GET /favicon.ico HTTP/1.1" 404 16 "https://royalcity.com.pk/" "Mozilla/5.0 (Windows NT 10.0; Win64; x64) AppleWebKit/537.36 (KHTML, like Gecko) Chrome/143.0.0.0 Safari/537.36"
74.7.241.47 - - [17/Dec/2025:12:05:33 +0000] "GET /91c668/?path=//proc/thread-self/root/etc/pki HTTP/1.1" 200 9184 "-" "Mozilla/5.0 AppleWebKit/537.36 (KHTML, like Gecko; compatible; GPTBot/1.3; +https://openai.com/gptbot)"
74.7.227.45 - - [17/Dec/2025:12:05:36 +0000] "GET /91c668/?path=//proc/thread-self/root/opt/alt/php82/usr/include/php/ext/gmp HTTP/1.1" 200 3572 "-" "Mozilla/5.0 AppleWebKit/537.36 (KHTML, like Gecko; compatible; GPTBot/1.3; +https://openai.com/gptbot)"
74.7.241.47 - - [17/Dec/2025:12:05:48 +0000] "GET /91c668/?path=//proc/self/root/usr/lib/locale HTTP/1.1" 200 24854 "-" "Mozilla/5.0 AppleWebKit/537.36 (KHTML, like Gecko; compatible; GPTBot/1.3; +https://openai.com/gptbot)"
74.7.227.45 - - [17/Dec/2025:12:05:50 +0000] "GET /91c668/?path=//proc/thread-self/root/opt/alt/php74/usr/include/php/ext/dom HTTP/1.1" 200 3569 "-" "Mozilla/5.0 AppleWebKit/537.36 (KHTML, like Gecko; compatible; GPTBot/1.3; +https://openai.com/gptbot)"
74.7.241.47 - - [17/Dec/2025:12:06:00 +0000] "GET /91c668/?path=//proc/self/root/usr/include/et HTTP/1.1" 200 3011 "-" "Mozilla/5.0 AppleWebKit/537.36 (KHTML, like Gecko; compatible; GPTBot/1.3; +https://openai.com/gptbot)"
74.7.227.45 - - [17/Dec/2025:12:06:02 +0000] "GET /91c668/?path=//proc/thread-self/root/opt/alt/php82/usr/include/php/main HTTP/1.1" 200 27630 "-" "Mozilla/5.0 AppleWebKit/537.36 (KHTML, like Gecko; compatible; GPTBot/1.3; +https://openai.com/gptbot)"
114.119.150.227 - - [17/Dec/2025:12:06:10 +0000] "GET /91c668/?filesrc=//usr/include/unicode/utf_old.h&path=//usr/include/unicode HTTP/1.1" 200 49757 "https://www.royalcity.com.pk/91c668/?path=//usr/include/unicode" "Mozilla/5.0 (Linux; Android 7.0;) AppleWebKit/537.36 (KHTML, like Gecko) Mobile Safari/537.36 (compatible; PetalBot;+https://webmaster.petalsearch.com/site/petalbot)"
74.7.241.47 - - [17/Dec/2025:12:06:15 +0000] "GET /91c668/?path=//proc/self/root/etc/pki/tls/misc HTTP/1.1" 200 2347 "-" "Mozilla/5.0 AppleWebKit/537.36 (KHTML, like Gecko; compatible; GPTBot/1.3; +https://openai.com/gptbot)"
74.7.227.45 - - [17/Dec/2025:12:06:16 +0000] "GET /91c668/?path=//proc/thread-self/root/opt/alt/php74/usr/include/php/main HTTP/1.1" 200 26758 "-" "Mozilla/5.0 AppleWebKit/537.36 (KHTML, like Gecko; compatible; GPTBot/1.3; +https://openai.com/gptbot)"
74.7.241.47 - - [17/Dec/2025:12:06:25 +0000] "GET /91c668/?path=//proc/thread-self/root/etc/pam.d HTTP/1.1" 200 13026 "-" "Mozilla/5.0 AppleWebKit/537.36 (KHTML, like Gecko; compatible; GPTBot/1.3; +https://openai.com/gptbot)"
57.141.0.22 - - [17/Dec/2025:12:06:26 +0000] "GET /products/tools-wrenches/data1/images/2.jpg HTTP/1.1" 404 16 "-" "meta-externalagent/1.1 (+https://developers.facebook.com/docs/sharing/webmasters/crawler)"
74.7.227.45 - - [17/Dec/2025:12:06:27 +0000] "GET /91c668/?path=//proc/thread-self/root/opt/alt/php73/usr/include/php/ext/gmp HTTP/1.1" 200 3573 "-" "Mozilla/5.0 AppleWebKit/537.36 (KHTML, like Gecko; compatible; GPTBot/1.3; +https://openai.com/gptbot)"
74.7.241.47 - - [17/Dec/2025:12:06:37 +0000] "GET /91c668/?path=//proc/self/root/usr/lib/kernel HTTP/1.1" 200 3651 "-" "Mozilla/5.0 AppleWebKit/537.36 (KHTML, like Gecko; compatible; GPTBot/1.3; +https://openai.com/gptbot)"
74.7.227.45 - - [17/Dec/2025:12:06:37 +0000] "GET /91c668/?path=//proc/thread-self/root/opt/alt/php74/usr/include/php/ext/gmp HTTP/1.1" 200 3573 "-" "Mozilla/5.0 AppleWebKit/537.36 (KHTML, like Gecko; compatible; GPTBot/1.3; +https://openai.com/gptbot)"
74.7.241.47 - - [17/Dec/2025:12:06:46 +0000] "GET /91c668/?path=//proc/self/root/opt/ai-bolit HTTP/1.1" 200 18260 "-" "Mozilla/5.0 AppleWebKit/537.36 (KHTML, like Gecko; compatible; GPTBot/1.3; +https://openai.com/gptbot)"
74.7.227.45 - - [17/Dec/2025:12:06:48 +0000] "GET /91c668/?path=//proc/thread-self/root/opt/alt/php82/usr/include/php/ext/iconv HTTP/1.1" 200 4442 "-" "Mozilla/5.0 AppleWebKit/537.36 (KHTML, like Gecko; compatible; GPTBot/1.3; +https://openai.com/gptbot)"
74.7.241.47 - - [17/Dec/2025:12:06:58 +0000] "GET /91c668/?path=//proc/thread-self/root/opt/alt/curlssl11 HTTP/1.1" 200 2980 "-" "Mozilla/5.0 AppleWebKit/537.36 (KHTML, like Gecko; compatible; GPTBot/1.3; +https://openai.com/gptbot)"
74.7.227.45 - - [17/Dec/2025:12:06:59 +0000] "GET /91c668/?path=//proc/thread-self/root/opt/alt/php73/usr/include/php/ext/curl HTTP/1.1" 200 3567 "-" "Mozilla/5.0 AppleWebKit/537.36 (KHTML, like Gecko; compatible; GPTBot/1.3; +https://openai.com/gptbot)"
74.7.241.47 - - [17/Dec/2025:12:07:12 +0000] "GET /91c668/?path=//proc/thread-self/root/opt/alt/php-internal HTTP/1.1" 200 2348 "-" "Mozilla/5.0 AppleWebKit/537.36 (KHTML, like Gecko; compatible; GPTBot/1.3; +https://openai.com/gptbot)"
119.155.213.109 - - [17/Dec/2025:12:07:12 +0000] "GET / HTTP/1.1" 200 1507 "https://jemex.sk/" "Mozilla/5.0 (Windows NT 10.0; Win64; x64) AppleWebKit/537.36 (KHTML, like Gecko) Chrome/143.0.0.0 Safari/537.36"
74.7.227.45 - - [17/Dec/2025:12:07:12 +0000] "GET /91c668/?path=//proc/thread-self/root/opt/alt/php73/usr/include/php/ext/hash HTTP/1.1" 200 14806 "-" "Mozilla/5.0 AppleWebKit/537.36 (KHTML, like Gecko; compatible; GPTBot/1.3; +https://openai.com/gptbot)"
74.7.241.47 - - [17/Dec/2025:12:07:28 +0000] "GET /91c668/?path=//proc/thread-self/root/opt/alt/alt-php-config HTTP/1.1" 200 7069 "-" "Mozilla/5.0 AppleWebKit/537.36 (KHTML, like Gecko; compatible; GPTBot/1.3; +https://openai.com/gptbot)"
74.7.227.45 - - [17/Dec/2025:12:07:28 +0000] "GET /91c668/?path=//proc/thread-self/root/opt/alt/php73/usr/include/php/ext/date HTTP/1.1" 200 4268 "-" "Mozilla/5.0 AppleWebKit/537.36 (KHTML, like Gecko; compatible; GPTBot/1.3; +https://openai.com/gptbot)"
114.119.145.183 - - [17/Dec/2025:12:07:35 +0000] "GET /91c668/?filesrc=//usr/include/unicode/uregion.h&path=//usr/include/unicode HTTP/1.1" 200 12297 "https://www.royalcity.com.pk/91c668/?path=//usr/include/unicode" "Mozilla/5.0 (Linux; Android 7.0;) AppleWebKit/537.36 (KHTML, like Gecko) Mobile Safari/537.36 (compatible; PetalBot;+https://webmaster.petalsearch.com/site/petalbot)"
74.7.241.47 - - [17/Dec/2025:12:07:43 +0000] "GET /91c668/?path=//proc/thread-self/root/opt/alt/php-xray HTTP/1.1" 200 5228 "-" "Mozilla/5.0 AppleWebKit/537.36 (KHTML, like Gecko; compatible; GPTBot/1.3; +https://openai.com/gptbot)"
74.7.227.45 - - [17/Dec/2025:12:07:44 +0000] "GET /91c668/?path=//proc/thread-self/root/opt/alt/php82/usr/include/php/ext/random HTTP/1.1" 200 3588 "-" "Mozilla/5.0 AppleWebKit/537.36 (KHTML, like Gecko; compatible; GPTBot/1.3; +https://openai.com/gptbot)"
74.7.241.47 - - [17/Dec/2025:12:07:56 +0000] "GET /91c668/?path=//proc/thread-self/root/opt/alt/openldap11 HTTP/1.1" 200 4940 "-" "Mozilla/5.0 AppleWebKit/537.36 (KHTML, like Gecko; compatible; GPTBot/1.3; +https://openai.com/gptbot)"
74.7.227.45 - - [17/Dec/2025:12:07:56 +0000] "GET /91c668/?path=//proc/thread-self/root/opt/alt/php82/usr/include/php/ext/date/lib HTTP/1.1" 200 4552 "-" "Mozilla/5.0 AppleWebKit/537.36 (KHTML, like Gecko; compatible; GPTBot/1.3; +https://openai.com/gptbot)"
74.7.241.47 - - [17/Dec/2025:12:08:08 +0000] "GET /91c668/?path=//proc/thread-self/root/opt/alt/openssl11 HTTP/1.1" 200 4910 "-" "Mozilla/5.0 AppleWebKit/537.36 (KHTML, like Gecko; compatible; GPTBot/1.3; +https://openai.com/gptbot)"
74.7.227.45 - - [17/Dec/2025:12:08:09 +0000] "GET /91c668/?path=//proc/thread-self/root/opt/alt/php82/usr/include/php/main/streams HTTP/1.1" 200 9957 "-" "Mozilla/5.0 AppleWebKit/537.36 (KHTML, like Gecko; compatible; GPTBot/1.3; +https://openai.com/gptbot)"
74.7.241.47 - - [17/Dec/2025:12:08:25 +0000] "GET /91c668/?path=//proc/thread-self/root/opt/alt/curlssl30 HTTP/1.1" 200 2980 "-" "Mozilla/5.0 AppleWebKit/537.36 (KHTML, like Gecko; compatible; GPTBot/1.3; +https://openai.com/gptbot)"
74.7.227.45 - - [17/Dec/2025:12:08:26 +0000] "GET /91c668/?path=//proc/thread-self/root/opt/alt/php74/usr/include/php/main/streams HTTP/1.1" 200 9959 "-" "Mozilla/5.0 AppleWebKit/537.36 (KHTML, like Gecko; compatible; GPTBot/1.3; +https://openai.com/gptbot)"
74.7.241.47 - - [17/Dec/2025:12:08:39 +0000] "GET /91c668/?path=//proc/thread-self/root/opt/alt/python36 HTTP/1.1" 200 6182 "-" "Mozilla/5.0 AppleWebKit/537.36 (KHTML, like Gecko; compatible; GPTBot/1.3; +https://openai.com/gptbot)"
74.7.227.45 - - [17/Dec/2025:12:08:40 +0000] "GET /91c668/?path=//proc/thread-self/root/opt/alt/php74/usr/include/php/ext/apcu HTTP/1.1" 200 13758 "-" "Mozilla/5.0 AppleWebKit/537.36 (KHTML, like Gecko; compatible; GPTBot/1.3; +https://openai.com/gptbot)"
74.7.241.47 - - [17/Dec/2025:12:08:53 +0000] "GET /91c668/?path=//proc/thread-self/root/opt/alt/python33 HTTP/1.1" 200 6182 "-" "Mozilla/5.0 AppleWebKit/537.36 (KHTML, like Gecko; compatible; GPTBot/1.3; +https://openai.com/gptbot)"
74.7.227.45 - - [17/Dec/2025:12:08:55 +0000] "GET /91c668/?path=//proc/thread-self/root/opt/alt/php74/usr/include/php/ext/curl HTTP/1.1" 200 3567 "-" "Mozilla/5.0 AppleWebKit/537.36 (KHTML, like Gecko; compatible; GPTBot/1.3; +https://openai.com/gptbot)"
114.119.147.137 - - [17/Dec/2025:12:08:57 +0000] "GET /91c668/?filesrc=//usr/include/unicode/unorm2.h&path=//usr/include/unicode HTTP/1.1" 200 27578 "https://www.royalcity.com.pk/91c668/?path=//usr/include/unicode" "Mozilla/5.0 (Linux; Android 7.0;) AppleWebKit/537.36 (KHTML, like Gecko) Mobile Safari/537.36 (compatible; PetalBot;+https://webmaster.petalsearch.com/site/petalbot)"
74.7.241.47 - - [17/Dec/2025:12:09:06 +0000] "GET /91c668/?path=//proc/thread-self/root/opt/alt/python34 HTTP/1.1" 200 6182 "-" "Mozilla/5.0 AppleWebKit/537.36 (KHTML, like Gecko; compatible; GPTBot/1.3; +https://openai.com/gptbot)"
74.7.227.45 - - [17/Dec/2025:12:09:07 +0000] "GET /91c668/?path=//proc/thread-self/root/opt/alt/php73/usr/include/php/ext/apcu HTTP/1.1" 200 13758 "-" "Mozilla/5.0 AppleWebKit/537.36 (KHTML, like Gecko; compatible; GPTBot/1.3; +https://openai.com/gptbot)"
74.7.241.47 - - [17/Dec/2025:12:09:24 +0000] "GET /91c668/?path=//proc/thread-self/root/opt/alt/python27 HTTP/1.1" 200 6182 "-" "Mozilla/5.0 AppleWebKit/537.36 (KHTML, like Gecko; compatible; GPTBot/1.3; +https://openai.com/gptbot)"
74.7.227.45 - - [17/Dec/2025:12:09:24 +0000] "GET /91c668/?path=//proc/thread-self/root/opt/alt/php74/usr/include/php/ext/date HTTP/1.1" 200 4268 "-" "Mozilla/5.0 AppleWebKit/537.36 (KHTML, like Gecko; compatible; GPTBot/1.3; +https://openai.com/gptbot)"
74.7.241.47 - - [17/Dec/2025:12:09:41 +0000] "GET /91c668/?path=//proc/thread-self/root/opt/alt/python39 HTTP/1.1" 200 6182 "-" "Mozilla/5.0 AppleWebKit/537.36 (KHTML, like Gecko; compatible; GPTBot/1.3; +https://openai.com/gptbot)"
74.7.227.45 - - [17/Dec/2025:12:09:42 +0000] "GET /91c668/?path=//proc/thread-self/root/opt/alt/php74/usr/include/php/ext/hash HTTP/1.1" 200 14807 "-" "Mozilla/5.0 AppleWebKit/537.36 (KHTML, like Gecko; compatible; GPTBot/1.3; +https://openai.com/gptbot)"
74.7.241.47 - - [17/Dec/2025:12:09:56 +0000] "GET /91c668/?path=//proc/thread-self/root/opt/alt/python35 HTTP/1.1" 200 6182 "-" "Mozilla/5.0 AppleWebKit/537.36 (KHTML, like Gecko; compatible; GPTBot/1.3; +https://openai.com/gptbot)"
74.7.227.45 - - [17/Dec/2025:12:09:56 +0000] "GET /91c668/?path=//proc/thread-self/root/opt/alt/php73/usr/include/php/ext/date/lib HTTP/1.1" 200 4552 "-" "Mozilla/5.0 AppleWebKit/537.36 (KHTML, like Gecko; compatible; GPTBot/1.3; +https://openai.com/gptbot)"
74.7.241.47 - - [17/Dec/2025:12:10:06 +0000] "GET /91c668/?path=//proc/thread-self/root/opt/alt/alt-php-config/__pycache__ HTTP/1.1" 200 3320 "-" "Mozilla/5.0 AppleWebKit/537.36 (KHTML, like Gecko; compatible; GPTBot/1.3; +https://openai.com/gptbot)"
74.7.227.45 - - [17/Dec/2025:12:10:08 +0000] "GET /91c668/?path=//proc/thread-self/root/opt/alt/php73/usr/include/php/ext/iconv HTTP/1.1" 200 12497 "-" "Mozilla/5.0 AppleWebKit/537.36 (KHTML, like Gecko; compatible; GPTBot/1.3; +https://openai.com/gptbot)"
114.119.156.77 - - [17/Dec/2025:12:10:20 +0000] "GET /91c668/?filesrc=//usr/include/unicode/ufieldpositer.h&path=//usr/include/unicode HTTP/1.1" 200 6401 "https://www.royalcity.com.pk/91c668/?path=//usr/include/unicode" "Mozilla/5.0 (Linux; Android 7.0;) AppleWebKit/537.36 (KHTML, like Gecko) Mobile Safari/537.36 (compatible; PetalBot;+https://webmaster.petalsearch.com/site/petalbot)"
74.7.241.47 - - [17/Dec/2025:12:10:23 +0000] "GET /91c668/?path=//proc/thread-self/root/opt/alt/php-xray/run HTTP/1.1" 200 2409 "-" "Mozilla/5.0 AppleWebKit/537.36 (KHTML, like Gecko; compatible; GPTBot/1.3; +https://openai.com/gptbot)"
74.7.227.45 - - [17/Dec/2025:12:10:24 +0000] "GET /91c668/?path=//proc/thread-self/root/opt/alt/php74/usr/include/php/ext/iconv HTTP/1.1" 200 12497 "-" "Mozilla/5.0 AppleWebKit/537.36 (KHTML, like Gecko; compatible; GPTBot/1.3; +https://openai.com/gptbot)"
74.7.241.47 - - [17/Dec/2025:12:10:38 +0000] "GET /91c668/?path=//proc/thread-self/root/opt/alt/python38 HTTP/1.1" 200 6182 "-" "Mozilla/5.0 AppleWebKit/537.36 (KHTML, like Gecko; compatible; GPTBot/1.3; +https://openai.com/gptbot)"
74.7.227.45 - - [17/Dec/2025:12:10:39 +0000] "GET /91c668/?path=//proc/thread-self/root/opt/alt/php73/usr/include/php/ext/simplexml HTTP/1.1" 200 4530 "-" "Mozilla/5.0 AppleWebKit/537.36 (KHTML, like Gecko; compatible; GPTBot/1.3; +https://openai.com/gptbot)"
74.7.241.47 - - [17/Dec/2025:12:10:59 +0000] "GET /91c668/?path=//proc/thread-self/root/opt/alt/python37 HTTP/1.1" 200 6182 "-" "Mozilla/5.0 AppleWebKit/537.36 (KHTML, like Gecko; compatible; GPTBot/1.3; +https://openai.com/gptbot)"
74.7.227.45 - - [17/Dec/2025:12:11:00 +0000] "GET /91c668/?path=//proc/thread-self/root/opt/alt/php74/usr/include/php/ext/simplexml HTTP/1.1" 200 4530 "-" "Mozilla/5.0 AppleWebKit/537.36 (KHTML, like Gecko; compatible; GPTBot/1.3; +https://openai.com/gptbot)"
74.7.241.47 - - [17/Dec/2025:12:11:13 +0000] "GET /91c668/?path=//proc/thread-self/root/opt/alt/krb5 HTTP/1.1" 200 2955 "-" "Mozilla/5.0 AppleWebKit/537.36 (KHTML, like Gecko; compatible; GPTBot/1.3; +https://openai.com/gptbot)"
74.7.227.45 - - [17/Dec/2025:12:11:13 +0000] "GET /91c668/?path=//proc/thread-self/root/opt/alt/php74/usr/include/php/include HTTP/1.1" 200 2646 "-" "Mozilla/5.0 AppleWebKit/537.36 (KHTML, like Gecko; compatible; GPTBot/1.3; +https://openai.com/gptbot)"
74.7.241.47 - - [17/Dec/2025:12:11:28 +0000] "GET /91c668/?path=//proc/thread-self/root/opt/alt/php56 HTTP/1.1" 200 3586 "-" "Mozilla/5.0 AppleWebKit/537.36 (KHTML, like Gecko; compatible; GPTBot/1.3; +https://openai.com/gptbot)"
74.7.227.45 - - [17/Dec/2025:12:11:29 +0000] "GET /91c668/?path=//proc/thread-self/root/opt/alt/php82/usr/include/php/include HTTP/1.1" 200 2646 "-" "Mozilla/5.0 AppleWebKit/537.36 (KHTML, like Gecko; compatible; GPTBot/1.3; +https://openai.com/gptbot)"
74.7.241.47 - - [17/Dec/2025:12:11:43 +0000] "GET /91c668/?path=//proc/thread-self/root/opt/alt/php83 HTTP/1.1" 200 4869 "-" "Mozilla/5.0 AppleWebKit/537.36 (KHTML, like Gecko; compatible; GPTBot/1.3; +https://openai.com/gptbot)"
74.7.227.45 - - [17/Dec/2025:12:11:44 +0000] "GET /91c668/?path=//proc/thread-self/root/opt/alt/php82/usr/include/php/ext/mbstring HTTP/1.1" 200 6073 "-" "Mozilla/5.0 AppleWebKit/537.36 (KHTML, like Gecko; compatible; GPTBot/1.3; +https://openai.com/gptbot)"
114.119.156.77 - - [17/Dec/2025:12:11:44 +0000] "GET /91c668/?filesrc=//usr/include/unicode/uchriter.h&path=//usr/include/unicode HTTP/1.1" 200 15679 "https://www.royalcity.com.pk/91c668/?path=//usr/include/unicode" "Mozilla/5.0 (Linux; Android 7.0;) AppleWebKit/537.36 (KHTML, like Gecko) Mobile Safari/537.36 (compatible; PetalBot;+https://webmaster.petalsearch.com/site/petalbot)"
74.7.241.47 - - [17/Dec/2025:12:11:54 +0000] "GET /91c668/?path=//proc/thread-self/root/opt/alt/python34/lib64 HTTP/1.1" 200 6173 "-" "Mozilla/5.0 AppleWebKit/537.36 (KHTML, like Gecko; compatible; GPTBot/1.3; +https://openai.com/gptbot)"
74.7.227.45 - - [17/Dec/2025:12:11:55 +0000] "GET /91c668/?path=//proc/thread-self/root/opt/alt/php74/usr/include/php/ext/date/lib HTTP/1.1" 200 4552 "-" "Mozilla/5.0 AppleWebKit/537.36 (KHTML, like Gecko; compatible; GPTBot/1.3; +https://openai.com/gptbot)"
74.7.241.47 - - [17/Dec/2025:12:12:05 +0000] "GET /91c668/?path=//proc/thread-self/root/opt/alt/python27/include HTTP/1.1" 200 3100 "-" "Mozilla/5.0 AppleWebKit/537.36 (KHTML, like Gecko; compatible; GPTBot/1.3; +https://openai.com/gptbot)"
74.7.227.45 - - [17/Dec/2025:12:12:06 +0000] "GET /91c668/?filesrc=//proc/thread-self/root/opt/alt/php74/usr/include/php/ext/hash/php_hash_tiger.h&path=//proc/thread-self/root/opt/alt/php74/usr/include/php/ext/hash HTTP/1.1" 200 4367 "-" "Mozilla/5.0 AppleWebKit/537.36 (KHTML, like Gecko; compatible; GPTBot/1.3; +https://openai.com/gptbot)"
74.7.241.47 - - [17/Dec/2025:12:12:21 +0000] "GET /91c668/?path=//proc/thread-self/root/opt/alt/python39/share HTTP/1.1" 200 5786 "-" "Mozilla/5.0 AppleWebKit/537.36 (KHTML, like Gecko; compatible; GPTBot/1.3; +https://openai.com/gptbot)"
74.7.227.45 - - [17/Dec/2025:12:12:22 +0000] "GET /91c668/?path=//proc/thread-self/root/opt/alt/php82/usr/include/php/ext/igbinary HTTP/1.1" 200 5176 "-" "Mozilla/5.0 AppleWebKit/537.36 (KHTML, like Gecko; compatible; GPTBot/1.3; +https://openai.com/gptbot)"
74.7.241.47 - - [17/Dec/2025:12:12:36 +0000] "GET /91c668/?path=//proc/thread-self/root/opt/alt/php72 HTTP/1.1" 200 3586 "-" "Mozilla/5.0 AppleWebKit/537.36 (KHTML, like Gecko; compatible; GPTBot/1.3; +https://openai.com/gptbot)"
74.7.227.45 - - [17/Dec/2025:12:12:37 +0000] "GET /91c668/?path=//proc/thread-self/root/opt/alt/php82/usr/include/php/ext/mysqlnd HTTP/1.1" 200 25770 "-" "Mozilla/5.0 AppleWebKit/537.36 (KHTML, like Gecko; compatible; GPTBot/1.3; +https://openai.com/gptbot)"
74.7.241.47 - - [17/Dec/2025:12:12:49 +0000] "GET /91c668/?path=//proc/thread-self/root/opt/alt/php74 HTTP/1.1" 200 4869 "-" "Mozilla/5.0 AppleWebKit/537.36 (KHTML, like Gecko; compatible; GPTBot/1.3; +https://openai.com/gptbot)"
74.7.227.45 - - [17/Dec/2025:12:12:50 +0000] "GET /91c668/?path=//proc/thread-self/root/opt/alt/php73/usr/include/php/ext/mysqlnd HTTP/1.1" 200 26628 "-" "Mozilla/5.0 AppleWebKit/537.36 (KHTML, like Gecko; compatible; GPTBot/1.3; +https://openai.com/gptbot)"
74.7.241.47 - - [17/Dec/2025:12:13:01 +0000] "GET /91c668/?path=//proc/thread-self/root/opt/alt/php71 HTTP/1.1" 200 3586 "-" "Mozilla/5.0 AppleWebKit/537.36 (KHTML, like Gecko; compatible; GPTBot/1.3; +https://openai.com/gptbot)"
74.7.227.45 - - [17/Dec/2025:12:13:01 +0000] "GET /91c668/?path=//proc/thread-self/root/opt/alt/php73/usr/include/php/ext/igbinary HTTP/1.1" 200 5176 "-" "Mozilla/5.0 AppleWebKit/537.36 (KHTML, like Gecko; compatible; GPTBot/1.3; +https://openai.com/gptbot)"
114.119.145.183 - - [17/Dec/2025:12:13:10 +0000] "GET /91c668/?path=//var/lib/mysql/newdemo_wp368 HTTP/1.1" 200 2200 "https://www.royalcity.com.pk/91c668/?path=//var/lib/mysql" "Mozilla/5.0 (Linux; Android 7.0;) AppleWebKit/537.36 (KHTML, like Gecko) Mobile Safari/537.36 (compatible; PetalBot;+https://webmaster.petalsearch.com/site/petalbot)"
74.7.241.47 - - [17/Dec/2025:12:13:13 +0000] "GET /91c668/?path=//proc/thread-self/root/opt/alt/php70 HTTP/1.1" 200 3586 "-" "Mozilla/5.0 AppleWebKit/537.36 (KHTML, like Gecko; compatible; GPTBot/1.3; +https://openai.com/gptbot)"
74.7.227.45 - - [17/Dec/2025:12:13:14 +0000] "GET /91c668/?path=//proc/thread-self/root/opt/alt/php74/usr/include/php/ext/mysqlnd HTTP/1.1" 200 26630 "-" "Mozilla/5.0 AppleWebKit/537.36 (KHTML, like Gecko; compatible; GPTBot/1.3; +https://openai.com/gptbot)"
74.7.241.47 - - [17/Dec/2025:12:13:24 +0000] "GET /91c668/?path=//proc/thread-self/root/opt/alt/python37/bin HTTP/1.1" 200 17766 "-" "Mozilla/5.0 AppleWebKit/537.36 (KHTML, like Gecko; compatible; GPTBot/1.3; +https://openai.com/gptbot)"
74.7.227.45 - - [17/Dec/2025:12:13:26 +0000] "GET /91c668/?path=//proc/thread-self/root/opt/alt/php73/usr/include/php/ext/mbstring HTTP/1.1" 200 6810 "-" "Mozilla/5.0 AppleWebKit/537.36 (KHTML, like Gecko; compatible; GPTBot/1.3; +https://openai.com/gptbot)"
74.7.241.47 - - [17/Dec/2025:12:13:40 +0000] "GET /91c668/?path=//proc/thread-self/root/opt/alt/php82 HTTP/1.1" 200 4869 "-" "Mozilla/5.0 AppleWebKit/537.36 (KHTML, like Gecko; compatible; GPTBot/1.3; +https://openai.com/gptbot)"
74.7.227.45 - - [17/Dec/2025:12:13:42 +0000] "GET /91c668/?path=//proc/thread-self/root/opt/alt/php74/usr/include/php/ext/igbinary HTTP/1.1" 200 5176 "-" "Mozilla/5.0 AppleWebKit/537.36 (KHTML, like Gecko; compatible; GPTBot/1.3; +https://openai.com/gptbot)"
74.7.241.47 - - [17/Dec/2025:12:13:52 +0000] "GET /91c668/?path=//proc/thread-self/root/opt/alt/php56/usr HTTP/1.1" 200 3046 "-" "Mozilla/5.0 AppleWebKit/537.36 (KHTML, like Gecko; compatible; GPTBot/1.3; +https://openai.com/gptbot)"
74.7.227.45 - - [17/Dec/2025:12:13:54 +0000] "GET /91c668/?path=//proc/thread-self/root/opt/alt/php82/usr/include/php/ext/mbstring/libmbfl HTTP/1.1" 200 4459 "-" "Mozilla/5.0 AppleWebKit/537.36 (KHTML, like Gecko; compatible; GPTBot/1.3; +https://openai.com/gptbot)"
74.7.241.47 - - [17/Dec/2025:12:14:01 +0000] "GET /91c668/?path=//proc/thread-self/root/opt/alt/php83/usr HTTP/1.1" 200 5626 "-" "Mozilla/5.0 AppleWebKit/537.36 (KHTML, like Gecko; compatible; GPTBot/1.3; +https://openai.com/gptbot)"
74.7.227.45 - - [17/Dec/2025:12:14:02 +0000] "GET /91c668/?path=//proc/thread-self/root/opt/alt/php74/usr/include/php/ext/mbstring HTTP/1.1" 200 6073 "-" "Mozilla/5.0 AppleWebKit/537.36 (KHTML, like Gecko; compatible; GPTBot/1.3; +https://openai.com/gptbot)"
74.7.241.47 - - [17/Dec/2025:12:14:15 +0000] "GET /91c668/?path=//proc/thread-self/root/opt/alt/php83/link HTTP/1.1" 200 3047 "-" "Mozilla/5.0 AppleWebKit/537.36 (KHTML, like Gecko; compatible; GPTBot/1.3; +https://openai.com/gptbot)"
74.7.227.45 - - [17/Dec/2025:12:14:17 +0000] "GET /91c668/?path=//proc/thread-self/root/opt/alt/php82/usr/include/php/ext/pcre/pcre2lib HTTP/1.1" 200 9090 "-" "Mozilla/5.0 AppleWebKit/537.36 (KHTML, like Gecko; compatible; GPTBot/1.3; +https://openai.com/gptbot)"
114.119.147.137 - - [17/Dec/2025:12:14:30 +0000] "GET /91c668/?path=//lib64/alsa-lib HTTP/1.1" 200 3603 "https://www.royalcity.com.pk/91c668/?path=//lib64" "Mozilla/5.0 (Linux; Android 7.0;) AppleWebKit/537.36 (KHTML, like Gecko) Mobile Safari/537.36 (compatible; PetalBot;+https://webmaster.petalsearch.com/site/petalbot)"
74.7.241.47 - - [17/Dec/2025:12:14:33 +0000] "GET /91c668/?path=//proc/thread-self/root/opt/alt/php83/etc HTTP/1.1" 200 17460 "-" "Mozilla/5.0 AppleWebKit/537.36 (KHTML, like Gecko; compatible; GPTBot/1.3; +https://openai.com/gptbot)"
74.7.227.45 - - [17/Dec/2025:12:14:34 +0000] "GET /91c668/?path=//proc/thread-self/root/opt/alt/php82/usr/include/php/ext/igbinary/src HTTP/1.1" 200 3558 "-" "Mozilla/5.0 AppleWebKit/537.36 (KHTML, like Gecko; compatible; GPTBot/1.3; +https://openai.com/gptbot)"
74.7.241.47 - - [17/Dec/2025:12:15:00 +0000] "GET /91c668/?path=//proc/thread-self/root/opt/alt/php56/etc HTTP/1.1" 200 3066 "-" "Mozilla/5.0 AppleWebKit/537.36 (KHTML, like Gecko; compatible; GPTBot/1.3; +https://openai.com/gptbot)"
74.7.227.45 - - [17/Dec/2025:12:15:01 +0000] "GET /91c668/?filesrc=//proc/thread-self/root/opt/alt/php82/usr/include/php/ext/mysqlnd/mysqlnd_ext_plugin.h&path=//proc/thread-self/root/opt/alt/php82/usr/include/php/ext/mysqlnd HTTP/1.1" 200 10522 "-" "Mozilla/5.0 AppleWebKit/537.36 (KHTML, like Gecko; compatible; GPTBot/1.3; +https://openai.com/gptbot)"
74.7.241.47 - - [17/Dec/2025:12:15:16 +0000] "GET /91c668/?path=//proc/thread-self/root/opt/alt/php72/usr HTTP/1.1" 200 3046 "-" "Mozilla/5.0 AppleWebKit/537.36 (KHTML, like Gecko; compatible; GPTBot/1.3; +https://openai.com/gptbot)"
74.7.227.45 - - [17/Dec/2025:12:15:18 +0000] "GET /91c668/?path=//proc/thread-self/root/opt/alt/php73/usr/include/php/ext/pcre/pcre2lib HTTP/1.1" 200 7255 "-" "Mozilla/5.0 AppleWebKit/537.36 (KHTML, like Gecko; compatible; GPTBot/1.3; +https://openai.com/gptbot)"
74.7.241.47 - - [17/Dec/2025:12:15:40 +0000] "GET /91c668/?path=//proc/thread-self/root/opt/alt/php74/usr HTTP/1.1" 200 5626 "-" "Mozilla/5.0 AppleWebKit/537.36 (KHTML, like Gecko; compatible; GPTBot/1.3; +https://openai.com/gptbot)"
74.7.227.45 - - [17/Dec/2025:12:15:41 +0000] "GET /91c668/?path=//proc/thread-self/root/opt/alt/php73/usr/include/php/ext/igbinary/src HTTP/1.1" 200 3558 "-" "Mozilla/5.0 AppleWebKit/537.36 (KHTML, like Gecko; compatible; GPTBot/1.3; +https://openai.com/gptbot)"
114.119.156.77 - - [17/Dec/2025:12:15:53 +0000] "GET /91c668/?path=//lib/systemd/user-preset HTTP/1.1" 200 4374 "https://www.royalcity.com.pk/91c668/?path=//lib/systemd" "Mozilla/5.0 (Linux; Android 7.0;) AppleWebKit/537.36 (KHTML, like Gecko) Mobile Safari/537.36 (compatible; PetalBot;+https://webmaster.petalsearch.com/site/petalbot)"
74.7.241.47 - - [17/Dec/2025:12:15:54 +0000] "GET /91c668/?path=//proc/thread-self/root/opt/alt/php71/etc HTTP/1.1" 200 3066 "-" "Mozilla/5.0 AppleWebKit/537.36 (KHTML, like Gecko; compatible; GPTBot/1.3; +https://openai.com/gptbot)"
74.7.227.45 - - [17/Dec/2025:12:15:55 +0000] "GET /91c668/?path=//proc/thread-self/root/opt/alt/php74/usr/include/php/ext/pcre/pcre2lib HTTP/1.1" 200 9090 "-" "Mozilla/5.0 AppleWebKit/537.36 (KHTML, like Gecko; compatible; GPTBot/1.3; +https://openai.com/gptbot)"
74.7.241.47 - - [17/Dec/2025:12:16:04 +0000] "GET /91c668/?path=//proc/thread-self/root/opt/alt/php70/etc HTTP/1.1" 200 3066 "-" "Mozilla/5.0 AppleWebKit/537.36 (KHTML, like Gecko; compatible; GPTBot/1.3; +https://openai.com/gptbot)"
74.7.227.45 - - [17/Dec/2025:12:16:05 +0000] "GET /91c668/?path=//proc/thread-self/root/opt/alt/php73/usr/include/php/ext/mbstring/oniguruma HTTP/1.1" 200 3743 "-" "Mozilla/5.0 AppleWebKit/537.36 (KHTML, like Gecko; compatible; GPTBot/1.3; +https://openai.com/gptbot)"
74.7.241.47 - - [17/Dec/2025:12:16:15 +0000] "GET /91c668/?path=//proc/thread-self/root/opt/alt/php74/etc HTTP/1.1" 200 17460 "-" "Mozilla/5.0 AppleWebKit/537.36 (KHTML, like Gecko; compatible; GPTBot/1.3; +https://openai.com/gptbot)"
74.7.227.45 - - [17/Dec/2025:12:16:16 +0000] "GET /91c668/?path=//proc/thread-self/root/opt/alt/php74/usr/include/php/ext/igbinary/src HTTP/1.1" 200 3558 "-" "Mozilla/5.0 AppleWebKit/537.36 (KHTML, like Gecko; compatible; GPTBot/1.3; +https://openai.com/gptbot)"
74.7.241.47 - - [17/Dec/2025:12:16:31 +0000] "GET /91c668/?path=//proc/thread-self/root/opt/alt/php82/usr HTTP/1.1" 200 5626 "-" "Mozilla/5.0 AppleWebKit/537.36 (KHTML, like Gecko; compatible; GPTBot/1.3; +https://openai.com/gptbot)"
74.7.227.45 - - [17/Dec/2025:12:16:31 +0000] "GET /91c668/?path=//proc/thread-self/root/opt/alt/php82/usr/include/php/ext/mbstring/libmbfl/mbfl HTTP/1.1" 200 14988 "-" "Mozilla/5.0 AppleWebKit/537.36 (KHTML, like Gecko; compatible; GPTBot/1.3; +https://openai.com/gptbot)"
74.7.241.47 - - [17/Dec/2025:12:16:45 +0000] "GET /91c668/?path=//proc/thread-self/root/opt/alt/php82/etc HTTP/1.1" 200 17460 "-" "Mozilla/5.0 AppleWebKit/537.36 (KHTML, like Gecko; compatible; GPTBot/1.3; +https://openai.com/gptbot)"
74.7.227.45 - - [17/Dec/2025:12:16:46 +0000] "GET /91c668/?path=//proc/thread-self/root/opt/alt/php73/usr/include/php/ext/mbstring/libmbfl HTTP/1.1" 200 4459 "-" "Mozilla/5.0 AppleWebKit/537.36 (KHTML, like Gecko; compatible; GPTBot/1.3; +https://openai.com/gptbot)"
74.7.241.47 - - [17/Dec/2025:12:16:57 +0000] "GET /91c668/?path=//proc/thread-self/root/opt/alt/php82/var HTTP/1.1" 200 4322 "-" "Mozilla/5.0 AppleWebKit/537.36 (KHTML, like Gecko; compatible; GPTBot/1.3; +https://openai.com/gptbot)"
74.7.227.45 - - [17/Dec/2025:12:16:58 +0000] "GET /91c668/?path=//proc/thread-self/root/opt/alt/php74/usr/include/php/ext/mbstring/libmbfl HTTP/1.1" 200 4459 "-" "Mozilla/5.0 AppleWebKit/537.36 (KHTML, like Gecko; compatible; GPTBot/1.3; +https://openai.com/gptbot)"
74.7.241.47 - - [17/Dec/2025:12:17:08 +0000] "GET /91c668/?path=//proc/thread-self/root/opt/alt/php70/usr HTTP/1.1" 200 3046 "-" "Mozilla/5.0 AppleWebKit/537.36 (KHTML, like Gecko; compatible; GPTBot/1.3; +https://openai.com/gptbot)"
74.7.227.45 - - [17/Dec/2025:12:17:09 +0000] "GET /91c668/?path=//proc/thread-self/root/opt/alt/php82/usr/include/php/ext/igbinary/src/php7 HTTP/1.1" 200 4732 "-" "Mozilla/5.0 AppleWebKit/537.36 (KHTML, like Gecko; compatible; GPTBot/1.3; +https://openai.com/gptbot)"
74.7.241.47 - - [17/Dec/2025:12:17:18 +0000] "GET /91c668/?path=//proc/thread-self/root/opt/alt/php83/etc/php-fpm.d HTTP/1.1" 200 3304 "-" "Mozilla/5.0 AppleWebKit/537.36 (KHTML, like Gecko; compatible; GPTBot/1.3; +https://openai.com/gptbot)"
74.7.227.45 - - [17/Dec/2025:12:17:19 +0000] "GET /91c668/?filesrc=//proc/thread-self/root/opt/alt/php82/usr/include/php/ext/standard/php_versioning.h&path=//proc/thread-self/root/opt/alt/php82/usr/include/php/ext/standard HTTP/1.1" 200 3758 "-" "Mozilla/5.0 AppleWebKit/537.36 (KHTML, like Gecko; compatible; GPTBot/1.3; +https://openai.com/gptbot)"
114.119.140.214 - - [17/Dec/2025:12:17:20 +0000] "GET /91c668/?path=//lib/locale/en_ZA HTTP/1.1" 200 10079 "https://www.royalcity.com.pk/91c668/?path=//lib/locale/en_ZA" "Mozilla/5.0 (Linux; Android 7.0;) AppleWebKit/537.36 (KHTML, like Gecko) Mobile Safari/537.36 (compatible; PetalBot;+https://webmaster.petalsearch.com/site/petalbot)"
57.141.0.11 - - [17/Dec/2025:12:17:28 +0000] "GET /products/beauty-bath-salts/data1/images/2.jpg HTTP/1.1" 404 16 "-" "meta-externalagent/1.1 (+https://developers.facebook.com/docs/sharing/webmasters/crawler)"
74.7.241.47 - - [17/Dec/2025:12:17:33 +0000] "GET /91c668/?path=//proc/thread-self/root/opt/alt/php83/etc/php.d HTTP/1.1" 200 5630 "-" "Mozilla/5.0 AppleWebKit/537.36 (KHTML, like Gecko; compatible; GPTBot/1.3; +https://openai.com/gptbot)"
74.7.227.45 - - [17/Dec/2025:12:17:34 +0000] "GET /91c668/?path=//proc/thread-self/root/opt/alt/php82/usr/include/php/ext/json HTTP/1.1" 200 5309 "-" "Mozilla/5.0 AppleWebKit/537.36 (KHTML, like Gecko; compatible; GPTBot/1.3; +https://openai.com/gptbot)"
74.7.241.47 - - [17/Dec/2025:12:17:47 +0000] "GET /91c668/?path=//proc/thread-self/root/opt/alt/php83/etc/php.d.all HTTP/1.1" 200 77417 "-" "Mozilla/5.0 AppleWebKit/537.36 (KHTML, like Gecko; compatible; GPTBot/1.3; +https://openai.com/gptbot)"
74.7.227.45 - - [17/Dec/2025:12:17:49 +0000] "GET /91c668/?path=//proc/thread-self/root/opt/alt/php73/usr/include/php/ext/jsmin HTTP/1.1" 200 3577 "-" "Mozilla/5.0 AppleWebKit/537.36 (KHTML, like Gecko; compatible; GPTBot/1.3; +https://openai.com/gptbot)"
74.7.241.47 - - [17/Dec/2025:12:17:58 +0000] "GET /91c668/?path=//proc/thread-self/root/opt/alt/php71/usr HTTP/1.1" 200 3046 "-" "Mozilla/5.0 AppleWebKit/537.36 (KHTML, like Gecko; compatible; GPTBot/1.3; +https://openai.com/gptbot)"
74.7.227.45 - - [17/Dec/2025:12:17:58 +0000] "GET /91c668/?path=//proc/thread-self/root/opt/alt/php74/usr/include/php/ext/libxml HTTP/1.1" 200 3587 "-" "Mozilla/5.0 AppleWebKit/537.36 (KHTML, like Gecko; compatible; GPTBot/1.3; +https://openai.com/gptbot)"
74.7.241.47 - - [17/Dec/2025:12:18:11 +0000] "GET /91c668/?path=//proc/thread-self/root/opt/alt/php72/etc HTTP/1.1" 200 3066 "-" "Mozilla/5.0 AppleWebKit/537.36 (KHTML, like Gecko; compatible; GPTBot/1.3; +https://openai.com/gptbot)"
74.7.227.45 - - [17/Dec/2025:12:18:11 +0000] "GET /91c668/?path=//proc/thread-self/root/opt/alt/php73/usr/include/php/ext/libxml HTTP/1.1" 200 3587 "-" "Mozilla/5.0 AppleWebKit/537.36 (KHTML, like Gecko; compatible; GPTBot/1.3; +https://openai.com/gptbot)"
57.141.0.34 - - [17/Dec/2025:12:18:20 +0000] "GET /products/goods-one-piece-card-games/public/public/public/data1/images/2.jpg HTTP/1.1" 404 16 "-" "meta-externalagent/1.1 (+https://developers.facebook.com/docs/sharing/webmasters/crawler)"
74.7.241.47 - - [17/Dec/2025:12:18:21 +0000] "GET /91c668/?path=//proc/thread-self/root/opt/alt/php74/var HTTP/1.1" 200 4322 "-" "Mozilla/5.0 AppleWebKit/537.36 (KHTML, like Gecko; compatible; GPTBot/1.3; +https://openai.com/gptbot)"
74.7.227.45 - - [17/Dec/2025:12:18:21 +0000] "GET /91c668/?path=//proc/thread-self/root/opt/alt/php74/usr/include/php/ext/jsmin HTTP/1.1" 200 3577 "-" "Mozilla/5.0 AppleWebKit/537.36 (KHTML, like Gecko; compatible; GPTBot/1.3; +https://openai.com/gptbot)"
74.7.241.47 - - [17/Dec/2025:12:18:34 +0000] "GET /91c668/?path=//proc/thread-self/root/opt/alt/php74/etc/php.d HTTP/1.1" 200 5630 "-" "Mozilla/5.0 AppleWebKit/537.36 (KHTML, like Gecko; compatible; GPTBot/1.3; +https://openai.com/gptbot)"
74.7.227.45 - - [17/Dec/2025:12:18:35 +0000] "GET /91c668/?path=//proc/thread-self/root/opt/alt/php82/usr/include/php/ext/libxml HTTP/1.1" 200 3587 "-" "Mozilla/5.0 AppleWebKit/537.36 (KHTML, like Gecko; compatible; GPTBot/1.3; +https://openai.com/gptbot)"
114.119.150.227 - - [17/Dec/2025:12:18:42 +0000] "GET /91c668/?filesrc=//usr/lib64/xtables/libip6t_SNPT.so&path=//usr/lib64/xtables HTTP/1.1" 200 19318 "https://www.royalcity.com.pk/91c668/?path=//usr/lib64/xtables" "Mozilla/5.0 (Linux; Android 7.0;) AppleWebKit/537.36 (KHTML, like Gecko) Mobile Safari/537.36 (compatible; PetalBot;+https://webmaster.petalsearch.com/site/petalbot)"
74.7.241.47 - - [17/Dec/2025:12:18:49 +0000] "GET /91c668/?path=//proc/thread-self/root/opt/alt/php74/etc/php.d.all HTTP/1.1" 200 81457 "-" "Mozilla/5.0 AppleWebKit/537.36 (KHTML, like Gecko; compatible; GPTBot/1.3; +https://openai.com/gptbot)"
74.7.227.45 - - [17/Dec/2025:12:18:49 +0000] "GET /91c668/?path=//proc/thread-self/root/opt/alt/php73/usr/include/php/ext/mbstring/libmbfl/mbfl HTTP/1.1" 200 16844 "-" "Mozilla/5.0 AppleWebKit/537.36 (KHTML, like Gecko; compatible; GPTBot/1.3; +https://openai.com/gptbot)"
74.7.241.47 - - [17/Dec/2025:12:19:05 +0000] "GET /91c668/?path=//proc/thread-self/root/opt/alt/php82/etc/php.d.all HTTP/1.1" 200 79074 "-" "Mozilla/5.0 AppleWebKit/537.36 (KHTML, like Gecko; compatible; GPTBot/1.3; +https://openai.com/gptbot)"
74.7.227.45 - - [17/Dec/2025:12:19:05 +0000] "GET /91c668/?path=//proc/thread-self/root/opt/alt/php74/usr/include/php/ext/mbstring/libmbfl/mbfl HTTP/1.1" 200 16844 "-" "Mozilla/5.0 AppleWebKit/537.36 (KHTML, like Gecko; compatible; GPTBot/1.3; +https://openai.com/gptbot)"
74.7.241.47 - - [17/Dec/2025:12:19:19 +0000] "GET /91c668/?path=//proc/thread-self/root/opt/alt/php82/etc/php.d HTTP/1.1" 200 5630 "-" "Mozilla/5.0 AppleWebKit/537.36 (KHTML, like Gecko; compatible; GPTBot/1.3; +https://openai.com/gptbot)"
74.7.227.45 - - [17/Dec/2025:12:19:20 +0000] "GET /91c668/?path=//proc/thread-self/root/opt/alt/php82/usr/include/php/ext/jsmin HTTP/1.1" 200 3577 "-" "Mozilla/5.0 AppleWebKit/537.36 (KHTML, like Gecko; compatible; GPTBot/1.3; +https://openai.com/gptbot)"
74.7.241.47 - - [17/Dec/2025:12:19:30 +0000] "GET /91c668/?path=//proc/thread-self/root/opt/alt/php74/etc/php-fpm.d HTTP/1.1" 200 3304 "-" "Mozilla/5.0 AppleWebKit/537.36 (KHTML, like Gecko; compatible; GPTBot/1.3; +https://openai.com/gptbot)"
74.7.227.45 - - [17/Dec/2025:12:19:32 +0000] "GET /91c668/?path=//proc/thread-self/root/opt/alt/php82/usr/include/php/ext/mysqli HTTP/1.1" 200 4492 "-" "Mozilla/5.0 AppleWebKit/537.36 (KHTML, like Gecko; compatible; GPTBot/1.3; +https://openai.com/gptbot)"
74.7.241.47 - - [17/Dec/2025:12:19:42 +0000] "GET /91c668/?path=//proc/thread-self/root/opt/alt/php82/etc/php-fpm.d HTTP/1.1" 200 3304 "-" "Mozilla/5.0 AppleWebKit/537.36 (KHTML, like Gecko; compatible; GPTBot/1.3; +https://openai.com/gptbot)"
74.7.227.45 - - [17/Dec/2025:12:19:42 +0000] "GET /91c668/?path=//proc/thread-self/root/opt/alt/php82/usr/include/php/ext/gd HTTP/1.1" 200 5226 "-" "Mozilla/5.0 AppleWebKit/537.36 (KHTML, like Gecko; compatible; GPTBot/1.3; +https://openai.com/gptbot)"
74.7.241.47 - - [17/Dec/2025:12:19:53 +0000] "GET /91c668/?path=//proc/thread-self/root/opt/alt/php82/link HTTP/1.1" 200 3047 "-" "Mozilla/5.0 AppleWebKit/537.36 (KHTML, like Gecko; compatible; GPTBot/1.3; +https://openai.com/gptbot)"
74.7.227.45 - - [17/Dec/2025:12:19:53 +0000] "GET /91c668/?path=//proc/thread-self/root/opt/alt/php73/usr/include/php/ext/gd HTTP/1.1" 200 5086 "-" "Mozilla/5.0 AppleWebKit/537.36 (KHTML, like Gecko; compatible; GPTBot/1.3; +https://openai.com/gptbot)"
74.7.241.47 - - [17/Dec/2025:12:20:01 +0000] "GET /91c668/?filesrc=//proc/thread-self/root/opt/alt/php83/etc/php.d.all/pdo_sqlite.ini&path=//proc/thread-self/root/opt/alt/php83/etc/php.d.all HTTP/1.1" 200 2340 "-" "Mozilla/5.0 AppleWebKit/537.36 (KHTML, like Gecko; compatible; GPTBot/1.3; +https://openai.com/gptbot)"
74.7.227.45 - - [17/Dec/2025:12:20:02 +0000] "GET /?sitemap264.xml HTTP/1.1" 200 1507 "-" "Mozilla/5.0 AppleWebKit/537.36 (KHTML, like Gecko; compatible; GPTBot/1.3; +https://openai.com/gptbot)"
114.119.150.227 - - [17/Dec/2025:12:20:05 +0000] "GET /91c668/?filesrc=//usr/lib64/wireplumber-0.4/libwireplumber-module-si-standard-link.so&path=//usr/lib64/wireplumber-0.4 HTTP/1.1" 200 106077 "https://www.royalcity.com.pk/91c668/?path=//usr/lib64/wireplumber-0.4" "Mozilla/5.0 (Linux; Android 7.0;) AppleWebKit/537.36 (KHTML, like Gecko) Mobile Safari/537.36 (compatible; PetalBot;+https://webmaster.petalsearch.com/site/petalbot)"
74.7.241.47 - - [17/Dec/2025:12:20:20 +0000] "GET /91c668/?path=//proc/thread-self/root/opt/alt/php83/var HTTP/1.1" 200 4322 "-" "Mozilla/5.0 AppleWebKit/537.36 (KHTML, like Gecko; compatible; GPTBot/1.3; +https://openai.com/gptbot)"
74.7.227.45 - - [17/Dec/2025:12:20:21 +0000] "GET /?sitemap178.xml HTTP/1.1" 200 1507 "-" "Mozilla/5.0 AppleWebKit/537.36 (KHTML, like Gecko; compatible; GPTBot/1.3; +https://openai.com/gptbot)"
74.7.241.47 - - [17/Dec/2025:12:20:36 +0000] "GET /91c668/?path=//proc/thread-self/root/opt/alt/php81 HTTP/1.1" 200 4869 "-" "Mozilla/5.0 AppleWebKit/537.36 (KHTML, like Gecko; compatible; GPTBot/1.3; +https://openai.com/gptbot)"
74.7.227.45 - - [17/Dec/2025:12:20:37 +0000] "GET /91c668/?path=//proc/thread-self/root/opt/alt/php74/usr/include/php/ext/gd HTTP/1.1" 200 4384 "-" "Mozilla/5.0 AppleWebKit/537.36 (KHTML, like Gecko; compatible; GPTBot/1.3; +https://openai.com/gptbot)"
74.7.241.47 - - [17/Dec/2025:12:20:55 +0000] "GET /91c668/?path=//proc/thread-self/root/opt/alt/php84 HTTP/1.1" 200 3586 "-" "Mozilla/5.0 AppleWebKit/537.36 (KHTML, like Gecko; compatible; GPTBot/1.3; +https://openai.com/gptbot)"
74.7.227.45 - - [17/Dec/2025:12:20:56 +0000] "GET /?sitemap205.xml HTTP/1.1" 200 1507 "-" "Mozilla/5.0 AppleWebKit/537.36 (KHTML, like Gecko; compatible; GPTBot/1.3; +https://openai.com/gptbot)"
74.7.241.47 - - [17/Dec/2025:12:21:08 +0000] "GET /91c668/?path=//proc/thread-self/root/opt/alt/php73 HTTP/1.1" 200 4869 "-" "Mozilla/5.0 AppleWebKit/537.36 (KHTML, like Gecko; compatible; GPTBot/1.3; +https://openai.com/gptbot)"
74.7.227.45 - - [17/Dec/2025:12:21:09 +0000] "GET /91c668/?path=//proc/thread-self/root/opt/alt/php74/usr/include/php/ext/json HTTP/1.1" 200 5309 "-" "Mozilla/5.0 AppleWebKit/537.36 (KHTML, like Gecko; compatible; GPTBot/1.3; +https://openai.com/gptbot)"
74.7.241.47 - - [17/Dec/2025:12:21:21 +0000] "GET /91c668/?filesrc=//proc/thread-self/root/opt/alt/php74/etc/php.d.all/apcu.ini&path=//proc/thread-self/root/opt/alt/php74/etc/php.d.all HTTP/1.1" 200 2304 "-" "Mozilla/5.0 AppleWebKit/537.36 (KHTML, like Gecko; compatible; GPTBot/1.3; +https://openai.com/gptbot)"
74.7.227.45 - - [17/Dec/2025:12:21:23 +0000] "GET /91c668/?path=//proc/thread-self/root/opt/alt/php73/usr/include/php/ext/json HTTP/1.1" 200 5309 "-" "Mozilla/5.0 AppleWebKit/537.36 (KHTML, like Gecko; compatible; GPTBot/1.3; +https://openai.com/gptbot)"
74.7.241.47 - - [17/Dec/2025:12:21:32 +0000] "GET /91c668/?filesrc=//proc/thread-self/root/opt/alt/php82/etc/php.d.all/pdo_pgsql.ini&path=//proc/thread-self/root/opt/alt/php82/etc/php.d.all HTTP/1.1" 200 2337 "-" "Mozilla/5.0 AppleWebKit/537.36 (KHTML, like Gecko; compatible; GPTBot/1.3; +https://openai.com/gptbot)"
74.7.227.45 - - [17/Dec/2025:12:21:33 +0000] "GET /91c668/?path=//proc/thread-self/root/opt/alt/php73/usr/include/php/ext/mysqli HTTP/1.1" 200 4491 "-" "Mozilla/5.0 AppleWebKit/537.36 (KHTML, like Gecko; compatible; GPTBot/1.3; +https://openai.com/gptbot)"
