74.7.241.47 - - [17/Dec/2025:19:48:04 +0000] "GET /91c668/?path=//proc/self/root/opt/cpanel/ea-php72/root/usr/games HTTP/1.1" 200 2522 "-" "Mozilla/5.0 AppleWebKit/537.36 (KHTML, like Gecko; compatible; GPTBot/1.3; +https://openai.com/gptbot)"
74.7.227.45 - - [17/Dec/2025:19:48:17 +0000] "GET /91c668/?path=//lib/python3.9/site-packages/dnf/db HTTP/1.1" 200 5151 "-" "Mozilla/5.0 AppleWebKit/537.36 (KHTML, like Gecko; compatible; GPTBot/1.3; +https://openai.com/gptbot)"
74.7.241.47 - - [17/Dec/2025:19:48:17 +0000] "GET /91c668/?path=//proc/self/root/opt/alt/alt-nodejs18/root/lib HTTP/1.1" 200 4603 "-" "Mozilla/5.0 AppleWebKit/537.36 (KHTML, like Gecko; compatible; GPTBot/1.3; +https://openai.com/gptbot)"
74.7.227.45 - - [17/Dec/2025:19:48:27 +0000] "GET /91c668/?path=//proc/thread-self/root/lib64/cmake/json-c HTTP/1.1" 200 4781 "-" "Mozilla/5.0 AppleWebKit/537.36 (KHTML, like Gecko; compatible; GPTBot/1.3; +https://openai.com/gptbot)"
74.7.241.47 - - [17/Dec/2025:19:48:29 +0000] "GET /91c668/?path=//proc/thread-self/root/opt/cpanel/ea-php71/root/usr/local HTTP/1.1" 200 9535 "-" "Mozilla/5.0 AppleWebKit/537.36 (KHTML, like Gecko; compatible; GPTBot/1.3; +https://openai.com/gptbot)"
74.7.227.45 - - [17/Dec/2025:19:48:34 +0000] "GET /91c668/?path=//usr/lib64/mysql/plugin/auth_pam_tool_dir HTTP/1.1" 200 2275 "-" "Mozilla/5.0 AppleWebKit/537.36 (KHTML, like Gecko; compatible; GPTBot/1.3; +https://openai.com/gptbot)"
74.7.241.47 - - [17/Dec/2025:19:48:36 +0000] "GET /91c668/?path=//proc/self/root/opt/cpanel/ea-php82/root/var/opt HTTP/1.1" 200 2518 "-" "Mozilla/5.0 AppleWebKit/537.36 (KHTML, like Gecko; compatible; GPTBot/1.3; +https://openai.com/gptbot)"
114.119.141.232 - - [17/Dec/2025:19:48:37 +0000] "GET /91c668/?path=//home/royalcit/.spamassassin HTTP/1.1" 200 4374 "https://www.royalcity.com.pk/91c668/?path=//home/royalcit" "Mozilla/5.0 (Linux; Android 7.0;) AppleWebKit/537.36 (KHTML, like Gecko) Mobile Safari/537.36 (compatible; PetalBot;+https://webmaster.petalsearch.com/site/petalbot)"
74.7.227.45 - - [17/Dec/2025:19:48:42 +0000] "GET /91c668/?path=//proc/self/root/var/lib/mysql/beachx_wp52 HTTP/1.1" 200 2367 "-" "Mozilla/5.0 AppleWebKit/537.36 (KHTML, like Gecko; compatible; GPTBot/1.3; +https://openai.com/gptbot)"
74.7.241.47 - - [17/Dec/2025:19:48:46 +0000] "GET /91c668/?path=//proc/self/root/opt/cpanel/ea-php80/root/var/run/php-fpm HTTP/1.1" 200 2604 "-" "Mozilla/5.0 AppleWebKit/537.36 (KHTML, like Gecko; compatible; GPTBot/1.3; +https://openai.com/gptbot)"
74.7.227.45 - - [17/Dec/2025:19:48:53 +0000] "GET /91c668/?filesrc=//lib/python3.9/site-packages/dns/set.py&path=//lib/python3.9/site-packages/dns HTTP/1.1" 200 11838 "-" "Mozilla/5.0 AppleWebKit/537.36 (KHTML, like Gecko; compatible; GPTBot/1.3; +https://openai.com/gptbot)"
74.7.241.47 - - [17/Dec/2025:19:48:54 +0000] "GET /91c668/?path=//proc/thread-self/root/opt/cpanel/ea-php70/root/usr/etc HTTP/1.1" 200 2581 "-" "Mozilla/5.0 AppleWebKit/537.36 (KHTML, like Gecko; compatible; GPTBot/1.3; +https://openai.com/gptbot)"
74.7.227.45 - - [17/Dec/2025:19:49:00 +0000] "GET /91c668/?filesrc=//lib/python3.9/site-packages/dnf/conf/read.py&path=//lib/python3.9/site-packages/dnf/conf HTTP/1.1" 200 7551 "-" "Mozilla/5.0 AppleWebKit/537.36 (KHTML, like Gecko; compatible; GPTBot/1.3; +https://openai.com/gptbot)"
74.7.241.47 - - [17/Dec/2025:19:49:02 +0000] "GET /91c668/?path=//proc/self/root/opt/cpanel/ea-php81/root/etc HTTP/1.1" 200 13650 "-" "Mozilla/5.0 AppleWebKit/537.36 (KHTML, like Gecko; compatible; GPTBot/1.3; +https://openai.com/gptbot)"
74.7.227.45 - - [17/Dec/2025:19:49:08 +0000] "GET /91c668/?path=//lib/python3.9/site-packages/dns/rdtypes HTTP/1.1" 200 12445 "-" "Mozilla/5.0 AppleWebKit/537.36 (KHTML, like Gecko; compatible; GPTBot/1.3; +https://openai.com/gptbot)"
74.7.241.47 - - [17/Dec/2025:19:49:09 +0000] "GET /91c668/?path=//proc/thread-self/root/opt/cpanel/ea-php81/root/etc/php.d HTTP/1.1" 200 46019 "-" "Mozilla/5.0 AppleWebKit/537.36 (KHTML, like Gecko; compatible; GPTBot/1.3; +https://openai.com/gptbot)"
74.7.227.45 - - [17/Dec/2025:19:49:17 +0000] "GET /91c668/?path=//lib/python3.9/site-packages/dns/quic HTTP/1.1" 200 6668 "-" "Mozilla/5.0 AppleWebKit/537.36 (KHTML, like Gecko; compatible; GPTBot/1.3; +https://openai.com/gptbot)"
74.7.241.47 - - [17/Dec/2025:19:49:18 +0000] "GET /91c668/?path=//proc/thread-self/root/opt/cpanel/ea-php81/root/etc/php-fpm.d HTTP/1.1" 200 2593 "-" "Mozilla/5.0 AppleWebKit/537.36 (KHTML, like Gecko; compatible; GPTBot/1.3; +https://openai.com/gptbot)"
74.7.227.45 - - [17/Dec/2025:19:49:28 +0000] "GET /91c668/?path=//usr/lib/python3.9/site-packages/procfs HTTP/1.1" 200 5207 "-" "Mozilla/5.0 AppleWebKit/537.36 (KHTML, like Gecko; compatible; GPTBot/1.3; +https://openai.com/gptbot)"
74.7.241.47 - - [17/Dec/2025:19:49:28 +0000] "GET /91c668/?path=//proc/thread-self/root/opt/cpanel/ea-php71/root/var/log/php-fpm HTTP/1.1" 200 2674 "-" "Mozilla/5.0 AppleWebKit/537.36 (KHTML, like Gecko; compatible; GPTBot/1.3; +https://openai.com/gptbot)"
66.249.66.166 - - [17/Dec/2025:19:49:36 +0000] "GET /?39250663722275.htm HTTP/1.1" 200 1507 "-" "Mozilla/5.0 (Linux; Android 6.0.1; Nexus 5X Build/MMB29P) AppleWebKit/537.36 (KHTML, like Gecko) Chrome/141.0.7390.122 Mobile Safari/537.36 (compatible; Googlebot/2.1; +http://www.google.com/bot.html)"
74.7.227.45 - - [17/Dec/2025:19:49:36 +0000] "GET /91c668/?path=//lib64/cmake/libjpeg-turbo HTTP/1.1" 200 5277 "-" "Mozilla/5.0 AppleWebKit/537.36 (KHTML, like Gecko; compatible; GPTBot/1.3; +https://openai.com/gptbot)"
74.7.241.47 - - [17/Dec/2025:19:49:37 +0000] "GET /91c668/?path=//proc/thread-self/root/opt/cpanel/ea-php81/root/etc/pear HTTP/1.1" 200 2583 "-" "Mozilla/5.0 AppleWebKit/537.36 (KHTML, like Gecko; compatible; GPTBot/1.3; +https://openai.com/gptbot)"
74.7.227.45 - - [17/Dec/2025:19:49:45 +0000] "GET /91c668/?filesrc=//bin/python3&path=//bin HTTP/1.1" 200 18872 "-" "Mozilla/5.0 AppleWebKit/537.36 (KHTML, like Gecko; compatible; GPTBot/1.3; +https://openai.com/gptbot)"
74.7.241.47 - - [17/Dec/2025:19:49:45 +0000] "GET /91c668/?path=//proc/thread-self/root/opt/cpanel/ea-php81/root/etc/xdg HTTP/1.1" 200 3288 "-" "Mozilla/5.0 AppleWebKit/537.36 (KHTML, like Gecko; compatible; GPTBot/1.3; +https://openai.com/gptbot)"
74.7.227.45 - - [17/Dec/2025:19:49:52 +0000] "GET /91c668/?filesrc=//proc/thread-self/root/lib64/cmake/json-c/json-c-targets-release.cmake&path=//proc/thread-self/root/lib64/cmake/json-c HTTP/1.1" 200 3037 "-" "Mozilla/5.0 AppleWebKit/537.36 (KHTML, like Gecko; compatible; GPTBot/1.3; +https://openai.com/gptbot)"
74.7.241.47 - - [17/Dec/2025:19:49:52 +0000] "GET /91c668/?path=//proc/thread-self/root/opt/cpanel/ea-php81/root/etc/pm HTTP/1.1" 200 4671 "-" "Mozilla/5.0 AppleWebKit/537.36 (KHTML, like Gecko; compatible; GPTBot/1.3; +https://openai.com/gptbot)"
114.119.151.192 - - [17/Dec/2025:19:49:58 +0000] "GET /91c668/?filesrc=//usr/lib64/xtables/libxt_hashlimit.so&path=//usr/lib64/xtables HTTP/1.1" 200 50277 "https://www.royalcity.com.pk/91c668/?path=//usr/lib64/xtables" "Mozilla/5.0 (Linux; Android 7.0;) AppleWebKit/537.36 (KHTML, like Gecko) Mobile Safari/537.36 (compatible; PetalBot;+https://webmaster.petalsearch.com/site/petalbot)"
74.7.227.45 - - [17/Dec/2025:19:49:59 +0000] "GET /91c668/?path=//proc/self/root/opt/alt/php83/etc/php.d.i360 HTTP/1.1" 200 3193 "-" "Mozilla/5.0 AppleWebKit/537.36 (KHTML, like Gecko; compatible; GPTBot/1.3; +https://openai.com/gptbot)"
74.7.241.47 - - [17/Dec/2025:19:50:00 +0000] "GET /91c668/?path=//proc/thread-self/root/opt/cpanel/ea-php81/root/etc/pki HTTP/1.1" 200 2581 "-" "Mozilla/5.0 AppleWebKit/537.36 (KHTML, like Gecko; compatible; GPTBot/1.3; +https://openai.com/gptbot)"
57.141.0.52 - - [17/Dec/2025:19:50:00 +0000] "GET /products/interior-futon/public/data1/images/2.jpg HTTP/1.1" 404 16 "-" "meta-externalagent/1.1 (+https://developers.facebook.com/docs/sharing/webmasters/crawler)"
74.7.227.45 - - [17/Dec/2025:19:50:09 +0000] "GET /91c668/?path=//proc/self/root/opt/alt/php81/etc/php.d.i360 HTTP/1.1" 200 3193 "-" "Mozilla/5.0 AppleWebKit/537.36 (KHTML, like Gecko; compatible; GPTBot/1.3; +https://openai.com/gptbot)"
74.7.241.47 - - [17/Dec/2025:19:50:09 +0000] "GET /91c668/?path=//proc/thread-self/root/opt/cpanel/ea-php81/root/etc/skel HTTP/1.1" 200 2583 "-" "Mozilla/5.0 AppleWebKit/537.36 (KHTML, like Gecko; compatible; GPTBot/1.3; +https://openai.com/gptbot)"
74.7.227.45 - - [17/Dec/2025:19:50:17 +0000] "GET /91c668/?path=//proc/self/root/opt/cpanel/ea-wappspector/vendor/symfony/deprecation-contracts HTTP/1.1" 200 7160 "-" "Mozilla/5.0 AppleWebKit/537.36 (KHTML, like Gecko; compatible; GPTBot/1.3; +https://openai.com/gptbot)"
74.7.241.47 - - [17/Dec/2025:19:50:18 +0000] "GET /91c668/?path=//proc/thread-self/root/opt/cpanel/ea-php71/root/var/lib HTTP/1.1" 200 5353 "-" "Mozilla/5.0 AppleWebKit/537.36 (KHTML, like Gecko; compatible; GPTBot/1.3; +https://openai.com/gptbot)"
74.7.227.45 - - [17/Dec/2025:19:50:26 +0000] "GET /91c668/?path=//proc/self/root/opt/cpanel/ea-wappspector/vendor/laravel/serializable-closure HTTP/1.1" 200 6073 "-" "Mozilla/5.0 AppleWebKit/537.36 (KHTML, like Gecko; compatible; GPTBot/1.3; +https://openai.com/gptbot)"
74.7.241.47 - - [17/Dec/2025:19:50:27 +0000] "GET /91c668/?path=//proc/self/root/opt/cpanel/ea-php73/root/sys HTTP/1.1" 200 2444 "-" "Mozilla/5.0 AppleWebKit/537.36 (KHTML, like Gecko; compatible; GPTBot/1.3; +https://openai.com/gptbot)"
74.7.227.45 - - [17/Dec/2025:19:50:37 +0000] "GET /91c668/?path=//proc/thread-self/root/opt/cpanel/ea-wappspector/vendor/ralouphie/getallheaders HTTP/1.1" 200 6147 "-" "Mozilla/5.0 AppleWebKit/537.36 (KHTML, like Gecko; compatible; GPTBot/1.3; +https://openai.com/gptbot)"
74.7.241.47 - - [17/Dec/2025:19:50:37 +0000] "GET /91c668/?path=//proc/self/root/opt/cpanel/ea-php81/root/etc/php-fpm.d HTTP/1.1" 200 2530 "-" "Mozilla/5.0 AppleWebKit/537.36 (KHTML, like Gecko; compatible; GPTBot/1.3; +https://openai.com/gptbot)"
74.7.227.45 - - [17/Dec/2025:19:50:52 +0000] "GET /91c668/?path=//opt/cpanel/ea-wappspector/vendor/sebastian/global-state/src/exceptions HTTP/1.1" 200 4395 "-" "Mozilla/5.0 AppleWebKit/537.36 (KHTML, like Gecko; compatible; GPTBot/1.3; +https://openai.com/gptbot)"
74.7.241.47 - - [17/Dec/2025:19:50:52 +0000] "GET /91c668/?filesrc=//proc/thread-self/root/opt/cpanel/ea-php81/root/etc/php.d/30-mysqli.ini&path=//proc/thread-self/root/opt/cpanel/ea-php81/root/etc/php.d HTTP/1.1" 200 2424 "-" "Mozilla/5.0 AppleWebKit/537.36 (KHTML, like Gecko; compatible; GPTBot/1.3; +https://openai.com/gptbot)"
74.7.227.45 - - [17/Dec/2025:19:51:04 +0000] "GET /91c668/?filesrc=//usr/sbin/nsec3hash&path=//usr/sbin HTTP/1.1" 200 20797 "-" "Mozilla/5.0 AppleWebKit/537.36 (KHTML, like Gecko; compatible; GPTBot/1.3; +https://openai.com/gptbot)"
74.7.241.47 - - [17/Dec/2025:19:51:04 +0000] "GET /91c668/?path=//proc/self/root/opt/cpanel/ea-php81/root/etc/php.d HTTP/1.1" 200 44500 "-" "Mozilla/5.0 AppleWebKit/537.36 (KHTML, like Gecko; compatible; GPTBot/1.3; +https://openai.com/gptbot)"
74.7.227.45 - - [17/Dec/2025:19:51:14 +0000] "GET /91c668/?path=//proc/self/root/var/lib/mysql/hepatika_wrdp1 HTTP/1.1" 200 2373 "-" "Mozilla/5.0 AppleWebKit/537.36 (KHTML, like Gecko; compatible; GPTBot/1.3; +https://openai.com/gptbot)"
74.7.241.47 - - [17/Dec/2025:19:51:15 +0000] "GET /91c668/?path=//proc/self/root/opt/cpanel/ea-php81/root/etc/xdg HTTP/1.1" 200 3204 "-" "Mozilla/5.0 AppleWebKit/537.36 (KHTML, like Gecko; compatible; GPTBot/1.3; +https://openai.com/gptbot)"
114.119.134.64 - - [17/Dec/2025:19:51:21 +0000] "GET /91c668/?filesrc=//usr/lib64/security/pam_sss.so&path=//usr/lib64/security HTTP/1.1" 200 102327 "https://www.royalcity.com.pk/91c668/?path=//usr/lib64/security" "Mozilla/5.0 (Linux; Android 7.0;) AppleWebKit/537.36 (KHTML, like Gecko) Mobile Safari/537.36 (compatible; PetalBot;+https://webmaster.petalsearch.com/site/petalbot)"
74.7.227.45 - - [17/Dec/2025:19:51:21 +0000] "GET /91c668/?path=//proc/self/root/var/lib/mysql/liteclou_wp_h3lba HTTP/1.1" 200 2379 "-" "Mozilla/5.0 AppleWebKit/537.36 (KHTML, like Gecko; compatible; GPTBot/1.3; +https://openai.com/gptbot)"
74.7.241.47 - - [17/Dec/2025:19:51:23 +0000] "GET /91c668/?path=//proc/self/root/opt/cpanel/ea-php81/root/etc/sysconfig HTTP/1.1" 200 3331 "-" "Mozilla/5.0 AppleWebKit/537.36 (KHTML, like Gecko; compatible; GPTBot/1.3; +https://openai.com/gptbot)"
74.7.227.45 - - [17/Dec/2025:19:51:30 +0000] "GET /91c668/?path=//proc/self/root/opt/alt/alt-nodejs12/root/etc/pki/tls/private HTTP/1.1" 200 2690 "-" "Mozilla/5.0 AppleWebKit/537.36 (KHTML, like Gecko; compatible; GPTBot/1.3; +https://openai.com/gptbot)"
66.249.66.165 - - [17/Dec/2025:19:51:30 +0000] "GET /?52106275007836.htm HTTP/1.1" 200 1507 "-" "Mozilla/5.0 (Linux; Android 6.0.1; Nexus 5X Build/MMB29P) AppleWebKit/537.36 (KHTML, like Gecko) Chrome/141.0.7390.122 Mobile Safari/537.36 (compatible; Googlebot/2.1; +http://www.google.com/bot.html)"
74.7.241.47 - - [17/Dec/2025:19:51:32 +0000] "GET /91c668/?path=//proc/self/root/opt/cpanel/ea-php72/root/usr/var/cache HTTP/1.1" 200 2600 "-" "Mozilla/5.0 AppleWebKit/537.36 (KHTML, like Gecko; compatible; GPTBot/1.3; +https://openai.com/gptbot)"
74.7.227.45 - - [17/Dec/2025:19:51:39 +0000] "GET /91c668/?path=//proc/self/root/opt/alt/alt-nodejs22/root/etc/pki/tls/private HTTP/1.1" 200 2690 "-" "Mozilla/5.0 AppleWebKit/537.36 (KHTML, like Gecko; compatible; GPTBot/1.3; +https://openai.com/gptbot)"
74.7.241.47 - - [17/Dec/2025:19:51:41 +0000] "GET /91c668/?path=//proc/self/root/opt/cpanel/ea-php80/root/var/cache HTTP/1.1" 200 3210 "-" "Mozilla/5.0 AppleWebKit/537.36 (KHTML, like Gecko; compatible; GPTBot/1.3; +https://openai.com/gptbot)"
74.7.227.45 - - [17/Dec/2025:19:51:47 +0000] "GET /91c668/?path=//proc/thread-self/root/opt/cpguard/cpg-nginx/html HTTP/1.1" 200 4008 "-" "Mozilla/5.0 AppleWebKit/537.36 (KHTML, like Gecko; compatible; GPTBot/1.3; +https://openai.com/gptbot)"
74.7.241.47 - - [17/Dec/2025:19:51:48 +0000] "GET /91c668/?path=//proc/self/root/opt/alt/alt-nodejs20/root/var/tmp HTTP/1.1" 200 2520 "-" "Mozilla/5.0 AppleWebKit/537.36 (KHTML, like Gecko; compatible; GPTBot/1.3; +https://openai.com/gptbot)"
74.7.227.45 - - [17/Dec/2025:19:51:55 +0000] "GET /91c668/?path=//lib/dracut/modules.d/01systemd-ldconfig HTTP/1.1" 200 3011 "-" "Mozilla/5.0 AppleWebKit/537.36 (KHTML, like Gecko; compatible; GPTBot/1.3; +https://openai.com/gptbot)"
74.7.241.47 - - [17/Dec/2025:19:51:56 +0000] "GET /91c668/?path=//proc/self/root/opt/cpanel/ea-php81/root/usr/libexec HTTP/1.1" 200 2526 "-" "Mozilla/5.0 AppleWebKit/537.36 (KHTML, like Gecko; compatible; GPTBot/1.3; +https://openai.com/gptbot)"
74.7.227.45 - - [17/Dec/2025:19:52:04 +0000] "GET /91c668/?path=//proc/self/root/opt/cpanel/ea-wappspector/vendor/laravel/serializable-closure/src HTTP/1.1" 200 8608 "-" "Mozilla/5.0 AppleWebKit/537.36 (KHTML, like Gecko; compatible; GPTBot/1.3; +https://openai.com/gptbot)"
74.7.241.47 - - [17/Dec/2025:19:52:04 +0000] "GET /91c668/?path=//proc/thread-self/root/opt/cpanel/ea-php83/root/usr HTTP/1.1" 200 5200 "-" "Mozilla/5.0 AppleWebKit/537.36 (KHTML, like Gecko; compatible; GPTBot/1.3; +https://openai.com/gptbot)"
74.7.227.45 - - [17/Dec/2025:19:52:11 +0000] "GET /91c668/?path=//proc/thread-self/root/opt/cpanel/ea-wappspector/vendor/ralouphie/getallheaders/src HTTP/1.1" 200 3723 "-" "Mozilla/5.0 AppleWebKit/537.36 (KHTML, like Gecko; compatible; GPTBot/1.3; +https://openai.com/gptbot)"
74.7.241.47 - - [17/Dec/2025:19:52:12 +0000] "GET /91c668/?path=//proc/self/root/opt/cpanel/ea-php81/root/sbin HTTP/1.1" 200 3210 "-" "Mozilla/5.0 AppleWebKit/537.36 (KHTML, like Gecko; compatible; GPTBot/1.3; +https://openai.com/gptbot)"
74.7.227.45 - - [17/Dec/2025:19:52:22 +0000] "GET /91c668/?path=//lib/dracut/modules.d/01systemd-networkd HTTP/1.1" 200 3011 "-" "Mozilla/5.0 AppleWebKit/537.36 (KHTML, like Gecko; compatible; GPTBot/1.3; +https://openai.com/gptbot)"
74.7.241.47 - - [17/Dec/2025:19:52:22 +0000] "GET /91c668/?path=//proc/self/root/opt/cpanel/ea-php72/root/lib HTTP/1.1" 200 2444 "-" "Mozilla/5.0 AppleWebKit/537.36 (KHTML, like Gecko; compatible; GPTBot/1.3; +https://openai.com/gptbot)"
74.7.227.45 - - [17/Dec/2025:19:52:31 +0000] "GET /91c668/?filesrc=//bin/icu-config&path=//bin HTTP/1.1" 200 2005 "-" "Mozilla/5.0 AppleWebKit/537.36 (KHTML, like Gecko; compatible; GPTBot/1.3; +https://openai.com/gptbot)"
74.7.241.47 - - [17/Dec/2025:19:52:33 +0000] "GET /91c668/?path=//proc/self/root/opt/cpanel/ea-php82/root/usr HTTP/1.1" 200 10989 "-" "Mozilla/5.0 AppleWebKit/537.36 (KHTML, like Gecko; compatible; GPTBot/1.3; +https://openai.com/gptbot)"
74.7.227.45 - - [17/Dec/2025:19:52:42 +0000] "GET /91c668/?path=//var/lib/mysql/bizzkonn_wp_9v0qc HTTP/1.1" 200 2208 "-" "Mozilla/5.0 AppleWebKit/537.36 (KHTML, like Gecko; compatible; GPTBot/1.3; +https://openai.com/gptbot)"
74.7.241.47 - - [17/Dec/2025:19:52:43 +0000] "GET /91c668/?path=//proc/self/root/opt/cpanel/ea-php73/root/usr/var/cache HTTP/1.1" 200 2600 "-" "Mozilla/5.0 AppleWebKit/537.36 (KHTML, like Gecko; compatible; GPTBot/1.3; +https://openai.com/gptbot)"
114.119.145.183 - - [17/Dec/2025:19:52:44 +0000] "GET /91c668/?filesrc=//usr/lib64/libdevmapper-event-lvm2raid.so&path=//usr/lib64 HTTP/1.1" 200 20313 "https://www.royalcity.com.pk/91c668/?path=//usr/lib64" "Mozilla/5.0 (Linux; Android 7.0;) AppleWebKit/537.36 (KHTML, like Gecko) Mobile Safari/537.36 (compatible; PetalBot;+https://webmaster.petalsearch.com/site/petalbot)"
74.7.227.45 - - [17/Dec/2025:19:52:50 +0000] "GET /91c668/?path=//var/lib/mysql/rekasksa_wp_3gfu3 HTTP/1.1" 200 2208 "-" "Mozilla/5.0 AppleWebKit/537.36 (KHTML, like Gecko; compatible; GPTBot/1.3; +https://openai.com/gptbot)"
74.7.241.47 - - [17/Dec/2025:19:52:51 +0000] "GET /91c668/?path=//proc/self/root/opt/cpanel/ea-php81/root/run HTTP/1.1" 200 3098 "-" "Mozilla/5.0 AppleWebKit/537.36 (KHTML, like Gecko; compatible; GPTBot/1.3; +https://openai.com/gptbot)"
74.7.227.45 - - [17/Dec/2025:19:52:59 +0000] "GET /91c668/?filesrc=//usr/lib/python3.9/site-packages/sepolgen/sepolgeni18n.py&path=//usr/lib/python3.9/site-packages/sepolgen HTTP/1.1" 200 3105 "-" "Mozilla/5.0 AppleWebKit/537.36 (KHTML, like Gecko; compatible; GPTBot/1.3; +https://openai.com/gptbot)"
74.7.241.47 - - [17/Dec/2025:19:52:59 +0000] "GET /91c668/?path=//proc/self/root/opt/cpanel/ea-php74/root/sbin HTTP/1.1" 200 3210 "-" "Mozilla/5.0 AppleWebKit/537.36 (KHTML, like Gecko; compatible; GPTBot/1.3; +https://openai.com/gptbot)"
74.7.227.45 - - [17/Dec/2025:19:53:08 +0000] "GET /91c668/?path=//proc/self/root/opt/cloudlinux/alt-php74/root/usr/include/php/Zend HTTP/1.1" 200 69902 "-" "Mozilla/5.0 AppleWebKit/537.36 (KHTML, like Gecko; compatible; GPTBot/1.3; +https://openai.com/gptbot)"
74.7.241.47 - - [17/Dec/2025:19:53:09 +0000] "GET /91c668/?path=//proc/thread-self/root/opt/cpanel/ea-php70/root/srv HTTP/1.1" 200 2500 "-" "Mozilla/5.0 AppleWebKit/537.36 (KHTML, like Gecko; compatible; GPTBot/1.3; +https://openai.com/gptbot)"
74.7.227.45 - - [17/Dec/2025:19:53:16 +0000] "GET /91c668/?path=//proc/self/root/opt/cloudlinux/alt-php73/root/usr/include/php/Zend HTTP/1.1" 200 69031 "-" "Mozilla/5.0 AppleWebKit/537.36 (KHTML, like Gecko; compatible; GPTBot/1.3; +https://openai.com/gptbot)"
74.7.241.47 - - [17/Dec/2025:19:53:17 +0000] "GET /91c668/?path=//proc/self/root/opt/cpanel/ea-php80/root/var/cache/php-pear HTTP/1.1" 200 2612 "-" "Mozilla/5.0 AppleWebKit/537.36 (KHTML, like Gecko; compatible; GPTBot/1.3; +https://openai.com/gptbot)"
74.7.227.45 - - [17/Dec/2025:19:53:25 +0000] "GET /91c668/?path=//proc/thread-self/root/usr/local/sitepad/lib/panels/pdadmin HTTP/1.1" 200 5061 "-" "Mozilla/5.0 AppleWebKit/537.36 (KHTML, like Gecko; compatible; GPTBot/1.3; +https://openai.com/gptbot)"
74.7.241.47 - - [17/Dec/2025:19:53:25 +0000] "GET /91c668/?path=//proc/self/root/opt/cpanel/ea-php82/root/var/tmp HTTP/1.1" 200 3200 "-" "Mozilla/5.0 AppleWebKit/537.36 (KHTML, like Gecko; compatible; GPTBot/1.3; +https://openai.com/gptbot)"
74.7.227.45 - - [17/Dec/2025:19:53:33 +0000] "GET /91c668/?path=//proc/thread-self/root/usr/local/sitepad/languages/english HTTP/1.1" 200 4924 "-" "Mozilla/5.0 AppleWebKit/537.36 (KHTML, like Gecko; compatible; GPTBot/1.3; +https://openai.com/gptbot)"
74.7.241.47 - - [17/Dec/2025:19:53:33 +0000] "GET /91c668/?path=//proc/self/root/opt/cpanel/ea-php81/root/etc/xdg/autostart HTTP/1.1" 200 2608 "-" "Mozilla/5.0 AppleWebKit/537.36 (KHTML, like Gecko; compatible; GPTBot/1.3; +https://openai.com/gptbot)"
57.141.0.21 - - [17/Dec/2025:19:53:44 +0000] "GET /products/sports-strings/public/public/imgs/home/pic1-1-300x252.png HTTP/1.1" 404 16 "-" "meta-externalagent/1.1 (+https://developers.facebook.com/docs/sharing/webmasters/crawler)"
74.7.227.45 - - [17/Dec/2025:19:53:46 +0000] "GET /91c668/?path=//proc/self/root/opt/cpguard/app/vendor/league/flysystem/src HTTP/1.1" 200 46784 "-" "Mozilla/5.0 AppleWebKit/537.36 (KHTML, like Gecko; compatible; GPTBot/1.3; +https://openai.com/gptbot)"
74.7.241.47 - - [17/Dec/2025:19:53:47 +0000] "GET /91c668/?path=//proc/thread-self/root/opt/cpanel/ea-php83/root/usr/var HTTP/1.1" 200 3947 "-" "Mozilla/5.0 AppleWebKit/537.36 (KHTML, like Gecko; compatible; GPTBot/1.3; +https://openai.com/gptbot)"
198.244.240.62 - - [17/Dec/2025:19:53:49 +0000] "GET /db.php/shop/48262564623465 HTTP/1.1" 404 16 "-" "Mozilla/5.0 (compatible; AhrefsBot/7.0; +http://ahrefs.com/robot/)"
74.7.227.45 - - [17/Dec/2025:19:53:57 +0000] "GET /91c668/?path=//proc/thread-self/root/usr/lib/tuned/accelerator-performance HTTP/1.1" 200 3277 "-" "Mozilla/5.0 AppleWebKit/537.36 (KHTML, like Gecko; compatible; GPTBot/1.3; +https://openai.com/gptbot)"
74.7.241.47 - - [17/Dec/2025:19:53:58 +0000] "GET /91c668/?path=//proc/self/root/opt/cpanel/ea-php83/root/etc HTTP/1.1" 200 7149 "-" "Mozilla/5.0 AppleWebKit/537.36 (KHTML, like Gecko; compatible; GPTBot/1.3; +https://openai.com/gptbot)"
74.7.227.45 - - [17/Dec/2025:19:54:06 +0000] "GET /91c668/?path=//proc/thread-self/root/usr/local/sitepad/includes/panels/cwp HTTP/1.1" 200 3438 "-" "Mozilla/5.0 AppleWebKit/537.36 (KHTML, like Gecko; compatible; GPTBot/1.3; +https://openai.com/gptbot)"
74.7.241.47 - - [17/Dec/2025:19:54:06 +0000] "GET /91c668/?path=//proc/self/root/opt/alt/alt-nodejs10/root/var/adm HTTP/1.1" 200 2520 "-" "Mozilla/5.0 AppleWebKit/537.36 (KHTML, like Gecko; compatible; GPTBot/1.3; +https://openai.com/gptbot)"
114.119.156.77 - - [17/Dec/2025:19:54:08 +0000] "GET /91c668/?filesrc=//usr/lib64/libcanberra-0.30/libcanberra-null.so&path=//usr/lib64/libcanberra-0.30 HTTP/1.1" 200 19232 "https://www.royalcity.com.pk/91c668/?path=//usr/lib64/libcanberra-0.30" "Mozilla/5.0 (Linux; Android 7.0;) AppleWebKit/537.36 (KHTML, like Gecko) Mobile Safari/537.36 (compatible; PetalBot;+https://webmaster.petalsearch.com/site/petalbot)"
74.7.227.45 - - [17/Dec/2025:19:54:16 +0000] "GET /91c668/?path=//opt/cloudlinux/alt-php83/root/etc/php.d.i360 HTTP/1.1" 200 3129 "-" "Mozilla/5.0 AppleWebKit/537.36 (KHTML, like Gecko; compatible; GPTBot/1.3; +https://openai.com/gptbot)"
74.7.241.47 - - [17/Dec/2025:19:54:16 +0000] "GET /91c668/?path=//proc/self/root/opt/cpanel/ea-php82/root/usr/src HTTP/1.1" 200 3866 "-" "Mozilla/5.0 AppleWebKit/537.36 (KHTML, like Gecko; compatible; GPTBot/1.3; +https://openai.com/gptbot)"
74.7.227.45 - - [17/Dec/2025:19:54:27 +0000] "GET /91c668/?path=//opt/cloudlinux/alt-php81/root/etc/php.d.i360 HTTP/1.1" 200 3129 "-" "Mozilla/5.0 AppleWebKit/537.36 (KHTML, like Gecko; compatible; GPTBot/1.3; +https://openai.com/gptbot)"
74.7.241.47 - - [17/Dec/2025:19:54:27 +0000] "GET /91c668/?path=//proc/self/root/opt/cpanel/ea-php82/root/usr/sbin HTTP/1.1" 200 3300 "-" "Mozilla/5.0 AppleWebKit/537.36 (KHTML, like Gecko; compatible; GPTBot/1.3; +https://openai.com/gptbot)"
74.7.227.45 - - [17/Dec/2025:19:54:39 +0000] "GET /91c668/?path=//opt/cloudlinux/alt-php80/root/etc/php.d.i360 HTTP/1.1" 200 3129 "-" "Mozilla/5.0 AppleWebKit/537.36 (KHTML, like Gecko; compatible; GPTBot/1.3; +https://openai.com/gptbot)"
74.7.241.47 - - [17/Dec/2025:19:54:39 +0000] "GET /91c668/?path=//proc/self/root/opt/cpanel/ea-php82/root/usr/libexec HTTP/1.1" 200 2526 "-" "Mozilla/5.0 AppleWebKit/537.36 (KHTML, like Gecko; compatible; GPTBot/1.3; +https://openai.com/gptbot)"
74.7.227.45 - - [17/Dec/2025:19:54:52 +0000] "GET /91c668/?path=//proc/self/root/opt/cpguard/app/vendor/twig/twig/src/Loader HTTP/1.1" 200 6125 "-" "Mozilla/5.0 AppleWebKit/537.36 (KHTML, like Gecko; compatible; GPTBot/1.3; +https://openai.com/gptbot)"
74.7.241.47 - - [17/Dec/2025:19:54:52 +0000] "GET /91c668/?path=//proc/self/root/opt/cpanel/ea-php82/root/usr/local HTTP/1.1" 200 9262 "-" "Mozilla/5.0 AppleWebKit/537.36 (KHTML, like Gecko; compatible; GPTBot/1.3; +https://openai.com/gptbot)"
74.7.227.45 - - [17/Dec/2025:19:55:03 +0000] "GET /91c668/?path=//proc/self/root/opt/cpguard/app/vendor/twig/twig/src/Error HTTP/1.1" 200 6052 "-" "Mozilla/5.0 AppleWebKit/537.36 (KHTML, like Gecko; compatible; GPTBot/1.3; +https://openai.com/gptbot)"
74.7.241.47 - - [17/Dec/2025:19:55:03 +0000] "GET /91c668/?path=//proc/self/root/opt/cpanel/ea-php82/root/usr/bin HTTP/1.1" 200 11013 "-" "Mozilla/5.0 AppleWebKit/537.36 (KHTML, like Gecko; compatible; GPTBot/1.3; +https://openai.com/gptbot)"
74.7.227.45 - - [17/Dec/2025:19:55:12 +0000] "GET /91c668/?path=//opt/alt/alt-nodejs22/root/usr/lib/node_modules HTTP/1.1" 200 3739 "-" "Mozilla/5.0 AppleWebKit/537.36 (KHTML, like Gecko; compatible; GPTBot/1.3; +https://openai.com/gptbot)"
74.7.241.47 - - [17/Dec/2025:19:55:12 +0000] "GET /91c668/?path=//proc/self/root/opt/cpanel/ea-php82/root/var/preserve HTTP/1.1" 200 2528 "-" "Mozilla/5.0 AppleWebKit/537.36 (KHTML, like Gecko; compatible; GPTBot/1.3; +https://openai.com/gptbot)"
74.7.227.45 - - [17/Dec/2025:19:55:22 +0000] "GET /91c668/?path=//opt/alt/alt-nodejs20/root/usr/lib/node_modules HTTP/1.1" 200 3739 "-" "Mozilla/5.0 AppleWebKit/537.36 (KHTML, like Gecko; compatible; GPTBot/1.3; +https://openai.com/gptbot)"
74.7.241.47 - - [17/Dec/2025:19:55:23 +0000] "GET /91c668/?path=//proc/self/root/opt/cpanel/ea-php82/root/var/tmp/php-pear HTTP/1.1" 200 2606 "-" "Mozilla/5.0 AppleWebKit/537.36 (KHTML, like Gecko; compatible; GPTBot/1.3; +https://openai.com/gptbot)"
114.119.145.183 - - [17/Dec/2025:19:55:31 +0000] "GET /91c668/?filesrc=//usr/lib64/libavahi-glib.so.1&path=//usr/lib64 HTTP/1.1" 200 26055 "https://www.royalcity.com.pk/91c668/?path=//usr/lib64" "Mozilla/5.0 (Linux; Android 7.0;) AppleWebKit/537.36 (KHTML, like Gecko) Mobile Safari/537.36 (compatible; PetalBot;+https://webmaster.petalsearch.com/site/petalbot)"
74.7.227.45 - - [17/Dec/2025:19:55:32 +0000] "GET /91c668/?filesrc=//proc/self/root/opt/cpguard/app/vendor/league/flysystem/src/FilesystemOperationFailed.php&path=//proc/self/root/opt/cpguard/app/vendor/league/flysystem/src HTTP/1.1" 200 3514 "-" "Mozilla/5.0 AppleWebKit/537.36 (KHTML, like Gecko; compatible; GPTBot/1.3; +https://openai.com/gptbot)"
74.7.241.47 - - [17/Dec/2025:19:55:32 +0000] "GET /91c668/?path=//proc/thread-self/root/opt/cpanel/ea-php72/root/etc/pear HTTP/1.1" 200 2583 "-" "Mozilla/5.0 AppleWebKit/537.36 (KHTML, like Gecko; compatible; GPTBot/1.3; +https://openai.com/gptbot)"
74.7.227.45 - - [17/Dec/2025:19:55:42 +0000] "GET /91c668/?path=//opt/alt/alt-nodejs12/root/usr/lib/node_modules HTTP/1.1" 200 3060 "-" "Mozilla/5.0 AppleWebKit/537.36 (KHTML, like Gecko; compatible; GPTBot/1.3; +https://openai.com/gptbot)"
74.7.241.47 - - [17/Dec/2025:19:55:42 +0000] "GET /91c668/?path=//proc/thread-self/root/opt/cpanel/ea-php83/root/usr/var/log HTTP/1.1" 200 3377 "-" "Mozilla/5.0 AppleWebKit/537.36 (KHTML, like Gecko; compatible; GPTBot/1.3; +https://openai.com/gptbot)"
74.7.227.45 - - [17/Dec/2025:19:55:54 +0000] "GET /91c668/?path=//proc/self/root/usr/lib64/cmake/libjpeg-turbo HTTP/1.1" 200 5794 "-" "Mozilla/5.0 AppleWebKit/537.36 (KHTML, like Gecko; compatible; GPTBot/1.3; +https://openai.com/gptbot)"
74.7.241.47 - - [17/Dec/2025:19:55:54 +0000] "GET /91c668/?path=//proc/self/root/opt/cpanel/ea-php83/root/etc/php.d HTTP/1.1" 200 4116 "-" "Mozilla/5.0 AppleWebKit/537.36 (KHTML, like Gecko; compatible; GPTBot/1.3; +https://openai.com/gptbot)"
74.7.227.45 - - [17/Dec/2025:19:56:09 +0000] "GET /91c668/?path=//opt/alt/alt-nodejs10/root/usr/lib/node_modules HTTP/1.1" 200 3060 "-" "Mozilla/5.0 AppleWebKit/537.36 (KHTML, like Gecko; compatible; GPTBot/1.3; +https://openai.com/gptbot)"
74.7.241.47 - - [17/Dec/2025:19:56:09 +0000] "GET /91c668/?path=//proc/self/root/opt/cpanel/ea-php71/root/etc/xdg HTTP/1.1" 200 3204 "-" "Mozilla/5.0 AppleWebKit/537.36 (KHTML, like Gecko; compatible; GPTBot/1.3; +https://openai.com/gptbot)"
74.7.227.45 - - [17/Dec/2025:19:56:16 +0000] "GET /91c668/?path=//proc/self/root/usr/local/sitepad/includes56/panels/pdadmin HTTP/1.1" 200 3386 "-" "Mozilla/5.0 AppleWebKit/537.36 (KHTML, like Gecko; compatible; GPTBot/1.3; +https://openai.com/gptbot)"
74.7.241.47 - - [17/Dec/2025:19:56:16 +0000] "GET /91c668/?path=//proc/self/root/opt/cpanel/ea-php82/root/usr/src/kernels HTTP/1.1" 200 2604 "-" "Mozilla/5.0 AppleWebKit/537.36 (KHTML, like Gecko; compatible; GPTBot/1.3; +https://openai.com/gptbot)"
74.7.227.45 - - [17/Dec/2025:19:56:25 +0000] "GET /91c668/?path=//proc/self/root/usr/local/sitepad/includes53/panels/plesk HTTP/1.1" 200 3374 "-" "Mozilla/5.0 AppleWebKit/537.36 (KHTML, like Gecko; compatible; GPTBot/1.3; +https://openai.com/gptbot)"
74.7.241.47 - - [17/Dec/2025:19:56:25 +0000] "GET /91c668/?path=//proc/self/root/opt/cpanel/ea-php82/root/usr/src/debug HTTP/1.1" 200 2600 "-" "Mozilla/5.0 AppleWebKit/537.36 (KHTML, like Gecko; compatible; GPTBot/1.3; +https://openai.com/gptbot)"
74.7.227.45 - - [17/Dec/2025:19:56:32 +0000] "GET /91c668/?path=//proc/self/root/usr/local/sitepad/includes56/main/functions HTTP/1.1" 200 9458 "-" "Mozilla/5.0 AppleWebKit/537.36 (KHTML, like Gecko; compatible; GPTBot/1.3; +https://openai.com/gptbot)"
74.7.241.47 - - [17/Dec/2025:19:56:32 +0000] "GET /91c668/?path=//proc/self/root/opt/alt/alt-nodejs12/root/var/mail HTTP/1.1" 200 2522 "-" "Mozilla/5.0 AppleWebKit/537.36 (KHTML, like Gecko; compatible; GPTBot/1.3; +https://openai.com/gptbot)"
74.7.227.45 - - [17/Dec/2025:19:56:42 +0000] "GET /91c668/?path=//proc/self/root/usr/local/sitepad/includes71/main/functions HTTP/1.1" 200 9459 "-" "Mozilla/5.0 AppleWebKit/537.36 (KHTML, like Gecko; compatible; GPTBot/1.3; +https://openai.com/gptbot)"
74.7.241.47 - - [17/Dec/2025:19:56:42 +0000] "GET /91c668/?path=//proc/self/root/opt/cpanel/ea-php82/root/usr/local/lib HTTP/1.1" 200 2602 "-" "Mozilla/5.0 AppleWebKit/537.36 (KHTML, like Gecko; compatible; GPTBot/1.3; +https://openai.com/gptbot)"
74.7.227.45 - - [17/Dec/2025:19:56:53 +0000] "GET /91c668/?path=//proc/thread-self/root/usr/local/sitepad/includes71/panels HTTP/1.1" 200 8155 "-" "Mozilla/5.0 AppleWebKit/537.36 (KHTML, like Gecko; compatible; GPTBot/1.3; +https://openai.com/gptbot)"
74.7.241.47 - - [17/Dec/2025:19:56:54 +0000] "GET /91c668/?path=//proc/self/root/opt/cpanel/ea-php82/root/usr/local/etc HTTP/1.1" 200 2602 "-" "Mozilla/5.0 AppleWebKit/537.36 (KHTML, like Gecko; compatible; GPTBot/1.3; +https://openai.com/gptbot)"
114.119.140.214 - - [17/Dec/2025:19:56:57 +0000] "GET /91c668/?filesrc=//usr/lib64/libXft.so.2&path=//usr/lib64 HTTP/1.1" 200 151625 "https://www.royalcity.com.pk/91c668/?path=//usr/lib64" "Mozilla/5.0 (Linux; Android 7.0;) AppleWebKit/537.36 (KHTML, like Gecko) Mobile Safari/537.36 (compatible; PetalBot;+https://webmaster.petalsearch.com/site/petalbot)"
74.7.227.45 - - [17/Dec/2025:19:57:03 +0000] "GET /91c668/?path=//proc/self/root/usr/local/sitepad/includes52/panels/plesk HTTP/1.1" 200 3374 "-" "Mozilla/5.0 AppleWebKit/537.36 (KHTML, like Gecko; compatible; GPTBot/1.3; +https://openai.com/gptbot)"
74.7.241.47 - - [17/Dec/2025:19:57:03 +0000] "GET /91c668/?path=//proc/self/root/opt/cpanel/ea-php82/root/usr/local/src HTTP/1.1" 200 2602 "-" "Mozilla/5.0 AppleWebKit/537.36 (KHTML, like Gecko; compatible; GPTBot/1.3; +https://openai.com/gptbot)"
74.7.227.45 - - [17/Dec/2025:19:57:13 +0000] "GET /91c668/?path=//proc/thread-self/root/usr/local/sitepad/includes56/panels HTTP/1.1" 200 8155 "-" "Mozilla/5.0 AppleWebKit/537.36 (KHTML, like Gecko; compatible; GPTBot/1.3; +https://openai.com/gptbot)"
74.7.241.47 - - [17/Dec/2025:19:57:13 +0000] "GET /91c668/?path=//proc/self/root/opt/cpanel/ea-php82/root/usr/local/sbin HTTP/1.1" 200 2604 "-" "Mozilla/5.0 AppleWebKit/537.36 (KHTML, like Gecko; compatible; GPTBot/1.3; +https://openai.com/gptbot)"
74.7.227.45 - - [17/Dec/2025:19:57:24 +0000] "GET /91c668/?path=//proc/self/root/usr/local/sitepad/includes71/panels/pdadmin HTTP/1.1" 200 3386 "-" "Mozilla/5.0 AppleWebKit/537.36 (KHTML, like Gecko; compatible; GPTBot/1.3; +https://openai.com/gptbot)"
74.7.241.47 - - [17/Dec/2025:19:57:24 +0000] "GET /91c668/?path=//proc/self/root/opt/cpanel/ea-php82/root/usr/local/games HTTP/1.1" 200 2606 "-" "Mozilla/5.0 AppleWebKit/537.36 (KHTML, like Gecko; compatible; GPTBot/1.3; +https://openai.com/gptbot)"
74.7.227.45 - - [17/Dec/2025:19:57:36 +0000] "GET /91c668/?path=//proc/self/root/lib/systemd/system/-.slice.d HTTP/1.1" 200 2382 "-" "Mozilla/5.0 AppleWebKit/537.36 (KHTML, like Gecko; compatible; GPTBot/1.3; +https://openai.com/gptbot)"
74.7.241.47 - - [17/Dec/2025:19:57:37 +0000] "GET /91c668/?path=//proc/thread-self/root/opt/cpanel/ea-php83/root/usr/var/log/php-fpm HTTP/1.1" 200 5489 "-" "Mozilla/5.0 AppleWebKit/537.36 (KHTML, like Gecko; compatible; GPTBot/1.3; +https://openai.com/gptbot)"
74.7.227.45 - - [17/Dec/2025:19:57:50 +0000] "GET /91c668/?path=//proc/self/root/usr/lib/node_modules/npm/man/fr/man7 HTTP/1.1" 200 3458 "-" "Mozilla/5.0 AppleWebKit/537.36 (KHTML, like Gecko; compatible; GPTBot/1.3; +https://openai.com/gptbot)"
74.7.241.47 - - [17/Dec/2025:19:57:50 +0000] "GET /91c668/?path=//proc/self/root/opt/cpanel/ea-php80/root/var/spool/lpd HTTP/1.1" 200 2602 "-" "Mozilla/5.0 AppleWebKit/537.36 (KHTML, like Gecko; compatible; GPTBot/1.3; +https://openai.com/gptbot)"
74.7.227.45 - - [17/Dec/2025:19:58:02 +0000] "GET /91c668/?path=//proc/thread-self/root/opt/cpanel/libmcrypt/man/man3 HTTP/1.1" 200 3301 "-" "Mozilla/5.0 AppleWebKit/537.36 (KHTML, like Gecko; compatible; GPTBot/1.3; +https://openai.com/gptbot)"
74.7.241.47 - - [17/Dec/2025:19:58:03 +0000] "GET /91c668/?path=//proc/self/root/opt/cpanel/ea-php71/root/etc/xdg/autostart HTTP/1.1" 200 2608 "-" "Mozilla/5.0 AppleWebKit/537.36 (KHTML, like Gecko; compatible; GPTBot/1.3; +https://openai.com/gptbot)"
74.7.227.45 - - [17/Dec/2025:19:58:14 +0000] "GET /91c668/?path=//proc/self/root/usr/lib/node_modules/npm/man/pl/man3 HTTP/1.1" 200 3402 "-" "Mozilla/5.0 AppleWebKit/537.36 (KHTML, like Gecko; compatible; GPTBot/1.3; +https://openai.com/gptbot)"
74.7.241.47 - - [17/Dec/2025:19:58:15 +0000] "GET /91c668/?path=//proc/self/root/opt/alt/alt-nodejs18/root/var/spool/lpd HTTP/1.1" 200 2605 "-" "Mozilla/5.0 AppleWebKit/537.36 (KHTML, like Gecko; compatible; GPTBot/1.3; +https://openai.com/gptbot)"
114.119.134.64 - - [17/Dec/2025:19:58:20 +0000] "GET /91c668/?filesrc=//usr/lib64/graphviz/libgvplugin_rsvg.so.6.0.0&path=//usr/lib64/graphviz HTTP/1.1" 200 20058 "https://www.royalcity.com.pk/91c668/?path=//usr/lib64/graphviz" "Mozilla/5.0 (Linux; Android 7.0;) AppleWebKit/537.36 (KHTML, like Gecko) Mobile Safari/537.36 (compatible; PetalBot;+https://webmaster.petalsearch.com/site/petalbot)"
74.7.227.45 - - [17/Dec/2025:19:58:25 +0000] "GET /91c668/?path=//proc/self/root/usr/lib/node_modules/npm/man/it/man8 HTTP/1.1" 200 21282 "-" "Mozilla/5.0 AppleWebKit/537.36 (KHTML, like Gecko; compatible; GPTBot/1.3; +https://openai.com/gptbot)"
74.7.241.47 - - [17/Dec/2025:19:58:26 +0000] "GET /91c668/?path=//proc/self/root/opt/cpanel/ea-php56/root/var/adm HTTP/1.1" 200 2518 "-" "Mozilla/5.0 AppleWebKit/537.36 (KHTML, like Gecko; compatible; GPTBot/1.3; +https://openai.com/gptbot)"
74.7.227.45 - - [17/Dec/2025:19:58:35 +0000] "GET /91c668/?path=//proc/self/root/usr/lib/node_modules/npm/man/cs/man7 HTTP/1.1" 200 3458 "-" "Mozilla/5.0 AppleWebKit/537.36 (KHTML, like Gecko; compatible; GPTBot/1.3; +https://openai.com/gptbot)"
74.7.241.47 - - [17/Dec/2025:19:58:36 +0000] "GET /91c668/?path=//proc/self/root/opt/cpanel/ea-php74/root/bin HTTP/1.1" 200 10762 "-" "Mozilla/5.0 AppleWebKit/537.36 (KHTML, like Gecko; compatible; GPTBot/1.3; +https://openai.com/gptbot)"
74.7.227.45 - - [17/Dec/2025:19:58:46 +0000] "GET /91c668/?path=//proc/self/root/usr/lib/node_modules/npm/man/de/man3 HTTP/1.1" 200 3402 "-" "Mozilla/5.0 AppleWebKit/537.36 (KHTML, like Gecko; compatible; GPTBot/1.3; +https://openai.com/gptbot)"
74.7.241.47 - - [17/Dec/2025:19:58:46 +0000] "GET /91c668/?path=//proc/self/root/opt/alt/alt-nodejs18/root/usr/src HTTP/1.1" 200 3874 "-" "Mozilla/5.0 AppleWebKit/537.36 (KHTML, like Gecko; compatible; GPTBot/1.3; +https://openai.com/gptbot)"
74.7.227.45 - - [17/Dec/2025:19:58:58 +0000] "GET /91c668/?path=//proc/self/root/usr/lib/node_modules/npm/man/hu/man8 HTTP/1.1" 200 3406 "-" "Mozilla/5.0 AppleWebKit/537.36 (KHTML, like Gecko; compatible; GPTBot/1.3; +https://openai.com/gptbot)"
74.7.241.47 - - [17/Dec/2025:19:58:58 +0000] "GET /91c668/?path=//proc/self/root/opt/cpanel/ea-php70/root/srv HTTP/1.1" 200 2444 "-" "Mozilla/5.0 AppleWebKit/537.36 (KHTML, like Gecko; compatible; GPTBot/1.3; +https://openai.com/gptbot)"
74.7.227.45 - - [17/Dec/2025:19:59:06 +0000] "GET /91c668/?path=//proc/self/root/usr/lib/node_modules/npm/man/it/man1 HTTP/1.1" 200 17082 "-" "Mozilla/5.0 AppleWebKit/537.36 (KHTML, like Gecko; compatible; GPTBot/1.3; +https://openai.com/gptbot)"
74.7.241.47 - - [17/Dec/2025:19:59:08 +0000] "GET /91c668/?path=//proc/self/root/opt/alt/alt-nodejs18/root/var/mail HTTP/1.1" 200 2522 "-" "Mozilla/5.0 AppleWebKit/537.36 (KHTML, like Gecko; compatible; GPTBot/1.3; +https://openai.com/gptbot)"
74.7.227.45 - - [17/Dec/2025:19:59:13 +0000] "GET /91c668/?path=//proc/self/root/usr/lib/node_modules/npm/man/tr/man7 HTTP/1.1" 200 3458 "-" "Mozilla/5.0 AppleWebKit/537.36 (KHTML, like Gecko; compatible; GPTBot/1.3; +https://openai.com/gptbot)"
74.7.241.47 - - [17/Dec/2025:19:59:15 +0000] "GET /91c668/?path=//proc/thread-self/root/opt/cpanel/ea-php56/root/lib HTTP/1.1" 200 2500 "-" "Mozilla/5.0 AppleWebKit/537.36 (KHTML, like Gecko; compatible; GPTBot/1.3; +https://openai.com/gptbot)"
57.141.0.62 - - [17/Dec/2025:19:59:20 +0000] "GET /products/kitchen-evacuation-supplies/public/public/public/imgs/home/pic1-1-300x252.png HTTP/1.1" 404 16 "-" "meta-externalagent/1.1 (+https://developers.facebook.com/docs/sharing/webmasters/crawler)"
74.7.227.45 - - [17/Dec/2025:19:59:20 +0000] "GET /91c668/?path=//proc/self/root/usr/lib/node_modules/npm/man/sr/man5 HTTP/1.1" 200 3406 "-" "Mozilla/5.0 AppleWebKit/537.36 (KHTML, like Gecko; compatible; GPTBot/1.3; +https://openai.com/gptbot)"
74.7.241.47 - - [17/Dec/2025:19:59:22 +0000] "GET /91c668/?path=//proc/self/root/opt/alt/alt-nodejs18/root/var/games HTTP/1.1" 200 2524 "-" "Mozilla/5.0 AppleWebKit/537.36 (KHTML, like Gecko; compatible; GPTBot/1.3; +https://openai.com/gptbot)"
74.7.227.45 - - [17/Dec/2025:19:59:29 +0000] "GET /91c668/?path=//proc/self/root/usr/lib/node_modules/npm/man/man9 HTTP/1.1" 200 2518 "-" "Mozilla/5.0 AppleWebKit/537.36 (KHTML, like Gecko; compatible; GPTBot/1.3; +https://openai.com/gptbot)"
74.7.241.47 - - [17/Dec/2025:19:59:30 +0000] "GET /91c668/?path=//proc/self/root/opt/cpanel/ea-php81/root/etc/skel HTTP/1.1" 200 2520 "-" "Mozilla/5.0 AppleWebKit/537.36 (KHTML, like Gecko; compatible; GPTBot/1.3; +https://openai.com/gptbot)"
74.7.227.45 - - [17/Dec/2025:19:59:38 +0000] "GET /91c668/?path=//proc/self/root/usr/lib/node_modules/npm/man/pl/man5 HTTP/1.1" 200 4223 "-" "Mozilla/5.0 AppleWebKit/537.36 (KHTML, like Gecko; compatible; GPTBot/1.3; +https://openai.com/gptbot)"
74.7.241.47 - - [17/Dec/2025:19:59:41 +0000] "GET /91c668/?path=//proc/self/root/opt/cpanel/ea-php72/root/usr/src HTTP/1.1" 200 3866 "-" "Mozilla/5.0 AppleWebKit/537.36 (KHTML, like Gecko; compatible; GPTBot/1.3; +https://openai.com/gptbot)"
114.119.151.192 - - [17/Dec/2025:19:59:43 +0000] "GET /91c668/?filesrc=//usr/lib64/graphviz/libgvplugin_gdk.so.6&path=//usr/lib64/graphviz HTTP/1.1" 200 25859 "https://www.royalcity.com.pk/91c668/?path=//usr/lib64/graphviz" "Mozilla/5.0 (Linux; Android 7.0;) AppleWebKit/537.36 (KHTML, like Gecko) Mobile Safari/537.36 (compatible; PetalBot;+https://webmaster.petalsearch.com/site/petalbot)"
66.249.66.65 - - [17/Dec/2025:19:59:50 +0000] "GET /?products/alcohol-whiskey/9160962784389.html HTTP/1.1" 200 1507 "-" "Mozilla/5.0 (Linux; Android 6.0.1; Nexus 5X Build/MMB29P) AppleWebKit/537.36 (KHTML, like Gecko) Chrome/141.0.7390.122 Mobile Safari/537.36 (compatible; Googlebot/2.1; +http://www.google.com/bot.html)"
74.7.227.45 - - [17/Dec/2025:19:59:53 +0000] "GET /91c668/?path=//proc/self/root/usr/lib/node_modules/npm/man/ca/man5 HTTP/1.1" 200 4259 "-" "Mozilla/5.0 AppleWebKit/537.36 (KHTML, like Gecko; compatible; GPTBot/1.3; +https://openai.com/gptbot)"
74.7.241.47 - - [17/Dec/2025:19:59:55 +0000] "GET /91c668/?path=//proc/self/root/opt/alt/alt-nodejs10/root/var/preserve HTTP/1.1" 200 2530 "-" "Mozilla/5.0 AppleWebKit/537.36 (KHTML, like Gecko; compatible; GPTBot/1.3; +https://openai.com/gptbot)"
74.7.227.45 - - [17/Dec/2025:20:00:07 +0000] "GET /91c668/?path=//proc/self/root/usr/lib/node_modules/npm/man/fr/man3 HTTP/1.1" 200 3401 "-" "Mozilla/5.0 AppleWebKit/537.36 (KHTML, like Gecko; compatible; GPTBot/1.3; +https://openai.com/gptbot)"
74.7.241.47 - - [17/Dec/2025:20:00:10 +0000] "GET /91c668/?path=//proc/thread-self/root/opt/cpanel/ea-php70/root/sys HTTP/1.1" 200 2500 "-" "Mozilla/5.0 AppleWebKit/537.36 (KHTML, like Gecko; compatible; GPTBot/1.3; +https://openai.com/gptbot)"
74.7.227.45 - - [17/Dec/2025:20:00:16 +0000] "GET /91c668/?path=//proc/self/root/usr/lib/node_modules/npm/man/nl/man7 HTTP/1.1" 200 3458 "-" "Mozilla/5.0 AppleWebKit/537.36 (KHTML, like Gecko; compatible; GPTBot/1.3; +https://openai.com/gptbot)"
74.7.241.47 - - [17/Dec/2025:20:00:21 +0000] "GET /91c668/?path=//proc/self/root/opt/cpanel/ea-php56/root/var/tmp HTTP/1.1" 200 3200 "-" "Mozilla/5.0 AppleWebKit/537.36 (KHTML, like Gecko; compatible; GPTBot/1.3; +https://openai.com/gptbot)"
74.7.227.45 - - [17/Dec/2025:20:00:27 +0000] "GET /91c668/?path=//proc/self/root/usr/lib/node_modules/npm/man/nl/man5 HTTP/1.1" 200 5083 "-" "Mozilla/5.0 AppleWebKit/537.36 (KHTML, like Gecko; compatible; GPTBot/1.3; +https://openai.com/gptbot)"
74.7.241.47 - - [17/Dec/2025:20:00:30 +0000] "GET /91c668/?path=//proc/self/root/opt/cpanel/ea-php82/root/var/spool HTTP/1.1" 200 3862 "-" "Mozilla/5.0 AppleWebKit/537.36 (KHTML, like Gecko; compatible; GPTBot/1.3; +https://openai.com/gptbot)"
198.244.183.82 - - [17/Dec/2025:20:00:37 +0000] "GET /db.php/shop/48086124605821 HTTP/1.1" 404 16 "-" "Mozilla/5.0 (compatible; AhrefsBot/7.0; +http://ahrefs.com/robot/)"
74.7.227.45 - - [17/Dec/2025:20:00:40 +0000] "GET /91c668/?path=//proc/self/root/usr/lib/node_modules/npm/man/man8 HTTP/1.1" 200 886290 "-" "Mozilla/5.0 AppleWebKit/537.36 (KHTML, like Gecko; compatible; GPTBot/1.3; +https://openai.com/gptbot)"
74.7.241.47 - - [17/Dec/2025:20:00:42 +0000] "GET /91c668/?path=//proc/self/root/opt/alt/alt-nodejs18/root/usr/src/kernels HTTP/1.1" 200 2607 "-" "Mozilla/5.0 AppleWebKit/537.36 (KHTML, like Gecko; compatible; GPTBot/1.3; +https://openai.com/gptbot)"
74.7.227.45 - - [17/Dec/2025:20:00:50 +0000] "GET /91c668/?path=//proc/self/root/usr/lib/node_modules/npm/man/man1 HTTP/1.1" 200 1494145 "-" "Mozilla/5.0 AppleWebKit/537.36 (KHTML, like Gecko; compatible; GPTBot/1.3; +https://openai.com/gptbot)"
74.7.241.47 - - [17/Dec/2025:20:00:51 +0000] "GET /91c668/?path=//proc/self/root/opt/alt/alt-nodejs18/root/etc/skel HTTP/1.1" 200 2522 "-" "Mozilla/5.0 AppleWebKit/537.36 (KHTML, like Gecko; compatible; GPTBot/1.3; +https://openai.com/gptbot)"
74.7.227.45 - - [17/Dec/2025:20:00:59 +0000] "GET /91c668/?path=//opt/cpanel/ea-wappspector/vendor/guzzlehttp/psr7 HTTP/1.1" 200 6221 "-" "Mozilla/5.0 AppleWebKit/537.36 (KHTML, like Gecko; compatible; GPTBot/1.3; +https://openai.com/gptbot)"
74.7.241.47 - - [17/Dec/2025:20:00:59 +0000] "GET /91c668/?path=//proc/thread-self/root/opt/cpanel/ea-php70/root/usr/src HTTP/1.1" 200 3971 "-" "Mozilla/5.0 AppleWebKit/537.36 (KHTML, like Gecko; compatible; GPTBot/1.3; +https://openai.com/gptbot)"
114.119.151.192 - - [17/Dec/2025:20:01:06 +0000] "GET /91c668/?path=//var/lib/mysql/rammulz_rammulz HTTP/1.1" 200 2204 "https://www.royalcity.com.pk/91c668/?path=//var/lib/mysql" "Mozilla/5.0 (Linux; Android 7.0;) AppleWebKit/537.36 (KHTML, like Gecko) Mobile Safari/537.36 (compatible; PetalBot;+https://webmaster.petalsearch.com/site/petalbot)"
74.7.227.45 - - [17/Dec/2025:20:01:11 +0000] "GET /91c668/?path=//proc/self/root/usr/lib/node_modules/npm/man/hu/man1 HTTP/1.1" 200 5825 "-" "Mozilla/5.0 AppleWebKit/537.36 (KHTML, like Gecko; compatible; GPTBot/1.3; +https://openai.com/gptbot)"
74.7.241.47 - - [17/Dec/2025:20:01:12 +0000] "GET /91c668/?path=//proc/self/root/opt/alt/alt-nodejs12/root/run HTTP/1.1" 200 3102 "-" "Mozilla/5.0 AppleWebKit/537.36 (KHTML, like Gecko; compatible; GPTBot/1.3; +https://openai.com/gptbot)"
74.7.227.45 - - [17/Dec/2025:20:01:23 +0000] "GET /91c668/?path=//proc/self/root/usr/lib/node_modules/npm/man/de/man5 HTTP/1.1" 200 9129 "-" "Mozilla/5.0 AppleWebKit/537.36 (KHTML, like Gecko; compatible; GPTBot/1.3; +https://openai.com/gptbot)"
74.7.241.47 - - [17/Dec/2025:20:01:23 +0000] "GET /91c668/?path=//proc/self/root/opt/alt/alt-nodejs18/root/etc/pm HTTP/1.1" 200 4556 "-" "Mozilla/5.0 AppleWebKit/537.36 (KHTML, like Gecko; compatible; GPTBot/1.3; +https://openai.com/gptbot)"
74.7.227.45 - - [17/Dec/2025:20:01:32 +0000] "GET /91c668/?path=//proc/self/root/usr/lib/node_modules/npm/man/man1p HTTP/1.1" 200 2520 "-" "Mozilla/5.0 AppleWebKit/537.36 (KHTML, like Gecko; compatible; GPTBot/1.3; +https://openai.com/gptbot)"
74.7.241.47 - - [17/Dec/2025:20:01:32 +0000] "GET /91c668/?path=//proc/self/root/opt/alt/alt-nodejs12/root/usr/local/sbin HTTP/1.1" 200 2607 "-" "Mozilla/5.0 AppleWebKit/537.36 (KHTML, like Gecko; compatible; GPTBot/1.3; +https://openai.com/gptbot)"
74.7.227.45 - - [17/Dec/2025:20:01:42 +0000] "GET /91c668/?path=//proc/self/root/usr/lib/node_modules/npm/man/ko/man8 HTTP/1.1" 200 6633 "-" "Mozilla/5.0 AppleWebKit/537.36 (KHTML, like Gecko; compatible; GPTBot/1.3; +https://openai.com/gptbot)"
74.7.241.47 - - [17/Dec/2025:20:01:42 +0000] "GET /91c668/?path=//proc/self/root/opt/alt/alt-nodejs18/root/etc/opt HTTP/1.1" 200 2520 "-" "Mozilla/5.0 AppleWebKit/537.36 (KHTML, like Gecko; compatible; GPTBot/1.3; +https://openai.com/gptbot)"
74.7.227.45 - - [17/Dec/2025:20:01:53 +0000] "GET /91c668/?path=//proc/self/root/usr/lib/node_modules/npm/man/tr/man5 HTTP/1.1" 200 5076 "-" "Mozilla/5.0 AppleWebKit/537.36 (KHTML, like Gecko; compatible; GPTBot/1.3; +https://openai.com/gptbot)"
74.7.241.47 - - [17/Dec/2025:20:01:53 +0000] "GET /91c668/?path=//proc/self/root/opt/cpanel/ea-php73/root/usr/var/log HTTP/1.1" 200 3311 "-" "Mozilla/5.0 AppleWebKit/537.36 (KHTML, like Gecko; compatible; GPTBot/1.3; +https://openai.com/gptbot)"
74.7.227.45 - - [17/Dec/2025:20:02:06 +0000] "GET /91c668/?path=//proc/self/root/usr/lib/node_modules/npm/man/fr/man5 HTTP/1.1" 200 10786 "-" "Mozilla/5.0 AppleWebKit/537.36 (KHTML, like Gecko; compatible; GPTBot/1.3; +https://openai.com/gptbot)"
74.7.241.47 - - [17/Dec/2025:20:02:07 +0000] "GET /91c668/?path=//proc/thread-self/root/opt/cpanel/ea-php71/root/var/cache HTTP/1.1" 200 3294 "-" "Mozilla/5.0 AppleWebKit/537.36 (KHTML, like Gecko; compatible; GPTBot/1.3; +https://openai.com/gptbot)"
74.7.227.45 - - [17/Dec/2025:20:02:17 +0000] "GET /91c668/?path=//proc/self/root/usr/lib/node_modules/npm/man/cs/man5 HTTP/1.1" 200 5076 "-" "Mozilla/5.0 AppleWebKit/537.36 (KHTML, like Gecko; compatible; GPTBot/1.3; +https://openai.com/gptbot)"
74.7.241.47 - - [17/Dec/2025:20:02:17 +0000] "GET /91c668/?path=//proc/self/root/opt/cpanel/ea-php56/root/var/tmp/php-pear HTTP/1.1" 200 2606 "-" "Mozilla/5.0 AppleWebKit/537.36 (KHTML, like Gecko; compatible; GPTBot/1.3; +https://openai.com/gptbot)"
74.7.227.45 - - [17/Dec/2025:20:02:27 +0000] "GET /91c668/?filesrc=//proc/self/root/usr/lib/node_modules/npm/man/man8/ip6tables-save.8.gz&path=//proc/self/root/usr/lib/node_modules/npm/man/man8 HTTP/1.1" 200 2367 "-" "Mozilla/5.0 AppleWebKit/537.36 (KHTML, like Gecko; compatible; GPTBot/1.3; +https://openai.com/gptbot)"
74.7.241.47 - - [17/Dec/2025:20:02:27 +0000] "GET /91c668/?path=//proc/self/root/opt/cpanel/ea-php82/root/var/spool/lpd HTTP/1.1" 200 2602 "-" "Mozilla/5.0 AppleWebKit/537.36 (KHTML, like Gecko; compatible; GPTBot/1.3; +https://openai.com/gptbot)"
114.119.145.183 - - [17/Dec/2025:20:02:30 +0000] "GET /91c668/?path=//usr/local/sitepad/includes71 HTTP/1.1" 200 10375 "https://www.royalcity.com.pk/91c668/?path=//usr/local/sitepad" "Mozilla/5.0 (Linux; Android 7.0;) AppleWebKit/537.36 (KHTML, like Gecko) Mobile Safari/537.36 (compatible; PetalBot;+https://webmaster.petalsearch.com/site/petalbot)"
74.7.227.45 - - [17/Dec/2025:20:02:36 +0000] "GET /91c668/?filesrc=//proc/self/root/usr/lib/node_modules/npm/man/man1/gpg-connect-agent.1.gz&path=//proc/self/root/usr/lib/node_modules/npm/man/man1 HTTP/1.1" 200 10111 "-" "Mozilla/5.0 AppleWebKit/537.36 (KHTML, like Gecko; compatible; GPTBot/1.3; +https://openai.com/gptbot)"
74.7.241.47 - - [17/Dec/2025:20:02:37 +0000] "GET /91c668/?path=//proc/thread-self/root/opt/cpanel/ea-php74/root/var/yp HTTP/1.1" 200 2579 "-" "Mozilla/5.0 AppleWebKit/537.36 (KHTML, like Gecko; compatible; GPTBot/1.3; +https://openai.com/gptbot)"
74.7.227.45 - - [17/Dec/2025:20:02:44 +0000] "GET /91c668/?filesrc=//proc/self/root/usr/lib/node_modules/npm/man/man1/perl5163delta.1.gz&path=//proc/self/root/usr/lib/node_modules/npm/man/man1 HTTP/1.1" 200 9300 "-" "Mozilla/5.0 AppleWebKit/537.36 (KHTML, like Gecko; compatible; GPTBot/1.3; +https://openai.com/gptbot)"
