65.108.78.33 - - [17/Dec/2025:20:33:34 +0000] "GET /91c668/?filesrc=//usr/include/proc_service.h&path=//usr/include HTTP/1.1" 200 5358 "-" "Mozilla/5.0 (compatible; MJ12bot/v1.4.8; http://mj12bot.com/)"
74.7.227.45 - - [17/Dec/2025:20:33:35 +0000] "GET /91c668/?path=//proc/self/root/usr/local/sitepad/editor/site-data/plugins/pagelayer/js/react/src/blocks HTTP/1.1" 200 19059 "-" "Mozilla/5.0 AppleWebKit/537.36 (KHTML, like Gecko; compatible; GPTBot/1.3; +https://openai.com/gptbot)"
65.108.78.33 - - [17/Dec/2025:20:33:36 +0000] "GET /91c668/?filesrc=//usr/include/profile.h&path=//usr/include HTTP/1.1" 200 14060 "-" "Mozilla/5.0 (compatible; MJ12bot/v1.4.8; http://mj12bot.com/)"
65.108.78.33 - - [17/Dec/2025:20:33:37 +0000] "GET /91c668/?filesrc=//usr/include/pthread.h&path=//usr/include HTTP/1.1" 200 50391 "-" "Mozilla/5.0 (compatible; MJ12bot/v1.4.8; http://mj12bot.com/)"
65.108.78.33 - - [17/Dec/2025:20:33:39 +0000] "GET /91c668/?filesrc=//usr/include/pty.h&path=//usr/include HTTP/1.1" 200 3434 "-" "Mozilla/5.0 (compatible; MJ12bot/v1.4.8; http://mj12bot.com/)"
65.108.78.33 - - [17/Dec/2025:20:33:41 +0000] "GET /91c668/?filesrc=//usr/include/punycode.h&path=//usr/include HTTP/1.1" 200 11466 "-" "Mozilla/5.0 (compatible; MJ12bot/v1.4.8; http://mj12bot.com/)"
74.7.241.47 - - [17/Dec/2025:20:33:41 +0000] "GET /91c668/?path=//proc/thread-self/root/opt/cpanel/ea-php82/root/usr/var/tmp HTTP/1.1" 200 2666 "-" "Mozilla/5.0 AppleWebKit/537.36 (KHTML, like Gecko; compatible; GPTBot/1.3; +https://openai.com/gptbot)"
65.108.78.33 - - [17/Dec/2025:20:33:42 +0000] "GET /91c668/?filesrc=//usr/include/pwd.h&path=//usr/include HTTP/1.1" 200 8198 "-" "Mozilla/5.0 (compatible; MJ12bot/v1.4.8; http://mj12bot.com/)"
65.108.78.33 - - [17/Dec/2025:20:33:43 +0000] "GET /91c668/?filesrc=//usr/include/re_comp.h&path=//usr/include HTTP/1.1" 200 2820 "-" "Mozilla/5.0 (compatible; MJ12bot/v1.4.8; http://mj12bot.com/)"
65.108.78.33 - - [17/Dec/2025:20:33:45 +0000] "GET /91c668/?filesrc=//usr/include/regex.h&path=//usr/include HTTP/1.1" 200 28701 "-" "Mozilla/5.0 (compatible; MJ12bot/v1.4.8; http://mj12bot.com/)"
74.7.227.45 - - [17/Dec/2025:20:33:46 +0000] "GET /91c668/?path=//proc/self/root/usr/local/sitepad/editor/site-data/plugins/loginizer/assets/images HTTP/1.1" 200 11227 "-" "Mozilla/5.0 AppleWebKit/537.36 (KHTML, like Gecko; compatible; GPTBot/1.3; +https://openai.com/gptbot)"
65.108.78.33 - - [17/Dec/2025:20:33:47 +0000] "GET /91c668/?filesrc=//usr/include/regexp.h&path=//usr/include HTTP/1.1" 200 3346 "-" "Mozilla/5.0 (compatible; MJ12bot/v1.4.8; http://mj12bot.com/)"
65.108.78.33 - - [17/Dec/2025:20:33:48 +0000] "GET /91c668/?filesrc=//usr/include/resolv.h&path=//usr/include HTTP/1.1" 200 14379 "-" "Mozilla/5.0 (compatible; MJ12bot/v1.4.8; http://mj12bot.com/)"
65.108.78.33 - - [17/Dec/2025:20:33:50 +0000] "GET /91c668/?filesrc=//usr/include/sched.h&path=//usr/include HTTP/1.1" 200 6942 "-" "Mozilla/5.0 (compatible; MJ12bot/v1.4.8; http://mj12bot.com/)"
65.108.78.33 - - [17/Dec/2025:20:33:52 +0000] "GET /91c668/?filesrc=//usr/include/search.h&path=//usr/include HTTP/1.1" 200 7336 "-" "Mozilla/5.0 (compatible; MJ12bot/v1.4.8; http://mj12bot.com/)"
74.7.241.47 - - [17/Dec/2025:20:33:53 +0000] "GET /91c668/?path=//proc/thread-self/root/opt/cpanel/ea-php81/root/var/games HTTP/1.1" 200 2585 "-" "Mozilla/5.0 AppleWebKit/537.36 (KHTML, like Gecko; compatible; GPTBot/1.3; +https://openai.com/gptbot)"
65.108.78.33 - - [17/Dec/2025:20:33:54 +0000] "GET /91c668/?filesrc=//usr/include/semaphore.h&path=//usr/include HTTP/1.1" 200 5340 "-" "Mozilla/5.0 (compatible; MJ12bot/v1.4.8; http://mj12bot.com/)"
65.108.78.33 - - [17/Dec/2025:20:33:56 +0000] "GET /91c668/?filesrc=//usr/include/setjmp.h&path=//usr/include HTTP/1.1" 200 5132 "-" "Mozilla/5.0 (compatible; MJ12bot/v1.4.8; http://mj12bot.com/)"
65.108.78.33 - - [17/Dec/2025:20:33:57 +0000] "GET /91c668/?filesrc=//usr/include/sgtty.h&path=//usr/include HTTP/1.1" 200 3205 "-" "Mozilla/5.0 (compatible; MJ12bot/v1.4.8; http://mj12bot.com/)"
74.7.227.45 - - [17/Dec/2025:20:33:58 +0000] "GET /91c668/?path=//proc/self/root/usr/local/sitepad/editor/site-data/plugins/loginizer/assets/js HTTP/1.1" 200 5621 "-" "Mozilla/5.0 AppleWebKit/537.36 (KHTML, like Gecko; compatible; GPTBot/1.3; +https://openai.com/gptbot)"
65.108.78.33 - - [17/Dec/2025:20:33:59 +0000] "GET /91c668/?filesrc=//usr/include/shadow.h&path=//usr/include HTTP/1.1" 200 7355 "-" "Mozilla/5.0 (compatible; MJ12bot/v1.4.8; http://mj12bot.com/)"
65.108.78.33 - - [17/Dec/2025:20:34:01 +0000] "GET /91c668/?filesrc=//usr/include/signal.h&path=//usr/include HTTP/1.1" 200 15251 "-" "Mozilla/5.0 (compatible; MJ12bot/v1.4.8; http://mj12bot.com/)"
65.108.78.33 - - [17/Dec/2025:20:34:03 +0000] "GET /91c668/?filesrc=//usr/include/spawn.h&path=//usr/include HTTP/1.1" 200 9949 "-" "Mozilla/5.0 (compatible; MJ12bot/v1.4.8; http://mj12bot.com/)"
65.108.78.33 - - [17/Dec/2025:20:34:05 +0000] "GET /91c668/?filesrc=//usr/include/stab.h&path=//usr/include HTTP/1.1" 200 2106 "-" "Mozilla/5.0 (compatible; MJ12bot/v1.4.8; http://mj12bot.com/)"
74.7.241.47 - - [17/Dec/2025:20:34:06 +0000] "GET /91c668/?path=//proc/self/root/opt/cpanel/ea-php73/root/usr/local HTTP/1.1" 200 9262 "-" "Mozilla/5.0 AppleWebKit/537.36 (KHTML, like Gecko; compatible; GPTBot/1.3; +https://openai.com/gptbot)"
65.108.78.33 - - [17/Dec/2025:20:34:08 +0000] "GET /91c668/?filesrc=//usr/include/stdio.h&path=//usr/include HTTP/1.1" 200 33643 "-" "Mozilla/5.0 (compatible; MJ12bot/v1.4.8; http://mj12bot.com/)"
74.7.227.45 - - [17/Dec/2025:20:34:08 +0000] "GET /91c668/?path=//proc/self/root/opt/cpanel/ea-wappspector/vendor/knplabs/packagist-api HTTP/1.1" 200 6703 "-" "Mozilla/5.0 AppleWebKit/537.36 (KHTML, like Gecko; compatible; GPTBot/1.3; +https://openai.com/gptbot)"
65.108.78.33 - - [17/Dec/2025:20:34:10 +0000] "GET /91c668/?filesrc=//usr/include/stdio_ext.h&path=//usr/include HTTP/1.1" 200 4658 "-" "Mozilla/5.0 (compatible; MJ12bot/v1.4.8; http://mj12bot.com/)"
65.108.78.33 - - [17/Dec/2025:20:34:13 +0000] "GET /91c668/?filesrc=//usr/include/stdlib.h&path=//usr/include HTTP/1.1" 200 38725 "-" "Mozilla/5.0 (compatible; MJ12bot/v1.4.8; http://mj12bot.com/)"
74.7.241.47 - - [17/Dec/2025:20:34:14 +0000] "GET /91c668/?path=//proc/self/root/opt/cpanel/ea-php83/root/usr/bin HTTP/1.1" 200 4909 "-" "Mozilla/5.0 AppleWebKit/537.36 (KHTML, like Gecko; compatible; GPTBot/1.3; +https://openai.com/gptbot)"
65.108.78.33 - - [17/Dec/2025:20:34:14 +0000] "GET /91c668/?filesrc=//usr/include/string.h&path=//usr/include HTTP/1.1" 200 21160 "-" "Mozilla/5.0 (compatible; MJ12bot/v1.4.8; http://mj12bot.com/)"
65.108.78.33 - - [17/Dec/2025:20:34:16 +0000] "GET /91c668/?filesrc=//usr/include/stringprep.h&path=//usr/include HTTP/1.1" 200 11720 "-" "Mozilla/5.0 (compatible; MJ12bot/v1.4.8; http://mj12bot.com/)"
74.7.227.45 - - [17/Dec/2025:20:34:17 +0000] "GET /91c668/?path=//proc/self/root/opt/cpanel/ea-wappspector/vendor/symfony/polyfill-ctype HTTP/1.1" 200 7900 "-" "Mozilla/5.0 AppleWebKit/537.36 (KHTML, like Gecko; compatible; GPTBot/1.3; +https://openai.com/gptbot)"
65.108.78.33 - - [17/Dec/2025:20:34:18 +0000] "GET /91c668/?filesrc=//usr/include/strings.h&path=//usr/include HTTP/1.1" 200 6709 "-" "Mozilla/5.0 (compatible; MJ12bot/v1.4.8; http://mj12bot.com/)"
65.108.78.33 - - [17/Dec/2025:20:34:20 +0000] "GET /91c668/?filesrc=//usr/include/syscall.h&path=//usr/include HTTP/1.1" 200 1870 "-" "Mozilla/5.0 (compatible; MJ12bot/v1.4.8; http://mj12bot.com/)"
65.108.78.33 - - [17/Dec/2025:20:34:22 +0000] "GET /91c668/?filesrc=//usr/include/sysexits.h&path=//usr/include HTTP/1.1" 200 7151 "-" "Mozilla/5.0 (compatible; MJ12bot/v1.4.8; http://mj12bot.com/)"
74.7.241.47 - - [17/Dec/2025:20:34:24 +0000] "GET /91c668/?path=//proc/thread-self/root/opt/cpanel/ea-php70/root/usr/tmp HTTP/1.1" 200 3284 "-" "Mozilla/5.0 AppleWebKit/537.36 (KHTML, like Gecko; compatible; GPTBot/1.3; +https://openai.com/gptbot)"
65.108.78.33 - - [17/Dec/2025:20:34:25 +0000] "GET /91c668/?filesrc=//usr/include/syslog.h&path=//usr/include HTTP/1.1" 200 1868 "-" "Mozilla/5.0 (compatible; MJ12bot/v1.4.8; http://mj12bot.com/)"
65.108.78.33 - - [17/Dec/2025:20:34:26 +0000] "GET /91c668/?filesrc=//usr/include/tar.h&path=//usr/include HTTP/1.1" 200 5786 "-" "Mozilla/5.0 (compatible; MJ12bot/v1.4.8; http://mj12bot.com/)"
74.7.227.45 - - [17/Dec/2025:20:34:27 +0000] "GET /91c668/?path=//proc/self/root/usr/local/sitepad/editor/site-data/plugins/speedycache/assets/images/icons HTTP/1.1" 200 16363 "-" "Mozilla/5.0 AppleWebKit/537.36 (KHTML, like Gecko; compatible; GPTBot/1.3; +https://openai.com/gptbot)"
65.108.78.33 - - [17/Dec/2025:20:34:28 +0000] "GET /91c668/?filesrc=//usr/include/term.h&path=//usr/include HTTP/1.1" 200 43907 "-" "Mozilla/5.0 (compatible; MJ12bot/v1.4.8; http://mj12bot.com/)"
65.108.78.33 - - [17/Dec/2025:20:34:30 +0000] "GET /91c668/?filesrc=//usr/include/term_entry.h&path=//usr/include HTTP/1.1" 200 11165 "-" "Mozilla/5.0 (compatible; MJ12bot/v1.4.8; http://mj12bot.com/)"
65.108.78.33 - - [17/Dec/2025:20:34:32 +0000] "GET /91c668/?filesrc=//usr/include/termcap.h&path=//usr/include HTTP/1.1" 200 5377 "-" "Mozilla/5.0 (compatible; MJ12bot/v1.4.8; http://mj12bot.com/)"
74.7.241.47 - - [17/Dec/2025:20:34:33 +0000] "GET /91c668/?path=//proc/self/root/opt/cpanel/ea-php73/root/usr/var/run HTTP/1.1" 200 3311 "-" "Mozilla/5.0 AppleWebKit/537.36 (KHTML, like Gecko; compatible; GPTBot/1.3; +https://openai.com/gptbot)"
114.119.147.137 - - [17/Dec/2025:20:34:33 +0000] "GET /91c668/?filesrc=//usr/lib64/dovecot/libdovecot-dsync.so.0&path=//usr/lib64/dovecot HTTP/1.1" 200 379573 "https://www.royalcity.com.pk/91c668/?path=//usr/lib64/dovecot" "Mozilla/5.0 (Linux; Android 7.0;) AppleWebKit/537.36 (KHTML, like Gecko) Mobile Safari/537.36 (compatible; PetalBot;+https://webmaster.petalsearch.com/site/petalbot)"
65.108.78.33 - - [17/Dec/2025:20:34:34 +0000] "GET /91c668/?filesrc=//usr/include/termio.h&path=//usr/include HTTP/1.1" 200 2086 "-" "Mozilla/5.0 (compatible; MJ12bot/v1.4.8; http://mj12bot.com/)"
74.7.227.45 - - [17/Dec/2025:20:34:35 +0000] "GET /91c668/?path=//proc/self/root/opt/cpanel/ea-wappspector/vendor/myclabs/deep-copy HTTP/1.1" 200 5876 "-" "Mozilla/5.0 AppleWebKit/537.36 (KHTML, like Gecko; compatible; GPTBot/1.3; +https://openai.com/gptbot)"
65.108.78.33 - - [17/Dec/2025:20:34:36 +0000] "GET /91c668/?filesrc=//usr/include/termios.h&path=//usr/include HTTP/1.1" 200 5535 "-" "Mozilla/5.0 (compatible; MJ12bot/v1.4.8; http://mj12bot.com/)"
65.108.78.33 - - [17/Dec/2025:20:34:38 +0000] "GET /91c668/?filesrc=//usr/include/tgmath.h&path=//usr/include HTTP/1.1" 200 42341 "-" "Mozilla/5.0 (compatible; MJ12bot/v1.4.8; http://mj12bot.com/)"
65.108.78.33 - - [17/Dec/2025:20:34:39 +0000] "GET /91c668/?filesrc=//usr/include/thread_db.h&path=//usr/include HTTP/1.1" 200 18000 "-" "Mozilla/5.0 (compatible; MJ12bot/v1.4.8; http://mj12bot.com/)"
74.7.241.47 - - [17/Dec/2025:20:34:41 +0000] "GET /91c668/?path=//proc/thread-self/root/opt/cpanel/ea-php81/root/usr/lib HTTP/1.1" 200 2581 "-" "Mozilla/5.0 AppleWebKit/537.36 (KHTML, like Gecko; compatible; GPTBot/1.3; +https://openai.com/gptbot)"
65.108.78.33 - - [17/Dec/2025:20:34:41 +0000] "GET /91c668/?filesrc=//usr/include/threads.h&path=//usr/include HTTP/1.1" 200 9561 "-" "Mozilla/5.0 (compatible; MJ12bot/v1.4.8; http://mj12bot.com/)"
65.108.78.33 - - [17/Dec/2025:20:34:43 +0000] "GET /91c668/?filesrc=//usr/include/tic.h&path=//usr/include HTTP/1.1" 200 16889 "-" "Mozilla/5.0 (compatible; MJ12bot/v1.4.8; http://mj12bot.com/)"
74.7.227.45 - - [17/Dec/2025:20:34:43 +0000] "GET /91c668/?path=//proc/self/root/usr/local/sitepad/editor/site-data/plugins/loginizer/main/settings HTTP/1.1" 200 11270 "-" "Mozilla/5.0 AppleWebKit/537.36 (KHTML, like Gecko; compatible; GPTBot/1.3; +https://openai.com/gptbot)"
65.108.78.33 - - [17/Dec/2025:20:34:45 +0000] "GET /91c668/?filesrc=//usr/include/tiff.h&path=//usr/include HTTP/1.1" 200 49682 "-" "Mozilla/5.0 (compatible; MJ12bot/v1.4.8; http://mj12bot.com/)"
51.195.244.162 - - [17/Dec/2025:20:34:46 +0000] "GET /db.php/shop/44268404224049 HTTP/1.1" 404 16 "-" "Mozilla/5.0 (compatible; AhrefsBot/7.0; +http://ahrefs.com/robot/)"
65.108.78.33 - - [17/Dec/2025:20:34:46 +0000] "GET /91c668/?filesrc=//usr/include/tiffconf-64.h&path=//usr/include HTTP/1.1" 200 5141 "-" "Mozilla/5.0 (compatible; MJ12bot/v1.4.8; http://mj12bot.com/)"
65.108.78.33 - - [17/Dec/2025:20:34:48 +0000] "GET /91c668/?filesrc=//usr/include/tiffconf.h&path=//usr/include HTTP/1.1" 200 2126 "-" "Mozilla/5.0 (compatible; MJ12bot/v1.4.8; http://mj12bot.com/)"
74.7.241.47 - - [17/Dec/2025:20:34:49 +0000] "GET /91c668/?path=//proc/self/root/opt/cpanel/ea-php70/root/proc HTTP/1.1" 200 2446 "-" "Mozilla/5.0 AppleWebKit/537.36 (KHTML, like Gecko; compatible; GPTBot/1.3; +https://openai.com/gptbot)"
65.108.78.33 - - [17/Dec/2025:20:34:49 +0000] "GET /91c668/?filesrc=//usr/include/tiffio.h&path=//usr/include HTTP/1.1" 200 26710 "-" "Mozilla/5.0 (compatible; MJ12bot/v1.4.8; http://mj12bot.com/)"
65.108.78.33 - - [17/Dec/2025:20:34:51 +0000] "GET /91c668/?filesrc=//usr/include/tiffio.hxx&path=//usr/include HTTP/1.1" 200 3534 "-" "Mozilla/5.0 (compatible; MJ12bot/v1.4.8; http://mj12bot.com/)"
74.7.227.45 - - [17/Dec/2025:20:34:52 +0000] "GET /91c668/?path=//var/lib/mysql/anassyst_anas_dstb_order HTTP/1.1" 200 2222 "-" "Mozilla/5.0 AppleWebKit/537.36 (KHTML, like Gecko; compatible; GPTBot/1.3; +https://openai.com/gptbot)"
65.108.78.33 - - [17/Dec/2025:20:34:53 +0000] "GET /91c668/?filesrc=//usr/include/tiffvers.h&path=//usr/include HTTP/1.1" 200 2260 "-" "Mozilla/5.0 (compatible; MJ12bot/v1.4.8; http://mj12bot.com/)"
65.108.78.33 - - [17/Dec/2025:20:34:54 +0000] "GET /91c668/?filesrc=//usr/include/time.h&path=//usr/include HTTP/1.1" 200 16851 "-" "Mozilla/5.0 (compatible; MJ12bot/v1.4.8; http://mj12bot.com/)"
65.108.78.33 - - [17/Dec/2025:20:34:56 +0000] "GET /91c668/?filesrc=//usr/include/ttyent.h&path=//usr/include HTTP/1.1" 200 4398 "-" "Mozilla/5.0 (compatible; MJ12bot/v1.4.8; http://mj12bot.com/)"
65.108.78.33 - - [17/Dec/2025:20:34:57 +0000] "GET /91c668/?filesrc=//usr/include/uchar.h&path=//usr/include HTTP/1.1" 200 3875 "-" "Mozilla/5.0 (compatible; MJ12bot/v1.4.8; http://mj12bot.com/)"
65.108.78.33 - - [17/Dec/2025:20:34:59 +0000] "GET /91c668/?path=//lib/.build-id/00 HTTP/1.1" 200 13045 "-" "Mozilla/5.0 (compatible; MJ12bot/v1.4.8; http://mj12bot.com/)"
74.7.241.47 - - [17/Dec/2025:20:34:59 +0000] "GET /91c668/?path=//proc/thread-self/root/opt/cpanel/ea-php71/root/var/spool HTTP/1.1" 200 3967 "-" "Mozilla/5.0 AppleWebKit/537.36 (KHTML, like Gecko; compatible; GPTBot/1.3; +https://openai.com/gptbot)"
65.108.78.33 - - [17/Dec/2025:20:35:01 +0000] "GET /91c668/?path=//lib/.build-id/02 HTTP/1.1" 200 9147 "-" "Mozilla/5.0 (compatible; MJ12bot/v1.4.8; http://mj12bot.com/)"
74.7.227.45 - - [17/Dec/2025:20:35:02 +0000] "GET /91c668/?path=//proc/thread-self/root/usr/include/selinux HTTP/1.1" 200 7738 "-" "Mozilla/5.0 AppleWebKit/537.36 (KHTML, like Gecko; compatible; GPTBot/1.3; +https://openai.com/gptbot)"
65.108.78.33 - - [17/Dec/2025:20:35:02 +0000] "GET /91c668/?path=//lib/.build-id/03 HTTP/1.1" 200 15379 "-" "Mozilla/5.0 (compatible; MJ12bot/v1.4.8; http://mj12bot.com/)"
65.108.78.33 - - [17/Dec/2025:20:35:04 +0000] "GET /91c668/?path=//lib/.build-id/04 HTTP/1.1" 200 13822 "-" "Mozilla/5.0 (compatible; MJ12bot/v1.4.8; http://mj12bot.com/)"
65.108.78.33 - - [17/Dec/2025:20:35:05 +0000] "GET /91c668/?path=//lib/.build-id/06 HTTP/1.1" 200 12260 "-" "Mozilla/5.0 (compatible; MJ12bot/v1.4.8; http://mj12bot.com/)"
65.108.78.33 - - [17/Dec/2025:20:35:06 +0000] "GET /91c668/?path=//lib/.build-id/07 HTTP/1.1" 200 12267 "-" "Mozilla/5.0 (compatible; MJ12bot/v1.4.8; http://mj12bot.com/)"
74.7.241.47 - - [17/Dec/2025:20:35:07 +0000] "GET /91c668/?path=//proc/thread-self/root/opt/cpanel/ea-php82/root/var/log/php-fpm HTTP/1.1" 200 7174 "-" "Mozilla/5.0 AppleWebKit/537.36 (KHTML, like Gecko; compatible; GPTBot/1.3; +https://openai.com/gptbot)"
65.108.78.33 - - [17/Dec/2025:20:35:08 +0000] "GET /91c668/?path=//lib/.build-id/08 HTTP/1.1" 200 9152 "-" "Mozilla/5.0 (compatible; MJ12bot/v1.4.8; http://mj12bot.com/)"
65.108.78.33 - - [17/Dec/2025:20:35:10 +0000] "GET /91c668/?path=//lib/.build-id/09 HTTP/1.1" 200 8371 "-" "Mozilla/5.0 (compatible; MJ12bot/v1.4.8; http://mj12bot.com/)"
74.7.227.45 - - [17/Dec/2025:20:35:10 +0000] "GET /91c668/?path=//opt/cloudlinux-site-optimization-module HTTP/1.1" 200 5958 "-" "Mozilla/5.0 AppleWebKit/537.36 (KHTML, like Gecko; compatible; GPTBot/1.3; +https://openai.com/gptbot)"
65.108.78.33 - - [17/Dec/2025:20:35:11 +0000] "GET /91c668/?path=//lib/.build-id/0a HTTP/1.1" 200 13786 "-" "Mozilla/5.0 (compatible; MJ12bot/v1.4.8; http://mj12bot.com/)"
65.108.78.33 - - [17/Dec/2025:20:35:13 +0000] "GET /91c668/?path=//lib/.build-id/0b HTTP/1.1" 200 9151 "-" "Mozilla/5.0 (compatible; MJ12bot/v1.4.8; http://mj12bot.com/)"
65.108.78.33 - - [17/Dec/2025:20:35:14 +0000] "GET /91c668/?path=//lib/.build-id/0c HTTP/1.1" 200 15379 "-" "Mozilla/5.0 (compatible; MJ12bot/v1.4.8; http://mj12bot.com/)"
74.7.241.47 - - [17/Dec/2025:20:35:15 +0000] "GET /91c668/?path=//proc/thread-self/root/opt/cpanel/ea-php56/root/var/opt HTTP/1.1" 200 2581 "-" "Mozilla/5.0 AppleWebKit/537.36 (KHTML, like Gecko; compatible; GPTBot/1.3; +https://openai.com/gptbot)"
65.108.78.33 - - [17/Dec/2025:20:35:16 +0000] "GET /91c668/?path=//lib/.build-id/0d HTTP/1.1" 200 9153 "-" "Mozilla/5.0 (compatible; MJ12bot/v1.4.8; http://mj12bot.com/)"
65.108.78.33 - - [17/Dec/2025:20:35:17 +0000] "GET /91c668/?path=//lib/.build-id/0e HTTP/1.1" 200 12259 "-" "Mozilla/5.0 (compatible; MJ12bot/v1.4.8; http://mj12bot.com/)"
74.7.227.45 - - [17/Dec/2025:20:35:17 +0000] "GET /91c668/?path=//proc/self/root/usr/local/sitepad/editor/site-data/plugins/loginizer/assets/images/social HTTP/1.1" 200 13626 "-" "Mozilla/5.0 AppleWebKit/537.36 (KHTML, like Gecko; compatible; GPTBot/1.3; +https://openai.com/gptbot)"
65.108.78.33 - - [17/Dec/2025:20:35:19 +0000] "GET /91c668/?path=//lib/.build-id/0f HTTP/1.1" 200 9931 "-" "Mozilla/5.0 (compatible; MJ12bot/v1.4.8; http://mj12bot.com/)"
65.108.78.33 - - [17/Dec/2025:20:35:20 +0000] "GET /91c668/?path=//lib/.build-id/10 HTTP/1.1" 200 10711 "-" "Mozilla/5.0 (compatible; MJ12bot/v1.4.8; http://mj12bot.com/)"
65.108.78.33 - - [17/Dec/2025:20:35:22 +0000] "GET /91c668/?path=//lib/.build-id/11 HTTP/1.1" 200 9146 "-" "Mozilla/5.0 (compatible; MJ12bot/v1.4.8; http://mj12bot.com/)"
65.108.78.33 - - [17/Dec/2025:20:35:23 +0000] "GET /91c668/?path=//lib/.build-id/14 HTTP/1.1" 200 9150 "-" "Mozilla/5.0 (compatible; MJ12bot/v1.4.8; http://mj12bot.com/)"
65.108.78.33 - - [17/Dec/2025:20:35:25 +0000] "GET /91c668/?path=//lib/.build-id/15 HTTP/1.1" 200 13043 "-" "Mozilla/5.0 (compatible; MJ12bot/v1.4.8; http://mj12bot.com/)"
74.7.241.47 - - [17/Dec/2025:20:35:26 +0000] "GET /91c668/?path=//proc/thread-self/root/opt/cpanel/ea-php81/root/sbin HTTP/1.1" 200 3294 "-" "Mozilla/5.0 AppleWebKit/537.36 (KHTML, like Gecko; compatible; GPTBot/1.3; +https://openai.com/gptbot)"
65.108.78.33 - - [17/Dec/2025:20:35:27 +0000] "GET /91c668/?path=//lib/.build-id/16 HTTP/1.1" 200 10710 "-" "Mozilla/5.0 (compatible; MJ12bot/v1.4.8; http://mj12bot.com/)"
65.108.78.33 - - [17/Dec/2025:20:35:28 +0000] "GET /91c668/?path=//lib/.build-id/17 HTTP/1.1" 200 13044 "-" "Mozilla/5.0 (compatible; MJ12bot/v1.4.8; http://mj12bot.com/)"
74.7.227.45 - - [17/Dec/2025:20:35:28 +0000] "GET /91c668/?path=//proc/self/root/opt/cpguard/cpg-nginx/sbin HTTP/1.1" 200 3125 "-" "Mozilla/5.0 AppleWebKit/537.36 (KHTML, like Gecko; compatible; GPTBot/1.3; +https://openai.com/gptbot)"
65.108.78.33 - - [17/Dec/2025:20:35:30 +0000] "GET /91c668/?path=//lib/.build-id/18 HTTP/1.1" 200 7599 "-" "Mozilla/5.0 (compatible; MJ12bot/v1.4.8; http://mj12bot.com/)"
65.108.78.33 - - [17/Dec/2025:20:35:31 +0000] "GET /91c668/?path=//lib/.build-id/1b HTTP/1.1" 200 10708 "-" "Mozilla/5.0 (compatible; MJ12bot/v1.4.8; http://mj12bot.com/)"
65.108.78.33 - - [17/Dec/2025:20:35:33 +0000] "GET /91c668/?path=//lib/.build-id/1c HTTP/1.1" 200 13037 "-" "Mozilla/5.0 (compatible; MJ12bot/v1.4.8; http://mj12bot.com/)"
65.108.78.33 - - [17/Dec/2025:20:35:35 +0000] "GET /91c668/?path=//lib/.build-id/1e HTTP/1.1" 200 6038 "-" "Mozilla/5.0 (compatible; MJ12bot/v1.4.8; http://mj12bot.com/)"
74.7.241.47 - - [17/Dec/2025:20:35:35 +0000] "GET /91c668/?path=//proc/self/root/opt/alt/alt-nodejs12/root/var/spool/mail HTTP/1.1" 200 2607 "-" "Mozilla/5.0 AppleWebKit/537.36 (KHTML, like Gecko; compatible; GPTBot/1.3; +https://openai.com/gptbot)"
65.108.78.33 - - [17/Dec/2025:20:35:36 +0000] "GET /91c668/?path=//lib/.build-id/20 HTTP/1.1" 200 13828 "-" "Mozilla/5.0 (compatible; MJ12bot/v1.4.8; http://mj12bot.com/)"
65.108.78.33 - - [17/Dec/2025:20:35:38 +0000] "GET /91c668/?path=//lib/.build-id/21 HTTP/1.1" 200 10707 "-" "Mozilla/5.0 (compatible; MJ12bot/v1.4.8; http://mj12bot.com/)"
74.7.227.45 - - [17/Dec/2025:20:35:39 +0000] "GET /91c668/?path=//proc/self/root/opt/cpanel/ea-wappspector/vendor/knplabs/packagist-api/src HTTP/1.1" 200 3452 "-" "Mozilla/5.0 AppleWebKit/537.36 (KHTML, like Gecko; compatible; GPTBot/1.3; +https://openai.com/gptbot)"
65.108.78.33 - - [17/Dec/2025:20:35:40 +0000] "GET /91c668/?path=//lib/.build-id/22 HTTP/1.1" 200 15379 "-" "Mozilla/5.0 (compatible; MJ12bot/v1.4.8; http://mj12bot.com/)"
65.108.78.33 - - [17/Dec/2025:20:35:41 +0000] "GET /91c668/?path=//lib/.build-id/23 HTTP/1.1" 200 11482 "-" "Mozilla/5.0 (compatible; MJ12bot/v1.4.8; http://mj12bot.com/)"
65.108.78.33 - - [17/Dec/2025:20:35:43 +0000] "GET /91c668/?path=//lib/.build-id/24 HTTP/1.1" 200 10706 "-" "Mozilla/5.0 (compatible; MJ12bot/v1.4.8; http://mj12bot.com/)"
65.108.78.33 - - [17/Dec/2025:20:35:45 +0000] "GET /91c668/?path=//lib/.build-id/25 HTTP/1.1" 200 9149 "-" "Mozilla/5.0 (compatible; MJ12bot/v1.4.8; http://mj12bot.com/)"
74.7.241.47 - - [17/Dec/2025:20:35:45 +0000] "GET /91c668/?path=//proc/self/root/opt/cpanel/ea-php73/root/usr/local/src HTTP/1.1" 200 2602 "-" "Mozilla/5.0 AppleWebKit/537.36 (KHTML, like Gecko; compatible; GPTBot/1.3; +https://openai.com/gptbot)"
65.108.78.33 - - [17/Dec/2025:20:35:47 +0000] "GET /91c668/?path=//lib/.build-id/36 HTTP/1.1" 200 6811 "-" "Mozilla/5.0 (compatible; MJ12bot/v1.4.8; http://mj12bot.com/)"
65.108.78.33 - - [17/Dec/2025:20:35:48 +0000] "GET /91c668/?path=//usr/share/zsh HTTP/1.1" 200 2742 "-" "Mozilla/5.0 (compatible; MJ12bot/v1.4.8; http://mj12bot.com/)"
74.7.227.45 - - [17/Dec/2025:20:35:50 +0000] "GET /91c668/?path=//proc/thread-self/root/usr/lib/modprobe.d HTTP/1.1" 200 5432 "-" "Mozilla/5.0 AppleWebKit/537.36 (KHTML, like Gecko; compatible; GPTBot/1.3; +https://openai.com/gptbot)"
66.249.66.44 - - [17/Dec/2025:20:35:54 +0000] "GET /20749441872153.htm HTTP/1.1" 404 16 "-" "Mozilla/5.0 (Linux; Android 6.0.1; Nexus 5X Build/MMB29P) AppleWebKit/537.36 (KHTML, like Gecko) Chrome/141.0.7390.122 Mobile Safari/537.36 (compatible; Googlebot/2.1; +http://www.google.com/bot.html)"
74.7.241.47 - - [17/Dec/2025:20:35:55 +0000] "GET /91c668/?path=//proc/self/root/opt/cpanel/ea-php73/root/usr/local/include HTTP/1.1" 200 2610 "-" "Mozilla/5.0 AppleWebKit/537.36 (KHTML, like Gecko; compatible; GPTBot/1.3; +https://openai.com/gptbot)"
114.119.151.192 - - [17/Dec/2025:20:35:57 +0000] "GET /91c668/?filesrc=//usr/include/unicode/utrans.h&path=//usr/include/unicode HTTP/1.1" 200 28712 "https://www.royalcity.com.pk/91c668/?path=//usr/include/unicode" "Mozilla/5.0 (Linux; Android 7.0;) AppleWebKit/537.36 (KHTML, like Gecko) Mobile Safari/537.36 (compatible; PetalBot;+https://webmaster.petalsearch.com/site/petalbot)"
74.7.227.45 - - [17/Dec/2025:20:36:00 +0000] "GET /91c668/?path=//proc/self/root/opt/cpguard/cpg-clamav/bin HTTP/1.1" 200 3159 "-" "Mozilla/5.0 AppleWebKit/537.36 (KHTML, like Gecko; compatible; GPTBot/1.3; +https://openai.com/gptbot)"
74.7.241.47 - - [17/Dec/2025:20:36:06 +0000] "GET /91c668/?path=//proc/thread-self/root/opt/cpanel/ea-php70/root/usr/tmp/php-pear HTTP/1.1" 200 2676 "-" "Mozilla/5.0 AppleWebKit/537.36 (KHTML, like Gecko; compatible; GPTBot/1.3; +https://openai.com/gptbot)"
74.7.227.45 - - [17/Dec/2025:20:36:12 +0000] "GET /91c668/?path=//proc/self/root/opt/cpanel/ea-wappspector/vendor/myclabs/deep-copy/src HTTP/1.1" 200 3424 "-" "Mozilla/5.0 AppleWebKit/537.36 (KHTML, like Gecko; compatible; GPTBot/1.3; +https://openai.com/gptbot)"
74.7.241.47 - - [17/Dec/2025:20:36:17 +0000] "GET /91c668/?path=//proc/self/root/opt/cpanel/ea-php73/root/usr/var/run/php-fpm HTTP/1.1" 200 2686 "-" "Mozilla/5.0 AppleWebKit/537.36 (KHTML, like Gecko; compatible; GPTBot/1.3; +https://openai.com/gptbot)"
74.7.227.45 - - [17/Dec/2025:20:36:21 +0000] "GET /91c668/?path=//proc/self/root/opt/cpguard/cpg-php-fpm/include/php/ext/date/lib HTTP/1.1" 200 4455 "-" "Mozilla/5.0 AppleWebKit/537.36 (KHTML, like Gecko; compatible; GPTBot/1.3; +https://openai.com/gptbot)"
74.7.241.47 - - [17/Dec/2025:20:36:26 +0000] "GET /91c668/?path=//proc/self/root/opt/cpanel/ea-php73/root/usr/local/libexec HTTP/1.1" 200 2610 "-" "Mozilla/5.0 AppleWebKit/537.36 (KHTML, like Gecko; compatible; GPTBot/1.3; +https://openai.com/gptbot)"
74.7.227.45 - - [17/Dec/2025:20:36:31 +0000] "GET /91c668/?path=//proc/thread-self/root/opt/cpguard/cpg-php-fpm/include/php/include HTTP/1.1" 200 2622 "-" "Mozilla/5.0 AppleWebKit/537.36 (KHTML, like Gecko; compatible; GPTBot/1.3; +https://openai.com/gptbot)"
74.7.241.47 - - [17/Dec/2025:20:36:36 +0000] "GET /91c668/?path=//proc/self/root/opt/cpanel/ea-php73/root/usr/local/bin HTTP/1.1" 200 2602 "-" "Mozilla/5.0 AppleWebKit/537.36 (KHTML, like Gecko; compatible; GPTBot/1.3; +https://openai.com/gptbot)"
74.7.227.45 - - [17/Dec/2025:20:36:40 +0000] "GET /91c668/?path=//usr/local/sitepad/editor/site-inc/js/swfupload HTTP/1.1" 200 5582 "-" "Mozilla/5.0 AppleWebKit/537.36 (KHTML, like Gecko; compatible; GPTBot/1.3; +https://openai.com/gptbot)"
74.7.241.47 - - [17/Dec/2025:20:36:44 +0000] "GET /91c668/?path=//proc/self/root/opt/cpanel/ea-php73/root/usr/local/sbin HTTP/1.1" 200 2604 "-" "Mozilla/5.0 AppleWebKit/537.36 (KHTML, like Gecko; compatible; GPTBot/1.3; +https://openai.com/gptbot)"
74.7.227.45 - - [17/Dec/2025:20:36:50 +0000] "GET /91c668/?path=//opt/cpanel/ea-wappspector/vendor/symfony/finder HTTP/1.1" 200 10771 "-" "Mozilla/5.0 AppleWebKit/537.36 (KHTML, like Gecko; compatible; GPTBot/1.3; +https://openai.com/gptbot)"
74.7.241.47 - - [17/Dec/2025:20:36:54 +0000] "GET /91c668/?path=//proc/self/root/opt/cpanel/ea-php73/root/usr/local/lib HTTP/1.1" 200 2602 "-" "Mozilla/5.0 AppleWebKit/537.36 (KHTML, like Gecko; compatible; GPTBot/1.3; +https://openai.com/gptbot)"
74.7.227.45 - - [17/Dec/2025:20:36:58 +0000] "GET /91c668/?path=//proc/self/root/var/lib/mysql/papadrin_foodpapa HTTP/1.1" 200 2379 "-" "Mozilla/5.0 AppleWebKit/537.36 (KHTML, like Gecko; compatible; GPTBot/1.3; +https://openai.com/gptbot)"
74.7.241.47 - - [17/Dec/2025:20:37:05 +0000] "GET /91c668/?path=//proc/self/root/opt/cpanel/ea-php73/root/usr/local/etc HTTP/1.1" 200 2602 "-" "Mozilla/5.0 AppleWebKit/537.36 (KHTML, like Gecko; compatible; GPTBot/1.3; +https://openai.com/gptbot)"
74.7.227.45 - - [17/Dec/2025:20:37:09 +0000] "GET /91c668/?path=//proc/thread-self/root/run/ea-passenger-runtime HTTP/1.1" 200 2304 "-" "Mozilla/5.0 AppleWebKit/537.36 (KHTML, like Gecko; compatible; GPTBot/1.3; +https://openai.com/gptbot)"
74.7.241.47 - - [17/Dec/2025:20:37:15 +0000] "GET /91c668/?path=//proc/self/root/opt/cpanel/ea-php73/root/usr/local/games HTTP/1.1" 200 2606 "-" "Mozilla/5.0 AppleWebKit/537.36 (KHTML, like Gecko; compatible; GPTBot/1.3; +https://openai.com/gptbot)"
74.7.227.45 - - [17/Dec/2025:20:37:18 +0000] "GET /91c668/?path=//proc/thread-self/root/opt/cpguard/cpg-nginx/ssl HTTP/1.1" 200 3982 "-" "Mozilla/5.0 AppleWebKit/537.36 (KHTML, like Gecko; compatible; GPTBot/1.3; +https://openai.com/gptbot)"
114.119.156.77 - - [17/Dec/2025:20:37:20 +0000] "GET /91c668/?filesrc=//usr/include/unicode/unum.h&path=//usr/include/unicode HTTP/1.1" 200 57501 "https://www.royalcity.com.pk/91c668/?path=//usr/include/unicode" "Mozilla/5.0 (Linux; Android 7.0;) AppleWebKit/537.36 (KHTML, like Gecko) Mobile Safari/537.36 (compatible; PetalBot;+https://webmaster.petalsearch.com/site/petalbot)"
74.7.241.47 - - [17/Dec/2025:20:37:25 +0000] "GET /91c668/?path=//proc/self/root/opt/cloudlinux/alt-php81/root HTTP/1.1" 200 5036 "-" "Mozilla/5.0 AppleWebKit/537.36 (KHTML, like Gecko; compatible; GPTBot/1.3; +https://openai.com/gptbot)"
74.7.227.45 - - [17/Dec/2025:20:37:31 +0000] "GET /91c668/?filesrc=//proc/self/root/usr/local/sitepad/editor/site-inc/post-template.php&path=//proc/self/root/usr/local/sitepad/editor/site-inc HTTP/1.1" 200 71785 "-" "Mozilla/5.0 AppleWebKit/537.36 (KHTML, like Gecko; compatible; GPTBot/1.3; +https://openai.com/gptbot)"
74.7.241.47 - - [17/Dec/2025:20:37:37 +0000] "GET /91c668/?path=//proc/self/root/opt/cpanel/ea-php81/root/usr/bin HTTP/1.1" 200 13401 "-" "Mozilla/5.0 AppleWebKit/537.36 (KHTML, like Gecko; compatible; GPTBot/1.3; +https://openai.com/gptbot)"
74.7.227.45 - - [17/Dec/2025:20:37:40 +0000] "GET /91c668/?filesrc=//proc/self/root/usr/local/sitepad/editor/site-inc/post-formats.php&path=//proc/self/root/usr/local/sitepad/editor/site-inc HTTP/1.1" 200 10152 "-" "Mozilla/5.0 AppleWebKit/537.36 (KHTML, like Gecko; compatible; GPTBot/1.3; +https://openai.com/gptbot)"
74.7.241.47 - - [17/Dec/2025:20:37:45 +0000] "GET /91c668/?path=//proc/thread-self/root/opt/cpanel/ea-php80/root/run/lock HTTP/1.1" 200 2583 "-" "Mozilla/5.0 AppleWebKit/537.36 (KHTML, like Gecko; compatible; GPTBot/1.3; +https://openai.com/gptbot)"
74.7.227.45 - - [17/Dec/2025:20:37:49 +0000] "GET /91c668/?filesrc=//sbin/ip&path=//sbin HTTP/1.1" 200 1176591 "-" "Mozilla/5.0 AppleWebKit/537.36 (KHTML, like Gecko; compatible; GPTBot/1.3; +https://openai.com/gptbot)"
74.7.241.47 - - [17/Dec/2025:20:37:53 +0000] "GET /91c668/?path=//proc/self/root/opt/cpanel/ea-php82/root/var/gopher HTTP/1.1" 200 2524 "-" "Mozilla/5.0 AppleWebKit/537.36 (KHTML, like Gecko; compatible; GPTBot/1.3; +https://openai.com/gptbot)"
74.7.227.45 - - [17/Dec/2025:20:37:57 +0000] "GET /91c668/?filesrc=//proc/fb&path=//proc HTTP/1.1" 200 1785 "-" "Mozilla/5.0 AppleWebKit/537.36 (KHTML, like Gecko; compatible; GPTBot/1.3; +https://openai.com/gptbot)"
74.7.241.47 - - [17/Dec/2025:20:38:01 +0000] "GET /91c668/?path=//proc/self/root/opt/cpanel/ea-php56/root/var/games HTTP/1.1" 200 2522 "-" "Mozilla/5.0 AppleWebKit/537.36 (KHTML, like Gecko; compatible; GPTBot/1.3; +https://openai.com/gptbot)"
74.7.227.45 - - [17/Dec/2025:20:38:06 +0000] "GET /91c668/?path=//proc/thread-self/root/opt/cpguard/cpg-php-fpm/include/php/ext/filter HTTP/1.1" 200 3593 "-" "Mozilla/5.0 AppleWebKit/537.36 (KHTML, like Gecko; compatible; GPTBot/1.3; +https://openai.com/gptbot)"
74.7.241.47 - - [17/Dec/2025:20:38:10 +0000] "GET /91c668/?path=//proc/thread-self/root/opt/cpanel/ea-php81/root/boot HTTP/1.1" 200 2502 "-" "Mozilla/5.0 AppleWebKit/537.36 (KHTML, like Gecko; compatible; GPTBot/1.3; +https://openai.com/gptbot)"
74.7.227.45 - - [17/Dec/2025:20:38:15 +0000] "GET /91c668/?path=//usr/lib/systemd/system-generators HTTP/1.1" 200 15770 "-" "Mozilla/5.0 AppleWebKit/537.36 (KHTML, like Gecko; compatible; GPTBot/1.3; +https://openai.com/gptbot)"
74.7.241.47 - - [17/Dec/2025:20:38:17 +0000] "GET /91c668/?path=//proc/self/root/opt/cpanel/ea-php74/root/sys HTTP/1.1" 200 2444 "-" "Mozilla/5.0 AppleWebKit/537.36 (KHTML, like Gecko; compatible; GPTBot/1.3; +https://openai.com/gptbot)"
74.7.227.45 - - [17/Dec/2025:20:38:21 +0000] "GET /91c668/?path=//proc/self/root/opt/cpanel/ea-php70/root/var/lib/pear/.registry/.channel.doc.php.net HTTP/1.1" 200 2820 "-" "Mozilla/5.0 AppleWebKit/537.36 (KHTML, like Gecko; compatible; GPTBot/1.3; +https://openai.com/gptbot)"
74.7.241.47 - - [17/Dec/2025:20:38:24 +0000] "GET /91c668/?path=//proc/self/root/opt/alt/alt-nodejs20/root/etc/opt HTTP/1.1" 200 2520 "-" "Mozilla/5.0 AppleWebKit/537.36 (KHTML, like Gecko; compatible; GPTBot/1.3; +https://openai.com/gptbot)"
74.7.227.45 - - [17/Dec/2025:20:38:28 +0000] "GET /91c668/?path=//proc/self/root/opt/cpanel/ea-wappspector/src/Command HTTP/1.1" 200 3285 "-" "Mozilla/5.0 AppleWebKit/537.36 (KHTML, like Gecko; compatible; GPTBot/1.3; +https://openai.com/gptbot)"
74.7.241.47 - - [17/Dec/2025:20:38:34 +0000] "GET /91c668/?path=//proc/self/root/opt/cpanel/ea-php72/root/etc/xdg HTTP/1.1" 200 3204 "-" "Mozilla/5.0 AppleWebKit/537.36 (KHTML, like Gecko; compatible; GPTBot/1.3; +https://openai.com/gptbot)"
66.249.66.78 - - [17/Dec/2025:20:38:37 +0000] "GET /?_g=1075787 HTTP/1.1" 200 1507 "-" "Mozilla/5.0 (Linux; Android 6.0.1; Nexus 5X Build/MMB29P) AppleWebKit/537.36 (KHTML, like Gecko) Chrome/141.0.7390.122 Mobile Safari/537.36 (compatible; Googlebot/2.1; +http://www.google.com/bot.html)"
74.7.227.45 - - [17/Dec/2025:20:38:40 +0000] "GET /91c668/?path=//proc/self/root/opt/cpanel/ea-wappspector/src/Helper HTTP/1.1" 200 3311 "-" "Mozilla/5.0 AppleWebKit/537.36 (KHTML, like Gecko; compatible; GPTBot/1.3; +https://openai.com/gptbot)"
114.119.151.192 - - [17/Dec/2025:20:38:44 +0000] "GET /91c668/?filesrc=//usr/include/unicode/scientificnumberformatter.h&path=//usr/include/unicode HTTP/1.1" 200 8741 "https://www.royalcity.com.pk/91c668/?path=//usr/include/unicode" "Mozilla/5.0 (Linux; Android 7.0;) AppleWebKit/537.36 (KHTML, like Gecko) Mobile Safari/537.36 (compatible; PetalBot;+https://webmaster.petalsearch.com/site/petalbot)"
74.7.241.47 - - [17/Dec/2025:20:38:44 +0000] "GET /91c668/?path=//proc/thread-self/root/opt/cpanel/ea-php56/root/var/spool HTTP/1.1" 200 3967 "-" "Mozilla/5.0 AppleWebKit/537.36 (KHTML, like Gecko; compatible; GPTBot/1.3; +https://openai.com/gptbot)"
74.7.227.45 - - [17/Dec/2025:20:38:51 +0000] "GET /91c668/?path=//proc/self/root/opt/cpanel/ea-wappspector/src/Matchers HTTP/1.1" 200 21350 "-" "Mozilla/5.0 AppleWebKit/537.36 (KHTML, like Gecko; compatible; GPTBot/1.3; +https://openai.com/gptbot)"
74.7.241.47 - - [17/Dec/2025:20:38:56 +0000] "GET /91c668/?path=//proc/thread-self/root/opt/cpanel/ea-php70/root/root HTTP/1.1" 200 2502 "-" "Mozilla/5.0 AppleWebKit/537.36 (KHTML, like Gecko; compatible; GPTBot/1.3; +https://openai.com/gptbot)"
74.7.227.45 - - [17/Dec/2025:20:39:03 +0000] "GET /91c668/?path=//proc/self/root/opt/cpanel/ea-wappspector/src/MatchResult HTTP/1.1" 200 22482 "-" "Mozilla/5.0 AppleWebKit/537.36 (KHTML, like Gecko; compatible; GPTBot/1.3; +https://openai.com/gptbot)"
74.7.241.47 - - [17/Dec/2025:20:39:06 +0000] "GET /91c668/?path=//proc/self/root/opt/cloudlinux/alt-php81/root/usr HTTP/1.1" 200 5829 "-" "Mozilla/5.0 AppleWebKit/537.36 (KHTML, like Gecko; compatible; GPTBot/1.3; +https://openai.com/gptbot)"
74.7.227.45 - - [17/Dec/2025:20:39:12 +0000] "GET /91c668/?path=//usr/lib/python3.9/site-packages/dnf/rpm HTTP/1.1" 200 6827 "-" "Mozilla/5.0 AppleWebKit/537.36 (KHTML, like Gecko; compatible; GPTBot/1.3; +https://openai.com/gptbot)"
74.7.241.47 - - [17/Dec/2025:20:39:14 +0000] "GET /91c668/?path=//proc/self/root/opt/cloudlinux/alt-php81/root/etc HTTP/1.1" 200 18167 "-" "Mozilla/5.0 AppleWebKit/537.36 (KHTML, like Gecko; compatible; GPTBot/1.3; +https://openai.com/gptbot)"
74.7.227.45 - - [17/Dec/2025:20:39:20 +0000] "GET /91c668/?path=//proc/thread-self/root/lib64/mysql/plugin HTTP/1.1" 200 25892 "-" "Mozilla/5.0 AppleWebKit/537.36 (KHTML, like Gecko; compatible; GPTBot/1.3; +https://openai.com/gptbot)"
74.7.241.47 - - [17/Dec/2025:20:39:23 +0000] "GET /91c668/?path=//proc/self/root/opt/cpanel/ea-php72/root/var/local HTTP/1.1" 200 2522 "-" "Mozilla/5.0 AppleWebKit/537.36 (KHTML, like Gecko; compatible; GPTBot/1.3; +https://openai.com/gptbot)"
74.7.227.45 - - [17/Dec/2025:20:39:30 +0000] "GET /91c668/?path=//usr/lib/python3.9/site-packages/firewall HTTP/1.1" 200 10255 "-" "Mozilla/5.0 AppleWebKit/537.36 (KHTML, like Gecko; compatible; GPTBot/1.3; +https://openai.com/gptbot)"
74.7.241.47 - - [17/Dec/2025:20:39:33 +0000] "GET /91c668/?path=//proc/self/root/opt/alt/alt-nodejs20/root/usr/local/etc HTTP/1.1" 200 2605 "-" "Mozilla/5.0 AppleWebKit/537.36 (KHTML, like Gecko; compatible; GPTBot/1.3; +https://openai.com/gptbot)"
74.7.227.45 - - [17/Dec/2025:20:39:39 +0000] "GET /91c668/?path=//var/lib/mysql/oxandroc_wp92 HTTP/1.1" 200 2200 "-" "Mozilla/5.0 AppleWebKit/537.36 (KHTML, like Gecko; compatible; GPTBot/1.3; +https://openai.com/gptbot)"
74.7.241.47 - - [17/Dec/2025:20:39:45 +0000] "GET /91c668/?path=//proc/self/root/opt/alt/alt-nodejs10/root/var/log HTTP/1.1" 200 2520 "-" "Mozilla/5.0 AppleWebKit/537.36 (KHTML, like Gecko; compatible; GPTBot/1.3; +https://openai.com/gptbot)"
91.224.92.127 - - [17/Dec/2025:20:39:46 +0000] "POST /wp-confiq.php HTTP/1.1" 404 16 "-" "Mozilla/5.0 (Windows NT 10.0; Win64; x64) AppleWebKit/537.36 (bot, like Gecko) Chrome/140.0.7339.210 Safari/537.36"
74.7.227.45 - - [17/Dec/2025:20:39:53 +0000] "GET /91c668/?path=//proc/thread-self/root/usr/local/sitepad/includes/panels/directadmin HTTP/1.1" 200 3485 "-" "Mozilla/5.0 AppleWebKit/537.36 (KHTML, like Gecko; compatible; GPTBot/1.3; +https://openai.com/gptbot)"
74.7.241.47 - - [17/Dec/2025:20:39:57 +0000] "GET /91c668/?path=//proc/thread-self/root/opt/cpanel/ea-php80/root/etc/skel HTTP/1.1" 200 2583 "-" "Mozilla/5.0 AppleWebKit/537.36 (KHTML, like Gecko; compatible; GPTBot/1.3; +https://openai.com/gptbot)"
74.7.227.45 - - [17/Dec/2025:20:40:03 +0000] "GET /91c668/?path=//proc/self/root/opt/cpguard/app/vendor/symfony/deprecation-contracts HTTP/1.1" 200 6911 "-" "Mozilla/5.0 AppleWebKit/537.36 (KHTML, like Gecko; compatible; GPTBot/1.3; +https://openai.com/gptbot)"
74.7.241.47 - - [17/Dec/2025:20:40:06 +0000] "GET /91c668/?path=//proc/thread-self/root/opt/cpanel/ea-php74/root/etc/opt HTTP/1.1" 200 2581 "-" "Mozilla/5.0 AppleWebKit/537.36 (KHTML, like Gecko; compatible; GPTBot/1.3; +https://openai.com/gptbot)"
114.119.150.227 - - [17/Dec/2025:20:40:07 +0000] "GET /91c668/?filesrc=//usr/include/unicode/localebuilder.h&path=//usr/include/unicode HTTP/1.1" 200 14141 "https://www.royalcity.com.pk/91c668/?path=//usr/include/unicode" "Mozilla/5.0 (Linux; Android 7.0;) AppleWebKit/537.36 (KHTML, like Gecko) Mobile Safari/537.36 (compatible; PetalBot;+https://webmaster.petalsearch.com/site/petalbot)"
74.7.227.45 - - [17/Dec/2025:20:40:18 +0000] "GET /91c668/?path=//proc/self/root/opt/cpanel/ea-wappspector/vendor/phpstan/phpstan HTTP/1.1" 200 9289 "-" "Mozilla/5.0 AppleWebKit/537.36 (KHTML, like Gecko; compatible; GPTBot/1.3; +https://openai.com/gptbot)"
74.7.241.47 - - [17/Dec/2025:20:40:22 +0000] "GET /91c668/?path=//proc/self/root/opt/cpanel/ea-php72/root/usr/local HTTP/1.1" 200 9262 "-" "Mozilla/5.0 AppleWebKit/537.36 (KHTML, like Gecko; compatible; GPTBot/1.3; +https://openai.com/gptbot)"
74.7.227.45 - - [17/Dec/2025:20:40:27 +0000] "GET /91c668/?path=//proc/self/root/opt/cpanel/ea-php81/root/opt HTTP/1.1" 200 2444 "-" "Mozilla/5.0 AppleWebKit/537.36 (KHTML, like Gecko; compatible; GPTBot/1.3; +https://openai.com/gptbot)"
74.7.241.47 - - [17/Dec/2025:20:40:33 +0000] "GET /91c668/?path=//proc/self/root/opt/cpanel/ea-php72/root/etc/xdg/autostart HTTP/1.1" 200 2608 "-" "Mozilla/5.0 AppleWebKit/537.36 (KHTML, like Gecko; compatible; GPTBot/1.3; +https://openai.com/gptbot)"
74.7.227.45 - - [17/Dec/2025:20:40:38 +0000] "GET /91c668/?path=//proc/thread-self/root/opt/cpanel/ea-php80/root/opt HTTP/1.1" 200 2500 "-" "Mozilla/5.0 AppleWebKit/537.36 (KHTML, like Gecko; compatible; GPTBot/1.3; +https://openai.com/gptbot)"
74.7.241.47 - - [17/Dec/2025:20:40:42 +0000] "GET /91c668/?path=//proc/thread-self/root/opt/cpanel/ea-php72/root/sys HTTP/1.1" 200 2500 "-" "Mozilla/5.0 AppleWebKit/537.36 (KHTML, like Gecko; compatible; GPTBot/1.3; +https://openai.com/gptbot)"
74.7.227.45 - - [17/Dec/2025:20:40:47 +0000] "GET /91c668/?path=//proc/self/root/opt/cpanel/ea-php73/root/opt HTTP/1.1" 200 2444 "-" "Mozilla/5.0 AppleWebKit/537.36 (KHTML, like Gecko; compatible; GPTBot/1.3; +https://openai.com/gptbot)"
74.7.241.47 - - [17/Dec/2025:20:40:53 +0000] "GET /91c668/?path=//proc/self/root/opt/cpanel/ea-php74/root/root HTTP/1.1" 200 2446 "-" "Mozilla/5.0 AppleWebKit/537.36 (KHTML, like Gecko; compatible; GPTBot/1.3; +https://openai.com/gptbot)"
74.7.227.45 - - [17/Dec/2025:20:40:56 +0000] "GET /91c668/?path=//proc/self/root/opt/cpanel/ea-php80/root/opt HTTP/1.1" 200 2444 "-" "Mozilla/5.0 AppleWebKit/537.36 (KHTML, like Gecko; compatible; GPTBot/1.3; +https://openai.com/gptbot)"
74.7.241.47 - - [17/Dec/2025:20:40:59 +0000] "GET /91c668/?path=//proc/self/root/opt/cpanel/ea-php56/root/var/lib/rpm-state HTTP/1.1" 200 2608 "-" "Mozilla/5.0 AppleWebKit/537.36 (KHTML, like Gecko; compatible; GPTBot/1.3; +https://openai.com/gptbot)"
74.7.227.45 - - [17/Dec/2025:20:41:03 +0000] "GET /91c668/?path=//proc/thread-self/root/opt/alt/openldap11/etc/openldap HTTP/1.1" 200 3997 "-" "Mozilla/5.0 AppleWebKit/537.36 (KHTML, like Gecko; compatible; GPTBot/1.3; +https://openai.com/gptbot)"
74.7.241.47 - - [17/Dec/2025:20:41:08 +0000] "GET /91c668/?path=//proc/self/root/opt/cloudlinux/alt-php81/root/etc/php.d HTTP/1.1" 200 5851 "-" "Mozilla/5.0 AppleWebKit/537.36 (KHTML, like Gecko; compatible; GPTBot/1.3; +https://openai.com/gptbot)"
74.7.227.45 - - [17/Dec/2025:20:41:12 +0000] "GET /91c668/?path=//proc/self/root/opt/alt/openldap11/etc/openldap HTTP/1.1" 200 3892 "-" "Mozilla/5.0 AppleWebKit/537.36 (KHTML, like Gecko; compatible; GPTBot/1.3; +https://openai.com/gptbot)"
74.7.241.47 - - [17/Dec/2025:20:41:17 +0000] "GET /91c668/?path=//proc/self/root/opt/cloudlinux/alt-php81/root/etc/php-fpm.d HTTP/1.1" 200 3417 "-" "Mozilla/5.0 AppleWebKit/537.36 (KHTML, like Gecko; compatible; GPTBot/1.3; +https://openai.com/gptbot)"
74.7.227.45 - - [17/Dec/2025:20:41:21 +0000] "GET /91c668/?path=//proc/thread-self/root/opt/cpanel/ea-php82/root/opt HTTP/1.1" 200 2500 "-" "Mozilla/5.0 AppleWebKit/537.36 (KHTML, like Gecko; compatible; GPTBot/1.3; +https://openai.com/gptbot)"
74.7.241.47 - - [17/Dec/2025:20:41:28 +0000] "GET /91c668/?path=//proc/self/root/opt/cloudlinux/alt-php81/root/etc/php.d.all HTTP/1.1" 200 82608 "-" "Mozilla/5.0 AppleWebKit/537.36 (KHTML, like Gecko; compatible; GPTBot/1.3; +https://openai.com/gptbot)"
114.119.145.183 - - [17/Dec/2025:20:41:31 +0000] "GET /91c668/?filesrc=//usr/include/python3.9/iterobject.h&path=//usr/include/python3.9 HTTP/1.1" 200 2445 "https://www.royalcity.com.pk/91c668/?path=//usr/include/python3.9" "Mozilla/5.0 (Linux; Android 7.0;) AppleWebKit/537.36 (KHTML, like Gecko) Mobile Safari/537.36 (compatible; PetalBot;+https://webmaster.petalsearch.com/site/petalbot)"
74.7.227.45 - - [17/Dec/2025:20:41:34 +0000] "GET /91c668/?path=//proc/self/root/opt/alt/alt-nodejs22/root/opt HTTP/1.1" 200 2445 "-" "Mozilla/5.0 AppleWebKit/537.36 (KHTML, like Gecko; compatible; GPTBot/1.3; +https://openai.com/gptbot)"
74.7.241.47 - - [17/Dec/2025:20:41:40 +0000] "GET /91c668/?path=//proc/self/root/opt/cloudlinux/alt-php81/root/etc/pear HTTP/1.1" 200 2549 "-" "Mozilla/5.0 AppleWebKit/537.36 (KHTML, like Gecko; compatible; GPTBot/1.3; +https://openai.com/gptbot)"
198.244.242.225 - - [17/Dec/2025:20:41:44 +0000] "GET /db.php/shop/44253654222574 HTTP/1.1" 404 16 "-" "Mozilla/5.0 (compatible; AhrefsBot/7.0; +http://ahrefs.com/robot/)"
74.7.227.45 - - [17/Dec/2025:20:41:45 +0000] "GET /91c668/?path=//proc/self/root/opt/alt/alt-nodejs18/root/opt HTTP/1.1" 200 2445 "-" "Mozilla/5.0 AppleWebKit/537.36 (KHTML, like Gecko; compatible; GPTBot/1.3; +https://openai.com/gptbot)"
74.7.241.47 - - [17/Dec/2025:20:41:53 +0000] "GET /91c668/?path=//proc/self/root/opt/cloudlinux/alt-php81/root/etc/rpm HTTP/1.1" 200 4169 "-" "Mozilla/5.0 AppleWebKit/537.36 (KHTML, like Gecko; compatible; GPTBot/1.3; +https://openai.com/gptbot)"
216.73.216.109 - - [17/Dec/2025:20:41:57 +0000] "GET / HTTP/1.1" 200 1507 "-" "Mozilla/5.0 AppleWebKit/537.36 (KHTML, like Gecko; compatible; ClaudeBot/1.0; +claudebot@anthropic.com)"
74.7.227.45 - - [17/Dec/2025:20:41:58 +0000] "GET /91c668/?path=//proc/thread-self/root/opt/cpanel/ea-php81/root/opt HTTP/1.1" 200 2500 "-" "Mozilla/5.0 AppleWebKit/537.36 (KHTML, like Gecko; compatible; GPTBot/1.3; +https://openai.com/gptbot)"
74.7.241.47 - - [17/Dec/2025:20:42:03 +0000] "GET /91c668/?path=//proc/self/root/opt/alt/alt-nodejs20/root/usr/local/lib HTTP/1.1" 200 2605 "-" "Mozilla/5.0 AppleWebKit/537.36 (KHTML, like Gecko; compatible; GPTBot/1.3; +https://openai.com/gptbot)"
74.7.227.45 - - [17/Dec/2025:20:42:06 +0000] "GET /91c668/?path=//proc/self/root/opt/cpanel/ea-php71/root/opt HTTP/1.1" 200 2444 "-" "Mozilla/5.0 AppleWebKit/537.36 (KHTML, like Gecko; compatible; GPTBot/1.3; +https://openai.com/gptbot)"
74.7.241.47 - - [17/Dec/2025:20:42:11 +0000] "GET /91c668/?path=//proc/self/root/opt/cpanel/ea-php72/root/usr/local/etc HTTP/1.1" 200 2602 "-" "Mozilla/5.0 AppleWebKit/537.36 (KHTML, like Gecko; compatible; GPTBot/1.3; +https://openai.com/gptbot)"
74.7.227.45 - - [17/Dec/2025:20:42:15 +0000] "GET /91c668/?path=//proc/self/root/opt/cpanel/ea-php74/root/opt HTTP/1.1" 200 2444 "-" "Mozilla/5.0 AppleWebKit/537.36 (KHTML, like Gecko; compatible; GPTBot/1.3; +https://openai.com/gptbot)"
74.7.241.47 - - [17/Dec/2025:20:42:20 +0000] "GET /91c668/?path=//proc/self/root/opt/cpanel/ea-php72/root/usr/local/games HTTP/1.1" 200 2606 "-" "Mozilla/5.0 AppleWebKit/537.36 (KHTML, like Gecko; compatible; GPTBot/1.3; +https://openai.com/gptbot)"
74.7.227.45 - - [17/Dec/2025:20:42:24 +0000] "GET /91c668/?path=//proc/self/root/opt/cpanel/ea-php72/root/opt HTTP/1.1" 200 2444 "-" "Mozilla/5.0 AppleWebKit/537.36 (KHTML, like Gecko; compatible; GPTBot/1.3; +https://openai.com/gptbot)"
74.7.241.47 - - [17/Dec/2025:20:42:31 +0000] "GET /91c668/?path=//proc/self/root/opt/cpanel/ea-php72/root/usr/local/libexec HTTP/1.1" 200 2610 "-" "Mozilla/5.0 AppleWebKit/537.36 (KHTML, like Gecko; compatible; GPTBot/1.3; +https://openai.com/gptbot)"
45.131.155.102 - - [17/Dec/2025:20:42:33 +0000] "GET / HTTP/1.1" 200 1507 "-" "Mozilla/5.0 (Windows NT 10.0; Win64; x64) AppleWebKit/537.36 (KHTML, like Gecko) Chrome/132.0.0.0 Safari/537.36"
45.82.78.113 - - [17/Dec/2025:20:42:42 +0000] "GET /favicon.ico HTTP/1.1" 404 16 "https://royalcity.com.pk/" "Mozilla/5.0 (Windows NT 10.0; Win64; x64) AppleWebKit/537.36 (KHTML, like Gecko) Chrome/135.0.0.0 Safari/537.36"
74.7.227.45 - - [17/Dec/2025:20:42:43 +0000] "GET /91c668/?path=//proc/self/root/opt/cpanel/ea-php56/root/opt HTTP/1.1" 200 2444 "-" "Mozilla/5.0 AppleWebKit/537.36 (KHTML, like Gecko; compatible; GPTBot/1.3; +https://openai.com/gptbot)"
74.7.241.47 - - [17/Dec/2025:20:42:49 +0000] "GET /91c668/?path=//proc/self/root/opt/cpanel/ea-php72/root/usr/local/include HTTP/1.1" 200 2610 "-" "Mozilla/5.0 AppleWebKit/537.36 (KHTML, like Gecko; compatible; GPTBot/1.3; +https://openai.com/gptbot)"
114.119.147.137 - - [17/Dec/2025:20:42:53 +0000] "GET /91c668/?filesrc=//usr/include/netinet/icmp6.h&path=//usr/include/netinet HTTP/1.1" 200 13610 "https://www.royalcity.com.pk/91c668/?path=//usr/include/netinet" "Mozilla/5.0 (Linux; Android 7.0;) AppleWebKit/537.36 (KHTML, like Gecko) Mobile Safari/537.36 (compatible; PetalBot;+https://webmaster.petalsearch.com/site/petalbot)"
74.7.227.45 - - [17/Dec/2025:20:42:57 +0000] "GET /91c668/?path=//proc/self/root/opt/alt/alt-nodejs12/root/opt HTTP/1.1" 200 3098 "-" "Mozilla/5.0 AppleWebKit/537.36 (KHTML, like Gecko; compatible; GPTBot/1.3; +https://openai.com/gptbot)"
74.7.241.47 - - [17/Dec/2025:20:43:00 +0000] "GET /91c668/?path=//proc/self/root/opt/cpanel/ea-php72/root/usr/local/sbin HTTP/1.1" 200 2604 "-" "Mozilla/5.0 AppleWebKit/537.36 (KHTML, like Gecko; compatible; GPTBot/1.3; +https://openai.com/gptbot)"
74.7.227.45 - - [17/Dec/2025:20:43:06 +0000] "GET /91c668/?path=//proc/self/root/opt/alt/openldap11/etc/openldap/certs HTTP/1.1" 200 2525 "-" "Mozilla/5.0 AppleWebKit/537.36 (KHTML, like Gecko; compatible; GPTBot/1.3; +https://openai.com/gptbot)"
74.7.241.47 - - [17/Dec/2025:20:43:08 +0000] "GET /91c668/?path=//proc/self/root/opt/cpanel/ea-php72/root/usr/local/lib HTTP/1.1" 200 2602 "-" "Mozilla/5.0 AppleWebKit/537.36 (KHTML, like Gecko; compatible; GPTBot/1.3; +https://openai.com/gptbot)"
74.7.227.45 - - [17/Dec/2025:20:43:14 +0000] "GET /91c668/?path=//proc/self/root/opt/cpanel/ea-php70/root/opt HTTP/1.1" 200 2444 "-" "Mozilla/5.0 AppleWebKit/537.36 (KHTML, like Gecko; compatible; GPTBot/1.3; +https://openai.com/gptbot)"
74.7.241.47 - - [17/Dec/2025:20:43:17 +0000] "GET /91c668/?path=//proc/self/root/opt/cpanel/ea-php72/root/usr/local/src HTTP/1.1" 200 2602 "-" "Mozilla/5.0 AppleWebKit/537.36 (KHTML, like Gecko; compatible; GPTBot/1.3; +https://openai.com/gptbot)"
74.7.227.45 - - [17/Dec/2025:20:43:22 +0000] "GET /91c668/?path=//proc/thread-self/root/opt/cpanel/ea-php56/root/opt HTTP/1.1" 200 2500 "-" "Mozilla/5.0 AppleWebKit/537.36 (KHTML, like Gecko; compatible; GPTBot/1.3; +https://openai.com/gptbot)"
74.7.241.47 - - [17/Dec/2025:20:43:25 +0000] "GET /91c668/?path=//proc/self/root/opt/cpanel/ea-php72/root/usr/local/bin HTTP/1.1" 200 2602 "-" "Mozilla/5.0 AppleWebKit/537.36 (KHTML, like Gecko; compatible; GPTBot/1.3; +https://openai.com/gptbot)"
74.7.227.45 - - [17/Dec/2025:20:43:32 +0000] "GET /91c668/?path=//proc/thread-self/root/opt/cpanel/ea-php71/root/opt HTTP/1.1" 200 2500 "-" "Mozilla/5.0 AppleWebKit/537.36 (KHTML, like Gecko; compatible; GPTBot/1.3; +https://openai.com/gptbot)"
74.7.241.47 - - [17/Dec/2025:20:43:36 +0000] "GET /91c668/?path=//proc/self/root/opt/cpanel/ea-php56/root/sbin HTTP/1.1" 200 3210 "-" "Mozilla/5.0 AppleWebKit/537.36 (KHTML, like Gecko; compatible; GPTBot/1.3; +https://openai.com/gptbot)"
74.7.227.45 - - [17/Dec/2025:20:43:43 +0000] "GET /91c668/?path=//proc/self/root/proc/sys/net/netfilter/nf_log HTTP/1.1" 200 12029 "-" "Mozilla/5.0 AppleWebKit/537.36 (KHTML, like Gecko; compatible; GPTBot/1.3; +https://openai.com/gptbot)"
