114.119.141.232 - - [17/Dec/2025:16:37:49 +0000] "GET /91c668/?filesrc=//opt/imunify360-webshield/lualib/librestysignal.so&path=//opt/imunify360-webshield/lualib HTTP/1.1" 200 18048 "https://www.royalcity.com.pk/91c668/?path=//opt/imunify360-webshield/lualib" "Mozilla/5.0 (Linux; Android 7.0;) AppleWebKit/537.36 (KHTML, like Gecko) Mobile Safari/537.36 (compatible; PetalBot;+https://webmaster.petalsearch.com/site/petalbot)"
74.7.241.47 - - [17/Dec/2025:16:37:58 +0000] "GET /91c668/?path=//opt/cpanel/ea-php80/root/var/games HTTP/1.1" 200 2321 "-" "Mozilla/5.0 AppleWebKit/537.36 (KHTML, like Gecko; compatible; GPTBot/1.3; +https://openai.com/gptbot)"
74.7.227.45 - - [17/Dec/2025:16:37:59 +0000] "GET /91c668/?filesrc=//usr/lib/firewalld/icmptypes/network-redirect.xml&path=//usr/lib/firewalld/icmptypes HTTP/1.1" 200 2310 "-" "Mozilla/5.0 AppleWebKit/537.36 (KHTML, like Gecko; compatible; GPTBot/1.3; +https://openai.com/gptbot)"
74.7.241.47 - - [17/Dec/2025:16:38:12 +0000] "GET /91c668/?path=//opt/cpanel/ea-php74/root/usr/tmp/php-pear HTTP/1.1" 200 2390 "-" "Mozilla/5.0 AppleWebKit/537.36 (KHTML, like Gecko; compatible; GPTBot/1.3; +https://openai.com/gptbot)"
74.7.227.45 - - [17/Dec/2025:16:38:14 +0000] "GET /91c668/?filesrc=//usr/lib/firewalld/icmptypes/tos-host-redirect.xml&path=//usr/lib/firewalld/icmptypes HTTP/1.1" 200 2321 "-" "Mozilla/5.0 AppleWebKit/537.36 (KHTML, like Gecko; compatible; GPTBot/1.3; +https://openai.com/gptbot)"
74.7.241.47 - - [17/Dec/2025:16:38:27 +0000] "GET /91c668/?path=//opt/cpanel/ea-php80/root/var/empty HTTP/1.1" 200 2321 "-" "Mozilla/5.0 AppleWebKit/537.36 (KHTML, like Gecko; compatible; GPTBot/1.3; +https://openai.com/gptbot)"
74.7.227.45 - - [17/Dec/2025:16:38:28 +0000] "GET /91c668/?filesrc=//usr/lib/firewalld/icmptypes/tos-network-redirect.xml&path=//usr/lib/firewalld/icmptypes HTTP/1.1" 200 2338 "-" "Mozilla/5.0 AppleWebKit/537.36 (KHTML, like Gecko; compatible; GPTBot/1.3; +https://openai.com/gptbot)"
74.7.241.47 - - [17/Dec/2025:16:38:38 +0000] "GET /91c668/?path=//opt/cpanel/ea-php80/root/var/spool HTTP/1.1" 200 3571 "-" "Mozilla/5.0 AppleWebKit/537.36 (KHTML, like Gecko; compatible; GPTBot/1.3; +https://openai.com/gptbot)"
74.7.227.45 - - [17/Dec/2025:16:38:41 +0000] "GET /91c668/?filesrc=//usr/lib/firewalld/icmptypes/redirect.xml&path=//usr/lib/firewalld/icmptypes HTTP/1.1" 200 2207 "-" "Mozilla/5.0 AppleWebKit/537.36 (KHTML, like Gecko; compatible; GPTBot/1.3; +https://openai.com/gptbot)"
74.7.241.47 - - [17/Dec/2025:16:38:52 +0000] "GET /91c668/?path=//opt/cpanel/ea-php80/root/var/cache HTTP/1.1" 200 2964 "-" "Mozilla/5.0 AppleWebKit/537.36 (KHTML, like Gecko; compatible; GPTBot/1.3; +https://openai.com/gptbot)"
74.7.227.45 - - [17/Dec/2025:16:38:56 +0000] "GET /91c668/?path=//var/lib/mysql/papadrin_moola HTTP/1.1" 200 2202 "-" "Mozilla/5.0 AppleWebKit/537.36 (KHTML, like Gecko; compatible; GPTBot/1.3; +https://openai.com/gptbot)"
57.141.0.75 - - [17/Dec/2025:16:38:57 +0000] "GET /products/fashion-watches/public/public/public/data1/images/2.jpg HTTP/1.1" 404 16 "-" "meta-externalagent/1.1 (+https://developers.facebook.com/docs/sharing/webmasters/crawler)"
74.7.241.47 - - [17/Dec/2025:16:39:09 +0000] "GET /91c668/?path=//opt/cpanel/ea-php80/root/var/local HTTP/1.1" 200 2321 "-" "Mozilla/5.0 AppleWebKit/537.36 (KHTML, like Gecko; compatible; GPTBot/1.3; +https://openai.com/gptbot)"
114.119.150.227 - - [17/Dec/2025:16:39:10 +0000] "GET /91c668/?filesrc=//opt/imunify360-webshield/lualib/lfs.so&path=//opt/imunify360-webshield/lualib HTTP/1.1" 200 32077 "https://www.royalcity.com.pk/91c668/?path=//opt/imunify360-webshield/lualib" "Mozilla/5.0 (Linux; Android 7.0;) AppleWebKit/537.36 (KHTML, like Gecko) Mobile Safari/537.36 (compatible; PetalBot;+https://webmaster.petalsearch.com/site/petalbot)"
74.7.227.45 - - [17/Dec/2025:16:39:12 +0000] "GET /91c668/?path=//var/lib/mysql/papadrin_shop HTTP/1.1" 200 2200 "-" "Mozilla/5.0 AppleWebKit/537.36 (KHTML, like Gecko; compatible; GPTBot/1.3; +https://openai.com/gptbot)"
98.81.107.110 - - [17/Dec/2025:16:39:16 +0000] "GET / HTTP/1.1" 200 1507 "-" "Mozilla/5.0 (Windows NT 10.0; Win64; x64) AppleWebKit/537.36 (KHTML, like Gecko) Chrome/104.0.0.0 Safari/537.36"
74.7.241.47 - - [17/Dec/2025:16:39:20 +0000] "GET /91c668/?path=//opt/cpanel/ea-php80/root/var/preserve HTTP/1.1" 200 2327 "-" "Mozilla/5.0 AppleWebKit/537.36 (KHTML, like Gecko; compatible; GPTBot/1.3; +https://openai.com/gptbot)"
74.7.227.45 - - [17/Dec/2025:16:39:21 +0000] "GET /91c668/?path=//proc/self/root/usr/include/mysql HTTP/1.1" 200 17434 "-" "Mozilla/5.0 AppleWebKit/537.36 (KHTML, like Gecko; compatible; GPTBot/1.3; +https://openai.com/gptbot)"
74.7.241.47 - - [17/Dec/2025:16:39:31 +0000] "GET /91c668/?path=//opt/cpanel/ea-php71/root/run/lock HTTP/1.1" 200 2319 "-" "Mozilla/5.0 AppleWebKit/537.36 (KHTML, like Gecko; compatible; GPTBot/1.3; +https://openai.com/gptbot)"
74.7.227.45 - - [17/Dec/2025:16:39:31 +0000] "GET /91c668/?path=//var/lib/mysql/papadrin_careers HTTP/1.1" 200 2206 "-" "Mozilla/5.0 AppleWebKit/537.36 (KHTML, like Gecko; compatible; GPTBot/1.3; +https://openai.com/gptbot)"
74.7.241.47 - - [17/Dec/2025:16:39:42 +0000] "GET /91c668/?path=//opt/cpanel/ea-php80/root/var/mail HTTP/1.1" 200 2319 "-" "Mozilla/5.0 AppleWebKit/537.36 (KHTML, like Gecko; compatible; GPTBot/1.3; +https://openai.com/gptbot)"
74.7.227.45 - - [17/Dec/2025:16:39:43 +0000] "GET /91c668/?path=//proc/self/root/lib/environment.d HTTP/1.1" 200 3016 "-" "Mozilla/5.0 AppleWebKit/537.36 (KHTML, like Gecko; compatible; GPTBot/1.3; +https://openai.com/gptbot)"
74.7.241.47 - - [17/Dec/2025:16:39:53 +0000] "GET /91c668/?path=//opt/cpanel/ea-php80/root/var/gopher HTTP/1.1" 200 2323 "-" "Mozilla/5.0 AppleWebKit/537.36 (KHTML, like Gecko; compatible; GPTBot/1.3; +https://openai.com/gptbot)"
74.7.227.45 - - [17/Dec/2025:16:39:57 +0000] "GET /91c668/?path=//etc/crypto-policies/back-ends HTTP/1.1" 200 11725 "-" "Mozilla/5.0 AppleWebKit/537.36 (KHTML, like Gecko; compatible; GPTBot/1.3; +https://openai.com/gptbot)"
74.7.241.47 - - [17/Dec/2025:16:40:05 +0000] "GET /91c668/?path=//opt/cpanel/ea-php80/root/var/opt HTTP/1.1" 200 2317 "-" "Mozilla/5.0 AppleWebKit/537.36 (KHTML, like Gecko; compatible; GPTBot/1.3; +https://openai.com/gptbot)"
74.7.227.45 - - [17/Dec/2025:16:40:06 +0000] "GET /91c668/?path=//var/lib/mysql/islamich_khizer HTTP/1.1" 200 2204 "-" "Mozilla/5.0 AppleWebKit/537.36 (KHTML, like Gecko; compatible; GPTBot/1.3; +https://openai.com/gptbot)"
74.7.241.47 - - [17/Dec/2025:16:40:14 +0000] "GET /91c668/?path=//opt/cpanel/ea-php80/root/var/db HTTP/1.1" 200 2315 "-" "Mozilla/5.0 AppleWebKit/537.36 (KHTML, like Gecko; compatible; GPTBot/1.3; +https://openai.com/gptbot)"
74.7.227.45 - - [17/Dec/2025:16:40:15 +0000] "GET /91c668/?path=//lib/rpm/platform/mipsel-linux HTTP/1.1" 200 2908 "-" "Mozilla/5.0 AppleWebKit/537.36 (KHTML, like Gecko; compatible; GPTBot/1.3; +https://openai.com/gptbot)"
74.7.241.47 - - [17/Dec/2025:16:40:24 +0000] "GET /91c668/?path=//opt/cpanel/ea-php80/root/var/adm HTTP/1.1" 200 2317 "-" "Mozilla/5.0 AppleWebKit/537.36 (KHTML, like Gecko; compatible; GPTBot/1.3; +https://openai.com/gptbot)"
74.7.227.45 - - [17/Dec/2025:16:40:26 +0000] "GET /91c668/?path=//proc/thread-self/root/lib/debug HTTP/1.1" 200 5974 "-" "Mozilla/5.0 AppleWebKit/537.36 (KHTML, like Gecko; compatible; GPTBot/1.3; +https://openai.com/gptbot)"
114.119.150.227 - - [17/Dec/2025:16:40:31 +0000] "GET /91c668/?filesrc=//opt/cpguard/whitelistdomains.txt&path=//opt/cpguard HTTP/1.1" 200 1850 "https://www.royalcity.com.pk/91c668/?path=//opt/cpguard" "Mozilla/5.0 (Linux; Android 7.0;) AppleWebKit/537.36 (KHTML, like Gecko) Mobile Safari/537.36 (compatible; PetalBot;+https://webmaster.petalsearch.com/site/petalbot)"
74.7.241.47 - - [17/Dec/2025:16:40:34 +0000] "GET /91c668/?path=//opt/cpanel/ea-php80/root/var/yp HTTP/1.1" 200 2315 "-" "Mozilla/5.0 AppleWebKit/537.36 (KHTML, like Gecko; compatible; GPTBot/1.3; +https://openai.com/gptbot)"
74.7.227.45 - - [17/Dec/2025:16:40:36 +0000] "GET /91c668/?path=//var/lib/mysql/dlshazar_swat HTTP/1.1" 200 2200 "-" "Mozilla/5.0 AppleWebKit/537.36 (KHTML, like Gecko; compatible; GPTBot/1.3; +https://openai.com/gptbot)"
74.7.241.47 - - [17/Dec/2025:16:40:42 +0000] "GET /91c668/?path=//opt/cpanel/ea-php80/root/var/spool/lpd HTTP/1.1" 200 2386 "-" "Mozilla/5.0 AppleWebKit/537.36 (KHTML, like Gecko; compatible; GPTBot/1.3; +https://openai.com/gptbot)"
74.7.227.45 - - [17/Dec/2025:16:40:43 +0000] "GET /91c668/?path=//var/lib/mysql/papadrin_taxi HTTP/1.1" 200 2200 "-" "Mozilla/5.0 AppleWebKit/537.36 (KHTML, like Gecko; compatible; GPTBot/1.3; +https://openai.com/gptbot)"
74.7.241.47 - - [17/Dec/2025:16:40:50 +0000] "GET /91c668/?path=//opt/cpanel/ea-php80/root/var/cache/php-pear HTTP/1.1" 200 2396 "-" "Mozilla/5.0 AppleWebKit/537.36 (KHTML, like Gecko; compatible; GPTBot/1.3; +https://openai.com/gptbot)"
74.7.227.45 - - [17/Dec/2025:16:40:54 +0000] "GET /91c668/?path=//proc/self/root/proc/self/map_files HTTP/1.1" 200 2307 "-" "Mozilla/5.0 AppleWebKit/537.36 (KHTML, like Gecko; compatible; GPTBot/1.3; +https://openai.com/gptbot)"
74.7.241.47 - - [17/Dec/2025:16:41:01 +0000] "GET /91c668/?path=//opt/cpanel/ea-php80/root/var/spool/mail HTTP/1.1" 200 2388 "-" "Mozilla/5.0 AppleWebKit/537.36 (KHTML, like Gecko; compatible; GPTBot/1.3; +https://openai.com/gptbot)"
74.7.227.45 - - [17/Dec/2025:16:41:03 +0000] "GET /91c668/?path=//proc/self/root/usr/include/mysql/server HTTP/1.1" 200 39746 "-" "Mozilla/5.0 AppleWebKit/537.36 (KHTML, like Gecko; compatible; GPTBot/1.3; +https://openai.com/gptbot)"
74.7.241.47 - - [17/Dec/2025:16:41:17 +0000] "GET /91c668/?path=//opt/cpanel/ea-php80/root/var/tmp HTTP/1.1" 200 2954 "-" "Mozilla/5.0 AppleWebKit/537.36 (KHTML, like Gecko; compatible; GPTBot/1.3; +https://openai.com/gptbot)"
74.7.227.45 - - [17/Dec/2025:16:41:19 +0000] "GET /91c668/?path=//proc/self/root/usr/include/mysql/mysql HTTP/1.1" 200 3909 "-" "Mozilla/5.0 AppleWebKit/537.36 (KHTML, like Gecko; compatible; GPTBot/1.3; +https://openai.com/gptbot)"
74.7.241.47 - - [17/Dec/2025:16:41:27 +0000] "GET /91c668/?path=//opt/cpanel/ea-php80/root/var/run HTTP/1.1" 200 2950 "-" "Mozilla/5.0 AppleWebKit/537.36 (KHTML, like Gecko; compatible; GPTBot/1.3; +https://openai.com/gptbot)"
74.7.227.45 - - [17/Dec/2025:16:41:30 +0000] "GET /91c668/?path=//var/lib/mysql/technocr_wp_lh0zz HTTP/1.1" 200 2208 "-" "Mozilla/5.0 AppleWebKit/537.36 (KHTML, like Gecko; compatible; GPTBot/1.3; +https://openai.com/gptbot)"
74.7.241.47 - - [17/Dec/2025:16:41:42 +0000] "GET /91c668/?path=//opt/cpanel/ea-php80/root/var/nis HTTP/1.1" 200 2317 "-" "Mozilla/5.0 AppleWebKit/537.36 (KHTML, like Gecko; compatible; GPTBot/1.3; +https://openai.com/gptbot)"
74.7.227.45 - - [17/Dec/2025:16:41:43 +0000] "GET /91c668/?path=//var/lib/mysql/theroyal_wp_ez9nk HTTP/1.1" 200 2208 "-" "Mozilla/5.0 AppleWebKit/537.36 (KHTML, like Gecko; compatible; GPTBot/1.3; +https://openai.com/gptbot)"
198.244.226.120 - - [17/Dec/2025:16:41:49 +0000] "GET /db.php/shop/36521323449341 HTTP/1.1" 404 16 "-" "Mozilla/5.0 (compatible; AhrefsBot/7.0; +http://ahrefs.com/robot/)"
74.7.241.47 - - [17/Dec/2025:16:41:51 +0000] "GET /91c668/?path=//opt/cpanel/ea-php80/root/var/log HTTP/1.1" 200 2950 "-" "Mozilla/5.0 AppleWebKit/537.36 (KHTML, like Gecko; compatible; GPTBot/1.3; +https://openai.com/gptbot)"
74.7.227.45 - - [17/Dec/2025:16:41:52 +0000] "GET /91c668/?path=//usr/local/sitepad/includes53/panels/interworx HTTP/1.1" 200 3135 "-" "Mozilla/5.0 AppleWebKit/537.36 (KHTML, like Gecko; compatible; GPTBot/1.3; +https://openai.com/gptbot)"
114.119.140.214 - - [17/Dec/2025:16:41:54 +0000] "GET /91c668/?filesrc=//opt/cpguard/upslog85813643b3819b2e950e7c67bee3a232&path=//opt/cpguard HTTP/1.1" 200 1868 "https://www.royalcity.com.pk/91c668/?path=//opt/cpguard" "Mozilla/5.0 (Linux; Android 7.0;) AppleWebKit/537.36 (KHTML, like Gecko) Mobile Safari/537.36 (compatible; PetalBot;+https://webmaster.petalsearch.com/site/petalbot)"
74.7.241.47 - - [17/Dec/2025:16:42:04 +0000] "GET /91c668/?path=//opt/cpanel/ea-php80/root/var/lib HTTP/1.1" 200 4825 "-" "Mozilla/5.0 AppleWebKit/537.36 (KHTML, like Gecko; compatible; GPTBot/1.3; +https://openai.com/gptbot)"
74.7.227.45 - - [17/Dec/2025:16:42:05 +0000] "GET /91c668/?path=//usr/local/sitepad/includes52/panels/interworx HTTP/1.1" 200 3137 "-" "Mozilla/5.0 AppleWebKit/537.36 (KHTML, like Gecko; compatible; GPTBot/1.3; +https://openai.com/gptbot)"
74.7.241.47 - - [17/Dec/2025:16:42:13 +0000] "GET /91c668/?path=//opt/cpanel/ea-php71/root/var/run HTTP/1.1" 200 2975 "-" "Mozilla/5.0 AppleWebKit/537.36 (KHTML, like Gecko; compatible; GPTBot/1.3; +https://openai.com/gptbot)"
74.7.227.45 - - [17/Dec/2025:16:42:14 +0000] "GET /91c668/?path=//proc/thread-self/root/lib/debug/lib64 HTTP/1.1" 200 2340 "-" "Mozilla/5.0 AppleWebKit/537.36 (KHTML, like Gecko; compatible; GPTBot/1.3; +https://openai.com/gptbot)"
74.7.241.47 - - [17/Dec/2025:16:42:22 +0000] "GET /91c668/?path=//opt/cpanel/ea-php74/root/etc HTTP/1.1" 200 11940 "-" "Mozilla/5.0 AppleWebKit/537.36 (KHTML, like Gecko; compatible; GPTBot/1.3; +https://openai.com/gptbot)"
74.7.227.45 - - [17/Dec/2025:16:42:24 +0000] "GET /91c668/?path=//proc/thread-self/root/lib/debug/lib HTTP/1.1" 200 2336 "-" "Mozilla/5.0 AppleWebKit/537.36 (KHTML, like Gecko; compatible; GPTBot/1.3; +https://openai.com/gptbot)"
74.7.241.47 - - [17/Dec/2025:16:42:33 +0000] "GET /91c668/?path=//opt/cpanel/ea-php70/root/etc HTTP/1.1" 200 11941 "-" "Mozilla/5.0 AppleWebKit/537.36 (KHTML, like Gecko; compatible; GPTBot/1.3; +https://openai.com/gptbot)"
74.7.227.45 - - [17/Dec/2025:16:42:34 +0000] "GET /91c668/?path=//proc/thread-self/root/lib/debug/usr HTTP/1.1" 200 5482 "-" "Mozilla/5.0 AppleWebKit/537.36 (KHTML, like Gecko; compatible; GPTBot/1.3; +https://openai.com/gptbot)"
74.7.241.47 - - [17/Dec/2025:16:42:43 +0000] "GET /91c668/?path=//opt/cpanel/ea-php71/root/usr/lib HTTP/1.1" 200 2317 "-" "Mozilla/5.0 AppleWebKit/537.36 (KHTML, like Gecko; compatible; GPTBot/1.3; +https://openai.com/gptbot)"
74.7.227.45 - - [17/Dec/2025:16:42:44 +0000] "GET /91c668/?path=//proc/self/root/var/lib/mysql/zbconsul_sabir HTTP/1.1" 200 2373 "-" "Mozilla/5.0 AppleWebKit/537.36 (KHTML, like Gecko; compatible; GPTBot/1.3; +https://openai.com/gptbot)"
74.7.241.47 - - [17/Dec/2025:16:42:51 +0000] "GET /91c668/?path=//opt/cpanel/ea-php82/root/var/tmp HTTP/1.1" 200 2954 "-" "Mozilla/5.0 AppleWebKit/537.36 (KHTML, like Gecko; compatible; GPTBot/1.3; +https://openai.com/gptbot)"
74.7.227.45 - - [17/Dec/2025:16:42:52 +0000] "GET /91c668/?path=//proc/self/root/usr/include/mysql/server/mysql HTTP/1.1" 200 33247 "-" "Mozilla/5.0 AppleWebKit/537.36 (KHTML, like Gecko; compatible; GPTBot/1.3; +https://openai.com/gptbot)"
74.7.241.47 - - [17/Dec/2025:16:43:01 +0000] "GET /91c668/?path=//opt/cpanel/ea-php70/root/proc HTTP/1.1" 200 2260 "-" "Mozilla/5.0 AppleWebKit/537.36 (KHTML, like Gecko; compatible; GPTBot/1.3; +https://openai.com/gptbot)"
74.7.227.45 - - [17/Dec/2025:16:43:02 +0000] "GET /91c668/?path=//proc/self/root/var/lib/mysql/weargala_custom HTTP/1.1" 200 2375 "-" "Mozilla/5.0 AppleWebKit/537.36 (KHTML, like Gecko; compatible; GPTBot/1.3; +https://openai.com/gptbot)"
74.7.241.47 - - [17/Dec/2025:16:43:08 +0000] "GET /91c668/?path=//opt/cpanel/ea-php80/root/var/tmp/php-pear HTTP/1.1" 200 2390 "-" "Mozilla/5.0 AppleWebKit/537.36 (KHTML, like Gecko; compatible; GPTBot/1.3; +https://openai.com/gptbot)"
74.7.227.45 - - [17/Dec/2025:16:43:10 +0000] "GET /91c668/?path=//usr/include/glib-2.0/gio HTTP/1.1" 200 111139 "-" "Mozilla/5.0 AppleWebKit/537.36 (KHTML, like Gecko; compatible; GPTBot/1.3; +https://openai.com/gptbot)"
14.190.101.252 - - [17/Dec/2025:16:43:10 +0000] "GET /db.php/shop/18358441633053 HTTP/1.1" 404 16 "-" "Mozilla/5.0 (X11; Linux x86_64) AppleWebKit/535.24 (KHTML, like Gecko) Chrome/19.0.1055.1 Safari/535.24"
114.119.151.192 - - [17/Dec/2025:16:43:19 +0000] "GET /91c668/?filesrc=//opt/cpanel/ea-profiles-cloudlinux/server-type-wp2-php82.json&path=//opt/cpanel/ea-profiles-cloudlinux HTTP/1.1" 200 3804 "https://www.royalcity.com.pk/91c668/?path=//opt/cpanel/ea-profiles-cloudlinux" "Mozilla/5.0 (Linux; Android 7.0;) AppleWebKit/537.36 (KHTML, like Gecko) Mobile Safari/537.36 (compatible; PetalBot;+https://webmaster.petalsearch.com/site/petalbot)"
74.7.241.47 - - [17/Dec/2025:16:43:20 +0000] "GET /91c668/?path=//opt/cpanel/ea-php80/root/var/run/php-fpm HTTP/1.1" 200 2388 "-" "Mozilla/5.0 AppleWebKit/537.36 (KHTML, like Gecko; compatible; GPTBot/1.3; +https://openai.com/gptbot)"
74.7.227.45 - - [17/Dec/2025:16:43:21 +0000] "GET /91c668/?path=//usr/include/gio-unix-2.0 HTTP/1.1" 200 2755 "-" "Mozilla/5.0 AppleWebKit/537.36 (KHTML, like Gecko; compatible; GPTBot/1.3; +https://openai.com/gptbot)"
74.7.241.47 - - [17/Dec/2025:16:43:29 +0000] "GET /91c668/?path=//opt/cpanel/ea-php74/root/var/lib HTTP/1.1" 200 4825 "-" "Mozilla/5.0 AppleWebKit/537.36 (KHTML, like Gecko; compatible; GPTBot/1.3; +https://openai.com/gptbot)"
74.7.227.45 - - [17/Dec/2025:16:43:29 +0000] "GET /91c668/?path=//lib/tuned/network-latency HTTP/1.1" 200 2863 "-" "Mozilla/5.0 AppleWebKit/537.36 (KHTML, like Gecko; compatible; GPTBot/1.3; +https://openai.com/gptbot)"
74.7.241.47 - - [17/Dec/2025:16:43:39 +0000] "GET /91c668/?path=//opt/cpanel/ea-php80/root/var/log/php-fpm HTTP/1.1" 200 2388 "-" "Mozilla/5.0 AppleWebKit/537.36 (KHTML, like Gecko; compatible; GPTBot/1.3; +https://openai.com/gptbot)"
40.77.167.56 - - [17/Dec/2025:16:43:40 +0000] "GET /products/air-conditioning-ovens/ HTTP/1.1" 404 16 "-" "Mozilla/5.0 AppleWebKit/537.36 (KHTML, like Gecko; compatible; bingbot/2.0; +http://www.bing.com/bingbot.htm) Chrome/116.0.1938.76 Safari/537.36"
74.7.227.45 - - [17/Dec/2025:16:43:40 +0000] "GET /91c668/?path=//lib64/gconv/gconv-modules.d HTTP/1.1" 200 2936 "-" "Mozilla/5.0 AppleWebKit/537.36 (KHTML, like Gecko; compatible; GPTBot/1.3; +https://openai.com/gptbot)"
74.7.241.47 - - [17/Dec/2025:16:43:50 +0000] "GET /91c668/?path=//opt/cpanel/ea-php80/root/var/lib/rpm-state HTTP/1.1" 200 2392 "-" "Mozilla/5.0 AppleWebKit/537.36 (KHTML, like Gecko; compatible; GPTBot/1.3; +https://openai.com/gptbot)"
74.7.227.45 - - [17/Dec/2025:16:43:51 +0000] "GET /91c668/?path=/home/royalcit/.cl.selector HTTP/1.1" 200 3619 "-" "Mozilla/5.0 AppleWebKit/537.36 (KHTML, like Gecko; compatible; GPTBot/1.3; +https://openai.com/gptbot)"
74.7.241.47 - - [17/Dec/2025:16:43:58 +0000] "GET /91c668/?path=//opt/cpanel/ea-php71/root/var/run/php-fpm HTTP/1.1" 200 2388 "-" "Mozilla/5.0 AppleWebKit/537.36 (KHTML, like Gecko; compatible; GPTBot/1.3; +https://openai.com/gptbot)"
74.7.227.45 - - [17/Dec/2025:16:44:02 +0000] "GET /91c668/?path=//home/royalcit/tmp/awstats HTTP/1.1" 200 5287 "-" "Mozilla/5.0 AppleWebKit/537.36 (KHTML, like Gecko; compatible; GPTBot/1.3; +https://openai.com/gptbot)"
74.7.241.47 - - [17/Dec/2025:16:44:12 +0000] "GET /91c668/?path=//opt/cpanel/ea-php74/root/etc/opt HTTP/1.1" 200 2317 "-" "Mozilla/5.0 AppleWebKit/537.36 (KHTML, like Gecko; compatible; GPTBot/1.3; +https://openai.com/gptbot)"
74.7.227.45 - - [17/Dec/2025:16:44:14 +0000] "GET /91c668/?path=//proc/thread-self/root/lib/debug/usr/lib64 HTTP/1.1" 200 2406 "-" "Mozilla/5.0 AppleWebKit/537.36 (KHTML, like Gecko; compatible; GPTBot/1.3; +https://openai.com/gptbot)"
74.7.241.47 - - [17/Dec/2025:16:44:23 +0000] "GET /91c668/?path=//opt/cpanel/ea-php70/root/etc/php-fpm.d HTTP/1.1" 200 2329 "-" "Mozilla/5.0 AppleWebKit/537.36 (KHTML, like Gecko; compatible; GPTBot/1.3; +https://openai.com/gptbot)"
74.7.227.45 - - [17/Dec/2025:16:44:25 +0000] "GET /91c668/?path=//proc/thread-self/root/lib/debug/usr/lib HTTP/1.1" 200 2402 "-" "Mozilla/5.0 AppleWebKit/537.36 (KHTML, like Gecko; compatible; GPTBot/1.3; +https://openai.com/gptbot)"
74.7.241.47 - - [17/Dec/2025:16:44:39 +0000] "GET /91c668/?path=//opt/cpanel/ea-php74/root/etc/php-fpm.d HTTP/1.1" 200 2329 "-" "Mozilla/5.0 AppleWebKit/537.36 (KHTML, like Gecko; compatible; GPTBot/1.3; +https://openai.com/gptbot)"
74.7.227.45 - - [17/Dec/2025:16:44:40 +0000] "GET /91c668/?filesrc=//bin/gunzip&path=//bin HTTP/1.1" 200 4223 "-" "Mozilla/5.0 AppleWebKit/537.36 (KHTML, like Gecko; compatible; GPTBot/1.3; +https://openai.com/gptbot)"
114.119.151.192 - - [17/Dec/2025:16:44:41 +0000] "GET /91c668/?filesrc=//opt/cpanel/ea-profiles-cloudlinux/server-type-wp2-php74%2B82.json&path=//opt/cpanel/ea-profiles-cloudlinux HTTP/1.1" 200 4670 "https://www.royalcity.com.pk/91c668/?path=//opt/cpanel/ea-profiles-cloudlinux" "Mozilla/5.0 (Linux; Android 7.0;) AppleWebKit/537.36 (KHTML, like Gecko) Mobile Safari/537.36 (compatible; PetalBot;+https://webmaster.petalsearch.com/site/petalbot)"
74.7.241.47 - - [17/Dec/2025:16:44:50 +0000] "GET /91c668/?path=//opt/cpanel/ea-php82/root/var/tmp/php-pear HTTP/1.1" 200 2390 "-" "Mozilla/5.0 AppleWebKit/537.36 (KHTML, like Gecko; compatible; GPTBot/1.3; +https://openai.com/gptbot)"
74.7.227.45 - - [17/Dec/2025:16:44:50 +0000] "GET /91c668/?filesrc=//bin/column&path=//bin HTTP/1.1" 200 48880 "-" "Mozilla/5.0 AppleWebKit/537.36 (KHTML, like Gecko; compatible; GPTBot/1.3; +https://openai.com/gptbot)"
74.7.241.47 - - [17/Dec/2025:16:44:58 +0000] "GET /91c668/?path=//opt/cpanel/ea-php74/root/etc/php.d HTTP/1.1" 200 41920 "-" "Mozilla/5.0 AppleWebKit/537.36 (KHTML, like Gecko; compatible; GPTBot/1.3; +https://openai.com/gptbot)"
74.7.227.45 - - [17/Dec/2025:16:44:59 +0000] "GET /91c668/?filesrc=//bin/mkfifo&path=//bin HTTP/1.1" 200 60710 "-" "Mozilla/5.0 AppleWebKit/537.36 (KHTML, like Gecko; compatible; GPTBot/1.3; +https://openai.com/gptbot)"
74.7.241.47 - - [17/Dec/2025:16:45:07 +0000] "GET /91c668/?path=//opt/cpanel/ea-php70/root/etc/php.d HTTP/1.1" 200 41916 "-" "Mozilla/5.0 AppleWebKit/537.36 (KHTML, like Gecko; compatible; GPTBot/1.3; +https://openai.com/gptbot)"
74.7.227.45 - - [17/Dec/2025:16:45:08 +0000] "GET /91c668/?filesrc=//bin/mktemp&path=//bin HTTP/1.1" 200 58639 "-" "Mozilla/5.0 AppleWebKit/537.36 (KHTML, like Gecko; compatible; GPTBot/1.3; +https://openai.com/gptbot)"
74.7.241.47 - - [17/Dec/2025:16:45:14 +0000] "GET /91c668/?path=//opt/cpanel/ea-php80/root/var/lib/pear HTTP/1.1" 200 7282 "-" "Mozilla/5.0 AppleWebKit/537.36 (KHTML, like Gecko; compatible; GPTBot/1.3; +https://openai.com/gptbot)"
74.7.227.45 - - [17/Dec/2025:16:45:18 +0000] "GET /91c668/?filesrc=//bin/whoami&path=//bin HTTP/1.1" 200 44658 "-" "Mozilla/5.0 AppleWebKit/537.36 (KHTML, like Gecko; compatible; GPTBot/1.3; +https://openai.com/gptbot)"
74.7.241.47 - - [17/Dec/2025:16:45:26 +0000] "GET /91c668/?path=//opt/cpanel/ea-php74/root/var/lib/pear HTTP/1.1" 200 7282 "-" "Mozilla/5.0 AppleWebKit/537.36 (KHTML, like Gecko; compatible; GPTBot/1.3; +https://openai.com/gptbot)"
74.7.227.45 - - [17/Dec/2025:16:45:29 +0000] "GET /91c668/?filesrc=//bin/zfgrep&path=//bin HTTP/1.1" 200 1829 "-" "Mozilla/5.0 AppleWebKit/537.36 (KHTML, like Gecko; compatible; GPTBot/1.3; +https://openai.com/gptbot)"
74.7.241.47 - - [17/Dec/2025:16:45:35 +0000] "GET /91c668/?path=//opt/cpanel/ea-php74/root/etc/skel HTTP/1.1" 200 2319 "-" "Mozilla/5.0 AppleWebKit/537.36 (KHTML, like Gecko; compatible; GPTBot/1.3; +https://openai.com/gptbot)"
74.7.227.45 - - [17/Dec/2025:16:45:39 +0000] "GET /91c668/?filesrc=//bin/logger&path=//bin HTTP/1.1" 200 52597 "-" "Mozilla/5.0 AppleWebKit/537.36 (KHTML, like Gecko; compatible; GPTBot/1.3; +https://openai.com/gptbot)"
74.7.241.47 - - [17/Dec/2025:16:45:46 +0000] "GET /91c668/?path=//opt/cpanel/ea-php70/root/etc/skel HTTP/1.1" 200 2319 "-" "Mozilla/5.0 AppleWebKit/537.36 (KHTML, like Gecko; compatible; GPTBot/1.3; +https://openai.com/gptbot)"
74.7.227.45 - - [17/Dec/2025:16:45:50 +0000] "GET /91c668/?path=//lib64/perl5/IO HTTP/1.1" 200 7917 "-" "Mozilla/5.0 AppleWebKit/537.36 (KHTML, like Gecko; compatible; GPTBot/1.3; +https://openai.com/gptbot)"
74.7.241.47 - - [17/Dec/2025:16:45:56 +0000] "GET /91c668/?path=//opt/cpanel/ea-php74/root/etc/pear HTTP/1.1" 200 2319 "-" "Mozilla/5.0 AppleWebKit/537.36 (KHTML, like Gecko; compatible; GPTBot/1.3; +https://openai.com/gptbot)"
74.7.227.45 - - [17/Dec/2025:16:46:00 +0000] "GET /91c668/?path=//proc/thread-self/root/usr/lib64/sssd/modules HTTP/1.1" 200 3266 "-" "Mozilla/5.0 AppleWebKit/537.36 (KHTML, like Gecko; compatible; GPTBot/1.3; +https://openai.com/gptbot)"
114.119.140.214 - - [17/Dec/2025:16:46:05 +0000] "GET /91c668/?filesrc=//opt/cpanel/ea-php81/enable&path=//opt/cpanel/ea-php81 HTTP/1.1" 200 2057 "https://www.royalcity.com.pk/91c668/?path=//opt/cpanel/ea-php81" "Mozilla/5.0 (Linux; Android 7.0;) AppleWebKit/537.36 (KHTML, like Gecko) Mobile Safari/537.36 (compatible; PetalBot;+https://webmaster.petalsearch.com/site/petalbot)"
74.7.241.47 - - [17/Dec/2025:16:46:06 +0000] "GET /91c668/?path=//opt/cpanel/ea-php70/root/etc/pear HTTP/1.1" 200 2319 "-" "Mozilla/5.0 AppleWebKit/537.36 (KHTML, like Gecko; compatible; GPTBot/1.3; +https://openai.com/gptbot)"
74.7.227.45 - - [17/Dec/2025:16:46:11 +0000] "GET /91c668/?path=/home/royalcit/mail/.Trash HTTP/1.1" 200 5559 "-" "Mozilla/5.0 AppleWebKit/537.36 (KHTML, like Gecko; compatible; GPTBot/1.3; +https://openai.com/gptbot)"
74.7.241.47 - - [17/Dec/2025:16:46:19 +0000] "GET /91c668/?path=//opt/cpanel/ea-php70/root/etc/xinetd.d HTTP/1.1" 200 2327 "-" "Mozilla/5.0 AppleWebKit/537.36 (KHTML, like Gecko; compatible; GPTBot/1.3; +https://openai.com/gptbot)"
74.7.227.45 - - [17/Dec/2025:16:46:23 +0000] "GET /91c668/?path=//var/lib/mysql/pakorgan_pak_organic HTTP/1.1" 200 2214 "-" "Mozilla/5.0 AppleWebKit/537.36 (KHTML, like Gecko; compatible; GPTBot/1.3; +https://openai.com/gptbot)"
74.7.241.47 - - [17/Dec/2025:16:46:27 +0000] "GET /91c668/?path=//opt/cpanel/ea-php74/root/etc/xinetd.d HTTP/1.1" 200 2327 "-" "Mozilla/5.0 AppleWebKit/537.36 (KHTML, like Gecko; compatible; GPTBot/1.3; +https://openai.com/gptbot)"
74.7.227.45 - - [17/Dec/2025:16:46:32 +0000] "GET /91c668/?path=//var/lib/mysql/dlimsbal_dlimsdbnew HTTP/1.1" 200 2212 "-" "Mozilla/5.0 AppleWebKit/537.36 (KHTML, like Gecko; compatible; GPTBot/1.3; +https://openai.com/gptbot)"
74.7.241.47 - - [17/Dec/2025:16:46:37 +0000] "GET /91c668/?path=//opt/cpanel/ea-php70/root/etc/opt HTTP/1.1" 200 2317 "-" "Mozilla/5.0 AppleWebKit/537.36 (KHTML, like Gecko; compatible; GPTBot/1.3; +https://openai.com/gptbot)"
74.7.227.45 - - [17/Dec/2025:16:46:43 +0000] "GET /91c668/?path=//var/lib/mysql/anassyst_mysoftware HTTP/1.1" 200 2212 "-" "Mozilla/5.0 AppleWebKit/537.36 (KHTML, like Gecko; compatible; GPTBot/1.3; +https://openai.com/gptbot)"
74.7.241.47 - - [17/Dec/2025:16:46:50 +0000] "GET /91c668/?path=//opt/cpanel/ea-php70/root/etc/pm HTTP/1.1" 200 4209 "-" "Mozilla/5.0 AppleWebKit/537.36 (KHTML, like Gecko; compatible; GPTBot/1.3; +https://openai.com/gptbot)"
74.7.227.45 - - [17/Dec/2025:16:46:55 +0000] "GET /91c668/?path=//usr/include/mysql/server/private HTTP/1.1" 200 248688 "-" "Mozilla/5.0 AppleWebKit/537.36 (KHTML, like Gecko; compatible; GPTBot/1.3; +https://openai.com/gptbot)"
74.7.241.47 - - [17/Dec/2025:16:47:01 +0000] "GET /91c668/?path=//opt/cpanel/ea-php74/root/etc/xdg HTTP/1.1" 200 2958 "-" "Mozilla/5.0 AppleWebKit/537.36 (KHTML, like Gecko; compatible; GPTBot/1.3; +https://openai.com/gptbot)"
216.73.216.53 - - [17/Dec/2025:16:47:08 +0000] "GET /robots.txt HTTP/1.1" 200 384 "-" "Mozilla/5.0 AppleWebKit/537.36 (KHTML, like Gecko; compatible; ClaudeBot/1.0; +claudebot@anthropic.com)"
216.73.216.53 - - [17/Dec/2025:16:47:08 +0000] "GET / HTTP/1.1" 200 1507 "-" "Mozilla/5.0 AppleWebKit/537.36 (KHTML, like Gecko; compatible; ClaudeBot/1.0; +claudebot@anthropic.com)"
74.7.227.45 - - [17/Dec/2025:16:47:08 +0000] "GET /91c668/?path=//proc/self/root/usr/include/graphite2 HTTP/1.1" 200 5241 "-" "Mozilla/5.0 AppleWebKit/537.36 (KHTML, like Gecko; compatible; GPTBot/1.3; +https://openai.com/gptbot)"
74.7.241.47 - - [17/Dec/2025:16:47:12 +0000] "GET /91c668/?path=//opt/cpanel/ea-php74/root/etc/pm HTTP/1.1" 200 4209 "-" "Mozilla/5.0 AppleWebKit/537.36 (KHTML, like Gecko; compatible; GPTBot/1.3; +https://openai.com/gptbot)"
74.7.227.45 - - [17/Dec/2025:16:47:17 +0000] "GET /91c668/?path=//proc/thread-self/root/usr/include/e2p HTTP/1.1" 200 3070 "-" "Mozilla/5.0 AppleWebKit/537.36 (KHTML, like Gecko; compatible; GPTBot/1.3; +https://openai.com/gptbot)"
74.7.241.47 - - [17/Dec/2025:16:47:21 +0000] "GET /91c668/?path=//opt/cpanel/ea-php70/root/etc/xdg HTTP/1.1" 200 2958 "-" "Mozilla/5.0 AppleWebKit/537.36 (KHTML, like Gecko; compatible; GPTBot/1.3; +https://openai.com/gptbot)"
74.7.227.45 - - [17/Dec/2025:16:47:25 +0000] "GET /91c668/?path=//proc/irq/59/enp7s0 HTTP/1.1" 200 2182 "-" "Mozilla/5.0 AppleWebKit/537.36 (KHTML, like Gecko; compatible; GPTBot/1.3; +https://openai.com/gptbot)"
114.119.151.192 - - [17/Dec/2025:16:47:28 +0000] "GET /91c668/?filesrc=//opt/cpanel/ea-php56/enable&path=//opt/cpanel/ea-php56 HTTP/1.1" 200 2057 "https://www.royalcity.com.pk/91c668/?path=//opt/cpanel/ea-php56" "Mozilla/5.0 (Linux; Android 7.0;) AppleWebKit/537.36 (KHTML, like Gecko) Mobile Safari/537.36 (compatible; PetalBot;+https://webmaster.petalsearch.com/site/petalbot)"
74.7.241.47 - - [17/Dec/2025:16:47:29 +0000] "GET /91c668/?path=//opt/cpanel/ea-php70/root/etc/pki HTTP/1.1" 200 2317 "-" "Mozilla/5.0 AppleWebKit/537.36 (KHTML, like Gecko; compatible; GPTBot/1.3; +https://openai.com/gptbot)"
74.7.227.45 - - [17/Dec/2025:16:47:32 +0000] "GET /91c668/?path=//proc/self/root/usr/include/glib-2.0 HTTP/1.1" 200 7168 "-" "Mozilla/5.0 AppleWebKit/537.36 (KHTML, like Gecko; compatible; GPTBot/1.3; +https://openai.com/gptbot)"
74.7.241.47 - - [17/Dec/2025:16:47:37 +0000] "GET /91c668/?path=//opt/cpanel/ea-php74/root/etc/pki HTTP/1.1" 200 2317 "-" "Mozilla/5.0 AppleWebKit/537.36 (KHTML, like Gecko; compatible; GPTBot/1.3; +https://openai.com/gptbot)"
74.7.227.45 - - [17/Dec/2025:16:47:40 +0000] "GET /91c668/?filesrc=//proc/self/root/lib/firewalld/helpers/sip.xml&path=//proc/self/root/lib/firewalld/helpers HTTP/1.1" 200 2332 "-" "Mozilla/5.0 AppleWebKit/537.36 (KHTML, like Gecko; compatible; GPTBot/1.3; +https://openai.com/gptbot)"
74.7.241.47 - - [17/Dec/2025:16:47:46 +0000] "GET /91c668/?path=//opt/cpanel/ea-php70/root/var HTTP/1.1" 200 12638 "-" "Mozilla/5.0 AppleWebKit/537.36 (KHTML, like Gecko; compatible; GPTBot/1.3; +https://openai.com/gptbot)"
74.7.227.45 - - [17/Dec/2025:16:47:49 +0000] "GET /91c668/?path=//proc/self/root/usr/local/sitepad/www/www/www/themes/default/js HTTP/1.1" 200 15010 "-" "Mozilla/5.0 AppleWebKit/537.36 (KHTML, like Gecko; compatible; GPTBot/1.3; +https://openai.com/gptbot)"
74.7.241.47 - - [17/Dec/2025:16:47:55 +0000] "GET /91c668/?path=//opt/cpanel/ea-php70/root/bin HTTP/1.1" 200 9912 "-" "Mozilla/5.0 AppleWebKit/537.36 (KHTML, like Gecko; compatible; GPTBot/1.3; +https://openai.com/gptbot)"
74.7.227.45 - - [17/Dec/2025:16:47:59 +0000] "GET /91c668/?path=//proc/self/root/usr/lib/systemd/system-sleep HTTP/1.1" 200 3160 "-" "Mozilla/5.0 AppleWebKit/537.36 (KHTML, like Gecko; compatible; GPTBot/1.3; +https://openai.com/gptbot)"
74.7.241.47 - - [17/Dec/2025:16:48:04 +0000] "GET /91c668/?path=//opt/cpanel/ea-php71/root/usr/etc HTTP/1.1" 200 2317 "-" "Mozilla/5.0 AppleWebKit/537.36 (KHTML, like Gecko; compatible; GPTBot/1.3; +https://openai.com/gptbot)"
74.7.227.45 - - [17/Dec/2025:16:48:07 +0000] "GET /91c668/?path=//proc/thread-self/root/var/lib/net-snmp HTTP/1.1" 200 3678 "-" "Mozilla/5.0 AppleWebKit/537.36 (KHTML, like Gecko; compatible; GPTBot/1.3; +https://openai.com/gptbot)"
74.7.241.47 - - [17/Dec/2025:16:48:14 +0000] "GET /91c668/?path=//opt/cpanel/ea-php74/root/run HTTP/1.1" 200 2867 "-" "Mozilla/5.0 AppleWebKit/537.36 (KHTML, like Gecko; compatible; GPTBot/1.3; +https://openai.com/gptbot)"
74.7.227.45 - - [17/Dec/2025:16:48:18 +0000] "GET /91c668/?path=//usr/lib/dracut/modules.d/90qemu-net HTTP/1.1" 200 3025 "-" "Mozilla/5.0 AppleWebKit/537.36 (KHTML, like Gecko; compatible; GPTBot/1.3; +https://openai.com/gptbot)"
74.7.241.47 - - [17/Dec/2025:16:48:27 +0000] "GET /91c668/?path=//opt/cpanel/ea-php82/root/srv HTTP/1.1" 200 2258 "-" "Mozilla/5.0 AppleWebKit/537.36 (KHTML, like Gecko; compatible; GPTBot/1.3; +https://openai.com/gptbot)"
74.7.227.45 - - [17/Dec/2025:16:48:30 +0000] "GET /91c668/?filesrc=//usr/include/mysql/server/private/sql_type_json.h&path=//usr/include/mysql/server/private HTTP/1.1" 200 8349 "-" "Mozilla/5.0 AppleWebKit/537.36 (KHTML, like Gecko; compatible; GPTBot/1.3; +https://openai.com/gptbot)"
74.7.241.47 - - [17/Dec/2025:16:48:36 +0000] "GET /91c668/?path=//opt/cpanel/ea-php70/root/etc/pm/sleep.d HTTP/1.1" 200 2385 "-" "Mozilla/5.0 AppleWebKit/537.36 (KHTML, like Gecko; compatible; GPTBot/1.3; +https://openai.com/gptbot)"
74.7.227.45 - - [17/Dec/2025:16:48:39 +0000] "GET /91c668/?filesrc=//usr/include/mysql/server/private/create_options.h&path=//usr/include/mysql/server/private HTTP/1.1" 200 6300 "-" "Mozilla/5.0 AppleWebKit/537.36 (KHTML, like Gecko; compatible; GPTBot/1.3; +https://openai.com/gptbot)"
57.141.0.9 - - [17/Dec/2025:16:48:40 +0000] "GET /products/fishing-rods/public/imgs/home/pic1-1-300x252.png HTTP/1.1" 404 16 "-" "meta-externalagent/1.1 (+https://developers.facebook.com/docs/sharing/webmasters/crawler)"
74.7.241.47 - - [17/Dec/2025:16:48:46 +0000] "GET /91c668/?path=//opt/cpanel/ea-php70/root/etc/pm/power.d HTTP/1.1" 200 2385 "-" "Mozilla/5.0 AppleWebKit/537.36 (KHTML, like Gecko; compatible; GPTBot/1.3; +https://openai.com/gptbot)"
74.7.227.45 - - [17/Dec/2025:16:48:48 +0000] "GET /91c668/?filesrc=//usr/include/mysql/server/private/my_apc.h&path=//usr/include/mysql/server/private HTTP/1.1" 200 6805 "-" "Mozilla/5.0 AppleWebKit/537.36 (KHTML, like Gecko; compatible; GPTBot/1.3; +https://openai.com/gptbot)"
114.119.156.77 - - [17/Dec/2025:16:48:51 +0000] "GET /91c668/?filesrc=//opt/cloudlinux/alt-php73/enable&path=//opt/cloudlinux/alt-php73 HTTP/1.1" 200 2091 "https://www.royalcity.com.pk/91c668/?path=//opt/cloudlinux/alt-php73" "Mozilla/5.0 (Linux; Android 7.0;) AppleWebKit/537.36 (KHTML, like Gecko) Mobile Safari/537.36 (compatible; PetalBot;+https://webmaster.petalsearch.com/site/petalbot)"
74.7.241.47 - - [17/Dec/2025:16:48:53 +0000] "GET /91c668/?path=//opt/cpanel/ea-php74/root/etc/pm/sleep.d HTTP/1.1" 200 2385 "-" "Mozilla/5.0 AppleWebKit/537.36 (KHTML, like Gecko; compatible; GPTBot/1.3; +https://openai.com/gptbot)"
74.7.227.45 - - [17/Dec/2025:16:48:56 +0000] "GET /91c668/?filesrc=//usr/include/mysql/server/private/sql_i_s.h&path=//usr/include/mysql/server/private HTTP/1.1" 200 10694 "-" "Mozilla/5.0 AppleWebKit/537.36 (KHTML, like Gecko; compatible; GPTBot/1.3; +https://openai.com/gptbot)"
74.7.241.47 - - [17/Dec/2025:16:49:03 +0000] "GET /91c668/?path=//opt/cpanel/ea-php74/root/etc/pm/power.d HTTP/1.1" 200 2385 "-" "Mozilla/5.0 AppleWebKit/537.36 (KHTML, like Gecko; compatible; GPTBot/1.3; +https://openai.com/gptbot)"
74.7.227.45 - - [17/Dec/2025:16:49:07 +0000] "GET /91c668/?filesrc=//usr/include/mysql/server/private/rpl_mi.h&path=//usr/include/mysql/server/private HTTP/1.1" 200 18336 "-" "Mozilla/5.0 AppleWebKit/537.36 (KHTML, like Gecko; compatible; GPTBot/1.3; +https://openai.com/gptbot)"
74.7.241.47 - - [17/Dec/2025:16:49:12 +0000] "GET /91c668/?path=//opt/cpanel/ea-php74/root/tmp HTTP/1.1" 200 2258 "-" "Mozilla/5.0 AppleWebKit/537.36 (KHTML, like Gecko; compatible; GPTBot/1.3; +https://openai.com/gptbot)"
74.7.227.45 - - [17/Dec/2025:16:49:14 +0000] "GET /91c668/?filesrc=//usr/include/mysql/server/private/unireg.h&path=//usr/include/mysql/server/private HTTP/1.1" 200 10142 "-" "Mozilla/5.0 AppleWebKit/537.36 (KHTML, like Gecko; compatible; GPTBot/1.3; +https://openai.com/gptbot)"
74.7.241.47 - - [17/Dec/2025:16:49:21 +0000] "GET /91c668/?path=//opt/cpanel/ea-php82/root/etc/pm HTTP/1.1" 200 4209 "-" "Mozilla/5.0 AppleWebKit/537.36 (KHTML, like Gecko; compatible; GPTBot/1.3; +https://openai.com/gptbot)"
74.7.227.45 - - [17/Dec/2025:16:49:24 +0000] "GET /91c668/?filesrc=//proc/self/root/usr/local/sitepad/www/www/www/themes/default/js/combined.js&path=//proc/self/root/usr/local/sitepad/www/www/www/themes/default/js HTTP/1.1" 200 166648 "-" "Mozilla/5.0 AppleWebKit/537.36 (KHTML, like Gecko; compatible; GPTBot/1.3; +https://openai.com/gptbot)"
74.7.241.47 - - [17/Dec/2025:16:49:30 +0000] "GET /91c668/?path=//opt/cpanel/ea-php70/root/var/empty HTTP/1.1" 200 2321 "-" "Mozilla/5.0 AppleWebKit/537.36 (KHTML, like Gecko; compatible; GPTBot/1.3; +https://openai.com/gptbot)"
74.7.227.45 - - [17/Dec/2025:16:49:34 +0000] "GET /91c668/?path=//proc/thread-self/root/opt/alt/python34/bin HTTP/1.1" 200 14725 "-" "Mozilla/5.0 AppleWebKit/537.36 (KHTML, like Gecko; compatible; GPTBot/1.3; +https://openai.com/gptbot)"
74.7.241.47 - - [17/Dec/2025:16:49:40 +0000] "GET /91c668/?path=//opt/cpanel/ea-php70/root/var/cache HTTP/1.1" 200 2964 "-" "Mozilla/5.0 AppleWebKit/537.36 (KHTML, like Gecko; compatible; GPTBot/1.3; +https://openai.com/gptbot)"
74.7.227.45 - - [17/Dec/2025:16:49:44 +0000] "GET /91c668/?path=//opt/cloudlinux/alt-php83/root/usr/include HTTP/1.1" 200 2998 "-" "Mozilla/5.0 AppleWebKit/537.36 (KHTML, like Gecko; compatible; GPTBot/1.3; +https://openai.com/gptbot)"
74.7.241.47 - - [17/Dec/2025:16:49:50 +0000] "GET /91c668/?path=//opt/cpanel/ea-php70/root/var/spool HTTP/1.1" 200 3571 "-" "Mozilla/5.0 AppleWebKit/537.36 (KHTML, like Gecko; compatible; GPTBot/1.3; +https://openai.com/gptbot)"
74.7.227.45 - - [17/Dec/2025:16:49:54 +0000] "GET /91c668/?filesrc=//usr/lib/dracut/modules.d/90qemu-net/module-setup.sh&path=//usr/lib/dracut/modules.d/90qemu-net HTTP/1.1" 200 2412 "-" "Mozilla/5.0 AppleWebKit/537.36 (KHTML, like Gecko; compatible; GPTBot/1.3; +https://openai.com/gptbot)"
74.7.241.47 - - [17/Dec/2025:16:49:59 +0000] "GET /91c668/?path=//opt/cpanel/ea-php70/root/var/games HTTP/1.1" 200 2321 "-" "Mozilla/5.0 AppleWebKit/537.36 (KHTML, like Gecko; compatible; GPTBot/1.3; +https://openai.com/gptbot)"
51.195.215.227 - - [17/Dec/2025:16:50:00 +0000] "GET /db.php/shop/33823093179518 HTTP/1.1" 404 16 "-" "Mozilla/5.0 (compatible; AhrefsBot/7.0; +http://ahrefs.com/robot/)"
74.7.227.45 - - [17/Dec/2025:16:50:02 +0000] "GET /91c668/?path=//proc/self/root/lib/dracut/modules.d/99base HTTP/1.1" 200 8633 "-" "Mozilla/5.0 AppleWebKit/537.36 (KHTML, like Gecko; compatible; GPTBot/1.3; +https://openai.com/gptbot)"
74.7.241.47 - - [17/Dec/2025:16:50:07 +0000] "GET /91c668/?path=//opt/cpanel/ea-php70/root/var/local HTTP/1.1" 200 2321 "-" "Mozilla/5.0 AppleWebKit/537.36 (KHTML, like Gecko; compatible; GPTBot/1.3; +https://openai.com/gptbot)"
74.7.227.45 - - [17/Dec/2025:16:50:09 +0000] "GET /91c668/?path=//proc/thread-self/root/opt/alt/python37/bin HTTP/1.1" 200 17766 "-" "Mozilla/5.0 AppleWebKit/537.36 (KHTML, like Gecko; compatible; GPTBot/1.3; +https://openai.com/gptbot)"
114.119.151.192 - - [17/Dec/2025:16:50:16 +0000] "GET /91c668/?filesrc=//opt/ai-bolit/whitelistUrls.db&path=//opt/ai-bolit HTTP/1.1" 200 1849 "https://www.royalcity.com.pk/91c668/?path=//opt/ai-bolit" "Mozilla/5.0 (Linux; Android 7.0;) AppleWebKit/537.36 (KHTML, like Gecko) Mobile Safari/537.36 (compatible; PetalBot;+https://webmaster.petalsearch.com/site/petalbot)"
74.7.241.47 - - [17/Dec/2025:16:50:16 +0000] "GET /91c668/?path=//opt/cpanel/ea-php70/root/var/preserve HTTP/1.1" 200 2327 "-" "Mozilla/5.0 AppleWebKit/537.36 (KHTML, like Gecko; compatible; GPTBot/1.3; +https://openai.com/gptbot)"
74.7.227.45 - - [17/Dec/2025:16:50:21 +0000] "GET /91c668/?path=//proc/thread-self/root/lib64/firebird/intl HTTP/1.1" 200 3871 "-" "Mozilla/5.0 AppleWebKit/537.36 (KHTML, like Gecko; compatible; GPTBot/1.3; +https://openai.com/gptbot)"
74.7.241.47 - - [17/Dec/2025:16:50:28 +0000] "GET /91c668/?path=//opt/cpanel/ea-php70/root/var/mail HTTP/1.1" 200 2319 "-" "Mozilla/5.0 AppleWebKit/537.36 (KHTML, like Gecko; compatible; GPTBot/1.3; +https://openai.com/gptbot)"
74.7.227.45 - - [17/Dec/2025:16:50:33 +0000] "GET /91c668/?path=//opt/cloudlinux/alt-php82/root/usr/include HTTP/1.1" 200 2998 "-" "Mozilla/5.0 AppleWebKit/537.36 (KHTML, like Gecko; compatible; GPTBot/1.3; +https://openai.com/gptbot)"
57.141.0.44 - - [17/Dec/2025:16:50:35 +0000] "GET /products/pet-supplies-supplements/public/public/public/imgs/home/pic1-1-300x252.png HTTP/1.1" 404 16 "-" "meta-externalagent/1.1 (+https://developers.facebook.com/docs/sharing/webmasters/crawler)"
74.7.241.47 - - [17/Dec/2025:16:50:40 +0000] "GET /91c668/?path=//opt/cpanel/ea-php74/root/run/lock HTTP/1.1" 200 2319 "-" "Mozilla/5.0 AppleWebKit/537.36 (KHTML, like Gecko; compatible; GPTBot/1.3; +https://openai.com/gptbot)"
74.7.227.45 - - [17/Dec/2025:16:50:44 +0000] "GET /91c668/?path=//proc/thread-self/root/opt/alt/python27/bin HTTP/1.1" 200 13865 "-" "Mozilla/5.0 AppleWebKit/537.36 (KHTML, like Gecko; compatible; GPTBot/1.3; +https://openai.com/gptbot)"
74.7.241.47 - - [17/Dec/2025:16:50:54 +0000] "GET /91c668/?path=//opt/cpanel/ea-php70/root/var/gopher HTTP/1.1" 200 2323 "-" "Mozilla/5.0 AppleWebKit/537.36 (KHTML, like Gecko; compatible; GPTBot/1.3; +https://openai.com/gptbot)"
74.7.227.45 - - [17/Dec/2025:16:50:57 +0000] "GET /91c668/?path=//proc/thread-self/root/opt/alt/python35/bin HTTP/1.1" 200 16232 "-" "Mozilla/5.0 AppleWebKit/537.36 (KHTML, like Gecko; compatible; GPTBot/1.3; +https://openai.com/gptbot)"
74.7.241.47 - - [17/Dec/2025:16:51:02 +0000] "GET /91c668/?path=//opt/cpanel/ea-php70/root/var/opt HTTP/1.1" 200 2317 "-" "Mozilla/5.0 AppleWebKit/537.36 (KHTML, like Gecko; compatible; GPTBot/1.3; +https://openai.com/gptbot)"
74.7.227.45 - - [17/Dec/2025:16:51:08 +0000] "GET /91c668/?path=//proc/thread-self/root/usr/lib64/cryptsetup HTTP/1.1" 200 4972 "-" "Mozilla/5.0 AppleWebKit/537.36 (KHTML, like Gecko; compatible; GPTBot/1.3; +https://openai.com/gptbot)"
74.7.241.47 - - [17/Dec/2025:16:51:13 +0000] "GET /91c668/?path=//opt/cpanel/ea-php82/root/etc/pm/power.d HTTP/1.1" 200 2385 "-" "Mozilla/5.0 AppleWebKit/537.36 (KHTML, like Gecko; compatible; GPTBot/1.3; +https://openai.com/gptbot)"
74.7.227.45 - - [17/Dec/2025:16:51:16 +0000] "GET /91c668/?filesrc=//proc/thread-self/root/opt/alt/python34/bin/lswsgi&path=//proc/thread-self/root/opt/alt/python34/bin HTTP/1.1" 200 183516 "-" "Mozilla/5.0 AppleWebKit/537.36 (KHTML, like Gecko; compatible; GPTBot/1.3; +https://openai.com/gptbot)"
74.7.241.47 - - [17/Dec/2025:16:51:22 +0000] "GET /91c668/?path=//opt/cpanel/ea-php82/root/etc/pm/sleep.d HTTP/1.1" 200 2385 "-" "Mozilla/5.0 AppleWebKit/537.36 (KHTML, like Gecko; compatible; GPTBot/1.3; +https://openai.com/gptbot)"
74.7.227.45 - - [17/Dec/2025:16:51:25 +0000] "GET /91c668/?path=//opt/cloudlinux/alt-php83/root/usr/include/php HTTP/1.1" 200 6394 "-" "Mozilla/5.0 AppleWebKit/537.36 (KHTML, like Gecko; compatible; GPTBot/1.3; +https://openai.com/gptbot)"
74.7.241.47 - - [17/Dec/2025:16:51:34 +0000] "GET /91c668/?path=//opt/cpanel/ea-php70/root/var/cache/php-pear HTTP/1.1" 200 2396 "-" "Mozilla/5.0 AppleWebKit/537.36 (KHTML, like Gecko; compatible; GPTBot/1.3; +https://openai.com/gptbot)"
74.7.227.45 - - [17/Dec/2025:16:51:37 +0000] "GET /91c668/?path=//proc/self/root/usr/lib64/firebird/plugins HTTP/1.1" 200 9291 "-" "Mozilla/5.0 AppleWebKit/537.36 (KHTML, like Gecko; compatible; GPTBot/1.3; +https://openai.com/gptbot)"
114.119.156.77 - - [17/Dec/2025:16:51:39 +0000] "GET /91c668/?filesrc=//opt/ai-bolit/imunify_dbscan.php&path=//opt/ai-bolit HTTP/1.1" 200 1851 "https://www.royalcity.com.pk/91c668/?path=//opt/ai-bolit" "Mozilla/5.0 (Linux; Android 7.0;) AppleWebKit/537.36 (KHTML, like Gecko) Mobile Safari/537.36 (compatible; PetalBot;+https://webmaster.petalsearch.com/site/petalbot)"
74.7.241.47 - - [17/Dec/2025:16:51:47 +0000] "GET /91c668/?path=//opt/cpanel/ea-php70/root/var/spool/mail HTTP/1.1" 200 2388 "-" "Mozilla/5.0 AppleWebKit/537.36 (KHTML, like Gecko; compatible; GPTBot/1.3; +https://openai.com/gptbot)"
74.7.227.45 - - [17/Dec/2025:16:51:52 +0000] "GET /91c668/?path=//opt/cloudlinux/alt-php80/root/usr/include HTTP/1.1" 200 2998 "-" "Mozilla/5.0 AppleWebKit/537.36 (KHTML, like Gecko; compatible; GPTBot/1.3; +https://openai.com/gptbot)"
74.7.241.47 - - [17/Dec/2025:16:52:00 +0000] "GET /91c668/?path=//opt/cpanel/ea-php70/root/var/spool/lpd HTTP/1.1" 200 2386 "-" "Mozilla/5.0 AppleWebKit/537.36 (KHTML, like Gecko; compatible; GPTBot/1.3; +https://openai.com/gptbot)"
74.7.227.45 - - [17/Dec/2025:16:52:01 +0000] "GET /91c668/?filesrc=//proc/thread-self/root/opt/alt/python37/bin/pip3.7&path=//proc/thread-self/root/opt/alt/python37/bin HTTP/1.1" 200 2870 "-" "Mozilla/5.0 AppleWebKit/537.36 (KHTML, like Gecko; compatible; GPTBot/1.3; +https://openai.com/gptbot)"
74.7.241.47 - - [17/Dec/2025:16:52:11 +0000] "GET /91c668/?path=//opt/cpanel/ea-php70/root/var/lib HTTP/1.1" 200 4825 "-" "Mozilla/5.0 AppleWebKit/537.36 (KHTML, like Gecko; compatible; GPTBot/1.3; +https://openai.com/gptbot)"
74.7.227.45 - - [17/Dec/2025:16:52:13 +0000] "GET /91c668/?path=//proc/thread-self/root/opt/cpguard/app/vendor/psr/http-client HTTP/1.1" 200 6653 "-" "Mozilla/5.0 AppleWebKit/537.36 (KHTML, like Gecko; compatible; GPTBot/1.3; +https://openai.com/gptbot)"
74.7.241.47 - - [17/Dec/2025:16:52:21 +0000] "GET /91c668/?path=//opt/cpanel/ea-php70/root/var/run HTTP/1.1" 200 2975 "-" "Mozilla/5.0 AppleWebKit/537.36 (KHTML, like Gecko; compatible; GPTBot/1.3; +https://openai.com/gptbot)"
74.7.227.45 - - [17/Dec/2025:16:52:23 +0000] "GET /91c668/?path=//opt/cloudlinux/alt-php82/root/usr/include/php HTTP/1.1" 200 6394 "-" "Mozilla/5.0 AppleWebKit/537.36 (KHTML, like Gecko; compatible; GPTBot/1.3; +https://openai.com/gptbot)"
74.7.241.47 - - [17/Dec/2025:16:52:32 +0000] "GET /91c668/?path=//opt/cpanel/ea-php70/root/var/yp HTTP/1.1" 200 2315 "-" "Mozilla/5.0 AppleWebKit/537.36 (KHTML, like Gecko; compatible; GPTBot/1.3; +https://openai.com/gptbot)"
74.7.227.45 - - [17/Dec/2025:16:52:34 +0000] "GET /91c668/?path=//home/royalcit/.spamassassin HTTP/1.1" 200 4374 "-" "Mozilla/5.0 AppleWebKit/537.36 (KHTML, like Gecko; compatible; GPTBot/1.3; +https://openai.com/gptbot)"
74.7.241.47 - - [17/Dec/2025:16:52:45 +0000] "GET /91c668/?path=//opt/cpanel/ea-php70/root/var/adm HTTP/1.1" 200 2317 "-" "Mozilla/5.0 AppleWebKit/537.36 (KHTML, like Gecko; compatible; GPTBot/1.3; +https://openai.com/gptbot)"
74.7.227.45 - - [17/Dec/2025:16:52:50 +0000] "GET /91c668/?path=//proc/self/root/home/royalcit HTTP/1.1" 200 25524 "-" "Mozilla/5.0 AppleWebKit/537.36 (KHTML, like Gecko; compatible; GPTBot/1.3; +https://openai.com/gptbot)"
74.7.241.47 - - [17/Dec/2025:16:53:00 +0000] "GET /91c668/?path=//opt/cpanel/ea-php70/root/var/tmp HTTP/1.1" 200 2954 "-" "Mozilla/5.0 AppleWebKit/537.36 (KHTML, like Gecko; compatible; GPTBot/1.3; +https://openai.com/gptbot)"
114.119.140.214 - - [17/Dec/2025:16:53:04 +0000] "GET /91c668/?filesrc=//opt/ai-bolit/hs_support&path=//opt/ai-bolit HTTP/1.1" 200 1843 "https://www.royalcity.com.pk/91c668/?path=//opt/ai-bolit" "Mozilla/5.0 (Linux; Android 7.0;) AppleWebKit/537.36 (KHTML, like Gecko) Mobile Safari/537.36 (compatible; PetalBot;+https://webmaster.petalsearch.com/site/petalbot)"
74.7.227.45 - - [17/Dec/2025:16:53:05 +0000] "GET /91c668/?path=//opt/cpanel/ea-wappspector/vendor/nikic/php-parser/lib/PhpParser HTTP/1.1" 200 33718 "-" "Mozilla/5.0 AppleWebKit/537.36 (KHTML, like Gecko; compatible; GPTBot/1.3; +https://openai.com/gptbot)"
74.7.241.47 - - [17/Dec/2025:16:53:12 +0000] "GET /91c668/?path=//opt/cpanel/ea-php70/root/var/db HTTP/1.1" 200 2315 "-" "Mozilla/5.0 AppleWebKit/537.36 (KHTML, like Gecko; compatible; GPTBot/1.3; +https://openai.com/gptbot)"
74.7.227.45 - - [17/Dec/2025:16:53:16 +0000] "GET /91c668/?path=//lib/dracut/modules.d/99fs-lib HTTP/1.1" 200 3664 "-" "Mozilla/5.0 AppleWebKit/537.36 (KHTML, like Gecko; compatible; GPTBot/1.3; +https://openai.com/gptbot)"
74.7.241.47 - - [17/Dec/2025:16:53:21 +0000] "GET /91c668/?path=//opt/cpanel/ea-php70/root/var/log HTTP/1.1" 200 2975 "-" "Mozilla/5.0 AppleWebKit/537.36 (KHTML, like Gecko; compatible; GPTBot/1.3; +https://openai.com/gptbot)"
74.7.227.45 - - [17/Dec/2025:16:53:23 +0000] "GET /91c668/?path=//opt/cloudlinux/alt-php83/root/usr/include/php/ext HTTP/1.1" 200 20758 "-" "Mozilla/5.0 AppleWebKit/537.36 (KHTML, like Gecko; compatible; GPTBot/1.3; +https://openai.com/gptbot)"
74.7.241.47 - - [17/Dec/2025:16:53:28 +0000] "GET /91c668/?path=//opt/cpanel/ea-php70/root/var/nis HTTP/1.1" 200 2317 "-" "Mozilla/5.0 AppleWebKit/537.36 (KHTML, like Gecko; compatible; GPTBot/1.3; +https://openai.com/gptbot)"
74.7.227.45 - - [17/Dec/2025:16:53:32 +0000] "GET /91c668/?path=//opt/cloudlinux/alt-php83/root/usr/include/php/sapi HTTP/1.1" 200 3175 "-" "Mozilla/5.0 AppleWebKit/537.36 (KHTML, like Gecko; compatible; GPTBot/1.3; +https://openai.com/gptbot)"
74.7.241.47 - - [17/Dec/2025:16:53:37 +0000] "GET /91c668/?path=//opt/cpanel/ea-php82/root/etc/xdg HTTP/1.1" 200 2958 "-" "Mozilla/5.0 AppleWebKit/537.36 (KHTML, like Gecko; compatible; GPTBot/1.3; +https://openai.com/gptbot)"
74.7.227.45 - - [17/Dec/2025:16:53:40 +0000] "GET /91c668/?path=//opt/cloudlinux/alt-php80/root/usr/include/php HTTP/1.1" 200 6394 "-" "Mozilla/5.0 AppleWebKit/537.36 (KHTML, like Gecko; compatible; GPTBot/1.3; +https://openai.com/gptbot)"
74.7.241.47 - - [17/Dec/2025:16:53:45 +0000] "GET /91c668/?path=//opt/cpanel/ea-php80/root/etc/pki HTTP/1.1" 200 2317 "-" "Mozilla/5.0 AppleWebKit/537.36 (KHTML, like Gecko; compatible; GPTBot/1.3; +https://openai.com/gptbot)"
74.7.227.45 - - [17/Dec/2025:16:53:49 +0000] "GET /91c668/?path=//opt/cloudlinux/alt-php83/root/usr/include/php/main HTTP/1.1" 200 27597 "-" "Mozilla/5.0 AppleWebKit/537.36 (KHTML, like Gecko; compatible; GPTBot/1.3; +https://openai.com/gptbot)"
74.7.241.47 - - [17/Dec/2025:16:53:52 +0000] "GET /91c668/?path=//opt/cpanel/ea-php80/root/etc/xdg HTTP/1.1" 200 2958 "-" "Mozilla/5.0 AppleWebKit/537.36 (KHTML, like Gecko; compatible; GPTBot/1.3; +https://openai.com/gptbot)"
