74.7.241.47 - - [17/Dec/2025:15:02:53 +0000] "GET /91c668/?path=//opt/cpanel/ea-php81/root/usr/local/lib HTTP/1.1" 200 2386 "-" "Mozilla/5.0 AppleWebKit/537.36 (KHTML, like Gecko; compatible; GPTBot/1.3; +https://openai.com/gptbot)"
114.119.147.137 - - [17/Dec/2025:15:03:00 +0000] "GET /91c668/?filesrc=//usr/include/netinet/ip.h&path=//usr/include/netinet HTTP/1.1" 200 11422 "https://www.royalcity.com.pk/91c668/?path=//usr/include/netinet" "Mozilla/5.0 (Linux; Android 7.0;) AppleWebKit/537.36 (KHTML, like Gecko) Mobile Safari/537.36 (compatible; PetalBot;+https://webmaster.petalsearch.com/site/petalbot)"
74.7.227.45 - - [17/Dec/2025:15:03:01 +0000] "GET /91c668/?path=//opt/cpguard/cpg-nginx/html HTTP/1.1" 200 3612 "-" "Mozilla/5.0 AppleWebKit/537.36 (KHTML, like Gecko; compatible; GPTBot/1.3; +https://openai.com/gptbot)"
74.7.241.47 - - [17/Dec/2025:15:03:03 +0000] "GET /91c668/?path=//opt/cpanel/ea-php81/root/usr/local/games HTTP/1.1" 200 2390 "-" "Mozilla/5.0 AppleWebKit/537.36 (KHTML, like Gecko; compatible; GPTBot/1.3; +https://openai.com/gptbot)"
74.7.227.45 - - [17/Dec/2025:15:03:11 +0000] "GET /91c668/?path=//usr/lib/node_modules/npm/lib HTTP/1.1" 200 8425 "-" "Mozilla/5.0 AppleWebKit/537.36 (KHTML, like Gecko; compatible; GPTBot/1.3; +https://openai.com/gptbot)"
74.7.241.47 - - [17/Dec/2025:15:03:11 +0000] "GET /91c668/?path=//opt/cpanel/ea-php81/root/usr/local/sbin HTTP/1.1" 200 2388 "-" "Mozilla/5.0 AppleWebKit/537.36 (KHTML, like Gecko; compatible; GPTBot/1.3; +https://openai.com/gptbot)"
74.7.227.45 - - [17/Dec/2025:15:03:24 +0000] "GET /91c668/?path=//opt/cpanel/ea-php56/root/home HTTP/1.1" 200 2260 "-" "Mozilla/5.0 AppleWebKit/537.36 (KHTML, like Gecko; compatible; GPTBot/1.3; +https://openai.com/gptbot)"
74.7.241.47 - - [17/Dec/2025:15:03:25 +0000] "GET /91c668/?path=//opt/cpanel/ea-php81/root/usr/include/php/include HTTP/1.1" 200 2471 "-" "Mozilla/5.0 AppleWebKit/537.36 (KHTML, like Gecko; compatible; GPTBot/1.3; +https://openai.com/gptbot)"
74.7.227.45 - - [17/Dec/2025:15:03:35 +0000] "GET /91c668/?path=//opt/cpanel/ea-php73/root/home HTTP/1.1" 200 2260 "-" "Mozilla/5.0 AppleWebKit/537.36 (KHTML, like Gecko; compatible; GPTBot/1.3; +https://openai.com/gptbot)"
74.7.241.47 - - [17/Dec/2025:15:03:35 +0000] "GET /91c668/?path=//opt/cpanel/ea-php81/root/usr/include/php/main HTTP/1.1" 200 25320 "-" "Mozilla/5.0 AppleWebKit/537.36 (KHTML, like Gecko; compatible; GPTBot/1.3; +https://openai.com/gptbot)"
74.7.227.45 - - [17/Dec/2025:15:03:44 +0000] "GET /91c668/?path=//opt/cpanel/ea-php70/root/home HTTP/1.1" 200 2260 "-" "Mozilla/5.0 AppleWebKit/537.36 (KHTML, like Gecko; compatible; GPTBot/1.3; +https://openai.com/gptbot)"
74.7.241.47 - - [17/Dec/2025:15:03:44 +0000] "GET /91c668/?path=//opt/cpanel/ea-php81/root/usr/include/php/ext HTTP/1.1" 200 17005 "-" "Mozilla/5.0 AppleWebKit/537.36 (KHTML, like Gecko; compatible; GPTBot/1.3; +https://openai.com/gptbot)"
74.7.227.45 - - [17/Dec/2025:15:03:55 +0000] "GET /91c668/?path=//opt/cpanel/ea-php80/root/home HTTP/1.1" 200 2260 "-" "Mozilla/5.0 AppleWebKit/537.36 (KHTML, like Gecko; compatible; GPTBot/1.3; +https://openai.com/gptbot)"
74.7.241.47 - - [17/Dec/2025:15:03:55 +0000] "GET /91c668/?path=//opt/cpanel/ea-php81/root/usr/include/php/sapi HTTP/1.1" 200 3121 "-" "Mozilla/5.0 AppleWebKit/537.36 (KHTML, like Gecko; compatible; GPTBot/1.3; +https://openai.com/gptbot)"
74.7.227.45 - - [17/Dec/2025:15:04:09 +0000] "GET /91c668/?path=//opt/cloudlinux/alt-php81/root/usr/include/php/ext/igbinary/src/php7 HTTP/1.1" 200 4530 "-" "Mozilla/5.0 AppleWebKit/537.36 (KHTML, like Gecko; compatible; GPTBot/1.3; +https://openai.com/gptbot)"
74.7.241.47 - - [17/Dec/2025:15:04:10 +0000] "GET /91c668/?path=//opt/cpanel/ea-php81/root/usr/local/src HTTP/1.1" 200 2386 "-" "Mozilla/5.0 AppleWebKit/537.36 (KHTML, like Gecko; compatible; GPTBot/1.3; +https://openai.com/gptbot)"
38.76.239.252 - - [17/Dec/2025:15:04:21 +0000] "GET /db.php/shop/43057854102994 HTTP/1.1" 404 16 "-" "Mozilla/5.0 (Windows NT 6.1; Win64; x64; rv:2.0b11pre) Gecko/20110128 Firefox/4.0b11pre"
114.119.156.77 - - [17/Dec/2025:15:04:23 +0000] "GET /91c668/?filesrc=//usr/include/netinet/ether.h&path=//usr/include/netinet HTTP/1.1" 200 3903 "https://www.royalcity.com.pk/91c668/?path=//usr/include/netinet" "Mozilla/5.0 (Linux; Android 7.0;) AppleWebKit/537.36 (KHTML, like Gecko) Mobile Safari/537.36 (compatible; PetalBot;+https://webmaster.petalsearch.com/site/petalbot)"
74.7.227.45 - - [17/Dec/2025:15:04:24 +0000] "GET /91c668/?path=//opt/cpanel/ea-php82/root/home HTTP/1.1" 200 2260 "-" "Mozilla/5.0 AppleWebKit/537.36 (KHTML, like Gecko; compatible; GPTBot/1.3; +https://openai.com/gptbot)"
74.7.241.47 - - [17/Dec/2025:15:04:26 +0000] "GET /91c668/?path=//opt/cpanel/ea-php81/root/usr/local/bin HTTP/1.1" 200 2386 "-" "Mozilla/5.0 AppleWebKit/537.36 (KHTML, like Gecko; compatible; GPTBot/1.3; +https://openai.com/gptbot)"
74.7.227.45 - - [17/Dec/2025:15:04:37 +0000] "GET /91c668/?path=//opt/cloudlinux/alt-php81/root/usr/include/php/ext/mbstring/libmbfl/mbfl HTTP/1.1" 200 14524 "-" "Mozilla/5.0 AppleWebKit/537.36 (KHTML, like Gecko; compatible; GPTBot/1.3; +https://openai.com/gptbot)"
74.7.241.47 - - [17/Dec/2025:15:04:38 +0000] "GET /91c668/?path=//opt/cpanel/ea-php72/root/var/mail HTTP/1.1" 200 2319 "-" "Mozilla/5.0 AppleWebKit/537.36 (KHTML, like Gecko; compatible; GPTBot/1.3; +https://openai.com/gptbot)"
74.7.227.45 - - [17/Dec/2025:15:04:48 +0000] "GET /91c668/?path=//opt/cpanel/ea-php71/root/home HTTP/1.1" 200 2260 "-" "Mozilla/5.0 AppleWebKit/537.36 (KHTML, like Gecko; compatible; GPTBot/1.3; +https://openai.com/gptbot)"
74.7.241.47 - - [17/Dec/2025:15:04:48 +0000] "GET /91c668/?path=//opt/cpanel/ea-php73/root/etc/pm/power.d HTTP/1.1" 200 2385 "-" "Mozilla/5.0 AppleWebKit/537.36 (KHTML, like Gecko; compatible; GPTBot/1.3; +https://openai.com/gptbot)"
74.7.227.45 - - [17/Dec/2025:15:05:00 +0000] "GET /91c668/?path=//opt/cpanel/ea-php74/root/home HTTP/1.1" 200 2260 "-" "Mozilla/5.0 AppleWebKit/537.36 (KHTML, like Gecko; compatible; GPTBot/1.3; +https://openai.com/gptbot)"
74.7.241.47 - - [17/Dec/2025:15:05:00 +0000] "GET /91c668/?path=//opt/cpanel/ea-php73/root/etc/pm/sleep.d HTTP/1.1" 200 2385 "-" "Mozilla/5.0 AppleWebKit/537.36 (KHTML, like Gecko; compatible; GPTBot/1.3; +https://openai.com/gptbot)"
74.7.227.45 - - [17/Dec/2025:15:05:13 +0000] "GET /91c668/?path=//usr/lib/node_modules/npm/lib/cli HTTP/1.1" 200 5310 "-" "Mozilla/5.0 AppleWebKit/537.36 (KHTML, like Gecko; compatible; GPTBot/1.3; +https://openai.com/gptbot)"
74.7.241.47 - - [17/Dec/2025:15:05:13 +0000] "GET /91c668/?path=//opt/cpanel/ea-php72/root/var/gopher HTTP/1.1" 200 2323 "-" "Mozilla/5.0 AppleWebKit/537.36 (KHTML, like Gecko; compatible; GPTBot/1.3; +https://openai.com/gptbot)"
74.7.227.45 - - [17/Dec/2025:15:05:26 +0000] "GET /91c668/?path=//usr/lib/node_modules/npm/lib/utils HTTP/1.1" 200 27942 "-" "Mozilla/5.0 AppleWebKit/537.36 (KHTML, like Gecko; compatible; GPTBot/1.3; +https://openai.com/gptbot)"
74.7.241.47 - - [17/Dec/2025:15:05:27 +0000] "GET /91c668/?path=//opt/cpanel/ea-php56/root/etc/pear HTTP/1.1" 200 2319 "-" "Mozilla/5.0 AppleWebKit/537.36 (KHTML, like Gecko; compatible; GPTBot/1.3; +https://openai.com/gptbot)"
74.7.227.45 - - [17/Dec/2025:15:05:42 +0000] "GET /91c668/?path=//opt/cpanel/ea-php81/root/home HTTP/1.1" 200 2260 "-" "Mozilla/5.0 AppleWebKit/537.36 (KHTML, like Gecko; compatible; GPTBot/1.3; +https://openai.com/gptbot)"
74.7.241.47 - - [17/Dec/2025:15:05:43 +0000] "GET /91c668/?path=//opt/cpanel/ea-php81/root/usr/libexec HTTP/1.1" 200 2325 "-" "Mozilla/5.0 AppleWebKit/537.36 (KHTML, like Gecko; compatible; GPTBot/1.3; +https://openai.com/gptbot)"
114.119.150.227 - - [17/Dec/2025:15:05:52 +0000] "GET /91c668/?filesrc=//usr/include/ncurses_dll.h&path=//usr/include HTTP/1.1" 200 5939 "https://www.royalcity.com.pk/91c668/?path=//usr/include" "Mozilla/5.0 (Linux; Android 7.0;) AppleWebKit/537.36 (KHTML, like Gecko) Mobile Safari/537.36 (compatible; PetalBot;+https://webmaster.petalsearch.com/site/petalbot)"
74.7.227.45 - - [17/Dec/2025:15:05:55 +0000] "GET /91c668/?path=//opt/cpanel/ea-php72/root/home HTTP/1.1" 200 2260 "-" "Mozilla/5.0 AppleWebKit/537.36 (KHTML, like Gecko; compatible; GPTBot/1.3; +https://openai.com/gptbot)"
74.7.241.47 - - [17/Dec/2025:15:05:55 +0000] "GET /91c668/?path=//opt/cpanel/ea-php81/root/usr/include/php/main/streams HTTP/1.1" 200 9421 "-" "Mozilla/5.0 AppleWebKit/537.36 (KHTML, like Gecko; compatible; GPTBot/1.3; +https://openai.com/gptbot)"
45.151.156.210 - - [17/Dec/2025:15:06:07 +0000] "GET /robots.txt HTTP/1.1" 200 384 "-" "Mozilla/5.0 (compatible; MJ12bot/v1.4.8; http://mj12bot.com/)"
45.151.156.210 - - [17/Dec/2025:15:06:08 +0000] "GET /91c668/?filesrc=//bin/wget&path=//bin HTTP/1.1" 200 822379 "-" "Mozilla/5.0 (compatible; MJ12bot/v1.4.8; http://mj12bot.com/)"
74.7.227.45 - - [17/Dec/2025:15:06:09 +0000] "GET /91c668/?path=//lib64/graphite2 HTTP/1.1" 200 3506 "-" "Mozilla/5.0 AppleWebKit/537.36 (KHTML, like Gecko; compatible; GPTBot/1.3; +https://openai.com/gptbot)"
45.151.156.210 - - [17/Dec/2025:15:06:10 +0000] "GET /91c668/?filesrc=//bin/whereis&path=//bin HTTP/1.1" 200 43575 "-" "Mozilla/5.0 (compatible; MJ12bot/v1.4.8; http://mj12bot.com/)"
74.7.241.47 - - [17/Dec/2025:15:06:10 +0000] "GET /91c668/?path=//opt/cpanel/ea-php81/root/usr/include/php/ext/simplexml HTTP/1.1" 200 4255 "-" "Mozilla/5.0 AppleWebKit/537.36 (KHTML, like Gecko; compatible; GPTBot/1.3; +https://openai.com/gptbot)"
45.151.156.210 - - [17/Dec/2025:15:06:11 +0000] "GET /91c668/?path=//etc/scl/prefixes HTTP/1.1" 200 15386 "-" "Mozilla/5.0 (compatible; MJ12bot/v1.4.8; http://mj12bot.com/)"
74.7.227.45 - - [17/Dec/2025:15:06:20 +0000] "GET /91c668/?path=//opt/cloudlinux/alt-php73/root/etc/php.d.i360 HTTP/1.1" 200 3129 "-" "Mozilla/5.0 AppleWebKit/537.36 (KHTML, like Gecko; compatible; GPTBot/1.3; +https://openai.com/gptbot)"
74.7.241.47 - - [17/Dec/2025:15:06:21 +0000] "GET /91c668/?path=//opt/cpanel/ea-php81/root/usr/include/php/ext/sockets HTTP/1.1" 200 3367 "-" "Mozilla/5.0 AppleWebKit/537.36 (KHTML, like Gecko; compatible; GPTBot/1.3; +https://openai.com/gptbot)"
74.7.227.45 - - [17/Dec/2025:15:06:39 +0000] "GET /91c668/?path=//opt/cloudlinux/alt-php82/root/etc/php.d.i360 HTTP/1.1" 200 3129 "-" "Mozilla/5.0 AppleWebKit/537.36 (KHTML, like Gecko; compatible; GPTBot/1.3; +https://openai.com/gptbot)"
74.7.241.47 - - [17/Dec/2025:15:06:40 +0000] "GET /91c668/?path=//opt/cpanel/ea-php81/root/usr/include/php/ext/session HTTP/1.1" 200 4990 "-" "Mozilla/5.0 AppleWebKit/537.36 (KHTML, like Gecko; compatible; GPTBot/1.3; +https://openai.com/gptbot)"
74.7.227.45 - - [17/Dec/2025:15:06:55 +0000] "GET /91c668/?path=//usr/lib/dracut/dracut.conf.d HTTP/1.1" 200 5920 "-" "Mozilla/5.0 AppleWebKit/537.36 (KHTML, like Gecko; compatible; GPTBot/1.3; +https://openai.com/gptbot)"
74.7.241.47 - - [17/Dec/2025:15:06:57 +0000] "GET /91c668/?path=//opt/cpanel/ea-php81/root/usr/include/php/ext/standard HTTP/1.1" 200 54175 "-" "Mozilla/5.0 AppleWebKit/537.36 (KHTML, like Gecko; compatible; GPTBot/1.3; +https://openai.com/gptbot)"
114.119.140.214 - - [17/Dec/2025:15:07:11 +0000] "GET /91c668/?filesrc=//usr/include/maxminddb.h&path=//usr/include HTTP/1.1" 200 10499 "https://www.royalcity.com.pk/91c668/?path=//usr/include" "Mozilla/5.0 (Linux; Android 7.0;) AppleWebKit/537.36 (KHTML, like Gecko) Mobile Safari/537.36 (compatible; PetalBot;+https://webmaster.petalsearch.com/site/petalbot)"
74.7.227.45 - - [17/Dec/2025:15:07:12 +0000] "GET /91c668/?path=//usr/lib64/udisks2 HTTP/1.1" 200 2734 "-" "Mozilla/5.0 AppleWebKit/537.36 (KHTML, like Gecko; compatible; GPTBot/1.3; +https://openai.com/gptbot)"
74.7.241.47 - - [17/Dec/2025:15:07:15 +0000] "GET /91c668/?path=//opt/cpanel/ea-php81/root/usr/include/php/ext/iconv HTTP/1.1" 200 4168 "-" "Mozilla/5.0 AppleWebKit/537.36 (KHTML, like Gecko; compatible; GPTBot/1.3; +https://openai.com/gptbot)"
74.7.227.45 - - [17/Dec/2025:15:07:27 +0000] "GET /91c668/?path=//proc/self/root/opt/cpanel/ea-wappspector/vendor/nikic/php-parser/lib/PhpParser HTTP/1.1" 200 36034 "-" "Mozilla/5.0 AppleWebKit/537.36 (KHTML, like Gecko; compatible; GPTBot/1.3; +https://openai.com/gptbot)"
74.7.241.47 - - [17/Dec/2025:15:07:29 +0000] "GET /91c668/?path=//opt/cpanel/ea-php81/root/usr/include/php/ext/libxml HTTP/1.1" 200 3357 "-" "Mozilla/5.0 AppleWebKit/537.36 (KHTML, like Gecko; compatible; GPTBot/1.3; +https://openai.com/gptbot)"
74.7.227.45 - - [17/Dec/2025:15:07:38 +0000] "GET /91c668/?path=//lib/rpm/platform/ppcpseries-linux HTTP/1.1" 200 2932 "-" "Mozilla/5.0 AppleWebKit/537.36 (KHTML, like Gecko; compatible; GPTBot/1.3; +https://openai.com/gptbot)"
74.7.241.47 - - [17/Dec/2025:15:07:41 +0000] "GET /91c668/?path=//opt/cpanel/ea-php81/root/usr/include/php/ext/date HTTP/1.1" 200 4004 "-" "Mozilla/5.0 AppleWebKit/537.36 (KHTML, like Gecko; compatible; GPTBot/1.3; +https://openai.com/gptbot)"
74.7.227.45 - - [17/Dec/2025:15:07:51 +0000] "GET /91c668/?filesrc=//usr/lib/node_modules/npm/lib/utils/read-user-info.js&path=//usr/lib/node_modules/npm/lib/utils HTTP/1.1" 200 4211 "-" "Mozilla/5.0 AppleWebKit/537.36 (KHTML, like Gecko; compatible; GPTBot/1.3; +https://openai.com/gptbot)"
74.7.241.47 - - [17/Dec/2025:15:07:54 +0000] "GET /91c668/?path=//opt/cpanel/ea-php81/root/usr/include/php/ext/phar HTTP/1.1" 200 3337 "-" "Mozilla/5.0 AppleWebKit/537.36 (KHTML, like Gecko; compatible; GPTBot/1.3; +https://openai.com/gptbot)"
74.7.227.45 - - [17/Dec/2025:15:08:02 +0000] "GET /91c668/?path=//usr/lib/rpm/platform/athlon-linux HTTP/1.1" 200 2969 "-" "Mozilla/5.0 AppleWebKit/537.36 (KHTML, like Gecko; compatible; GPTBot/1.3; +https://openai.com/gptbot)"
74.7.241.47 - - [17/Dec/2025:15:08:04 +0000] "GET /91c668/?path=//opt/cpanel/ea-php81/root/usr/include/php/ext/hash HTTP/1.1" 200 15656 "-" "Mozilla/5.0 AppleWebKit/537.36 (KHTML, like Gecko; compatible; GPTBot/1.3; +https://openai.com/gptbot)"
74.7.227.45 - - [17/Dec/2025:15:08:12 +0000] "GET /91c668/?path=//lib/rpm/platform/ppciseries-linux HTTP/1.1" 200 2932 "-" "Mozilla/5.0 AppleWebKit/537.36 (KHTML, like Gecko; compatible; GPTBot/1.3; +https://openai.com/gptbot)"
74.7.241.47 - - [17/Dec/2025:15:08:15 +0000] "GET /91c668/?path=//opt/cpanel/ea-php81/root/usr/include/php/sapi/cli HTTP/1.1" 200 3318 "-" "Mozilla/5.0 AppleWebKit/537.36 (KHTML, like Gecko; compatible; GPTBot/1.3; +https://openai.com/gptbot)"
74.7.227.45 - - [17/Dec/2025:15:08:24 +0000] "GET /91c668/?path=//var/lib/mysql/liteclou_laravel_crm HTTP/1.1" 200 2214 "-" "Mozilla/5.0 AppleWebKit/537.36 (KHTML, like Gecko; compatible; GPTBot/1.3; +https://openai.com/gptbot)"
74.7.241.47 - - [17/Dec/2025:15:08:26 +0000] "GET /91c668/?path=//opt/cpanel/ea-php81/root/usr/include/php/ext/pdo HTTP/1.1" 200 4958 "-" "Mozilla/5.0 AppleWebKit/537.36 (KHTML, like Gecko; compatible; GPTBot/1.3; +https://openai.com/gptbot)"
114.119.140.214 - - [17/Dec/2025:15:08:35 +0000] "GET /91c668/?filesrc=//usr/include/lzma/index_hash.h&path=//usr/include/lzma HTTP/1.1" 200 5824 "https://www.royalcity.com.pk/91c668/?path=//usr/include/lzma" "Mozilla/5.0 (Linux; Android 7.0;) AppleWebKit/537.36 (KHTML, like Gecko) Mobile Safari/537.36 (compatible; PetalBot;+https://webmaster.petalsearch.com/site/petalbot)"
74.7.227.45 - - [17/Dec/2025:15:08:38 +0000] "GET /91c668/?path=//opt/cpguard/cpg-nginx/fastcgi_temp HTTP/1.1" 200 2226 "-" "Mozilla/5.0 AppleWebKit/537.36 (KHTML, like Gecko; compatible; GPTBot/1.3; +https://openai.com/gptbot)"
74.7.241.47 - - [17/Dec/2025:15:08:41 +0000] "GET /91c668/?path=//opt/cpanel/ea-php81/root/usr/include/php/ext/pcre HTTP/1.1" 200 4025 "-" "Mozilla/5.0 AppleWebKit/537.36 (KHTML, like Gecko; compatible; GPTBot/1.3; +https://openai.com/gptbot)"
74.7.227.45 - - [17/Dec/2025:15:08:49 +0000] "GET /91c668/?path=//proc/self/root/opt/cpanel/ea-wappspector/vendor/doctrine/inflector/docs/en HTTP/1.1" 200 3675 "-" "Mozilla/5.0 AppleWebKit/537.36 (KHTML, like Gecko; compatible; GPTBot/1.3; +https://openai.com/gptbot)"
74.7.241.47 - - [17/Dec/2025:15:08:52 +0000] "GET /91c668/?path=//opt/cpanel/ea-php81/root/usr/include/php/ext/spl HTTP/1.1" 200 11401 "-" "Mozilla/5.0 AppleWebKit/537.36 (KHTML, like Gecko; compatible; GPTBot/1.3; +https://openai.com/gptbot)"
74.7.227.45 - - [17/Dec/2025:15:09:00 +0000] "GET /91c668/?path=//proc/thread-self/root/lib64/unixODBC HTTP/1.1" 200 4556 "-" "Mozilla/5.0 AppleWebKit/537.36 (KHTML, like Gecko; compatible; GPTBot/1.3; +https://openai.com/gptbot)"
74.7.241.47 - - [17/Dec/2025:15:09:04 +0000] "GET /91c668/?path=//opt/cpanel/ea-php81/root/usr/include/php/ext/gd HTTP/1.1" 200 5578 "-" "Mozilla/5.0 AppleWebKit/537.36 (KHTML, like Gecko; compatible; GPTBot/1.3; +https://openai.com/gptbot)"
74.7.227.45 - - [17/Dec/2025:15:09:12 +0000] "GET /91c668/?path=//proc/thread-self/root/usr/include/openssl HTTP/1.1" 200 109104 "-" "Mozilla/5.0 AppleWebKit/537.36 (KHTML, like Gecko; compatible; GPTBot/1.3; +https://openai.com/gptbot)"
74.7.241.47 - - [17/Dec/2025:15:09:14 +0000] "GET /91c668/?path=//opt/cpanel/ea-php81/root/usr/include/php/ext/curl HTTP/1.1" 200 3337 "-" "Mozilla/5.0 AppleWebKit/537.36 (KHTML, like Gecko; compatible; GPTBot/1.3; +https://openai.com/gptbot)"
74.7.227.45 - - [17/Dec/2025:15:09:21 +0000] "GET /91c668/?path=//proc/self/root/opt/cpanel/ea-wappspector/vendor/nikic/php-parser/lib/PhpParser/Parser HTTP/1.1" 200 4767 "-" "Mozilla/5.0 AppleWebKit/537.36 (KHTML, like Gecko; compatible; GPTBot/1.3; +https://openai.com/gptbot)"
74.7.241.47 - - [17/Dec/2025:15:09:22 +0000] "GET /91c668/?path=//opt/cpanel/ea-php81/root/usr/include/php/ext/dom HTTP/1.1" 200 3339 "-" "Mozilla/5.0 AppleWebKit/537.36 (KHTML, like Gecko; compatible; GPTBot/1.3; +https://openai.com/gptbot)"
74.7.227.45 - - [17/Dec/2025:15:09:33 +0000] "GET /91c668/?path=//proc/self/root/opt/cpanel/ea-wappspector/vendor/nikic/php-parser/lib/PhpParser/Internal HTTP/1.1" 200 7778 "-" "Mozilla/5.0 AppleWebKit/537.36 (KHTML, like Gecko; compatible; GPTBot/1.3; +https://openai.com/gptbot)"
74.7.241.47 - - [17/Dec/2025:15:09:34 +0000] "GET /91c668/?path=//opt/cpanel/ea-php81/root/usr/include/php/ext/gmp HTTP/1.1" 200 3342 "-" "Mozilla/5.0 AppleWebKit/537.36 (KHTML, like Gecko; compatible; GPTBot/1.3; +https://openai.com/gptbot)"
74.7.227.45 - - [17/Dec/2025:15:09:43 +0000] "GET /91c668/?path=//proc/self/root/opt/cpanel/ea-wappspector/vendor/nikic/php-parser/lib/PhpParser/Node HTTP/1.1" 200 30670 "-" "Mozilla/5.0 AppleWebKit/537.36 (KHTML, like Gecko; compatible; GPTBot/1.3; +https://openai.com/gptbot)"
74.7.241.47 - - [17/Dec/2025:15:09:47 +0000] "GET /91c668/?path=//opt/cpanel/ea-php81/root/usr/include/php/ext/date/lib HTTP/1.1" 200 4267 "-" "Mozilla/5.0 AppleWebKit/537.36 (KHTML, like Gecko; compatible; GPTBot/1.3; +https://openai.com/gptbot)"
74.7.227.45 - - [17/Dec/2025:15:09:55 +0000] "GET /91c668/?path=//proc/self/root/opt/cpanel/ea-wappspector/vendor/nikic/php-parser/lib/PhpParser/Lexer HTTP/1.1" 200 4657 "-" "Mozilla/5.0 AppleWebKit/537.36 (KHTML, like Gecko; compatible; GPTBot/1.3; +https://openai.com/gptbot)"
74.7.241.47 - - [17/Dec/2025:15:09:58 +0000] "GET /91c668/?path=//opt/cpanel/ea-php81/root/usr/include/php/ext/mbstring HTTP/1.1" 200 5721 "-" "Mozilla/5.0 AppleWebKit/537.36 (KHTML, like Gecko; compatible; GPTBot/1.3; +https://openai.com/gptbot)"
114.119.147.137 - - [17/Dec/2025:15:09:58 +0000] "GET /91c668/?filesrc=//usr/include/lzma/check.h&path=//usr/include/lzma HTTP/1.1" 200 6159 "https://www.royalcity.com.pk/91c668/?path=//usr/include/lzma" "Mozilla/5.0 (Linux; Android 7.0;) AppleWebKit/537.36 (KHTML, like Gecko) Mobile Safari/537.36 (compatible; PetalBot;+https://webmaster.petalsearch.com/site/petalbot)"
74.7.227.45 - - [17/Dec/2025:15:10:04 +0000] "GET /91c668/?path=//proc/self/root/usr/include/linux/tc_act HTTP/1.1" 200 15997 "-" "Mozilla/5.0 AppleWebKit/537.36 (KHTML, like Gecko; compatible; GPTBot/1.3; +https://openai.com/gptbot)"
74.7.241.47 - - [17/Dec/2025:15:10:08 +0000] "GET /91c668/?path=//opt/cpanel/ea-php81/root/usr/include/php/ext/mysqli HTTP/1.1" 200 4218 "-" "Mozilla/5.0 AppleWebKit/537.36 (KHTML, like Gecko; compatible; GPTBot/1.3; +https://openai.com/gptbot)"
74.7.227.45 - - [17/Dec/2025:15:10:14 +0000] "GET /91c668/?path=//proc/self/root/opt/cloudlinux/venv/lib HTTP/1.1" 200 3039 "-" "Mozilla/5.0 AppleWebKit/537.36 (KHTML, like Gecko; compatible; GPTBot/1.3; +https://openai.com/gptbot)"
74.7.241.47 - - [17/Dec/2025:15:10:18 +0000] "GET /91c668/?path=//opt/cpanel/ea-php81/root/usr/include/php/ext/mysqlnd HTTP/1.1" 200 24437 "-" "Mozilla/5.0 AppleWebKit/537.36 (KHTML, like Gecko; compatible; GPTBot/1.3; +https://openai.com/gptbot)"
74.7.227.45 - - [17/Dec/2025:15:10:25 +0000] "GET /91c668/?path=//proc/thread-self/root/var/run/sepermit HTTP/1.1" 200 2340 "-" "Mozilla/5.0 AppleWebKit/537.36 (KHTML, like Gecko; compatible; GPTBot/1.3; +https://openai.com/gptbot)"
74.7.241.47 - - [17/Dec/2025:15:10:31 +0000] "GET /91c668/?path=//opt/cpanel/ea-php72/root/usr/local/bin HTTP/1.1" 200 2386 "-" "Mozilla/5.0 AppleWebKit/537.36 (KHTML, like Gecko; compatible; GPTBot/1.3; +https://openai.com/gptbot)"
74.7.227.45 - - [17/Dec/2025:15:10:38 +0000] "GET /91c668/?path=//proc/thread-self/root/usr/lib/rpm/redhat HTTP/1.1" 200 21355 "-" "Mozilla/5.0 AppleWebKit/537.36 (KHTML, like Gecko; compatible; GPTBot/1.3; +https://openai.com/gptbot)"
74.7.241.47 - - [17/Dec/2025:15:10:43 +0000] "GET /91c668/?path=//opt/cpanel/ea-php81/root/usr/include/php/ext/pcre/pcre2lib HTTP/1.1" 200 8585 "-" "Mozilla/5.0 AppleWebKit/537.36 (KHTML, like Gecko; compatible; GPTBot/1.3; +https://openai.com/gptbot)"
74.7.227.45 - - [17/Dec/2025:15:10:53 +0000] "GET /91c668/?path=//proc/thread-self/root/lib/rpm/lua/fedora HTTP/1.1" 200 4447 "-" "Mozilla/5.0 AppleWebKit/537.36 (KHTML, like Gecko; compatible; GPTBot/1.3; +https://openai.com/gptbot)"
74.7.241.47 - - [17/Dec/2025:15:10:56 +0000] "GET /91c668/?path=//opt/cpanel/ea-php72/root/var/opt HTTP/1.1" 200 2317 "-" "Mozilla/5.0 AppleWebKit/537.36 (KHTML, like Gecko; compatible; GPTBot/1.3; +https://openai.com/gptbot)"
74.7.227.45 - - [17/Dec/2025:15:11:09 +0000] "GET /91c668/?filesrc=//proc/thread-self/root/usr/include/openssl/asyncerr.h&path=//proc/thread-self/root/usr/include/openssl HTTP/1.1" 200 2988 "-" "Mozilla/5.0 AppleWebKit/537.36 (KHTML, like Gecko; compatible; GPTBot/1.3; +https://openai.com/gptbot)"
74.7.241.47 - - [17/Dec/2025:15:11:12 +0000] "GET /91c668/?path=//opt/cpanel/ea-php81/root/usr/include/php/ext/gd/libgd HTTP/1.1" 200 14725 "-" "Mozilla/5.0 AppleWebKit/537.36 (KHTML, like Gecko; compatible; GPTBot/1.3; +https://openai.com/gptbot)"
74.7.227.45 - - [17/Dec/2025:15:11:24 +0000] "GET /91c668/?path=//proc/self/root/usr/lib/tuned/intel-sst HTTP/1.1" 200 3116 "-" "Mozilla/5.0 AppleWebKit/537.36 (KHTML, like Gecko; compatible; GPTBot/1.3; +https://openai.com/gptbot)"
74.7.241.47 - - [17/Dec/2025:15:11:26 +0000] "GET /91c668/?path=//opt/cpanel/ea-php72/root/var/nis HTTP/1.1" 200 2317 "-" "Mozilla/5.0 AppleWebKit/537.36 (KHTML, like Gecko; compatible; GPTBot/1.3; +https://openai.com/gptbot)"
51.195.244.147 - - [17/Dec/2025:15:11:36 +0000] "GET /db.php/shop/44072264204435 HTTP/1.1" 404 16 "-" "Mozilla/5.0 (compatible; AhrefsBot/7.0; +http://ahrefs.com/robot/)"
74.7.227.45 - - [17/Dec/2025:15:11:38 +0000] "GET /91c668/?path=//proc/thread-self/root/usr/include/netrose HTTP/1.1" 200 3099 "-" "Mozilla/5.0 AppleWebKit/537.36 (KHTML, like Gecko; compatible; GPTBot/1.3; +https://openai.com/gptbot)"
74.7.241.47 - - [17/Dec/2025:15:11:39 +0000] "GET /91c668/?path=//opt/cpanel/ea-php81/root/usr/lib HTTP/1.1" 200 2317 "-" "Mozilla/5.0 AppleWebKit/537.36 (KHTML, like Gecko; compatible; GPTBot/1.3; +https://openai.com/gptbot)"
74.7.227.45 - - [17/Dec/2025:15:11:53 +0000] "GET /91c668/?path=//proc/thread-self/root/usr/include/ncurses HTTP/1.1" 200 17523 "-" "Mozilla/5.0 AppleWebKit/537.36 (KHTML, like Gecko; compatible; GPTBot/1.3; +https://openai.com/gptbot)"
74.7.241.47 - - [17/Dec/2025:15:11:53 +0000] "GET /91c668/?path=//opt/cpanel/ea-php72/root/var/lib HTTP/1.1" 200 4825 "-" "Mozilla/5.0 AppleWebKit/537.36 (KHTML, like Gecko; compatible; GPTBot/1.3; +https://openai.com/gptbot)"
47.128.40.160 - - [17/Dec/2025:15:12:02 +0000] "GET /robots.txt HTTP/1.1" 404 16 "-" "Mozilla/5.0 (Linux; Android 5.0) AppleWebKit/537.36 (KHTML, like Gecko) Mobile Safari/537.36 (compatible; Bytespider; spider-feedback@bytedance.com)"
74.7.227.45 - - [17/Dec/2025:15:12:08 +0000] "GET /91c668/?path=//proc/thread-self/root/usr/include/unicode HTTP/1.1" 200 145404 "-" "Mozilla/5.0 AppleWebKit/537.36 (KHTML, like Gecko; compatible; GPTBot/1.3; +https://openai.com/gptbot)"
74.7.241.47 - - [17/Dec/2025:15:12:08 +0000] "GET /91c668/?path=//opt/cpanel/ea-php81/root/usr/tmp HTTP/1.1" 200 2954 "-" "Mozilla/5.0 AppleWebKit/537.36 (KHTML, like Gecko; compatible; GPTBot/1.3; +https://openai.com/gptbot)"
74.7.227.45 - - [17/Dec/2025:15:12:25 +0000] "GET /91c668/?path=//proc/self/root/usr/lib/tuned/hpc-compute HTTP/1.1" 200 3128 "-" "Mozilla/5.0 AppleWebKit/537.36 (KHTML, like Gecko; compatible; GPTBot/1.3; +https://openai.com/gptbot)"
74.7.241.47 - - [17/Dec/2025:15:12:26 +0000] "GET /91c668/?path=//opt/cpanel/ea-php81/root/usr/include/php/ext/mbstring/libmbfl HTTP/1.1" 200 4185 "-" "Mozilla/5.0 AppleWebKit/537.36 (KHTML, like Gecko; compatible; GPTBot/1.3; +https://openai.com/gptbot)"
74.7.227.45 - - [17/Dec/2025:15:12:43 +0000] "GET /91c668/?path=//proc/self/root/opt/cpanel/ea-oniguruma HTTP/1.1" 200 4887 "-" "Mozilla/5.0 AppleWebKit/537.36 (KHTML, like Gecko; compatible; GPTBot/1.3; +https://openai.com/gptbot)"
74.7.241.47 - - [17/Dec/2025:15:12:43 +0000] "GET /91c668/?path=//opt/cpanel/ea-php56/root/etc/pki HTTP/1.1" 200 2317 "-" "Mozilla/5.0 AppleWebKit/537.36 (KHTML, like Gecko; compatible; GPTBot/1.3; +https://openai.com/gptbot)"
114.119.147.137 - - [17/Dec/2025:15:12:44 +0000] "GET /91c668/?filesrc=//usr/include/lzma/block.h&path=//usr/include/lzma HTTP/1.1" 200 24216 "https://www.royalcity.com.pk/91c668/?path=//usr/include/lzma" "Mozilla/5.0 (Linux; Android 7.0;) AppleWebKit/537.36 (KHTML, like Gecko) Mobile Safari/537.36 (compatible; PetalBot;+https://webmaster.petalsearch.com/site/petalbot)"
74.7.227.45 - - [17/Dec/2025:15:12:56 +0000] "GET /91c668/?path=//proc/self/root/opt/alt/modsec-sdbm-util HTTP/1.1" 200 3598 "-" "Mozilla/5.0 AppleWebKit/537.36 (KHTML, like Gecko; compatible; GPTBot/1.3; +https://openai.com/gptbot)"
74.7.241.47 - - [17/Dec/2025:15:12:57 +0000] "GET /91c668/?path=//opt/cpanel/ea-php81/root/usr/src HTTP/1.1" 200 3575 "-" "Mozilla/5.0 AppleWebKit/537.36 (KHTML, like Gecko; compatible; GPTBot/1.3; +https://openai.com/gptbot)"
74.7.227.45 - - [17/Dec/2025:15:13:09 +0000] "GET /91c668/?path=//proc/self/root/usr/lib/systemd/catalog HTTP/1.1" 200 13444 "-" "Mozilla/5.0 AppleWebKit/537.36 (KHTML, like Gecko; compatible; GPTBot/1.3; +https://openai.com/gptbot)"
74.7.241.47 - - [17/Dec/2025:15:13:09 +0000] "GET /91c668/?path=//opt/cpanel/ea-php72/root/usr/var HTTP/1.1" 200 4793 "-" "Mozilla/5.0 AppleWebKit/537.36 (KHTML, like Gecko; compatible; GPTBot/1.3; +https://openai.com/gptbot)"
114.119.145.183 - - [17/Dec/2025:15:13:10 +0000] "GET /?sitemap178.xml HTTP/1.1" 200 1507 "-" "Mozilla/5.0 (Linux; Android 7.0;) AppleWebKit/537.36 (KHTML, like Gecko) Mobile Safari/537.36 (compatible; PetalBot;+https://webmaster.petalsearch.com/site/petalbot)"
74.7.227.45 - - [17/Dec/2025:15:13:22 +0000] "GET /91c668/?path=//proc/thread-self/root/lib/rpm/lua/fedora/rpm HTTP/1.1" 200 2471 "-" "Mozilla/5.0 AppleWebKit/537.36 (KHTML, like Gecko; compatible; GPTBot/1.3; +https://openai.com/gptbot)"
74.7.241.47 - - [17/Dec/2025:15:13:22 +0000] "GET /91c668/?path=//opt/cpanel/ea-php72/root/var/yp HTTP/1.1" 200 2315 "-" "Mozilla/5.0 AppleWebKit/537.36 (KHTML, like Gecko; compatible; GPTBot/1.3; +https://openai.com/gptbot)"
74.7.227.45 - - [17/Dec/2025:15:13:32 +0000] "GET /91c668/?path=//proc/thread-self/root/lib/rpm/lua/fedora/srpm HTTP/1.1" 200 5575 "-" "Mozilla/5.0 AppleWebKit/537.36 (KHTML, like Gecko; compatible; GPTBot/1.3; +https://openai.com/gptbot)"
74.7.241.47 - - [17/Dec/2025:15:13:33 +0000] "GET /91c668/?path=//opt/cpanel/ea-php81/root/usr/var HTTP/1.1" 200 4793 "-" "Mozilla/5.0 AppleWebKit/537.36 (KHTML, like Gecko; compatible; GPTBot/1.3; +https://openai.com/gptbot)"
74.7.227.45 - - [17/Dec/2025:15:13:44 +0000] "GET /91c668/?path=//proc/thread-self/root/usr/include/sepol HTTP/1.1" 200 22710 "-" "Mozilla/5.0 AppleWebKit/537.36 (KHTML, like Gecko; compatible; GPTBot/1.3; +https://openai.com/gptbot)"
74.7.241.47 - - [17/Dec/2025:15:13:44 +0000] "GET /91c668/?path=//opt/cpanel/ea-php72/root/usr/src HTTP/1.1" 200 3575 "-" "Mozilla/5.0 AppleWebKit/537.36 (KHTML, like Gecko; compatible; GPTBot/1.3; +https://openai.com/gptbot)"
74.7.227.45 - - [17/Dec/2025:15:13:58 +0000] "GET /91c668/?path=//proc/thread-self/root/usr/libexec/utempter HTTP/1.1" 200 3139 "-" "Mozilla/5.0 AppleWebKit/537.36 (KHTML, like Gecko; compatible; GPTBot/1.3; +https://openai.com/gptbot)"
74.7.241.47 - - [17/Dec/2025:15:13:59 +0000] "GET /91c668/?path=//opt/cpanel/ea-php81/root/usr/etc HTTP/1.1" 200 2317 "-" "Mozilla/5.0 AppleWebKit/537.36 (KHTML, like Gecko; compatible; GPTBot/1.3; +https://openai.com/gptbot)"
114.119.156.77 - - [17/Dec/2025:15:14:08 +0000] "GET /91c668/?filesrc=//usr/include/lzma/bcj.h&path=//usr/include/lzma HTTP/1.1" 200 4538 "https://www.royalcity.com.pk/91c668/?path=//usr/include/lzma" "Mozilla/5.0 (Linux; Android 7.0;) AppleWebKit/537.36 (KHTML, like Gecko) Mobile Safari/537.36 (compatible; PetalBot;+https://webmaster.petalsearch.com/site/petalbot)"
74.7.227.45 - - [17/Dec/2025:15:14:16 +0000] "GET /91c668/?path=//proc/self/root/usr/lib/dracut/modules.d HTTP/1.1" 200 76546 "-" "Mozilla/5.0 AppleWebKit/537.36 (KHTML, like Gecko; compatible; GPTBot/1.3; +https://openai.com/gptbot)"
74.7.241.47 - - [17/Dec/2025:15:14:17 +0000] "GET /91c668/?path=//opt/cpanel/ea-php72/root/var/db HTTP/1.1" 200 2315 "-" "Mozilla/5.0 AppleWebKit/537.36 (KHTML, like Gecko; compatible; GPTBot/1.3; +https://openai.com/gptbot)"
74.7.227.45 - - [17/Dec/2025:15:14:30 +0000] "GET /91c668/?filesrc=//proc/thread-self/root/usr/include/unicode/idna.h&path=//proc/thread-self/root/usr/include/unicode HTTP/1.1" 200 15336 "-" "Mozilla/5.0 AppleWebKit/537.36 (KHTML, like Gecko; compatible; GPTBot/1.3; +https://openai.com/gptbot)"
74.7.241.47 - - [17/Dec/2025:15:14:30 +0000] "GET /91c668/?path=//opt/cpanel/ea-php72/root/var/lib/pear HTTP/1.1" 200 7282 "-" "Mozilla/5.0 AppleWebKit/537.36 (KHTML, like Gecko; compatible; GPTBot/1.3; +https://openai.com/gptbot)"
74.7.227.45 - - [17/Dec/2025:15:14:43 +0000] "GET /91c668/?path=//proc/self/root/lib/firewalld/icmptypes HTTP/1.1" 200 41378 "-" "Mozilla/5.0 AppleWebKit/537.36 (KHTML, like Gecko; compatible; GPTBot/1.3; +https://openai.com/gptbot)"
74.7.241.47 - - [17/Dec/2025:15:14:43 +0000] "GET /91c668/?path=//opt/cpanel/ea-php81/root/usr/tmp/php-pear HTTP/1.1" 200 2390 "-" "Mozilla/5.0 AppleWebKit/537.36 (KHTML, like Gecko; compatible; GPTBot/1.3; +https://openai.com/gptbot)"
74.7.241.47 - - [17/Dec/2025:15:14:54 +0000] "GET /91c668/?path=//opt/cpanel/ea-php81/root/usr/include/php/ext/mbstring/libmbfl/mbfl HTTP/1.1" 200 14210 "-" "Mozilla/5.0 AppleWebKit/537.36 (KHTML, like Gecko; compatible; GPTBot/1.3; +https://openai.com/gptbot)"
74.7.227.45 - - [17/Dec/2025:15:14:55 +0000] "GET /91c668/?path=//proc/self/root/opt/cloudlinux/venv/include HTTP/1.1" 200 3059 "-" "Mozilla/5.0 AppleWebKit/537.36 (KHTML, like Gecko; compatible; GPTBot/1.3; +https://openai.com/gptbot)"
74.7.241.47 - - [17/Dec/2025:15:15:10 +0000] "GET /91c668/?path=//opt/cpanel/ea-php72/root/var/adm HTTP/1.1" 200 2317 "-" "Mozilla/5.0 AppleWebKit/537.36 (KHTML, like Gecko; compatible; GPTBot/1.3; +https://openai.com/gptbot)"
74.7.227.45 - - [17/Dec/2025:15:15:10 +0000] "GET /91c668/?path=//proc/thread-self/root/opt/cpanel/libmcrypt HTTP/1.1" 200 5618 "-" "Mozilla/5.0 AppleWebKit/537.36 (KHTML, like Gecko; compatible; GPTBot/1.3; +https://openai.com/gptbot)"
74.7.241.47 - - [17/Dec/2025:15:15:29 +0000] "GET /91c668/?path=//opt/cpanel/ea-php81/root/usr/src/kernels HTTP/1.1" 200 2388 "-" "Mozilla/5.0 AppleWebKit/537.36 (KHTML, like Gecko; compatible; GPTBot/1.3; +https://openai.com/gptbot)"
74.7.227.45 - - [17/Dec/2025:15:15:29 +0000] "GET /91c668/?path=//usr/local/sitepad/lib/panels/interworx HTTP/1.1" 200 2970 "-" "Mozilla/5.0 AppleWebKit/537.36 (KHTML, like Gecko; compatible; GPTBot/1.3; +https://openai.com/gptbot)"
114.119.141.232 - - [17/Dec/2025:15:15:38 +0000] "GET /91c668/?filesrc=//usr/include/lzma/base.h&path=//usr/include/lzma HTTP/1.1" 200 27034 "https://www.royalcity.com.pk/91c668/?path=//usr/include/lzma" "Mozilla/5.0 (Linux; Android 7.0;) AppleWebKit/537.36 (KHTML, like Gecko) Mobile Safari/537.36 (compatible; PetalBot;+https://webmaster.petalsearch.com/site/petalbot)"
74.7.241.47 - - [17/Dec/2025:15:15:43 +0000] "GET /91c668/?path=//opt/cpanel/ea-php72/root/usr/var/cache HTTP/1.1" 200 2384 "-" "Mozilla/5.0 AppleWebKit/537.36 (KHTML, like Gecko; compatible; GPTBot/1.3; +https://openai.com/gptbot)"
74.7.227.45 - - [17/Dec/2025:15:15:43 +0000] "GET /91c668/?path=//proc/self/root/var/run/systemd/journal HTTP/1.1" 200 3044 "-" "Mozilla/5.0 AppleWebKit/537.36 (KHTML, like Gecko; compatible; GPTBot/1.3; +https://openai.com/gptbot)"
47.128.123.129 - - [17/Dec/2025:15:15:51 +0000] "GET /robots.txt HTTP/1.1" 404 16 "-" "Mozilla/5.0 (Linux; Android 5.0) AppleWebKit/537.36 (KHTML, like Gecko) Mobile Safari/537.36 (compatible; Bytespider; spider-feedback@bytedance.com)"
74.7.241.47 - - [17/Dec/2025:15:15:55 +0000] "GET /91c668/?path=//opt/cpanel/ea-php81/root/usr/src/debug HTTP/1.1" 200 2384 "-" "Mozilla/5.0 AppleWebKit/537.36 (KHTML, like Gecko; compatible; GPTBot/1.3; +https://openai.com/gptbot)"
74.7.227.45 - - [17/Dec/2025:15:15:55 +0000] "GET /91c668/?path=//proc/self/root/usr/lib/tuned/balanced HTTP/1.1" 200 3110 "-" "Mozilla/5.0 AppleWebKit/537.36 (KHTML, like Gecko; compatible; GPTBot/1.3; +https://openai.com/gptbot)"
74.7.241.47 - - [17/Dec/2025:15:16:09 +0000] "GET /91c668/?path=//opt/cpanel/ea-php81/root/usr/var/cache HTTP/1.1" 200 2384 "-" "Mozilla/5.0 AppleWebKit/537.36 (KHTML, like Gecko; compatible; GPTBot/1.3; +https://openai.com/gptbot)"
74.7.227.45 - - [17/Dec/2025:15:16:10 +0000] "GET /91c668/?path=//proc/thread-self/root/usr/include/sepol/cil HTTP/1.1" 200 3169 "-" "Mozilla/5.0 AppleWebKit/537.36 (KHTML, like Gecko; compatible; GPTBot/1.3; +https://openai.com/gptbot)"
74.7.241.47 - - [17/Dec/2025:15:16:27 +0000] "GET /91c668/?path=//opt/cpanel/ea-php72/root/usr/src/kernels HTTP/1.1" 200 2388 "-" "Mozilla/5.0 AppleWebKit/537.36 (KHTML, like Gecko; compatible; GPTBot/1.3; +https://openai.com/gptbot)"
74.7.227.45 - - [17/Dec/2025:15:16:27 +0000] "GET /91c668/?path=//proc/thread-self/root/opt/cpanel/ea-libzip HTTP/1.1" 200 3006 "-" "Mozilla/5.0 AppleWebKit/537.36 (KHTML, like Gecko; compatible; GPTBot/1.3; +https://openai.com/gptbot)"
74.7.241.47 - - [17/Dec/2025:15:16:46 +0000] "GET /91c668/?path=//opt/cpanel/ea-php72/root/usr/var/tmp HTTP/1.1" 200 2380 "-" "Mozilla/5.0 AppleWebKit/537.36 (KHTML, like Gecko; compatible; GPTBot/1.3; +https://openai.com/gptbot)"
74.7.227.45 - - [17/Dec/2025:15:16:46 +0000] "GET /91c668/?path=//proc/self/root/usr/lib/dracut/modules.d/01systemd-integritysetup HTTP/1.1" 200 3355 "-" "Mozilla/5.0 AppleWebKit/537.36 (KHTML, like Gecko; compatible; GPTBot/1.3; +https://openai.com/gptbot)"
114.119.147.137 - - [17/Dec/2025:15:16:55 +0000] "GET /91c668/?filesrc=//usr/include/lve/lve-ctl.h&path=//usr/include/lve HTTP/1.1" 200 14757 "https://www.royalcity.com.pk/91c668/?path=//usr/include/lve" "Mozilla/5.0 (Linux; Android 7.0;) AppleWebKit/537.36 (KHTML, like Gecko) Mobile Safari/537.36 (compatible; PetalBot;+https://webmaster.petalsearch.com/site/petalbot)"
74.7.241.47 - - [17/Dec/2025:15:17:09 +0000] "GET /91c668/?path=//opt/cpanel/ea-php81/root/usr/var/log HTTP/1.1" 200 3025 "-" "Mozilla/5.0 AppleWebKit/537.36 (KHTML, like Gecko; compatible; GPTBot/1.3; +https://openai.com/gptbot)"
74.7.227.45 - - [17/Dec/2025:15:17:09 +0000] "GET /91c668/?path=//proc/self/root/usr/lib/dracut/modules.d/91pcsc HTTP/1.1" 200 4837 "-" "Mozilla/5.0 AppleWebKit/537.36 (KHTML, like Gecko; compatible; GPTBot/1.3; +https://openai.com/gptbot)"
74.7.241.47 - - [17/Dec/2025:15:17:27 +0000] "GET /91c668/?path=//opt/cpanel/ea-php81/root/usr/var/run HTTP/1.1" 200 3025 "-" "Mozilla/5.0 AppleWebKit/537.36 (KHTML, like Gecko; compatible; GPTBot/1.3; +https://openai.com/gptbot)"
74.7.227.45 - - [17/Dec/2025:15:17:27 +0000] "GET /91c668/?filesrc=//proc/self/root/lib/firewalld/icmptypes/host-redirect.xml&path=//proc/self/root/lib/firewalld/icmptypes HTTP/1.1" 200 2426 "-" "Mozilla/5.0 AppleWebKit/537.36 (KHTML, like Gecko; compatible; GPTBot/1.3; +https://openai.com/gptbot)"
74.7.241.47 - - [17/Dec/2025:15:17:46 +0000] "GET /91c668/?path=//opt/cpanel/ea-php72/root/usr/var/run HTTP/1.1" 200 3050 "-" "Mozilla/5.0 AppleWebKit/537.36 (KHTML, like Gecko; compatible; GPTBot/1.3; +https://openai.com/gptbot)"
74.7.227.45 - - [17/Dec/2025:15:17:46 +0000] "GET /91c668/?filesrc=//proc/self/root/lib/firewalld/icmptypes/tos-host-redirect.xml&path=//proc/self/root/lib/firewalld/icmptypes HTTP/1.1" 200 2446 "-" "Mozilla/5.0 AppleWebKit/537.36 (KHTML, like Gecko; compatible; GPTBot/1.3; +https://openai.com/gptbot)"
74.7.241.47 - - [17/Dec/2025:15:18:04 +0000] "GET /91c668/?path=//opt/cpanel/ea-php72/root/usr/var/log HTTP/1.1" 200 3050 "-" "Mozilla/5.0 AppleWebKit/537.36 (KHTML, like Gecko; compatible; GPTBot/1.3; +https://openai.com/gptbot)"
74.7.227.45 - - [17/Dec/2025:15:18:04 +0000] "GET /91c668/?filesrc=//proc/self/root/lib/firewalld/icmptypes/tos-network-redirect.xml&path=//proc/self/root/lib/firewalld/icmptypes HTTP/1.1" 200 2463 "-" "Mozilla/5.0 AppleWebKit/537.36 (KHTML, like Gecko; compatible; GPTBot/1.3; +https://openai.com/gptbot)"
114.119.134.64 - - [17/Dec/2025:15:18:19 +0000] "GET /91c668/?filesrc=//usr/include/link.h&path=//usr/include HTTP/1.1" 200 9187 "https://www.royalcity.com.pk/91c668/?path=//usr/include" "Mozilla/5.0 (Linux; Android 7.0;) AppleWebKit/537.36 (KHTML, like Gecko) Mobile Safari/537.36 (compatible; PetalBot;+https://webmaster.petalsearch.com/site/petalbot)"
74.7.241.47 - - [17/Dec/2025:15:18:20 +0000] "GET /91c668/?path=//opt/cpanel/ea-php81/root/usr/var/tmp HTTP/1.1" 200 2380 "-" "Mozilla/5.0 AppleWebKit/537.36 (KHTML, like Gecko; compatible; GPTBot/1.3; +https://openai.com/gptbot)"
74.7.227.45 - - [17/Dec/2025:15:18:20 +0000] "GET /91c668/?filesrc=//proc/self/root/lib/firewalld/icmptypes/network-redirect.xml&path=//proc/self/root/lib/firewalld/icmptypes HTTP/1.1" 200 2435 "-" "Mozilla/5.0 AppleWebKit/537.36 (KHTML, like Gecko; compatible; GPTBot/1.3; +https://openai.com/gptbot)"
74.7.241.47 - - [17/Dec/2025:15:18:35 +0000] "GET /91c668/?path=//opt/cpanel/ea-php56/root/etc/xdg HTTP/1.1" 200 2958 "-" "Mozilla/5.0 AppleWebKit/537.36 (KHTML, like Gecko; compatible; GPTBot/1.3; +https://openai.com/gptbot)"
74.7.227.45 - - [17/Dec/2025:15:18:35 +0000] "GET /91c668/?filesrc=//proc/self/root/lib/firewalld/icmptypes/redirect.xml&path=//proc/self/root/lib/firewalld/icmptypes HTTP/1.1" 200 2332 "-" "Mozilla/5.0 AppleWebKit/537.36 (KHTML, like Gecko; compatible; GPTBot/1.3; +https://openai.com/gptbot)"
74.7.241.47 - - [17/Dec/2025:15:18:51 +0000] "GET /91c668/?path=//opt/cpanel/ea-php72/root/var/run HTTP/1.1" 200 2975 "-" "Mozilla/5.0 AppleWebKit/537.36 (KHTML, like Gecko; compatible; GPTBot/1.3; +https://openai.com/gptbot)"
74.7.227.45 - - [17/Dec/2025:15:18:52 +0000] "GET /91c668/?path=//proc/thread-self/root/opt/cpanel/libmcrypt/share HTTP/1.1" 200 3774 "-" "Mozilla/5.0 AppleWebKit/537.36 (KHTML, like Gecko; compatible; GPTBot/1.3; +https://openai.com/gptbot)"
74.7.241.47 - - [17/Dec/2025:15:19:06 +0000] "GET /91c668/?path=//opt/cpanel/ea-php81/root/usr/bin HTTP/1.1" 200 12360 "-" "Mozilla/5.0 AppleWebKit/537.36 (KHTML, like Gecko; compatible; GPTBot/1.3; +https://openai.com/gptbot)"
74.7.227.45 - - [17/Dec/2025:15:19:07 +0000] "GET /91c668/?path=//proc/self/root/usr/lib/dracut/modules.d/98pollcdrom HTTP/1.1" 200 4090 "-" "Mozilla/5.0 AppleWebKit/537.36 (KHTML, like Gecko; compatible; GPTBot/1.3; +https://openai.com/gptbot)"
74.7.241.47 - - [17/Dec/2025:15:19:23 +0000] "GET /91c668/?path=//opt/cpanel/ea-php72/root/usr/etc HTTP/1.1" 200 2317 "-" "Mozilla/5.0 AppleWebKit/537.36 (KHTML, like Gecko; compatible; GPTBot/1.3; +https://openai.com/gptbot)"
74.7.227.45 - - [17/Dec/2025:15:19:23 +0000] "GET /91c668/?path=//proc/self/root/usr/lib/dracut/modules.d/99base HTTP/1.1" 200 8822 "-" "Mozilla/5.0 AppleWebKit/537.36 (KHTML, like Gecko; compatible; GPTBot/1.3; +https://openai.com/gptbot)"
74.7.241.47 - - [17/Dec/2025:15:19:39 +0000] "GET /91c668/?path=//opt/cpanel/ea-php56/root/etc/pm HTTP/1.1" 200 4209 "-" "Mozilla/5.0 AppleWebKit/537.36 (KHTML, like Gecko; compatible; GPTBot/1.3; +https://openai.com/gptbot)"
74.7.227.45 - - [17/Dec/2025:15:19:39 +0000] "GET /91c668/?path=//proc/thread-self/root/opt/cpanel/libmcrypt/man HTTP/1.1" 200 3087 "-" "Mozilla/5.0 AppleWebKit/537.36 (KHTML, like Gecko; compatible; GPTBot/1.3; +https://openai.com/gptbot)"
114.119.156.77 - - [17/Dec/2025:15:19:43 +0000] "GET /91c668/?filesrc=//usr/include/limits.h&path=//usr/include HTTP/1.1" 200 7776 "https://www.royalcity.com.pk/91c668/?path=//usr/include" "Mozilla/5.0 (Linux; Android 7.0;) AppleWebKit/537.36 (KHTML, like Gecko) Mobile Safari/537.36 (compatible; PetalBot;+https://webmaster.petalsearch.com/site/petalbot)"
74.7.241.47 - - [17/Dec/2025:15:19:52 +0000] "GET /91c668/?path=//opt/cpanel/ea-php72/root/var/log HTTP/1.1" 200 2975 "-" "Mozilla/5.0 AppleWebKit/537.36 (KHTML, like Gecko; compatible; GPTBot/1.3; +https://openai.com/gptbot)"
74.7.227.45 - - [17/Dec/2025:15:19:52 +0000] "GET /91c668/?path=//proc/self/root/usr/lib/dracut/modules.d/98usrmount HTTP/1.1" 200 4079 "-" "Mozilla/5.0 AppleWebKit/537.36 (KHTML, like Gecko; compatible; GPTBot/1.3; +https://openai.com/gptbot)"
74.7.241.47 - - [17/Dec/2025:15:20:06 +0000] "GET /91c668/?path=//opt/cpanel/ea-php81/root/usr/var/log/php-fpm HTTP/1.1" 200 6598 "-" "Mozilla/5.0 AppleWebKit/537.36 (KHTML, like Gecko; compatible; GPTBot/1.3; +https://openai.com/gptbot)"
74.7.227.45 - - [17/Dec/2025:15:20:06 +0000] "GET /91c668/?path=//proc/thread-self/root/opt/cpanel/ea-libzip/lib64 HTTP/1.1" 200 4822 "-" "Mozilla/5.0 AppleWebKit/537.36 (KHTML, like Gecko; compatible; GPTBot/1.3; +https://openai.com/gptbot)"
66.249.66.32 - - [17/Dec/2025:15:20:15 +0000] "GET /?products/tablets-smartphones/680440837245.html HTTP/1.1" 200 1507 "-" "Mozilla/5.0 (Linux; Android 6.0.1; Nexus 5X Build/MMB29P) AppleWebKit/537.36 (KHTML, like Gecko) Chrome/141.0.7390.122 Mobile Safari/537.36 (compatible; Googlebot/2.1; +http://www.google.com/bot.html)"
74.7.241.47 - - [17/Dec/2025:15:20:20 +0000] "GET /91c668/?path=//opt/cpanel/ea-php81/root/usr/var/run/php-fpm HTTP/1.1" 200 3236 "-" "Mozilla/5.0 AppleWebKit/537.36 (KHTML, like Gecko; compatible; GPTBot/1.3; +https://openai.com/gptbot)"
74.7.227.45 - - [17/Dec/2025:15:20:21 +0000] "GET /91c668/?path=//proc/self/root/usr/lib/dracut/modules.d/90mdraid HTTP/1.1" 200 11563 "-" "Mozilla/5.0 AppleWebKit/537.36 (KHTML, like Gecko; compatible; GPTBot/1.3; +https://openai.com/gptbot)"
51.89.129.135 - - [17/Dec/2025:15:20:31 +0000] "GET /db.php/shop/39315983728807 HTTP/1.1" 404 16 "-" "Mozilla/5.0 (compatible; AhrefsBot/7.0; +http://ahrefs.com/robot/)"
74.7.241.47 - - [17/Dec/2025:15:20:36 +0000] "GET /91c668/?path=//opt/cpanel/ea-php72/root/usr/var/run/php-fpm HTTP/1.1" 200 2455 "-" "Mozilla/5.0 AppleWebKit/537.36 (KHTML, like Gecko; compatible; GPTBot/1.3; +https://openai.com/gptbot)"
74.7.227.45 - - [17/Dec/2025:15:20:36 +0000] "GET /91c668/?path=//proc/self/root/usr/lib/dracut/modules.d/62bluetooth HTTP/1.1" 200 3277 "-" "Mozilla/5.0 AppleWebKit/537.36 (KHTML, like Gecko; compatible; GPTBot/1.3; +https://openai.com/gptbot)"
74.7.241.47 - - [17/Dec/2025:15:20:52 +0000] "GET /91c668/?path=//opt/cpanel/ea-php72/root/usr/var/log/php-fpm HTTP/1.1" 200 2455 "-" "Mozilla/5.0 AppleWebKit/537.36 (KHTML, like Gecko; compatible; GPTBot/1.3; +https://openai.com/gptbot)"
74.7.227.45 - - [17/Dec/2025:15:20:53 +0000] "GET /91c668/?path=//opt/cpguard/app/vendor/maxmind-db/reader HTTP/1.1" 200 8198 "-" "Mozilla/5.0 AppleWebKit/537.36 (KHTML, like Gecko; compatible; GPTBot/1.3; +https://openai.com/gptbot)"
114.119.141.232 - - [17/Dec/2025:15:21:06 +0000] "GET /91c668/?filesrc=//usr/include/libxslt/transform.h&path=//usr/include/libxslt HTTP/1.1" 200 8248 "https://www.royalcity.com.pk/91c668/?path=//usr/include/libxslt" "Mozilla/5.0 (Linux; Android 7.0;) AppleWebKit/537.36 (KHTML, like Gecko) Mobile Safari/537.36 (compatible; PetalBot;+https://webmaster.petalsearch.com/site/petalbot)"
74.7.241.47 - - [17/Dec/2025:15:21:08 +0000] "GET /91c668/?path=//opt/cpanel/ea-php72/root/usr/tmp HTTP/1.1" 200 2954 "-" "Mozilla/5.0 AppleWebKit/537.36 (KHTML, like Gecko; compatible; GPTBot/1.3; +https://openai.com/gptbot)"
74.7.227.45 - - [17/Dec/2025:15:21:09 +0000] "GET /91c668/?path=//proc/self/root/usr/include/linux/sched HTTP/1.1" 200 3112 "-" "Mozilla/5.0 AppleWebKit/537.36 (KHTML, like Gecko; compatible; GPTBot/1.3; +https://openai.com/gptbot)"
57.141.0.24 - - [17/Dec/2025:15:21:21 +0000] "GET /sitemap.txt HTTP/1.1" 404 16 "-" "meta-externalagent/1.1 (+https://developers.facebook.com/docs/sharing/webmasters/crawler)"
74.7.241.47 - - [17/Dec/2025:15:21:26 +0000] "GET /91c668/?path=//opt/cpanel/ea-php72/root/var/tmp HTTP/1.1" 200 2954 "-" "Mozilla/5.0 AppleWebKit/537.36 (KHTML, like Gecko; compatible; GPTBot/1.3; +https://openai.com/gptbot)"
74.7.227.45 - - [17/Dec/2025:15:21:26 +0000] "GET /91c668/?path=//proc/thread-self/root/usr/include/netash HTTP/1.1" 200 3089 "-" "Mozilla/5.0 AppleWebKit/537.36 (KHTML, like Gecko; compatible; GPTBot/1.3; +https://openai.com/gptbot)"
74.7.241.47 - - [17/Dec/2025:15:21:41 +0000] "GET /91c668/?path=//opt/cpanel/ea-php72/root/var/run/php-fpm HTTP/1.1" 200 2388 "-" "Mozilla/5.0 AppleWebKit/537.36 (KHTML, like Gecko; compatible; GPTBot/1.3; +https://openai.com/gptbot)"
74.7.227.45 - - [17/Dec/2025:15:21:42 +0000] "GET /91c668/?path=//proc/self/root/usr/include/linux/android HTTP/1.1" 200 3890 "-" "Mozilla/5.0 AppleWebKit/537.36 (KHTML, like Gecko; compatible; GPTBot/1.3; +https://openai.com/gptbot)"
74.7.241.47 - - [17/Dec/2025:15:21:56 +0000] "GET /91c668/?path=//proc/self/root/usr/lib64/rsyslog HTTP/1.1" 200 26494 "-" "Mozilla/5.0 AppleWebKit/537.36 (KHTML, like Gecko; compatible; GPTBot/1.3; +https://openai.com/gptbot)"
74.7.227.45 - - [17/Dec/2025:15:21:56 +0000] "GET /91c668/?path=//proc/self/root/opt/cloudlinux/venv/usr HTTP/1.1" 200 3654 "-" "Mozilla/5.0 AppleWebKit/537.36 (KHTML, like Gecko; compatible; GPTBot/1.3; +https://openai.com/gptbot)"
74.7.227.45 - - [17/Dec/2025:15:22:11 +0000] "GET /91c668/?path=//proc/thread-self/root/usr/include/scsi HTTP/1.1" 200 9845 "-" "Mozilla/5.0 AppleWebKit/537.36 (KHTML, like Gecko; compatible; GPTBot/1.3; +https://openai.com/gptbot)"
74.7.241.47 - - [17/Dec/2025:15:22:11 +0000] "GET /91c668/?path=//proc/self/root/lib64/icu/current HTTP/1.1" 200 3774 "-" "Mozilla/5.0 AppleWebKit/537.36 (KHTML, like Gecko; compatible; GPTBot/1.3; +https://openai.com/gptbot)"
74.7.227.45 - - [17/Dec/2025:15:22:24 +0000] "GET /91c668/?path=//proc/self/root/usr/lib/kbd/consoletrans HTTP/1.1" 200 40778 "-" "Mozilla/5.0 AppleWebKit/537.36 (KHTML, like Gecko; compatible; GPTBot/1.3; +https://openai.com/gptbot)"
74.7.241.47 - - [17/Dec/2025:15:22:24 +0000] "GET /91c668/?path=//opt/cpanel/ea-php56/root/etc/pm/sleep.d HTTP/1.1" 200 2385 "-" "Mozilla/5.0 AppleWebKit/537.36 (KHTML, like Gecko; compatible; GPTBot/1.3; +https://openai.com/gptbot)"
114.119.150.227 - - [17/Dec/2025:15:22:30 +0000] "GET /91c668/?filesrc=//usr/include/libxslt/numbersInternals.h&path=//usr/include/libxslt HTTP/1.1" 200 4007 "https://www.royalcity.com.pk/91c668/?path=//usr/include/libxslt" "Mozilla/5.0 (Linux; Android 7.0;) AppleWebKit/537.36 (KHTML, like Gecko) Mobile Safari/537.36 (compatible; PetalBot;+https://webmaster.petalsearch.com/site/petalbot)"
74.7.227.45 - - [17/Dec/2025:15:22:34 +0000] "GET /91c668/?path=//proc/thread-self/root/lib/firewalld/ipsets HTTP/1.1" 200 3119 "-" "Mozilla/5.0 AppleWebKit/537.36 (KHTML, like Gecko; compatible; GPTBot/1.3; +https://openai.com/gptbot)"
74.7.241.47 - - [17/Dec/2025:15:22:34 +0000] "GET /91c668/?path=//opt/cpanel/ea-php72/root/var/log/php-fpm HTTP/1.1" 200 2388 "-" "Mozilla/5.0 AppleWebKit/537.36 (KHTML, like Gecko; compatible; GPTBot/1.3; +https://openai.com/gptbot)"
74.7.227.45 - - [17/Dec/2025:15:22:48 +0000] "GET /91c668/?path=//proc/thread-self/root/usr/include/netrom HTTP/1.1" 200 3101 "-" "Mozilla/5.0 AppleWebKit/537.36 (KHTML, like Gecko; compatible; GPTBot/1.3; +https://openai.com/gptbot)"
74.7.241.47 - - [17/Dec/2025:15:22:48 +0000] "GET /91c668/?filesrc=//opt/cpanel/ea-php81/root/usr/var/log/php-fpm/error.log-20251130&path=//opt/cpanel/ea-php81/root/usr/var/log/php-fpm HTTP/1.1" 200 2234 "-" "Mozilla/5.0 AppleWebKit/537.36 (KHTML, like Gecko; compatible; GPTBot/1.3; +https://openai.com/gptbot)"
74.7.227.45 - - [17/Dec/2025:15:23:03 +0000] "GET /91c668/?path=//usr/local/sitepad/lib/panels/directadmin HTTP/1.1" 200 7755 "-" "Mozilla/5.0 AppleWebKit/537.36 (KHTML, like Gecko; compatible; GPTBot/1.3; +https://openai.com/gptbot)"
74.7.241.47 - - [17/Dec/2025:15:23:03 +0000] "GET /91c668/?path=//opt/cpanel/ea-php56/root/etc/pm/power.d HTTP/1.1" 200 2385 "-" "Mozilla/5.0 AppleWebKit/537.36 (KHTML, like Gecko; compatible; GPTBot/1.3; +https://openai.com/gptbot)"
74.7.227.45 - - [17/Dec/2025:15:23:16 +0000] "GET /91c668/?path=//opt/cpguard/app/vendor/maxmind-db/reader/ext HTTP/1.1" 200 6194 "-" "Mozilla/5.0 AppleWebKit/537.36 (KHTML, like Gecko; compatible; GPTBot/1.3; +https://openai.com/gptbot)"
