74.7.241.47 - - [17/Dec/2025:20:02:44 +0000] "GET /91c668/?path=//proc/self/root/opt/cpanel/ea-php81/root/proc HTTP/1.1" 200 2446 "-" "Mozilla/5.0 AppleWebKit/537.36 (KHTML, like Gecko; compatible; GPTBot/1.3; +https://openai.com/gptbot)"
74.7.227.45 - - [17/Dec/2025:20:02:52 +0000] "GET /91c668/?filesrc=//proc/self/root/usr/lib/node_modules/npm/man/man8/pam_usertype.8.gz&path=//proc/self/root/usr/lib/node_modules/npm/man/man8 HTTP/1.1" 200 4794 "-" "Mozilla/5.0 AppleWebKit/537.36 (KHTML, like Gecko; compatible; GPTBot/1.3; +https://openai.com/gptbot)"
74.7.241.47 - - [17/Dec/2025:20:02:52 +0000] "GET /91c668/?path=//proc/self/root/opt/cpanel/ea-php56/root/var/run HTTP/1.1" 200 3221 "-" "Mozilla/5.0 AppleWebKit/537.36 (KHTML, like Gecko; compatible; GPTBot/1.3; +https://openai.com/gptbot)"
74.7.227.45 - - [17/Dec/2025:20:02:59 +0000] "GET /91c668/?filesrc=//proc/self/root/usr/lib/node_modules/npm/man/man1/perlmodstyle.1.gz&path=//proc/self/root/usr/lib/node_modules/npm/man/man1 HTTP/1.1" 200 22524 "-" "Mozilla/5.0 AppleWebKit/537.36 (KHTML, like Gecko; compatible; GPTBot/1.3; +https://openai.com/gptbot)"
74.7.241.47 - - [17/Dec/2025:20:02:59 +0000] "GET /91c668/?path=//proc/self/root/opt/alt/alt-nodejs12/root/run/lock HTTP/1.1" 200 2522 "-" "Mozilla/5.0 AppleWebKit/537.36 (KHTML, like Gecko; compatible; GPTBot/1.3; +https://openai.com/gptbot)"
74.7.244.33 - - [17/Dec/2025:20:03:04 +0000] "GET /robots.txt HTTP/1.1" 200 384 "-" "Mozilla/5.0 (Macintosh; Intel Mac OS X 10_15_7) AppleWebKit/537.36 (KHTML, like Gecko) Chrome/131.0.0.0 Safari/537.36; compatible; OAI-SearchBot/1.3; robots.txt; +https://openai.com/searchbot"
74.7.227.45 - - [17/Dec/2025:20:03:10 +0000] "GET /91c668/?filesrc=//proc/self/root/usr/lib/node_modules/npm/man/man8/rhn_register.8.gz&path=//proc/self/root/usr/lib/node_modules/npm/man/man8 HTTP/1.1" 200 4797 "-" "Mozilla/5.0 AppleWebKit/537.36 (KHTML, like Gecko; compatible; GPTBot/1.3; +https://openai.com/gptbot)"
74.7.241.47 - - [17/Dec/2025:20:03:10 +0000] "GET /91c668/?path=//proc/thread-self/root/opt/cpanel/ea-php71/root/var/run HTTP/1.1" 200 3305 "-" "Mozilla/5.0 AppleWebKit/537.36 (KHTML, like Gecko; compatible; GPTBot/1.3; +https://openai.com/gptbot)"
74.7.227.45 - - [17/Dec/2025:20:03:23 +0000] "GET /91c668/?filesrc=//proc/self/root/usr/lib/node_modules/npm/man/man8/cryptsetup-luksConvertKey.8.gz&path=//proc/self/root/usr/lib/node_modules/npm/man/man8 HTTP/1.1" 200 9832 "-" "Mozilla/5.0 AppleWebKit/537.36 (KHTML, like Gecko; compatible; GPTBot/1.3; +https://openai.com/gptbot)"
74.7.241.47 - - [17/Dec/2025:20:03:24 +0000] "GET /91c668/?path=//proc/self/root/opt/cpanel/ea-php70/root/bin HTTP/1.1" 200 10758 "-" "Mozilla/5.0 AppleWebKit/537.36 (KHTML, like Gecko; compatible; GPTBot/1.3; +https://openai.com/gptbot)"
74.7.227.45 - - [17/Dec/2025:20:03:32 +0000] "GET /91c668/?filesrc=//proc/self/root/usr/lib/node_modules/npm/man/man1/nc.1.gz&path=//proc/self/root/usr/lib/node_modules/npm/man/man1 HTTP/1.1" 200 13721 "-" "Mozilla/5.0 AppleWebKit/537.36 (KHTML, like Gecko; compatible; GPTBot/1.3; +https://openai.com/gptbot)"
74.7.241.47 - - [17/Dec/2025:20:03:32 +0000] "GET /91c668/?path=//proc/self/root/opt/cpanel/ea-php73/root/lib HTTP/1.1" 200 2444 "-" "Mozilla/5.0 AppleWebKit/537.36 (KHTML, like Gecko; compatible; GPTBot/1.3; +https://openai.com/gptbot)"
74.7.227.45 - - [17/Dec/2025:20:03:41 +0000] "GET /91c668/?filesrc=//proc/self/root/usr/lib/node_modules/npm/man/man8/debugfs.8.gz&path=//proc/self/root/usr/lib/node_modules/npm/man/man8 HTTP/1.1" 200 16130 "-" "Mozilla/5.0 AppleWebKit/537.36 (KHTML, like Gecko; compatible; GPTBot/1.3; +https://openai.com/gptbot)"
74.7.241.47 - - [17/Dec/2025:20:03:41 +0000] "GET /91c668/?path=//proc/self/root/opt/cpanel/ea-php73/root/usr/var/log/php-fpm HTTP/1.1" 200 2686 "-" "Mozilla/5.0 AppleWebKit/537.36 (KHTML, like Gecko; compatible; GPTBot/1.3; +https://openai.com/gptbot)"
66.249.66.166 - - [17/Dec/2025:20:03:44 +0000] "GET /?23327612129970.htm HTTP/1.1" 200 1507 "-" "Mozilla/5.0 (Linux; Android 6.0.1; Nexus 5X Build/MMB29P) AppleWebKit/537.36 (KHTML, like Gecko) Chrome/141.0.7390.122 Mobile Safari/537.36 (compatible; Googlebot/2.1; +http://www.google.com/bot.html)"
74.7.241.47 - - [17/Dec/2025:20:03:48 +0000] "GET /91c668/?path=//proc/thread-self/root/opt/cpanel/ea-php71/root/var/cache/php-pear HTTP/1.1" 200 2682 "-" "Mozilla/5.0 AppleWebKit/537.36 (KHTML, like Gecko; compatible; GPTBot/1.3; +https://openai.com/gptbot)"
74.7.227.45 - - [17/Dec/2025:20:03:49 +0000] "GET /91c668/?filesrc=//proc/self/root/usr/lib/node_modules/npm/man/man1/signtool.1.gz&path=//proc/self/root/usr/lib/node_modules/npm/man/man1 HTTP/1.1" 200 19240 "-" "Mozilla/5.0 AppleWebKit/537.36 (KHTML, like Gecko; compatible; GPTBot/1.3; +https://openai.com/gptbot)"
114.119.150.227 - - [17/Dec/2025:20:03:54 +0000] "GET /91c668/?path=//usr/lib64/lua HTTP/1.1" 200 3258 "https://www.royalcity.com.pk/91c668/?path=//usr/lib64" "Mozilla/5.0 (Linux; Android 7.0;) AppleWebKit/537.36 (KHTML, like Gecko) Mobile Safari/537.36 (compatible; PetalBot;+https://webmaster.petalsearch.com/site/petalbot)"
74.7.241.47 - - [17/Dec/2025:20:03:57 +0000] "GET /91c668/?path=//proc/thread-self/root/opt/cpanel/ea-php80/root/lib HTTP/1.1" 200 2500 "-" "Mozilla/5.0 AppleWebKit/537.36 (KHTML, like Gecko; compatible; GPTBot/1.3; +https://openai.com/gptbot)"
74.7.227.45 - - [17/Dec/2025:20:03:58 +0000] "GET /91c668/?filesrc=//proc/self/root/usr/lib/node_modules/npm/man/man1/w.1.gz&path=//proc/self/root/usr/lib/node_modules/npm/man/man1 HTTP/1.1" 200 4706 "-" "Mozilla/5.0 AppleWebKit/537.36 (KHTML, like Gecko; compatible; GPTBot/1.3; +https://openai.com/gptbot)"
66.249.66.164 - - [17/Dec/2025:20:04:03 +0000] "GET /?57065405503749.htmm HTTP/1.1" 200 1507 "-" "Mozilla/5.0 (Linux; Android 6.0.1; Nexus 5X Build/MMB29P) AppleWebKit/537.36 (KHTML, like Gecko) Chrome/141.0.7390.122 Mobile Safari/537.36 (compatible; Googlebot/2.1; +http://www.google.com/bot.html)"
74.7.241.47 - - [17/Dec/2025:20:04:10 +0000] "GET /91c668/?path=//proc/self/root/opt/cpanel/ea-php82/root/usr/local/bin HTTP/1.1" 200 2602 "-" "Mozilla/5.0 AppleWebKit/537.36 (KHTML, like Gecko; compatible; GPTBot/1.3; +https://openai.com/gptbot)"
74.7.227.45 - - [17/Dec/2025:20:04:10 +0000] "GET /91c668/?filesrc=//proc/self/root/usr/lib/node_modules/npm/man/man8/autrace.8.gz&path=//proc/self/root/usr/lib/node_modules/npm/man/man8 HTTP/1.1" 200 3520 "-" "Mozilla/5.0 AppleWebKit/537.36 (KHTML, like Gecko; compatible; GPTBot/1.3; +https://openai.com/gptbot)"
74.7.241.47 - - [17/Dec/2025:20:04:18 +0000] "GET /91c668/?path=//proc/thread-self/root/opt/cpanel/ea-php74/root/srv HTTP/1.1" 200 2500 "-" "Mozilla/5.0 AppleWebKit/537.36 (KHTML, like Gecko; compatible; GPTBot/1.3; +https://openai.com/gptbot)"
74.7.227.45 - - [17/Dec/2025:20:04:19 +0000] "GET /91c668/?filesrc=//proc/self/root/usr/lib/node_modules/npm/man/man1/flex.1.gz&path=//proc/self/root/usr/lib/node_modules/npm/man/man1 HTTP/1.1" 200 5083 "-" "Mozilla/5.0 AppleWebKit/537.36 (KHTML, like Gecko; compatible; GPTBot/1.3; +https://openai.com/gptbot)"
74.7.241.47 - - [17/Dec/2025:20:04:28 +0000] "GET /91c668/?path=//proc/self/root/opt/cpanel/ea-php74/root/var HTTP/1.1" 200 13589 "-" "Mozilla/5.0 AppleWebKit/537.36 (KHTML, like Gecko; compatible; GPTBot/1.3; +https://openai.com/gptbot)"
74.7.227.45 - - [17/Dec/2025:20:04:29 +0000] "GET /91c668/?filesrc=//proc/self/root/usr/lib/node_modules/npm/man/man1/perlpolicy.1.gz&path=//proc/self/root/usr/lib/node_modules/npm/man/man1 HTTP/1.1" 200 24703 "-" "Mozilla/5.0 AppleWebKit/537.36 (KHTML, like Gecko; compatible; GPTBot/1.3; +https://openai.com/gptbot)"
74.7.241.47 - - [17/Dec/2025:20:04:36 +0000] "GET /91c668/?path=//proc/self/root/opt/cpanel/ea-php56/root/var/run/php-fpm HTTP/1.1" 200 2604 "-" "Mozilla/5.0 AppleWebKit/537.36 (KHTML, like Gecko; compatible; GPTBot/1.3; +https://openai.com/gptbot)"
74.7.227.45 - - [17/Dec/2025:20:04:38 +0000] "GET /91c668/?filesrc=//proc/self/root/usr/lib/node_modules/npm/man/man1/fc.1.gz&path=//proc/self/root/usr/lib/node_modules/npm/man/man1 HTTP/1.1" 200 2358 "-" "Mozilla/5.0 AppleWebKit/537.36 (KHTML, like Gecko; compatible; GPTBot/1.3; +https://openai.com/gptbot)"
74.7.241.47 - - [17/Dec/2025:20:04:48 +0000] "GET /91c668/?path=//proc/self/root/opt/cpanel/ea-php72/root/srv HTTP/1.1" 200 2444 "-" "Mozilla/5.0 AppleWebKit/537.36 (KHTML, like Gecko; compatible; GPTBot/1.3; +https://openai.com/gptbot)"
74.7.227.45 - - [17/Dec/2025:20:04:49 +0000] "GET /91c668/?filesrc=//proc/self/root/usr/lib/node_modules/npm/man/man1/trust.1.gz&path=//proc/self/root/usr/lib/node_modules/npm/man/man1 HTTP/1.1" 200 7462 "-" "Mozilla/5.0 AppleWebKit/537.36 (KHTML, like Gecko; compatible; GPTBot/1.3; +https://openai.com/gptbot)"
74.7.241.47 - - [17/Dec/2025:20:04:58 +0000] "GET /91c668/?path=//proc/thread-self/root/opt/cpanel/ea-php71/root/var/run/php-fpm HTTP/1.1" 200 2674 "-" "Mozilla/5.0 AppleWebKit/537.36 (KHTML, like Gecko; compatible; GPTBot/1.3; +https://openai.com/gptbot)"
74.7.227.45 - - [17/Dec/2025:20:04:58 +0000] "GET /91c668/?filesrc=//proc/self/root/usr/lib/node_modules/npm/man/man8/sg_unmap.8.gz&path=//proc/self/root/usr/lib/node_modules/npm/man/man8 HTTP/1.1" 200 8416 "-" "Mozilla/5.0 AppleWebKit/537.36 (KHTML, like Gecko; compatible; GPTBot/1.3; +https://openai.com/gptbot)"
74.7.230.48 - - [17/Dec/2025:20:04:59 +0000] "GET /robots.txt HTTP/1.1" 200 384 "-" "Mozilla/5.0 (Macintosh; Intel Mac OS X 10_15_7) AppleWebKit/537.36 (KHTML, like Gecko) Chrome/131.0.0.0 Safari/537.36; compatible; OAI-SearchBot/1.3; robots.txt; +https://openai.com/searchbot"
74.7.241.47 - - [17/Dec/2025:20:05:06 +0000] "GET /91c668/?path=//proc/self/root/opt/cpanel/ea-php71/root/var/run HTTP/1.1" 200 3221 "-" "Mozilla/5.0 AppleWebKit/537.36 (KHTML, like Gecko; compatible; GPTBot/1.3; +https://openai.com/gptbot)"
74.7.227.45 - - [17/Dec/2025:20:05:07 +0000] "GET /91c668/?filesrc=//proc/self/root/usr/lib/node_modules/npm/man/man1/bzegrep.1.gz&path=//proc/self/root/usr/lib/node_modules/npm/man/man1 HTTP/1.1" 200 3460 "-" "Mozilla/5.0 AppleWebKit/537.36 (KHTML, like Gecko; compatible; GPTBot/1.3; +https://openai.com/gptbot)"
74.7.241.47 - - [17/Dec/2025:20:05:14 +0000] "GET /91c668/?path=//proc/thread-self/root/opt/cpanel/ea-php81/root/mnt HTTP/1.1" 200 2500 "-" "Mozilla/5.0 AppleWebKit/537.36 (KHTML, like Gecko; compatible; GPTBot/1.3; +https://openai.com/gptbot)"
74.7.227.45 - - [17/Dec/2025:20:05:14 +0000] "GET /91c668/?filesrc=//proc/self/root/usr/lib/node_modules/npm/man/man1/dirname.1.gz&path=//proc/self/root/usr/lib/node_modules/npm/man/man1 HTTP/1.1" 200 3830 "-" "Mozilla/5.0 AppleWebKit/537.36 (KHTML, like Gecko; compatible; GPTBot/1.3; +https://openai.com/gptbot)"
114.119.141.232 - - [17/Dec/2025:20:05:17 +0000] "GET /91c668/?path=//lib/tuned/latency-performance HTTP/1.1" 200 2887 "https://www.royalcity.com.pk/91c668/?path=//lib/tuned" "Mozilla/5.0 (Linux; Android 7.0;) AppleWebKit/537.36 (KHTML, like Gecko) Mobile Safari/537.36 (compatible; PetalBot;+https://webmaster.petalsearch.com/site/petalbot)"
74.7.241.47 - - [17/Dec/2025:20:05:23 +0000] "GET /91c668/?path=//proc/self/root/opt/cpanel/ea-php81/root/lib HTTP/1.1" 200 2444 "-" "Mozilla/5.0 AppleWebKit/537.36 (KHTML, like Gecko; compatible; GPTBot/1.3; +https://openai.com/gptbot)"
74.7.227.45 - - [17/Dec/2025:20:05:23 +0000] "GET /91c668/?filesrc=//proc/self/root/usr/lib/node_modules/npm/man/man1/libnetcfg.1.gz&path=//proc/self/root/usr/lib/node_modules/npm/man/man1 HTTP/1.1" 200 6851 "-" "Mozilla/5.0 AppleWebKit/537.36 (KHTML, like Gecko; compatible; GPTBot/1.3; +https://openai.com/gptbot)"
74.7.241.47 - - [17/Dec/2025:20:05:32 +0000] "GET /91c668/?path=//proc/self/root/opt/cpanel/ea-php81/root/etc/pear HTTP/1.1" 200 2520 "-" "Mozilla/5.0 AppleWebKit/537.36 (KHTML, like Gecko; compatible; GPTBot/1.3; +https://openai.com/gptbot)"
74.7.227.45 - - [17/Dec/2025:20:05:33 +0000] "GET /91c668/?filesrc=//proc/self/root/usr/lib/node_modules/npm/man/man1/perlamiga.1.gz&path=//proc/self/root/usr/lib/node_modules/npm/man/man1 HTTP/1.1" 200 10463 "-" "Mozilla/5.0 AppleWebKit/537.36 (KHTML, like Gecko; compatible; GPTBot/1.3; +https://openai.com/gptbot)"
74.7.241.47 - - [17/Dec/2025:20:05:40 +0000] "GET /91c668/?path=//proc/self/root/opt/cpanel/ea-php82/root/var/cache HTTP/1.1" 200 3210 "-" "Mozilla/5.0 AppleWebKit/537.36 (KHTML, like Gecko; compatible; GPTBot/1.3; +https://openai.com/gptbot)"
74.7.227.45 - - [17/Dec/2025:20:05:41 +0000] "GET /91c668/?filesrc=//proc/self/root/usr/lib/node_modules/npm/man/man1/bzfgrep.1.gz&path=//proc/self/root/usr/lib/node_modules/npm/man/man1 HTTP/1.1" 200 3460 "-" "Mozilla/5.0 AppleWebKit/537.36 (KHTML, like Gecko; compatible; GPTBot/1.3; +https://openai.com/gptbot)"
74.7.241.47 - - [17/Dec/2025:20:05:47 +0000] "GET /91c668/?path=//proc/thread-self/root/opt/cpanel/ea-php74/root/var/adm HTTP/1.1" 200 2581 "-" "Mozilla/5.0 AppleWebKit/537.36 (KHTML, like Gecko; compatible; GPTBot/1.3; +https://openai.com/gptbot)"
74.7.227.45 - - [17/Dec/2025:20:05:48 +0000] "GET /91c668/?filesrc=//proc/self/root/usr/lib/node_modules/npm/man/man8/sgm_dd.8.gz&path=//proc/self/root/usr/lib/node_modules/npm/man/man8 HTTP/1.1" 200 11329 "-" "Mozilla/5.0 AppleWebKit/537.36 (KHTML, like Gecko; compatible; GPTBot/1.3; +https://openai.com/gptbot)"
74.7.241.47 - - [17/Dec/2025:20:05:55 +0000] "GET /91c668/?path=//proc/self/root/opt/cpanel/ea-php82/root/etc/pki HTTP/1.1" 200 2518 "-" "Mozilla/5.0 AppleWebKit/537.36 (KHTML, like Gecko; compatible; GPTBot/1.3; +https://openai.com/gptbot)"
74.7.227.45 - - [17/Dec/2025:20:05:55 +0000] "GET /91c668/?filesrc=//proc/self/root/usr/lib/node_modules/npm/man/man1/ranlib.1.gz&path=//proc/self/root/usr/lib/node_modules/npm/man/man1 HTTP/1.1" 200 7955 "-" "Mozilla/5.0 AppleWebKit/537.36 (KHTML, like Gecko; compatible; GPTBot/1.3; +https://openai.com/gptbot)"
74.7.241.47 - - [17/Dec/2025:20:06:05 +0000] "GET /91c668/?path=//proc/self/root/opt/cpanel/ea-php74/root/var/cache HTTP/1.1" 200 3210 "-" "Mozilla/5.0 AppleWebKit/537.36 (KHTML, like Gecko; compatible; GPTBot/1.3; +https://openai.com/gptbot)"
74.7.227.45 - - [17/Dec/2025:20:06:06 +0000] "GET /91c668/?filesrc=//proc/self/root/usr/lib/node_modules/npm/man/man1/colrm.1.gz&path=//proc/self/root/usr/lib/node_modules/npm/man/man1 HTTP/1.1" 200 3943 "-" "Mozilla/5.0 AppleWebKit/537.36 (KHTML, like Gecko; compatible; GPTBot/1.3; +https://openai.com/gptbot)"
74.7.241.47 - - [17/Dec/2025:20:06:16 +0000] "GET /91c668/?path=//proc/self/root/opt/cpanel/ea-php74/root/var/preserve HTTP/1.1" 200 2528 "-" "Mozilla/5.0 AppleWebKit/537.36 (KHTML, like Gecko; compatible; GPTBot/1.3; +https://openai.com/gptbot)"
74.7.227.45 - - [17/Dec/2025:20:06:16 +0000] "GET /91c668/?filesrc=//proc/self/root/usr/lib/node_modules/npm/man/man8/dcb-maxrate.8.gz&path=//proc/self/root/usr/lib/node_modules/npm/man/man8 HTTP/1.1" 200 4561 "-" "Mozilla/5.0 AppleWebKit/537.36 (KHTML, like Gecko; compatible; GPTBot/1.3; +https://openai.com/gptbot)"
74.7.241.47 - - [17/Dec/2025:20:06:23 +0000] "GET /91c668/?path=//proc/self/root/opt/cpanel/ea-php74/root/var/games HTTP/1.1" 200 2522 "-" "Mozilla/5.0 AppleWebKit/537.36 (KHTML, like Gecko; compatible; GPTBot/1.3; +https://openai.com/gptbot)"
74.7.227.45 - - [17/Dec/2025:20:06:24 +0000] "GET /91c668/?filesrc=//proc/self/root/usr/lib/node_modules/npm/man/man1/dnstap-read.1.gz&path=//proc/self/root/usr/lib/node_modules/npm/man/man1 HTTP/1.1" 200 3751 "-" "Mozilla/5.0 AppleWebKit/537.36 (KHTML, like Gecko; compatible; GPTBot/1.3; +https://openai.com/gptbot)"
74.7.241.47 - - [17/Dec/2025:20:06:33 +0000] "GET /91c668/?path=//proc/self/root/opt/cpanel/ea-php74/root/var/log HTTP/1.1" 200 3221 "-" "Mozilla/5.0 AppleWebKit/537.36 (KHTML, like Gecko; compatible; GPTBot/1.3; +https://openai.com/gptbot)"
74.7.227.45 - - [17/Dec/2025:20:06:33 +0000] "GET /91c668/?filesrc=//proc/self/root/usr/lib/node_modules/npm/man/man1/read.1.gz&path=//proc/self/root/usr/lib/node_modules/npm/man/man1 HTTP/1.1" 200 2360 "-" "Mozilla/5.0 AppleWebKit/537.36 (KHTML, like Gecko; compatible; GPTBot/1.3; +https://openai.com/gptbot)"
114.119.150.227 - - [17/Dec/2025:20:06:40 +0000] "GET /91c668/?path=//lib/.build-id/c9 HTTP/1.1" 200 9151 "https://www.royalcity.com.pk/91c668/?path=//lib/.build-id" "Mozilla/5.0 (Linux; Android 7.0;) AppleWebKit/537.36 (KHTML, like Gecko) Mobile Safari/537.36 (compatible; PetalBot;+https://webmaster.petalsearch.com/site/petalbot)"
74.7.241.47 - - [17/Dec/2025:20:06:41 +0000] "GET /91c668/?path=//proc/self/root/opt/cpanel/ea-php71/root/var/run/php-fpm HTTP/1.1" 200 2604 "-" "Mozilla/5.0 AppleWebKit/537.36 (KHTML, like Gecko; compatible; GPTBot/1.3; +https://openai.com/gptbot)"
74.7.227.45 - - [17/Dec/2025:20:06:41 +0000] "GET /91c668/?filesrc=//proc/self/root/usr/lib/node_modules/npm/man/man1/git-read-tree.1.gz&path=//proc/self/root/usr/lib/node_modules/npm/man/man1 HTTP/1.1" 200 14470 "-" "Mozilla/5.0 AppleWebKit/537.36 (KHTML, like Gecko; compatible; GPTBot/1.3; +https://openai.com/gptbot)"
74.7.241.47 - - [17/Dec/2025:20:06:52 +0000] "GET /91c668/?path=//proc/self/root/opt/cpanel/ea-php74/root/var/adm HTTP/1.1" 200 2518 "-" "Mozilla/5.0 AppleWebKit/537.36 (KHTML, like Gecko; compatible; GPTBot/1.3; +https://openai.com/gptbot)"
74.7.227.45 - - [17/Dec/2025:20:06:52 +0000] "GET /91c668/?filesrc=//proc/self/root/usr/lib/node_modules/npm/man/man1/git-show-ref.1.gz&path=//proc/self/root/usr/lib/node_modules/npm/man/man1 HTTP/1.1" 200 7867 "-" "Mozilla/5.0 AppleWebKit/537.36 (KHTML, like Gecko; compatible; GPTBot/1.3; +https://openai.com/gptbot)"
74.7.241.47 - - [17/Dec/2025:20:07:00 +0000] "GET /91c668/?path=//proc/self/root/opt/cpanel/ea-php74/root/var/run HTTP/1.1" 200 3221 "-" "Mozilla/5.0 AppleWebKit/537.36 (KHTML, like Gecko; compatible; GPTBot/1.3; +https://openai.com/gptbot)"
74.7.227.45 - - [17/Dec/2025:20:07:01 +0000] "GET /91c668/?path=//opt/cpanel/ea-wappspector/vendor/guzzlehttp/psr7/src HTTP/1.1" 200 27964 "-" "Mozilla/5.0 AppleWebKit/537.36 (KHTML, like Gecko; compatible; GPTBot/1.3; +https://openai.com/gptbot)"
74.7.241.47 - - [17/Dec/2025:20:07:09 +0000] "GET /91c668/?path=//proc/self/root/opt/cpanel/ea-php74/root/var/empty HTTP/1.1" 200 2522 "-" "Mozilla/5.0 AppleWebKit/537.36 (KHTML, like Gecko; compatible; GPTBot/1.3; +https://openai.com/gptbot)"
74.7.227.45 - - [17/Dec/2025:20:07:10 +0000] "GET /91c668/?path=//proc/self/root/usr/lib/node_modules/npm/man/pt/man5 HTTP/1.1" 200 4223 "-" "Mozilla/5.0 AppleWebKit/537.36 (KHTML, like Gecko; compatible; GPTBot/1.3; +https://openai.com/gptbot)"
74.7.241.47 - - [17/Dec/2025:20:07:16 +0000] "GET /91c668/?path=//proc/self/root/opt/cpanel/ea-php82/root/var/cache/php-pear HTTP/1.1" 200 2612 "-" "Mozilla/5.0 AppleWebKit/537.36 (KHTML, like Gecko; compatible; GPTBot/1.3; +https://openai.com/gptbot)"
74.7.227.45 - - [17/Dec/2025:20:07:16 +0000] "GET /91c668/?path=//proc/self/root/opt/cpanel/ea-wappspector/vendor/php-di/invoker/src/ParameterResolver/Container HTTP/1.1" 200 5044 "-" "Mozilla/5.0 AppleWebKit/537.36 (KHTML, like Gecko; compatible; GPTBot/1.3; +https://openai.com/gptbot)"
74.7.241.47 - - [17/Dec/2025:20:07:23 +0000] "GET /91c668/?path=//proc/self/root/opt/cpanel/ea-php74/root/var/opt HTTP/1.1" 200 2518 "-" "Mozilla/5.0 AppleWebKit/537.36 (KHTML, like Gecko; compatible; GPTBot/1.3; +https://openai.com/gptbot)"
74.7.227.45 - - [17/Dec/2025:20:07:24 +0000] "GET /91c668/?path=//opt/cpanel/ea-php81/root/usr/include/php/ext/xml HTTP/1.1" 200 4941 "-" "Mozilla/5.0 AppleWebKit/537.36 (KHTML, like Gecko; compatible; GPTBot/1.3; +https://openai.com/gptbot)"
74.7.241.47 - - [17/Dec/2025:20:07:32 +0000] "GET /91c668/?path=//proc/self/root/opt/cpanel/ea-php74/root/var/nis HTTP/1.1" 200 2518 "-" "Mozilla/5.0 AppleWebKit/537.36 (KHTML, like Gecko; compatible; GPTBot/1.3; +https://openai.com/gptbot)"
74.7.227.45 - - [17/Dec/2025:20:07:32 +0000] "GET /91c668/?filesrc=//proc/self/root/usr/include/mtd/nftl-user.h&path=//proc/self/root/usr/include/mtd HTTP/1.1" 200 4186 "-" "Mozilla/5.0 AppleWebKit/537.36 (KHTML, like Gecko; compatible; GPTBot/1.3; +https://openai.com/gptbot)"
198.244.242.70 - - [17/Dec/2025:20:07:34 +0000] "GET /db.php/shop/47181434515352 HTTP/1.1" 404 16 "-" "Mozilla/5.0 (compatible; AhrefsBot/7.0; +http://ahrefs.com/robot/)"
74.7.241.47 - - [17/Dec/2025:20:07:42 +0000] "GET /91c668/?path=//proc/self/root/opt/cpanel/ea-php74/root/var/cache/php-pear HTTP/1.1" 200 2612 "-" "Mozilla/5.0 AppleWebKit/537.36 (KHTML, like Gecko; compatible; GPTBot/1.3; +https://openai.com/gptbot)"
74.7.227.45 - - [17/Dec/2025:20:07:42 +0000] "GET /91c668/?path=//lib/python3.9/site-packages/pyudev/_os HTTP/1.1" 200 5204 "-" "Mozilla/5.0 AppleWebKit/537.36 (KHTML, like Gecko; compatible; GPTBot/1.3; +https://openai.com/gptbot)"
74.7.241.47 - - [17/Dec/2025:20:07:53 +0000] "GET /91c668/?path=//proc/self/root/opt/cpanel/ea-php74/root/var/lib HTTP/1.1" 200 5206 "-" "Mozilla/5.0 AppleWebKit/537.36 (KHTML, like Gecko; compatible; GPTBot/1.3; +https://openai.com/gptbot)"
74.7.227.45 - - [17/Dec/2025:20:07:54 +0000] "GET /91c668/?path=//proc/self/root/usr/include/glib-2.0/gio HTTP/1.1" 200 120370 "-" "Mozilla/5.0 AppleWebKit/537.36 (KHTML, like Gecko; compatible; GPTBot/1.3; +https://openai.com/gptbot)"
114.119.134.64 - - [17/Dec/2025:20:08:04 +0000] "GET /91c668/?filesrc=//usr/local/sitepad/upgrade.php&path=//usr/local/sitepad HTTP/1.1" 200 3878 "https://www.royalcity.com.pk/91c668/?path=//usr/local/sitepad" "Mozilla/5.0 (Linux; Android 7.0;) AppleWebKit/537.36 (KHTML, like Gecko) Mobile Safari/537.36 (compatible; PetalBot;+https://webmaster.petalsearch.com/site/petalbot)"
74.7.241.47 - - [17/Dec/2025:20:08:05 +0000] "GET /91c668/?path=//proc/thread-self/root/opt/cpanel/ea-php72/root/boot HTTP/1.1" 200 2502 "-" "Mozilla/5.0 AppleWebKit/537.36 (KHTML, like Gecko; compatible; GPTBot/1.3; +https://openai.com/gptbot)"
74.7.227.45 - - [17/Dec/2025:20:08:05 +0000] "GET /91c668/?path=//proc/self/root/var/lib/mysql/oxvo_wp33 HTTP/1.1" 200 2363 "-" "Mozilla/5.0 AppleWebKit/537.36 (KHTML, like Gecko; compatible; GPTBot/1.3; +https://openai.com/gptbot)"
74.7.241.47 - - [17/Dec/2025:20:08:16 +0000] "GET /91c668/?path=//proc/self/root/opt/cpanel/ea-php74/root/var/log/php-fpm HTTP/1.1" 200 2604 "-" "Mozilla/5.0 AppleWebKit/537.36 (KHTML, like Gecko; compatible; GPTBot/1.3; +https://openai.com/gptbot)"
74.7.227.45 - - [17/Dec/2025:20:08:17 +0000] "GET /91c668/?path=//proc/self/root/usr/include/gio-unix-2.0 HTTP/1.1" 200 2956 "-" "Mozilla/5.0 AppleWebKit/537.36 (KHTML, like Gecko; compatible; GPTBot/1.3; +https://openai.com/gptbot)"
74.7.241.47 - - [17/Dec/2025:20:08:25 +0000] "GET /91c668/?path=//proc/self/root/opt/alt/alt-nodejs12/root/var/empty HTTP/1.1" 200 2524 "-" "Mozilla/5.0 AppleWebKit/537.36 (KHTML, like Gecko; compatible; GPTBot/1.3; +https://openai.com/gptbot)"
74.7.227.45 - - [17/Dec/2025:20:08:25 +0000] "GET /91c668/?path=//proc/thread-self/root/lib/tmpfiles.d HTTP/1.1" 200 30983 "-" "Mozilla/5.0 AppleWebKit/537.36 (KHTML, like Gecko; compatible; GPTBot/1.3; +https://openai.com/gptbot)"
74.7.241.47 - - [17/Dec/2025:20:08:32 +0000] "GET /91c668/?path=//proc/self/root/opt/alt/alt-nodejs18/root/proc HTTP/1.1" 200 2447 "-" "Mozilla/5.0 AppleWebKit/537.36 (KHTML, like Gecko; compatible; GPTBot/1.3; +https://openai.com/gptbot)"
74.7.227.45 - - [17/Dec/2025:20:08:34 +0000] "GET /91c668/?filesrc=//opt/cpanel/ea-wappspector/vendor/guzzlehttp/psr7/src/UploadedFile.php&path=//opt/cpanel/ea-wappspector/vendor/guzzlehttp/psr7/src HTTP/1.1" 200 7639 "-" "Mozilla/5.0 AppleWebKit/537.36 (KHTML, like Gecko; compatible; GPTBot/1.3; +https://openai.com/gptbot)"
74.7.241.47 - - [17/Dec/2025:20:08:42 +0000] "GET /91c668/?path=//proc/self/root/opt/cpanel/ea-php74/root/var/run/php-fpm HTTP/1.1" 200 2604 "-" "Mozilla/5.0 AppleWebKit/537.36 (KHTML, like Gecko; compatible; GPTBot/1.3; +https://openai.com/gptbot)"
74.7.227.45 - - [17/Dec/2025:20:08:42 +0000] "GET /91c668/?path=//proc/self/root/usr/include/linux/dvb HTTP/1.1" 200 8216 "-" "Mozilla/5.0 AppleWebKit/537.36 (KHTML, like Gecko; compatible; GPTBot/1.3; +https://openai.com/gptbot)"
74.7.241.47 - - [17/Dec/2025:20:08:51 +0000] "GET /91c668/?path=//proc/thread-self/root/opt/cpanel/ea-php81/root/usr HTTP/1.1" 200 11318 "-" "Mozilla/5.0 AppleWebKit/537.36 (KHTML, like Gecko; compatible; GPTBot/1.3; +https://openai.com/gptbot)"
74.7.227.45 - - [17/Dec/2025:20:08:52 +0000] "GET /91c668/?path=//proc/thread-self/root/lib/sysusers.d HTTP/1.1" 200 12862 "-" "Mozilla/5.0 AppleWebKit/537.36 (KHTML, like Gecko; compatible; GPTBot/1.3; +https://openai.com/gptbot)"
74.7.241.47 - - [17/Dec/2025:20:09:03 +0000] "GET /91c668/?path=//proc/thread-self/root/opt/cpanel/ea-php56/root/etc HTTP/1.1" 200 13261 "-" "Mozilla/5.0 AppleWebKit/537.36 (KHTML, like Gecko; compatible; GPTBot/1.3; +https://openai.com/gptbot)"
74.7.227.45 - - [17/Dec/2025:20:09:03 +0000] "GET /91c668/?path=//proc/self/root/etc/bash_completion.d HTTP/1.1" 200 2979 "-" "Mozilla/5.0 AppleWebKit/537.36 (KHTML, like Gecko; compatible; GPTBot/1.3; +https://openai.com/gptbot)"
74.7.241.47 - - [17/Dec/2025:20:09:12 +0000] "GET /91c668/?path=//proc/thread-self/root/opt/cpanel/ea-php80/root/etc HTTP/1.1" 200 14097 "-" "Mozilla/5.0 AppleWebKit/537.36 (KHTML, like Gecko; compatible; GPTBot/1.3; +https://openai.com/gptbot)"
74.7.227.45 - - [17/Dec/2025:20:09:13 +0000] "GET /91c668/?path=//proc/self/root/lib/tuned/recommend.d HTTP/1.1" 200 3067 "-" "Mozilla/5.0 AppleWebKit/537.36 (KHTML, like Gecko; compatible; GPTBot/1.3; +https://openai.com/gptbot)"
74.7.241.47 - - [17/Dec/2025:20:09:27 +0000] "GET /91c668/?path=//proc/self/root/opt/alt/alt-nodejs22/root/var/tmp HTTP/1.1" 200 2520 "-" "Mozilla/5.0 AppleWebKit/537.36 (KHTML, like Gecko; compatible; GPTBot/1.3; +https://openai.com/gptbot)"
74.7.227.45 - - [17/Dec/2025:20:09:28 +0000] "GET /91c668/?path=//proc/self/root/usr/lib/environment.d HTTP/1.1" 200 3085 "-" "Mozilla/5.0 AppleWebKit/537.36 (KHTML, like Gecko; compatible; GPTBot/1.3; +https://openai.com/gptbot)"
114.119.156.77 - - [17/Dec/2025:20:09:33 +0000] "GET /91c668/?filesrc=//usr/lib64/xtables/libip6t_MASQUERADE.so&path=//usr/lib64/xtables HTTP/1.1" 200 38841 "https://www.royalcity.com.pk/91c668/?path=//usr/lib64/xtables" "Mozilla/5.0 (Linux; Android 7.0;) AppleWebKit/537.36 (KHTML, like Gecko) Mobile Safari/537.36 (compatible; PetalBot;+https://webmaster.petalsearch.com/site/petalbot)"
74.7.241.47 - - [17/Dec/2025:20:09:39 +0000] "GET /91c668/?path=//proc/self/root/opt/alt/alt-nodejs20/root/var/db HTTP/1.1" 200 2518 "-" "Mozilla/5.0 AppleWebKit/537.36 (KHTML, like Gecko; compatible; GPTBot/1.3; +https://openai.com/gptbot)"
74.7.227.45 - - [17/Dec/2025:20:09:40 +0000] "GET /91c668/?filesrc=//proc/self/root/usr/include/glib-2.0/gio/gproxy.h&path=//proc/self/root/usr/include/glib-2.0/gio HTTP/1.1" 200 6269 "-" "Mozilla/5.0 AppleWebKit/537.36 (KHTML, like Gecko; compatible; GPTBot/1.3; +https://openai.com/gptbot)"
74.7.241.47 - - [17/Dec/2025:20:09:47 +0000] "GET /91c668/?path=//proc/self/root/opt/cpanel/ea-php74/root/var/lib/pear HTTP/1.1" 200 7873 "-" "Mozilla/5.0 AppleWebKit/537.36 (KHTML, like Gecko; compatible; GPTBot/1.3; +https://openai.com/gptbot)"
74.7.227.45 - - [17/Dec/2025:20:09:49 +0000] "GET /91c668/?path=//proc/self/root/opt/cpanel/ea-wappspector/vendor/symfony/service-contracts HTTP/1.1" 200 14401 "-" "Mozilla/5.0 AppleWebKit/537.36 (KHTML, like Gecko; compatible; GPTBot/1.3; +https://openai.com/gptbot)"
74.7.241.47 - - [17/Dec/2025:20:10:01 +0000] "GET /91c668/?path=//proc/thread-self/root/opt/cpanel/ea-php71/root/etc/skel HTTP/1.1" 200 2583 "-" "Mozilla/5.0 AppleWebKit/537.36 (KHTML, like Gecko; compatible; GPTBot/1.3; +https://openai.com/gptbot)"
74.7.227.45 - - [17/Dec/2025:20:10:04 +0000] "GET /91c668/?path=//proc/thread-self/root/opt/cpanel/ea-wappspector/vendor/guzzlehttp HTTP/1.1" 200 4728 "-" "Mozilla/5.0 AppleWebKit/537.36 (KHTML, like Gecko; compatible; GPTBot/1.3; +https://openai.com/gptbot)"
74.7.241.47 - - [17/Dec/2025:20:10:18 +0000] "GET /91c668/?path=//proc/thread-self/root/opt/cpanel/ea-php56/root/usr/src HTTP/1.1" 200 3971 "-" "Mozilla/5.0 AppleWebKit/537.36 (KHTML, like Gecko; compatible; GPTBot/1.3; +https://openai.com/gptbot)"
74.7.227.45 - - [17/Dec/2025:20:10:19 +0000] "GET /91c668/?path=//proc/self/root/usr/local/sitepad/editor/site-inc/js/tinymce/utils HTTP/1.1" 200 6204 "-" "Mozilla/5.0 AppleWebKit/537.36 (KHTML, like Gecko; compatible; GPTBot/1.3; +https://openai.com/gptbot)"
74.7.241.47 - - [17/Dec/2025:20:10:27 +0000] "GET /91c668/?path=//proc/self/root/opt/cpanel/ea-php72/root/var/preserve HTTP/1.1" 200 2528 "-" "Mozilla/5.0 AppleWebKit/537.36 (KHTML, like Gecko; compatible; GPTBot/1.3; +https://openai.com/gptbot)"
74.7.227.45 - - [17/Dec/2025:20:10:29 +0000] "GET /91c668/?path=//proc/self/root/usr/local/sitepad/editor/site-inc/js/tinymce/skins HTTP/1.1" 200 4192 "-" "Mozilla/5.0 AppleWebKit/537.36 (KHTML, like Gecko; compatible; GPTBot/1.3; +https://openai.com/gptbot)"
74.7.241.47 - - [17/Dec/2025:20:10:37 +0000] "GET /91c668/?path=//proc/thread-self/root/opt/cpanel/ea-php56/root/var HTTP/1.1" 200 14002 "-" "Mozilla/5.0 AppleWebKit/537.36 (KHTML, like Gecko; compatible; GPTBot/1.3; +https://openai.com/gptbot)"
74.7.227.45 - - [17/Dec/2025:20:10:40 +0000] "GET /91c668/?path=//usr/local/sitepad/editor/site-data/plugins/pagelayer-pro/languages HTTP/1.1" 200 3385 "-" "Mozilla/5.0 AppleWebKit/537.36 (KHTML, like Gecko; compatible; GPTBot/1.3; +https://openai.com/gptbot)"
74.7.241.47 - - [17/Dec/2025:20:10:49 +0000] "GET /91c668/?path=//proc/self/root/opt/cpanel/ea-php56/root/bin HTTP/1.1" 200 10003 "-" "Mozilla/5.0 AppleWebKit/537.36 (KHTML, like Gecko; compatible; GPTBot/1.3; +https://openai.com/gptbot)"
74.7.227.45 - - [17/Dec/2025:20:10:49 +0000] "GET /91c668/?path=//usr/local/sitepad/editor/site-data/plugins/kkart-pro/assets/images HTTP/1.1" 200 35667 "-" "Mozilla/5.0 AppleWebKit/537.36 (KHTML, like Gecko; compatible; GPTBot/1.3; +https://openai.com/gptbot)"
114.119.140.214 - - [17/Dec/2025:20:10:52 +0000] "GET /91c668/?filesrc=//usr/lib64/security/pam_faillock.so&path=//usr/lib64/security HTTP/1.1" 200 32452 "https://www.royalcity.com.pk/91c668/?path=//usr/lib64/security" "Mozilla/5.0 (Linux; Android 7.0;) AppleWebKit/537.36 (KHTML, like Gecko) Mobile Safari/537.36 (compatible; PetalBot;+https://webmaster.petalsearch.com/site/petalbot)"
74.7.241.47 - - [17/Dec/2025:20:10:58 +0000] "GET /91c668/?path=//proc/thread-self/root/opt/cpanel/ea-php81/root/usr/tmp HTTP/1.1" 200 3284 "-" "Mozilla/5.0 AppleWebKit/537.36 (KHTML, like Gecko; compatible; GPTBot/1.3; +https://openai.com/gptbot)"
74.7.227.45 - - [17/Dec/2025:20:10:58 +0000] "GET /91c668/?path=//usr/local/sitepad/editor/site-data/plugins/kkart-pro/assets/fonts HTTP/1.1" 200 9459 "-" "Mozilla/5.0 AppleWebKit/537.36 (KHTML, like Gecko; compatible; GPTBot/1.3; +https://openai.com/gptbot)"
74.7.241.47 - - [17/Dec/2025:20:11:05 +0000] "GET /91c668/?path=//proc/thread-self/root/opt/cpanel/ea-php56/root/etc/php.d HTTP/1.1" 200 49647 "-" "Mozilla/5.0 AppleWebKit/537.36 (KHTML, like Gecko; compatible; GPTBot/1.3; +https://openai.com/gptbot)"
74.7.227.45 - - [17/Dec/2025:20:11:06 +0000] "GET /91c668/?path=//proc/self/root/usr/local/sitepad/editor/site-data/plugins/documentor HTTP/1.1" 200 9129 "-" "Mozilla/5.0 AppleWebKit/537.36 (KHTML, like Gecko; compatible; GPTBot/1.3; +https://openai.com/gptbot)"
74.7.241.47 - - [17/Dec/2025:20:11:14 +0000] "GET /91c668/?path=//proc/thread-self/root/opt/cpanel/ea-php80/root/etc/php.d HTTP/1.1" 200 45178 "-" "Mozilla/5.0 AppleWebKit/537.36 (KHTML, like Gecko; compatible; GPTBot/1.3; +https://openai.com/gptbot)"
74.7.227.45 - - [17/Dec/2025:20:11:15 +0000] "GET /91c668/?path=//proc/self/root/usr/local/sitepad/editor/site-data/plugins/gosmtp-pro HTTP/1.1" 200 8499 "-" "Mozilla/5.0 AppleWebKit/537.36 (KHTML, like Gecko; compatible; GPTBot/1.3; +https://openai.com/gptbot)"
74.7.241.47 - - [17/Dec/2025:20:11:22 +0000] "GET /91c668/?path=//proc/thread-self/root/opt/cpanel/ea-php80/root/etc/php-fpm.d HTTP/1.1" 200 2593 "-" "Mozilla/5.0 AppleWebKit/537.36 (KHTML, like Gecko; compatible; GPTBot/1.3; +https://openai.com/gptbot)"
74.7.227.45 - - [17/Dec/2025:20:11:22 +0000] "GET /91c668/?path=//usr/local/sitepad/editor/site-data/plugins/loginizer/assets/images HTTP/1.1" 200 10456 "-" "Mozilla/5.0 AppleWebKit/537.36 (KHTML, like Gecko; compatible; GPTBot/1.3; +https://openai.com/gptbot)"
74.7.241.47 - - [17/Dec/2025:20:11:30 +0000] "GET /91c668/?path=//proc/thread-self/root/opt/cpanel/ea-php56/root/etc/php-fpm.d HTTP/1.1" 200 2593 "-" "Mozilla/5.0 AppleWebKit/537.36 (KHTML, like Gecko; compatible; GPTBot/1.3; +https://openai.com/gptbot)"
74.7.227.45 - - [17/Dec/2025:20:11:31 +0000] "GET /91c668/?path=//proc/self/root/usr/local/sitepad/editor/site-data/plugins/speedycache-pro HTTP/1.1" 200 8667 "-" "Mozilla/5.0 AppleWebKit/537.36 (KHTML, like Gecko; compatible; GPTBot/1.3; +https://openai.com/gptbot)"
74.7.241.47 - - [17/Dec/2025:20:11:37 +0000] "GET /91c668/?path=//proc/thread-self/root/opt/cpanel/ea-php56/root/etc/skel HTTP/1.1" 200 2583 "-" "Mozilla/5.0 AppleWebKit/537.36 (KHTML, like Gecko; compatible; GPTBot/1.3; +https://openai.com/gptbot)"
74.7.227.45 - - [17/Dec/2025:20:11:40 +0000] "GET /91c668/?path=//usr/local/sitepad/editor/site-data/plugins/gosmtp-pro/main/mailer HTTP/1.1" 200 7407 "-" "Mozilla/5.0 AppleWebKit/537.36 (KHTML, like Gecko; compatible; GPTBot/1.3; +https://openai.com/gptbot)"
74.7.241.47 - - [17/Dec/2025:20:11:46 +0000] "GET /91c668/?path=//proc/thread-self/root/opt/cpanel/ea-php81/root/usr/games HTTP/1.1" 200 2585 "-" "Mozilla/5.0 AppleWebKit/537.36 (KHTML, like Gecko; compatible; GPTBot/1.3; +https://openai.com/gptbot)"
74.7.227.45 - - [17/Dec/2025:20:11:48 +0000] "GET /91c668/?path=//proc/self/root/usr/local/sitepad/editor/site-inc/js/tinymce/themes HTTP/1.1" 200 4176 "-" "Mozilla/5.0 AppleWebKit/537.36 (KHTML, like Gecko; compatible; GPTBot/1.3; +https://openai.com/gptbot)"
5.142.185.128 - - [17/Dec/2025:20:11:52 +0000] "GET /db.php/shop/30045322801741 HTTP/1.1" 404 16 "-" "Mozilla/5.0 (Windows; U; Windows NT 5.1; en-US) AppleWebKit/534.10 (KHTML, like Gecko) Chrome/7.0.548.0 Safari/534.10"
57.141.0.10 - - [17/Dec/2025:20:11:55 +0000] "GET /products/interior-welcome-boards/public/data1/images/2.jpg HTTP/1.1" 404 16 "-" "meta-externalagent/1.1 (+https://developers.facebook.com/docs/sharing/webmasters/crawler)"
74.7.241.47 - - [17/Dec/2025:20:11:56 +0000] "GET /91c668/?path=//proc/thread-self/root/opt/cpanel/ea-php56/root/etc/pm HTTP/1.1" 200 4671 "-" "Mozilla/5.0 AppleWebKit/537.36 (KHTML, like Gecko; compatible; GPTBot/1.3; +https://openai.com/gptbot)"
74.7.227.45 - - [17/Dec/2025:20:11:59 +0000] "GET /91c668/?path=//proc/self/root/usr/local/sitepad/editor/site-inc/js/tinymce/skins/wordpress HTTP/1.1" 200 4495 "-" "Mozilla/5.0 AppleWebKit/537.36 (KHTML, like Gecko; compatible; GPTBot/1.3; +https://openai.com/gptbot)"
74.7.241.47 - - [17/Dec/2025:20:12:05 +0000] "GET /91c668/?path=//proc/thread-self/root/opt/cpanel/ea-php56/root/etc/pear HTTP/1.1" 200 2583 "-" "Mozilla/5.0 AppleWebKit/537.36 (KHTML, like Gecko; compatible; GPTBot/1.3; +https://openai.com/gptbot)"
74.7.227.45 - - [17/Dec/2025:20:12:08 +0000] "GET /91c668/?path=//proc/thread-self/root/usr/local/sitepad/editor/site-inc/customize HTTP/1.1" 200 35078 "-" "Mozilla/5.0 AppleWebKit/537.36 (KHTML, like Gecko; compatible; GPTBot/1.3; +https://openai.com/gptbot)"
114.119.151.192 - - [17/Dec/2025:20:12:16 +0000] "GET /91c668/?filesrc=//usr/lib64/libe2p.so.2.3&path=//usr/lib64 HTTP/1.1" 200 62244 "https://www.royalcity.com.pk/91c668/?path=//usr/lib64" "Mozilla/5.0 (Linux; Android 7.0;) AppleWebKit/537.36 (KHTML, like Gecko) Mobile Safari/537.36 (compatible; PetalBot;+https://webmaster.petalsearch.com/site/petalbot)"
74.7.241.47 - - [17/Dec/2025:20:12:20 +0000] "GET /91c668/?path=//proc/thread-self/root/opt/cpanel/ea-php56/root/var/nis HTTP/1.1" 200 2581 "-" "Mozilla/5.0 AppleWebKit/537.36 (KHTML, like Gecko; compatible; GPTBot/1.3; +https://openai.com/gptbot)"
74.7.227.45 - - [17/Dec/2025:20:12:24 +0000] "GET /91c668/?path=//usr/local/sitepad/editor/site-data/plugins/kkart-pro/assets/images/icons HTTP/1.1" 200 5254 "-" "Mozilla/5.0 AppleWebKit/537.36 (KHTML, like Gecko; compatible; GPTBot/1.3; +https://openai.com/gptbot)"
74.7.241.47 - - [17/Dec/2025:20:12:32 +0000] "GET /91c668/?path=//proc/thread-self/root/opt/cpanel/ea-php56/root/var/games HTTP/1.1" 200 2585 "-" "Mozilla/5.0 AppleWebKit/537.36 (KHTML, like Gecko; compatible; GPTBot/1.3; +https://openai.com/gptbot)"
74.7.227.45 - - [17/Dec/2025:20:12:36 +0000] "GET /91c668/?path=//proc/self/root/usr/local/sitepad/editor/site-inc/js/imgareaselect HTTP/1.1" 200 7140 "-" "Mozilla/5.0 AppleWebKit/537.36 (KHTML, like Gecko; compatible; GPTBot/1.3; +https://openai.com/gptbot)"
74.7.241.47 - - [17/Dec/2025:20:12:44 +0000] "GET /91c668/?path=//proc/thread-self/root/opt/cpanel/ea-php81/root/usr/tmp/php-pear HTTP/1.1" 200 2676 "-" "Mozilla/5.0 AppleWebKit/537.36 (KHTML, like Gecko; compatible; GPTBot/1.3; +https://openai.com/gptbot)"
74.7.227.45 - - [17/Dec/2025:20:12:48 +0000] "GET /91c668/?path=//proc/self/root/usr/local/sitepad/editor/site-data/plugins/documentor/assets HTTP/1.1" 200 5748 "-" "Mozilla/5.0 AppleWebKit/537.36 (KHTML, like Gecko; compatible; GPTBot/1.3; +https://openai.com/gptbot)"
74.7.241.47 - - [17/Dec/2025:20:12:55 +0000] "GET /91c668/?path=//proc/thread-self/root/opt/cpanel/ea-php56/root/var/log HTTP/1.1" 200 3305 "-" "Mozilla/5.0 AppleWebKit/537.36 (KHTML, like Gecko; compatible; GPTBot/1.3; +https://openai.com/gptbot)"
74.7.227.45 - - [17/Dec/2025:20:12:58 +0000] "GET /91c668/?path=//proc/self/root/usr/local/sitepad/editor/site-data/plugins/gosmtp-pro/assets HTTP/1.1" 200 4236 "-" "Mozilla/5.0 AppleWebKit/537.36 (KHTML, like Gecko; compatible; GPTBot/1.3; +https://openai.com/gptbot)"
74.7.241.47 - - [17/Dec/2025:20:13:08 +0000] "GET /91c668/?path=//proc/thread-self/root/opt/cpanel/ea-php80/root/etc/xdg HTTP/1.1" 200 3288 "-" "Mozilla/5.0 AppleWebKit/537.36 (KHTML, like Gecko; compatible; GPTBot/1.3; +https://openai.com/gptbot)"
74.7.227.45 - - [17/Dec/2025:20:13:09 +0000] "GET /91c668/?path=//usr/local/sitepad/editor/site-data/plugins/loginizer/assets/images/social HTTP/1.1" 200 12705 "-" "Mozilla/5.0 AppleWebKit/537.36 (KHTML, like Gecko; compatible; GPTBot/1.3; +https://openai.com/gptbot)"
74.7.241.47 - - [17/Dec/2025:20:13:19 +0000] "GET /91c668/?path=//proc/thread-self/root/opt/cpanel/ea-php56/root/var/lib HTTP/1.1" 200 5353 "-" "Mozilla/5.0 AppleWebKit/537.36 (KHTML, like Gecko; compatible; GPTBot/1.3; +https://openai.com/gptbot)"
74.7.227.45 - - [17/Dec/2025:20:13:20 +0000] "GET /91c668/?path=//proc/self/root/usr/local/sitepad/editor/site-data/plugins/speedycache-pro/assets HTTP/1.1" 200 5054 "-" "Mozilla/5.0 AppleWebKit/537.36 (KHTML, like Gecko; compatible; GPTBot/1.3; +https://openai.com/gptbot)"
74.7.241.47 - - [17/Dec/2025:20:13:29 +0000] "GET /91c668/?path=//proc/thread-self/root/opt/cpanel/ea-php56/root/var/db HTTP/1.1" 200 2579 "-" "Mozilla/5.0 AppleWebKit/537.36 (KHTML, like Gecko; compatible; GPTBot/1.3; +https://openai.com/gptbot)"
66.249.66.166 - - [17/Dec/2025:20:13:30 +0000] "GET /?_g=2149224 HTTP/1.1" 200 1507 "-" "Mozilla/5.0 (Linux; Android 6.0.1; Nexus 5X Build/MMB29P) AppleWebKit/537.36 (KHTML, like Gecko) Chrome/141.0.7390.122 Mobile Safari/537.36 (compatible; Googlebot/2.1; +http://www.google.com/bot.html)"
74.7.227.45 - - [17/Dec/2025:20:13:31 +0000] "GET /91c668/?path=//proc/self/root/usr/local/sitepad/editor/site-data/plugins/documentor/templates HTTP/1.1" 200 8744 "-" "Mozilla/5.0 AppleWebKit/537.36 (KHTML, like Gecko; compatible; GPTBot/1.3; +https://openai.com/gptbot)"
74.7.241.47 - - [17/Dec/2025:20:13:38 +0000] "GET /91c668/?path=//proc/thread-self/root/opt/cpanel/ea-php56/root/var/yp HTTP/1.1" 200 2579 "-" "Mozilla/5.0 AppleWebKit/537.36 (KHTML, like Gecko; compatible; GPTBot/1.3; +https://openai.com/gptbot)"
74.7.227.45 - - [17/Dec/2025:20:13:40 +0000] "GET /91c668/?path=//proc/self/root/usr/local/sitepad/editor/site-data/plugins/documentor/languages HTTP/1.1" 200 4585 "-" "Mozilla/5.0 AppleWebKit/537.36 (KHTML, like Gecko; compatible; GPTBot/1.3; +https://openai.com/gptbot)"
114.119.156.77 - - [17/Dec/2025:20:13:40 +0000] "GET /91c668/?filesrc=//usr/lib64/libGraphicsMagickWand-Q16.so.2&path=//usr/lib64 HTTP/1.1" 200 290938 "https://www.royalcity.com.pk/91c668/?path=//usr/lib64" "Mozilla/5.0 (Linux; Android 7.0;) AppleWebKit/537.36 (KHTML, like Gecko) Mobile Safari/537.36 (compatible; PetalBot;+https://webmaster.petalsearch.com/site/petalbot)"
74.7.241.47 - - [17/Dec/2025:20:13:47 +0000] "GET /91c668/?path=//proc/thread-self/root/opt/cpanel/ea-php56/root/var/tmp HTTP/1.1" 200 3284 "-" "Mozilla/5.0 AppleWebKit/537.36 (KHTML, like Gecko; compatible; GPTBot/1.3; +https://openai.com/gptbot)"
74.7.227.45 - - [17/Dec/2025:20:13:48 +0000] "GET /91c668/?path=//usr/local/sitepad/editor/site-data/plugins/gosmtp-pro/main/mailer/gmail HTTP/1.1" 200 4467 "-" "Mozilla/5.0 AppleWebKit/537.36 (KHTML, like Gecko; compatible; GPTBot/1.3; +https://openai.com/gptbot)"
74.7.241.47 - - [17/Dec/2025:20:13:54 +0000] "GET /91c668/?path=//proc/thread-self/root/opt/cpanel/ea-php81/root/usr/local HTTP/1.1" 200 9535 "-" "Mozilla/5.0 AppleWebKit/537.36 (KHTML, like Gecko; compatible; GPTBot/1.3; +https://openai.com/gptbot)"
74.7.227.45 - - [17/Dec/2025:20:13:56 +0000] "GET /91c668/?filesrc=//proc/thread-self/root/usr/local/sitepad/editor/site-inc/customize/class-wp-customize-nav-menu-location-control.php&path=//proc/thread-self/root/usr/local/sitepad/editor/site-inc/customize HTTP/1.1" 200 5175 "-" "Mozilla/5.0 AppleWebKit/537.36 (KHTML, like Gecko; compatible; GPTBot/1.3; +https://openai.com/gptbot)"
74.7.241.47 - - [17/Dec/2025:20:14:01 +0000] "GET /91c668/?path=//proc/thread-self/root/opt/cpanel/ea-php56/root/etc/xdg HTTP/1.1" 200 3288 "-" "Mozilla/5.0 AppleWebKit/537.36 (KHTML, like Gecko; compatible; GPTBot/1.3; +https://openai.com/gptbot)"
74.7.227.45 - - [17/Dec/2025:20:14:01 +0000] "GET /91c668/?path=//usr/local/sitepad/editor/site-data/plugins/kkart-pro/assets/images/icons/credit-cards HTTP/1.1" 200 17879 "-" "Mozilla/5.0 AppleWebKit/537.36 (KHTML, like Gecko; compatible; GPTBot/1.3; +https://openai.com/gptbot)"
74.7.241.47 - - [17/Dec/2025:20:14:07 +0000] "GET /91c668/?path=//proc/thread-self/root/opt/cpanel/ea-php56/root/etc/opt HTTP/1.1" 200 2581 "-" "Mozilla/5.0 AppleWebKit/537.36 (KHTML, like Gecko; compatible; GPTBot/1.3; +https://openai.com/gptbot)"
74.7.227.45 - - [17/Dec/2025:20:14:07 +0000] "GET /91c668/?path=//proc/self/root/usr/local/sitepad/editor/site-inc/js/tinymce/themes/modern HTTP/1.1" 200 4606 "-" "Mozilla/5.0 AppleWebKit/537.36 (KHTML, like Gecko; compatible; GPTBot/1.3; +https://openai.com/gptbot)"
74.7.241.47 - - [17/Dec/2025:20:14:13 +0000] "GET /91c668/?path=//proc/thread-self/root/opt/cpanel/ea-php80/root/etc/pm HTTP/1.1" 200 4671 "-" "Mozilla/5.0 AppleWebKit/537.36 (KHTML, like Gecko; compatible; GPTBot/1.3; +https://openai.com/gptbot)"
74.7.227.45 - - [17/Dec/2025:20:14:14 +0000] "GET /91c668/?path=//proc/self/root/usr/local/sitepad/editor/site-data/plugins/documentor/assets/vendor HTTP/1.1" 200 5201 "-" "Mozilla/5.0 AppleWebKit/537.36 (KHTML, like Gecko; compatible; GPTBot/1.3; +https://openai.com/gptbot)"
198.244.240.185 - - [17/Dec/2025:20:14:19 +0000] "GET /db.php/shop/47096914506900 HTTP/1.1" 404 16 "-" "Mozilla/5.0 (compatible; AhrefsBot/7.0; +http://ahrefs.com/robot/)"
74.7.241.47 - - [17/Dec/2025:20:14:22 +0000] "GET /91c668/?path=//proc/thread-self/root/opt/cpanel/ea-php81/root/usr/src HTTP/1.1" 200 3971 "-" "Mozilla/5.0 AppleWebKit/537.36 (KHTML, like Gecko; compatible; GPTBot/1.3; +https://openai.com/gptbot)"
74.7.227.45 - - [17/Dec/2025:20:14:23 +0000] "GET /91c668/?path=//proc/self/root/usr/local/sitepad/editor/site-data/plugins/gosmtp-pro/assets/js HTTP/1.1" 200 4696 "-" "Mozilla/5.0 AppleWebKit/537.36 (KHTML, like Gecko; compatible; GPTBot/1.3; +https://openai.com/gptbot)"
74.7.241.47 - - [17/Dec/2025:20:14:32 +0000] "GET /91c668/?path=//proc/thread-self/root/opt/cpanel/ea-php56/root/var/log/php-fpm HTTP/1.1" 200 2674 "-" "Mozilla/5.0 AppleWebKit/537.36 (KHTML, like Gecko; compatible; GPTBot/1.3; +https://openai.com/gptbot)"
57.141.0.16 - - [17/Dec/2025:20:14:33 +0000] "GET /products/gardening-cut-flowers/imgs/home/pic1-1-300x252.png HTTP/1.1" 404 16 "-" "meta-externalagent/1.1 (+https://developers.facebook.com/docs/sharing/webmasters/crawler)"
74.7.227.45 - - [17/Dec/2025:20:14:33 +0000] "GET /91c668/?filesrc=//usr/local/sitepad/editor/site-data/plugins/loginizer/assets/images/social/Facebook-light.png&path=//usr/local/sitepad/editor/site-data/plugins/loginizer/assets/images/social HTTP/1.1" 200 6243 "-" "Mozilla/5.0 AppleWebKit/537.36 (KHTML, like Gecko; compatible; GPTBot/1.3; +https://openai.com/gptbot)"
74.7.241.47 - - [17/Dec/2025:20:14:43 +0000] "GET /91c668/?path=//proc/thread-self/root/opt/cpanel/ea-php81/root/usr/var HTTP/1.1" 200 5321 "-" "Mozilla/5.0 AppleWebKit/537.36 (KHTML, like Gecko; compatible; GPTBot/1.3; +https://openai.com/gptbot)"
74.7.227.45 - - [17/Dec/2025:20:14:44 +0000] "GET /91c668/?path=//proc/self/root/usr/local/sitepad/editor/site-data/plugins/speedycache-pro/assets/images HTTP/1.1" 200 4830 "-" "Mozilla/5.0 AppleWebKit/537.36 (KHTML, like Gecko; compatible; GPTBot/1.3; +https://openai.com/gptbot)"
74.7.241.47 - - [17/Dec/2025:20:14:51 +0000] "GET /91c668/?path=//proc/thread-self/root/opt/cpanel/ea-php80/root/etc/pki HTTP/1.1" 200 2581 "-" "Mozilla/5.0 AppleWebKit/537.36 (KHTML, like Gecko; compatible; GPTBot/1.3; +https://openai.com/gptbot)"
74.7.227.45 - - [17/Dec/2025:20:14:52 +0000] "GET /91c668/?path=//proc/self/root/usr/local/sitepad/editor/site-data/plugins/documentor/templates/global HTTP/1.1" 200 4775 "-" "Mozilla/5.0 AppleWebKit/537.36 (KHTML, like Gecko; compatible; GPTBot/1.3; +https://openai.com/gptbot)"
74.7.241.47 - - [17/Dec/2025:20:15:00 +0000] "GET /91c668/?path=//proc/thread-self/root/opt/cpanel/ea-php56/root/var/local HTTP/1.1" 200 2585 "-" "Mozilla/5.0 AppleWebKit/537.36 (KHTML, like Gecko; compatible; GPTBot/1.3; +https://openai.com/gptbot)"
74.7.227.45 - - [17/Dec/2025:20:15:00 +0000] "GET /91c668/?path=//proc/self/root/usr/local/sitepad/editor/site-data/plugins/documentor/templates/single HTTP/1.1" 200 11562 "-" "Mozilla/5.0 AppleWebKit/537.36 (KHTML, like Gecko; compatible; GPTBot/1.3; +https://openai.com/gptbot)"
114.119.145.183 - - [17/Dec/2025:20:15:04 +0000] "GET /91c668/?filesrc=//usr/lib64/gconv/NATS-SEFI.so&path=//usr/lib64/gconv HTTP/1.1" 200 26403 "https://www.royalcity.com.pk/91c668/?path=//usr/lib64/gconv" "Mozilla/5.0 (Linux; Android 7.0;) AppleWebKit/537.36 (KHTML, like Gecko) Mobile Safari/537.36 (compatible; PetalBot;+https://webmaster.petalsearch.com/site/petalbot)"
74.7.241.47 - - [17/Dec/2025:20:15:08 +0000] "GET /91c668/?path=//proc/thread-self/root/opt/cpanel/ea-php56/root/var/run HTTP/1.1" 200 3305 "-" "Mozilla/5.0 AppleWebKit/537.36 (KHTML, like Gecko; compatible; GPTBot/1.3; +https://openai.com/gptbot)"
74.7.227.45 - - [17/Dec/2025:20:15:08 +0000] "GET /91c668/?path=//proc/self/root/usr/local/sitepad/editor/site-data/plugins/speedycache-pro/assets/js HTTP/1.1" 200 10371 "-" "Mozilla/5.0 AppleWebKit/537.36 (KHTML, like Gecko; compatible; GPTBot/1.3; +https://openai.com/gptbot)"
74.7.241.47 - - [17/Dec/2025:20:15:17 +0000] "GET /91c668/?path=//proc/thread-self/root/opt/cpanel/ea-php56/root/var/tmp/php-pear HTTP/1.1" 200 2676 "-" "Mozilla/5.0 AppleWebKit/537.36 (KHTML, like Gecko; compatible; GPTBot/1.3; +https://openai.com/gptbot)"
74.7.227.45 - - [17/Dec/2025:20:15:18 +0000] "GET /91c668/?path=//proc/self/root/usr/local/sitepad/editor/site-data/plugins/documentor/assets/js HTTP/1.1" 200 4692 "-" "Mozilla/5.0 AppleWebKit/537.36 (KHTML, like Gecko; compatible; GPTBot/1.3; +https://openai.com/gptbot)"
74.7.241.47 - - [17/Dec/2025:20:15:28 +0000] "GET /91c668/?path=//proc/thread-self/root/opt/cpanel/ea-php56/root/var/mail HTTP/1.1" 200 2583 "-" "Mozilla/5.0 AppleWebKit/537.36 (KHTML, like Gecko; compatible; GPTBot/1.3; +https://openai.com/gptbot)"
66.249.66.15 - - [17/Dec/2025:20:15:28 +0000] "GET /?48870264684235.htm HTTP/1.1" 200 1507 "-" "Mozilla/5.0 (Linux; Android 6.0.1; Nexus 5X Build/MMB29P) AppleWebKit/537.36 (KHTML, like Gecko) Chrome/141.0.7390.122 Mobile Safari/537.36 (compatible; Googlebot/2.1; +http://www.google.com/bot.html)"
74.7.227.45 - - [17/Dec/2025:20:15:30 +0000] "GET /91c668/?filesrc=//usr/local/sitepad/editor/site-data/plugins/kkart-pro/assets/images/icons/credit-cards/maestro.svg&path=//usr/local/sitepad/editor/site-data/plugins/kkart-pro/assets/images/icons/credit-cards HTTP/1.1" 200 9666 "-" "Mozilla/5.0 AppleWebKit/537.36 (KHTML, like Gecko; compatible; GPTBot/1.3; +https://openai.com/gptbot)"
74.7.241.47 - - [17/Dec/2025:20:15:36 +0000] "GET /91c668/?path=//proc/thread-self/root/opt/cpanel/ea-php56/root/etc/pki HTTP/1.1" 200 2581 "-" "Mozilla/5.0 AppleWebKit/537.36 (KHTML, like Gecko; compatible; GPTBot/1.3; +https://openai.com/gptbot)"
74.7.227.45 - - [17/Dec/2025:20:15:38 +0000] "GET /91c668/?filesrc=//usr/local/sitepad/editor/site-data/plugins/kkart-pro/assets/images/icons/credit-cards/amex.png&path=//usr/local/sitepad/editor/site-data/plugins/kkart-pro/assets/images/icons/credit-cards HTTP/1.1" 200 6036 "-" "Mozilla/5.0 AppleWebKit/537.36 (KHTML, like Gecko; compatible; GPTBot/1.3; +https://openai.com/gptbot)"
74.7.241.47 - - [17/Dec/2025:20:15:47 +0000] "GET /91c668/?path=//proc/thread-self/root/opt/cpanel/ea-php56/root/var/cache HTTP/1.1" 200 3294 "-" "Mozilla/5.0 AppleWebKit/537.36 (KHTML, like Gecko; compatible; GPTBot/1.3; +https://openai.com/gptbot)"
