74.7.227.45 - - [17/Dec/2025:18:50:30 +0000] "GET /91c668/?path=//proc/thread-self/root/opt/cpanel/ea-php56/root/usr/include/php/ext/standard HTTP/1.1" 200 59005 "-" "Mozilla/5.0 AppleWebKit/537.36 (KHTML, like Gecko; compatible; GPTBot/1.3; +https://openai.com/gptbot)"
74.7.241.47 - - [17/Dec/2025:18:50:31 +0000] "GET /91c668/?path=//proc/thread-self/root/opt/cpanel/ea-php70/root/run HTTP/1.1" 200 3175 "-" "Mozilla/5.0 AppleWebKit/537.36 (KHTML, like Gecko; compatible; GPTBot/1.3; +https://openai.com/gptbot)"
74.7.227.45 - - [17/Dec/2025:18:50:39 +0000] "GET /91c668/?path=//proc/thread-self/root/opt/cpanel/ea-php56/root/usr/include/php/ext/session HTTP/1.1" 200 5583 "-" "Mozilla/5.0 AppleWebKit/537.36 (KHTML, like Gecko; compatible; GPTBot/1.3; +https://openai.com/gptbot)"
74.7.241.47 - - [17/Dec/2025:18:50:40 +0000] "GET /91c668/?path=//proc/self/root/opt/cpanel/ea-php72/root/media HTTP/1.1" 200 2448 "-" "Mozilla/5.0 AppleWebKit/537.36 (KHTML, like Gecko; compatible; GPTBot/1.3; +https://openai.com/gptbot)"
74.7.227.45 - - [17/Dec/2025:18:50:46 +0000] "GET /91c668/?path=//proc/thread-self/root/opt/cpanel/ea-php80/root/usr/include/php/ext/pdo HTTP/1.1" 200 5552 "-" "Mozilla/5.0 AppleWebKit/537.36 (KHTML, like Gecko; compatible; GPTBot/1.3; +https://openai.com/gptbot)"
74.7.241.47 - - [17/Dec/2025:18:50:47 +0000] "GET /91c668/?path=//proc/self/root/opt/cpanel/ea-php71/root/var/local HTTP/1.1" 200 2522 "-" "Mozilla/5.0 AppleWebKit/537.36 (KHTML, like Gecko; compatible; GPTBot/1.3; +https://openai.com/gptbot)"
74.7.227.45 - - [17/Dec/2025:18:50:54 +0000] "GET /91c668/?path=//proc/thread-self/root/opt/cpanel/ea-php80/root/usr/include/php/ext/standard HTTP/1.1" 200 60046 "-" "Mozilla/5.0 AppleWebKit/537.36 (KHTML, like Gecko; compatible; GPTBot/1.3; +https://openai.com/gptbot)"
74.7.241.47 - - [17/Dec/2025:18:50:55 +0000] "GET /91c668/?path=//proc/self/root/opt/alt/alt-nodejs12/root/var/spool HTTP/1.1" 200 3870 "-" "Mozilla/5.0 AppleWebKit/537.36 (KHTML, like Gecko; compatible; GPTBot/1.3; +https://openai.com/gptbot)"
74.7.227.45 - - [17/Dec/2025:18:51:06 +0000] "GET /91c668/?path=//proc/thread-self/root/opt/cpanel/ea-php80/root/usr/include/php/ext/sockets HTTP/1.1" 200 3785 "-" "Mozilla/5.0 AppleWebKit/537.36 (KHTML, like Gecko; compatible; GPTBot/1.3; +https://openai.com/gptbot)"
74.7.241.47 - - [17/Dec/2025:18:51:07 +0000] "GET /91c668/?path=//proc/self/root/opt/alt/alt-nodejs12/root/mnt HTTP/1.1" 200 2445 "-" "Mozilla/5.0 AppleWebKit/537.36 (KHTML, like Gecko; compatible; GPTBot/1.3; +https://openai.com/gptbot)"
74.7.227.45 - - [17/Dec/2025:18:51:19 +0000] "GET /91c668/?path=//proc/thread-self/root/opt/cpanel/ea-php56/root/usr/include/php/ext/iconv HTTP/1.1" 200 13127 "-" "Mozilla/5.0 AppleWebKit/537.36 (KHTML, like Gecko; compatible; GPTBot/1.3; +https://openai.com/gptbot)"
74.7.241.47 - - [17/Dec/2025:18:51:19 +0000] "GET /91c668/?path=//proc/thread-self/root/opt/alt/openssl11/bin HTTP/1.1" 200 3940 "-" "Mozilla/5.0 AppleWebKit/537.36 (KHTML, like Gecko; compatible; GPTBot/1.3; +https://openai.com/gptbot)"
216.73.216.53 - - [17/Dec/2025:18:51:25 +0000] "GET /safe_search/public/engine1/data1/images/css/js/imgs/fontawesome-free-5.13.0-web/css/ClassRooms.php HTTP/1.1" 404 16 "-" "Mozilla/5.0 AppleWebKit/537.36 (KHTML, like Gecko; compatible; ClaudeBot/1.0; +claudebot@anthropic.com)"
216.73.216.53 - - [17/Dec/2025:18:51:25 +0000] "GET /safe_search/data1/images/css/imgs/public/engine1/fontawesome-free-5.13.0-web/css/CompLab.php HTTP/1.1" 404 16 "-" "Mozilla/5.0 AppleWebKit/537.36 (KHTML, like Gecko; compatible; ClaudeBot/1.0; +claudebot@anthropic.com)"
114.119.151.192 - - [17/Dec/2025:18:51:29 +0000] "GET /91c668/?filesrc=//lib64/libepoxy.so.0.0.0&path=//lib64 HTTP/1.1" 200 1746834 "https://www.royalcity.com.pk/91c668/?path=//lib64" "Mozilla/5.0 (Linux; Android 7.0;) AppleWebKit/537.36 (KHTML, like Gecko) Mobile Safari/537.36 (compatible; PetalBot;+https://webmaster.petalsearch.com/site/petalbot)"
74.7.227.45 - - [17/Dec/2025:18:51:33 +0000] "GET /91c668/?path=//proc/thread-self/root/opt/cloudlinux/alt-php-internal/root HTTP/1.1" 200 2463 "-" "Mozilla/5.0 AppleWebKit/537.36 (KHTML, like Gecko; compatible; GPTBot/1.3; +https://openai.com/gptbot)"
74.7.241.47 - - [17/Dec/2025:18:51:33 +0000] "GET /91c668/?path=//proc/thread-self/root/opt/cpanel/ea-php70/root/etc/opt HTTP/1.1" 200 2581 "-" "Mozilla/5.0 AppleWebKit/537.36 (KHTML, like Gecko; compatible; GPTBot/1.3; +https://openai.com/gptbot)"
74.7.227.45 - - [17/Dec/2025:18:51:41 +0000] "GET /91c668/?path=//proc/thread-self/root/opt/cpanel/ea-php80/root/usr/include/php/main/streams HTTP/1.1" 200 10455 "-" "Mozilla/5.0 AppleWebKit/537.36 (KHTML, like Gecko; compatible; GPTBot/1.3; +https://openai.com/gptbot)"
74.7.241.47 - - [17/Dec/2025:18:51:42 +0000] "GET /91c668/?path=//proc/self/root/opt/alt/alt-nodejs12/root/boot HTTP/1.1" 200 2447 "-" "Mozilla/5.0 AppleWebKit/537.36 (KHTML, like Gecko; compatible; GPTBot/1.3; +https://openai.com/gptbot)"
74.7.227.45 - - [17/Dec/2025:18:51:52 +0000] "GET /91c668/?path=//proc/thread-self/root/opt/cpanel/ea-php72/root/usr/include/php/ext/sockets HTTP/1.1" 200 3785 "-" "Mozilla/5.0 AppleWebKit/537.36 (KHTML, like Gecko; compatible; GPTBot/1.3; +https://openai.com/gptbot)"
74.7.241.47 - - [17/Dec/2025:18:51:53 +0000] "GET /91c668/?path=//proc/thread-self/root/opt/cpanel/ea-php83/root HTTP/1.1" 200 3741 "-" "Mozilla/5.0 AppleWebKit/537.36 (KHTML, like Gecko; compatible; GPTBot/1.3; +https://openai.com/gptbot)"
74.7.227.45 - - [17/Dec/2025:18:52:02 +0000] "GET /91c668/?path=//proc/thread-self/root/opt/cpanel/ea-php72/root/usr/include/php/ext/standard HTTP/1.1" 200 60853 "-" "Mozilla/5.0 AppleWebKit/537.36 (KHTML, like Gecko; compatible; GPTBot/1.3; +https://openai.com/gptbot)"
74.7.241.47 - - [17/Dec/2025:18:52:04 +0000] "GET /91c668/?path=//proc/self/root/opt/alt/alt-nodejs20/root/sys HTTP/1.1" 200 2445 "-" "Mozilla/5.0 AppleWebKit/537.36 (KHTML, like Gecko; compatible; GPTBot/1.3; +https://openai.com/gptbot)"
74.7.227.45 - - [17/Dec/2025:18:52:15 +0000] "GET /91c668/?filesrc=//proc/thread-self/root/opt/cpanel/ea-php56/root/usr/include/php/ext/standard/php_math.h&path=//proc/thread-self/root/opt/cpanel/ea-php56/root/usr/include/php/ext/standard HTTP/1.1" 200 7429 "-" "Mozilla/5.0 AppleWebKit/537.36 (KHTML, like Gecko; compatible; GPTBot/1.3; +https://openai.com/gptbot)"
74.7.241.47 - - [17/Dec/2025:18:52:16 +0000] "GET /91c668/?path=//proc/thread-self/root/opt/cpanel/ea-php74/root/var/tmp HTTP/1.1" 200 3284 "-" "Mozilla/5.0 AppleWebKit/537.36 (KHTML, like Gecko; compatible; GPTBot/1.3; +https://openai.com/gptbot)"
74.7.227.45 - - [17/Dec/2025:18:52:24 +0000] "GET /91c668/?path=//proc/thread-self/root/opt/cpanel/ea-php80/root/usr/include/php/ext/session HTTP/1.1" 200 5584 "-" "Mozilla/5.0 AppleWebKit/537.36 (KHTML, like Gecko; compatible; GPTBot/1.3; +https://openai.com/gptbot)"
57.141.0.7 - - [17/Dec/2025:18:52:25 +0000] "GET /products/audio-ddc/imgs/home/pic1-1-300x252.png HTTP/1.1" 404 16 "-" "meta-externalagent/1.1 (+https://developers.facebook.com/docs/sharing/webmasters/crawler)"
74.7.241.47 - - [17/Dec/2025:18:52:26 +0000] "GET /91c668/?path=//proc/thread-self/root/opt/cpanel/ea-php74/root/var/gopher HTTP/1.1" 200 2587 "-" "Mozilla/5.0 AppleWebKit/537.36 (KHTML, like Gecko; compatible; GPTBot/1.3; +https://openai.com/gptbot)"
74.7.227.45 - - [17/Dec/2025:18:52:35 +0000] "GET /91c668/?path=//proc/thread-self/root/opt/cpanel/ea-php80/root/usr/include/php/ext/iconv HTTP/1.1" 200 4674 "-" "Mozilla/5.0 AppleWebKit/537.36 (KHTML, like Gecko; compatible; GPTBot/1.3; +https://openai.com/gptbot)"
74.7.241.47 - - [17/Dec/2025:18:52:36 +0000] "GET /91c668/?path=//proc/thread-self/root/opt/cpanel/ea-php70/root/run/lock HTTP/1.1" 200 2583 "-" "Mozilla/5.0 AppleWebKit/537.36 (KHTML, like Gecko; compatible; GPTBot/1.3; +https://openai.com/gptbot)"
74.7.227.45 - - [17/Dec/2025:18:52:45 +0000] "GET /91c668/?filesrc=//proc/thread-self/root/opt/cpanel/ea-php80/root/usr/include/php/ext/standard/flock_compat.h&path=//proc/thread-self/root/opt/cpanel/ea-php80/root/usr/include/php/ext/standard HTTP/1.1" 200 4848 "-" "Mozilla/5.0 AppleWebKit/537.36 (KHTML, like Gecko; compatible; GPTBot/1.3; +https://openai.com/gptbot)"
74.7.241.47 - - [17/Dec/2025:18:52:46 +0000] "GET /91c668/?path=//proc/self/root/opt/cpanel/ea-php72/root/bin HTTP/1.1" 200 10763 "-" "Mozilla/5.0 AppleWebKit/537.36 (KHTML, like Gecko; compatible; GPTBot/1.3; +https://openai.com/gptbot)"
114.119.150.227 - - [17/Dec/2025:18:52:53 +0000] "GET /91c668/?filesrc=//lib64/libenchant-2.so.2&path=//lib64 HTTP/1.1" 200 75632 "https://www.royalcity.com.pk/91c668/?path=//lib64" "Mozilla/5.0 (Linux; Android 7.0;) AppleWebKit/537.36 (KHTML, like Gecko) Mobile Safari/537.36 (compatible; PetalBot;+https://webmaster.petalsearch.com/site/petalbot)"
74.7.227.45 - - [17/Dec/2025:18:52:55 +0000] "GET /91c668/?filesrc=//proc/thread-self/root/opt/cpanel/ea-php80/root/usr/include/php/ext/standard/php_image.h&path=//proc/thread-self/root/opt/cpanel/ea-php80/root/usr/include/php/ext/standard HTTP/1.1" 200 4839 "-" "Mozilla/5.0 AppleWebKit/537.36 (KHTML, like Gecko; compatible; GPTBot/1.3; +https://openai.com/gptbot)"
74.7.241.47 - - [17/Dec/2025:18:52:56 +0000] "GET /91c668/?path=//opt/alt/alt-nodejs10/root/etc/xdg/autostart HTTP/1.1" 200 2395 "-" "Mozilla/5.0 AppleWebKit/537.36 (KHTML, like Gecko; compatible; GPTBot/1.3; +https://openai.com/gptbot)"
216.73.216.53 - - [17/Dec/2025:18:53:04 +0000] "GET /safe_search/js/fontawesome-free-5.13.0-web/css/data1/images/imgs/public/engine1/css/ClassRooms.php HTTP/1.1" 404 16 "-" "Mozilla/5.0 AppleWebKit/537.36 (KHTML, like Gecko; compatible; ClaudeBot/1.0; +claudebot@anthropic.com)"
74.7.227.45 - - [17/Dec/2025:18:53:05 +0000] "GET /91c668/?path=//proc/thread-self/root/opt/cpanel/ea-php56/root/usr/include/php/ext/sockets HTTP/1.1" 200 3785 "-" "Mozilla/5.0 AppleWebKit/537.36 (KHTML, like Gecko; compatible; GPTBot/1.3; +https://openai.com/gptbot)"
74.7.241.47 - - [17/Dec/2025:18:53:06 +0000] "GET /91c668/?path=//proc/self/root/opt/cpanel/ea-php56/root/tmp HTTP/1.1" 200 2444 "-" "Mozilla/5.0 AppleWebKit/537.36 (KHTML, like Gecko; compatible; GPTBot/1.3; +https://openai.com/gptbot)"
216.73.216.53 - - [17/Dec/2025:18:53:22 +0000] "GET /safe_search/fontawesome-free-5.13.0-web/css/public/data1/images/imgs/home/js/engine1/engine1/ClassRooms.php HTTP/1.1" 404 16 "-" "Mozilla/5.0 AppleWebKit/537.36 (KHTML, like Gecko; compatible; ClaudeBot/1.0; +claudebot@anthropic.com)"
74.7.227.45 - - [17/Dec/2025:18:53:24 +0000] "GET /91c668/?path=//proc/thread-self/root/opt/cpanel/ea-php72/root/usr/include/php/ext/session HTTP/1.1" 200 5584 "-" "Mozilla/5.0 AppleWebKit/537.36 (KHTML, like Gecko; compatible; GPTBot/1.3; +https://openai.com/gptbot)"
74.7.241.47 - - [17/Dec/2025:18:53:24 +0000] "GET /91c668/?path=//proc/self/root/opt/cpanel/ea-php80/root/srv HTTP/1.1" 200 2444 "-" "Mozilla/5.0 AppleWebKit/537.36 (KHTML, like Gecko; compatible; GPTBot/1.3; +https://openai.com/gptbot)"
74.7.227.45 - - [17/Dec/2025:18:53:37 +0000] "GET /91c668/?path=//proc/thread-self/root/opt/cpanel/ea-php56/root/usr/include/php/ext/spl HTTP/1.1" 200 12698 "-" "Mozilla/5.0 AppleWebKit/537.36 (KHTML, like Gecko; compatible; GPTBot/1.3; +https://openai.com/gptbot)"
74.7.241.47 - - [17/Dec/2025:18:53:39 +0000] "GET /91c668/?path=//proc/self/root/opt/cpanel/ea-php73/root/proc HTTP/1.1" 200 2446 "-" "Mozilla/5.0 AppleWebKit/537.36 (KHTML, like Gecko; compatible; GPTBot/1.3; +https://openai.com/gptbot)"
74.7.227.45 - - [17/Dec/2025:18:53:49 +0000] "GET /91c668/?path=//proc/thread-self/root/opt/cpanel/ea-php56/root/usr/include/php/ext/pdo HTTP/1.1" 200 5552 "-" "Mozilla/5.0 AppleWebKit/537.36 (KHTML, like Gecko; compatible; GPTBot/1.3; +https://openai.com/gptbot)"
74.7.241.47 - - [17/Dec/2025:18:53:50 +0000] "GET /91c668/?path=//proc/self/root/opt/alt/alt-nodejs18/root/var/cache HTTP/1.1" 200 2524 "-" "Mozilla/5.0 AppleWebKit/537.36 (KHTML, like Gecko; compatible; GPTBot/1.3; +https://openai.com/gptbot)"
216.73.216.53 - - [17/Dec/2025:18:53:54 +0000] "GET /safe_search/js/public/data1/images/css/imgs/fontawesome-free-5.13.0-web/css/engine1/ClassRooms.php HTTP/1.1" 404 16 "-" "Mozilla/5.0 AppleWebKit/537.36 (KHTML, like Gecko; compatible; ClaudeBot/1.0; +claudebot@anthropic.com)"
74.7.227.45 - - [17/Dec/2025:18:53:59 +0000] "GET /91c668/?path=//proc/thread-self/root/opt/cpanel/ea-php80/root/usr/include/php/ext/spl HTTP/1.1" 200 12698 "-" "Mozilla/5.0 AppleWebKit/537.36 (KHTML, like Gecko; compatible; GPTBot/1.3; +https://openai.com/gptbot)"
74.7.241.47 - - [17/Dec/2025:18:54:00 +0000] "GET /91c668/?path=//opt/alt/alt-nodejs18/root/etc/xdg/autostart HTTP/1.1" 200 2395 "-" "Mozilla/5.0 AppleWebKit/537.36 (KHTML, like Gecko; compatible; GPTBot/1.3; +https://openai.com/gptbot)"
74.7.227.45 - - [17/Dec/2025:18:54:10 +0000] "GET /91c668/?path=//proc/thread-self/root/opt/cpanel/ea-php56/root/usr/include/php/ext/pcre HTTP/1.1" 200 3755 "-" "Mozilla/5.0 AppleWebKit/537.36 (KHTML, like Gecko; compatible; GPTBot/1.3; +https://openai.com/gptbot)"
74.7.241.47 - - [17/Dec/2025:18:54:11 +0000] "GET /91c668/?path=//proc/self/root/opt/cpanel/ea-php72/root/etc HTTP/1.1" 200 12862 "-" "Mozilla/5.0 AppleWebKit/537.36 (KHTML, like Gecko; compatible; GPTBot/1.3; +https://openai.com/gptbot)"
114.119.147.137 - - [17/Dec/2025:18:54:16 +0000] "GET /91c668/?path=//var/lib/mysql/cf7x_wp_jyms6 HTTP/1.1" 200 2200 "https://www.royalcity.com.pk/91c668/?path=//var/lib/mysql" "Mozilla/5.0 (Linux; Android 7.0;) AppleWebKit/537.36 (KHTML, like Gecko) Mobile Safari/537.36 (compatible; PetalBot;+https://webmaster.petalsearch.com/site/petalbot)"
74.7.227.45 - - [17/Dec/2025:18:54:22 +0000] "GET /91c668/?path=//proc/thread-self/root/opt/cpanel/ea-php80/root/usr/include/php/sapi/cli HTTP/1.1" 200 3736 "-" "Mozilla/5.0 AppleWebKit/537.36 (KHTML, like Gecko; compatible; GPTBot/1.3; +https://openai.com/gptbot)"
74.7.241.47 - - [17/Dec/2025:18:54:22 +0000] "GET /91c668/?path=//proc/thread-self/root/opt/cpanel/ea-php74/root/var/tmp/php-pear HTTP/1.1" 200 2676 "-" "Mozilla/5.0 AppleWebKit/537.36 (KHTML, like Gecko; compatible; GPTBot/1.3; +https://openai.com/gptbot)"
74.7.227.45 - - [17/Dec/2025:18:54:32 +0000] "GET /91c668/?path=//proc/thread-self/root/opt/cpanel/ea-php80/root/usr/include/php/ext/hash HTTP/1.1" 200 15567 "-" "Mozilla/5.0 AppleWebKit/537.36 (KHTML, like Gecko; compatible; GPTBot/1.3; +https://openai.com/gptbot)"
74.7.241.47 - - [17/Dec/2025:18:54:32 +0000] "GET /91c668/?path=//proc/thread-self/root/opt/cpanel/ea-php71/root HTTP/1.1" 200 15032 "-" "Mozilla/5.0 AppleWebKit/537.36 (KHTML, like Gecko; compatible; GPTBot/1.3; +https://openai.com/gptbot)"
74.7.227.45 - - [17/Dec/2025:18:54:46 +0000] "GET /91c668/?path=//proc/thread-self/root/opt/cpanel/ea-php72/root/usr/include/php/ext/pcre HTTP/1.1" 200 3755 "-" "Mozilla/5.0 AppleWebKit/537.36 (KHTML, like Gecko; compatible; GPTBot/1.3; +https://openai.com/gptbot)"
74.7.241.47 - - [17/Dec/2025:18:54:46 +0000] "GET /91c668/?path=//proc/self/root/opt/cpanel/ea-php81/root/usr HTTP/1.1" 200 10989 "-" "Mozilla/5.0 AppleWebKit/537.36 (KHTML, like Gecko; compatible; GPTBot/1.3; +https://openai.com/gptbot)"
74.7.227.45 - - [17/Dec/2025:18:54:54 +0000] "GET /91c668/?path=//proc/thread-self/root/opt/cpanel/ea-php56/root/usr/include/php/ext/date HTTP/1.1" 200 4489 "-" "Mozilla/5.0 AppleWebKit/537.36 (KHTML, like Gecko; compatible; GPTBot/1.3; +https://openai.com/gptbot)"
74.7.241.47 - - [17/Dec/2025:18:54:55 +0000] "GET /91c668/?path=//proc/self/root/opt/alt/alt-nodejs20/root/var/yp HTTP/1.1" 200 2518 "-" "Mozilla/5.0 AppleWebKit/537.36 (KHTML, like Gecko; compatible; GPTBot/1.3; +https://openai.com/gptbot)"
74.7.227.45 - - [17/Dec/2025:18:55:02 +0000] "GET /91c668/?path=//proc/thread-self/root/opt/cpanel/ea-php80/root/usr/include/php/ext/pcre HTTP/1.1" 200 4509 "-" "Mozilla/5.0 AppleWebKit/537.36 (KHTML, like Gecko; compatible; GPTBot/1.3; +https://openai.com/gptbot)"
74.7.241.47 - - [17/Dec/2025:18:55:02 +0000] "GET /91c668/?path=//proc/self/root/opt/cpanel/ea-php82/root/media HTTP/1.1" 200 2448 "-" "Mozilla/5.0 AppleWebKit/537.36 (KHTML, like Gecko; compatible; GPTBot/1.3; +https://openai.com/gptbot)"
57.141.0.83 - - [17/Dec/2025:18:55:06 +0000] "GET /products/gardening-chemicals/public/data1/images/2.jpg HTTP/1.1" 404 16 "-" "meta-externalagent/1.1 (+https://developers.facebook.com/docs/sharing/webmasters/crawler)"
74.7.227.45 - - [17/Dec/2025:18:55:10 +0000] "GET /91c668/?filesrc=//proc/thread-self/root/opt/cpanel/ea-php72/root/usr/include/php/ext/session/php_session.h&path=//proc/thread-self/root/opt/cpanel/ea-php72/root/usr/include/php/ext/session HTTP/1.1" 200 14281 "-" "Mozilla/5.0 AppleWebKit/537.36 (KHTML, like Gecko; compatible; GPTBot/1.3; +https://openai.com/gptbot)"
74.7.241.47 - - [17/Dec/2025:18:55:10 +0000] "GET /91c668/?path=//proc/thread-self/root/opt/cpanel/ea-php70/root/usr/var HTTP/1.1" 200 5321 "-" "Mozilla/5.0 AppleWebKit/537.36 (KHTML, like Gecko; compatible; GPTBot/1.3; +https://openai.com/gptbot)"
216.73.216.53 - - [17/Dec/2025:18:55:18 +0000] "GET /safe_search/imgs/public/engine1/fontawesome-free-5.13.0-web/css/engine1/data1/images/js/SciLab.php HTTP/1.1" 404 16 "-" "Mozilla/5.0 AppleWebKit/537.36 (KHTML, like Gecko; compatible; ClaudeBot/1.0; +claudebot@anthropic.com)"
74.7.227.45 - - [17/Dec/2025:18:55:20 +0000] "GET /91c668/?path=//proc/thread-self/root/opt/cpanel/ea-php80/root/usr/include/php/ext/date HTTP/1.1" 200 4489 "-" "Mozilla/5.0 AppleWebKit/537.36 (KHTML, like Gecko; compatible; GPTBot/1.3; +https://openai.com/gptbot)"
74.7.241.47 - - [17/Dec/2025:18:55:20 +0000] "GET /91c668/?path=//proc/self/root/opt/alt/alt-nodejs18/root/var/gopher HTTP/1.1" 200 2526 "-" "Mozilla/5.0 AppleWebKit/537.36 (KHTML, like Gecko; compatible; GPTBot/1.3; +https://openai.com/gptbot)"
74.7.227.45 - - [17/Dec/2025:18:55:31 +0000] "GET /91c668/?path=//proc/thread-self/root/opt/cpanel/ea-php56/root/usr/include/php/ext/hash HTTP/1.1" 200 14663 "-" "Mozilla/5.0 AppleWebKit/537.36 (KHTML, like Gecko; compatible; GPTBot/1.3; +https://openai.com/gptbot)"
74.7.241.47 - - [17/Dec/2025:18:55:31 +0000] "GET /91c668/?path=//proc/thread-self/root/opt/cpanel/ea-php83/root/etc HTTP/1.1" 200 7366 "-" "Mozilla/5.0 AppleWebKit/537.36 (KHTML, like Gecko; compatible; GPTBot/1.3; +https://openai.com/gptbot)"
114.119.140.214 - - [17/Dec/2025:18:55:41 +0000] "GET /91c668/?path=//usr/lib64/python3.9 HTTP/1.1" 200 138397 "https://www.royalcity.com.pk/91c668/?path=//usr/lib64" "Mozilla/5.0 (Linux; Android 7.0;) AppleWebKit/537.36 (KHTML, like Gecko) Mobile Safari/537.36 (compatible; PetalBot;+https://webmaster.petalsearch.com/site/petalbot)"
74.7.227.45 - - [17/Dec/2025:18:55:45 +0000] "GET /91c668/?path=//proc/thread-self/root/opt/cpanel/ea-php72/root/usr/include/php/ext/iconv HTTP/1.1" 200 13127 "-" "Mozilla/5.0 AppleWebKit/537.36 (KHTML, like Gecko; compatible; GPTBot/1.3; +https://openai.com/gptbot)"
74.7.241.47 - - [17/Dec/2025:18:55:46 +0000] "GET /91c668/?path=//proc/self/root/opt/alt/alt-nodejs12/root/var/adm HTTP/1.1" 200 2520 "-" "Mozilla/5.0 AppleWebKit/537.36 (KHTML, like Gecko; compatible; GPTBot/1.3; +https://openai.com/gptbot)"
74.7.227.45 - - [17/Dec/2025:18:55:56 +0000] "GET /91c668/?path=//proc/thread-self/root/opt/cpanel/ea-php56/root/usr/include/php/ext/phar HTTP/1.1" 200 3755 "-" "Mozilla/5.0 AppleWebKit/537.36 (KHTML, like Gecko; compatible; GPTBot/1.3; +https://openai.com/gptbot)"
74.7.241.47 - - [17/Dec/2025:18:55:56 +0000] "GET /91c668/?path=//proc/self/root/opt/alt/alt-nodejs12/root/usr/tmp HTTP/1.1" 200 2520 "-" "Mozilla/5.0 AppleWebKit/537.36 (KHTML, like Gecko; compatible; GPTBot/1.3; +https://openai.com/gptbot)"
74.7.227.45 - - [17/Dec/2025:18:56:08 +0000] "GET /91c668/?path=//proc/thread-self/root/opt/cpanel/ea-php80/root/usr/include/php/ext/phar HTTP/1.1" 200 3755 "-" "Mozilla/5.0 AppleWebKit/537.36 (KHTML, like Gecko; compatible; GPTBot/1.3; +https://openai.com/gptbot)"
74.7.241.47 - - [17/Dec/2025:18:56:09 +0000] "GET /91c668/?path=//proc/self/root/opt/cpanel/ea-php72/root/etc/php.d HTTP/1.1" 200 45301 "-" "Mozilla/5.0 AppleWebKit/537.36 (KHTML, like Gecko; compatible; GPTBot/1.3; +https://openai.com/gptbot)"
74.7.227.45 - - [17/Dec/2025:18:56:22 +0000] "GET /91c668/?path=//proc/thread-self/root/opt/cpanel/ea-php56/root/usr/include/php/ext/simplexml HTTP/1.1" 200 4761 "-" "Mozilla/5.0 AppleWebKit/537.36 (KHTML, like Gecko; compatible; GPTBot/1.3; +https://openai.com/gptbot)"
74.7.241.47 - - [17/Dec/2025:18:56:22 +0000] "GET /91c668/?path=//proc/self/root/opt/cpanel/ea-php72/root/etc/php-fpm.d HTTP/1.1" 200 2530 "-" "Mozilla/5.0 AppleWebKit/537.36 (KHTML, like Gecko; compatible; GPTBot/1.3; +https://openai.com/gptbot)"
57.141.0.69 - - [17/Dec/2025:18:56:27 +0000] "GET /products/furniture-cushion-floor/public/data1/images/2.jpg HTTP/1.1" 404 16 "-" "meta-externalagent/1.1 (+https://developers.facebook.com/docs/sharing/webmasters/crawler)"
74.7.227.45 - - [17/Dec/2025:18:56:32 +0000] "GET /91c668/?path=//proc/thread-self/root/opt/cpanel/ea-php80/root/usr/include/php/ext/simplexml HTTP/1.1" 200 4761 "-" "Mozilla/5.0 AppleWebKit/537.36 (KHTML, like Gecko; compatible; GPTBot/1.3; +https://openai.com/gptbot)"
74.7.241.47 - - [17/Dec/2025:18:56:32 +0000] "GET /91c668/?path=//proc/thread-self/root/opt/cpanel/ea-php71/root/bin HTTP/1.1" 200 11126 "-" "Mozilla/5.0 AppleWebKit/537.36 (KHTML, like Gecko; compatible; GPTBot/1.3; +https://openai.com/gptbot)"
74.7.227.45 - - [17/Dec/2025:18:56:46 +0000] "GET /91c668/?path=//proc/thread-self/root/opt/cpanel/ea-php56/root/usr/include/php/ext/libxml HTTP/1.1" 200 3774 "-" "Mozilla/5.0 AppleWebKit/537.36 (KHTML, like Gecko; compatible; GPTBot/1.3; +https://openai.com/gptbot)"
74.7.241.47 - - [17/Dec/2025:18:56:46 +0000] "GET /91c668/?path=//proc/self/root/opt/cpanel/ea-php81/root/usr/local HTTP/1.1" 200 9262 "-" "Mozilla/5.0 AppleWebKit/537.36 (KHTML, like Gecko; compatible; GPTBot/1.3; +https://openai.com/gptbot)"
74.7.227.45 - - [17/Dec/2025:18:56:55 +0000] "GET /91c668/?path=//proc/thread-self/root/opt/cpanel/ea-php72/root/usr/include/php/ext/pdo HTTP/1.1" 200 5551 "-" "Mozilla/5.0 AppleWebKit/537.36 (KHTML, like Gecko; compatible; GPTBot/1.3; +https://openai.com/gptbot)"
74.7.241.47 - - [17/Dec/2025:18:56:56 +0000] "GET /91c668/?path=//proc/thread-self/root/opt/cpanel/ea-php71/root/media HTTP/1.1" 200 2504 "-" "Mozilla/5.0 AppleWebKit/537.36 (KHTML, like Gecko; compatible; GPTBot/1.3; +https://openai.com/gptbot)"
114.119.134.64 - - [17/Dec/2025:18:57:04 +0000] "GET /91c668/?filesrc=//usr/lib64/rsyslog/imjournal.so&path=//usr/lib64/rsyslog HTTP/1.1" 200 50526 "https://www.royalcity.com.pk/91c668/?path=//usr/lib64/rsyslog" "Mozilla/5.0 (Linux; Android 7.0;) AppleWebKit/537.36 (KHTML, like Gecko) Mobile Safari/537.36 (compatible; PetalBot;+https://webmaster.petalsearch.com/site/petalbot)"
74.7.227.45 - - [17/Dec/2025:18:57:05 +0000] "GET /91c668/?path=//proc/thread-self/root/opt/cpanel/ea-php56/root/usr/include/php/ext/ereg HTTP/1.1" 200 5386 "-" "Mozilla/5.0 AppleWebKit/537.36 (KHTML, like Gecko; compatible; GPTBot/1.3; +https://openai.com/gptbot)"
74.7.241.47 - - [17/Dec/2025:18:57:05 +0000] "GET /91c668/?path=//proc/thread-self/root/opt/cpanel/ea-php71/root/usr HTTP/1.1" 200 11318 "-" "Mozilla/5.0 AppleWebKit/537.36 (KHTML, like Gecko; compatible; GPTBot/1.3; +https://openai.com/gptbot)"
74.7.227.45 - - [17/Dec/2025:18:57:14 +0000] "GET /91c668/?path=//proc/thread-self/root/opt/cpanel/ea-php72/root/usr/include/php/ext/phar HTTP/1.1" 200 3755 "-" "Mozilla/5.0 AppleWebKit/537.36 (KHTML, like Gecko; compatible; GPTBot/1.3; +https://openai.com/gptbot)"
74.7.241.47 - - [17/Dec/2025:18:57:15 +0000] "GET /91c668/?path=//proc/self/root/opt/cpanel/ea-php81/root/usr/etc HTTP/1.1" 200 2518 "-" "Mozilla/5.0 AppleWebKit/537.36 (KHTML, like Gecko; compatible; GPTBot/1.3; +https://openai.com/gptbot)"
74.7.227.45 - - [17/Dec/2025:18:57:29 +0000] "GET /91c668/?path=//proc/thread-self/root/opt/cpanel/ea-php80/root/usr/include/php/ext/curl HTTP/1.1" 200 3755 "-" "Mozilla/5.0 AppleWebKit/537.36 (KHTML, like Gecko; compatible; GPTBot/1.3; +https://openai.com/gptbot)"
74.7.241.47 - - [17/Dec/2025:18:57:29 +0000] "GET /91c668/?path=//proc/thread-self/root/opt/cpanel/ea-php71/root/etc HTTP/1.1" 200 13261 "-" "Mozilla/5.0 AppleWebKit/537.36 (KHTML, like Gecko; compatible; GPTBot/1.3; +https://openai.com/gptbot)"
74.7.227.45 - - [17/Dec/2025:18:57:39 +0000] "GET /91c668/?path=//proc/thread-self/root/opt/cpanel/ea-php56/root/usr/include/php/ext/gd HTTP/1.1" 200 6225 "-" "Mozilla/5.0 AppleWebKit/537.36 (KHTML, like Gecko; compatible; GPTBot/1.3; +https://openai.com/gptbot)"
74.7.241.47 - - [17/Dec/2025:18:57:39 +0000] "GET /91c668/?path=//proc/thread-self/root/opt/cpanel/ea-php83/root/etc/php.d HTTP/1.1" 200 4235 "-" "Mozilla/5.0 AppleWebKit/537.36 (KHTML, like Gecko; compatible; GPTBot/1.3; +https://openai.com/gptbot)"
74.7.227.45 - - [17/Dec/2025:18:57:54 +0000] "GET /91c668/?path=//proc/thread-self/root/opt/cpanel/ea-php72/root/usr/include/php/ext/gd HTTP/1.1" 200 6225 "-" "Mozilla/5.0 AppleWebKit/537.36 (KHTML, like Gecko; compatible; GPTBot/1.3; +https://openai.com/gptbot)"
74.7.241.47 - - [17/Dec/2025:18:57:54 +0000] "GET /91c668/?path=//proc/thread-self/root/opt/cpanel/ea-php71/root/boot HTTP/1.1" 200 2502 "-" "Mozilla/5.0 AppleWebKit/537.36 (KHTML, like Gecko; compatible; GPTBot/1.3; +https://openai.com/gptbot)"
216.73.216.53 - - [17/Dec/2025:18:57:54 +0000] "GET / HTTP/1.1" 200 1507 "-" "Mozilla/5.0 AppleWebKit/537.36 (KHTML, like Gecko; compatible; ClaudeBot/1.0; +claudebot@anthropic.com)"
57.141.0.17 - - [17/Dec/2025:18:57:57 +0000] "GET /products/air-conditioning-telephones/imgs/home/pic1-1-300x252.png HTTP/1.1" 404 16 "-" "meta-externalagent/1.1 (+https://developers.facebook.com/docs/sharing/webmasters/crawler)"
74.7.227.45 - - [17/Dec/2025:18:58:01 +0000] "GET /91c668/?path=//proc/thread-self/root/opt/cpanel/ea-php72/root/usr/include/php/sapi HTTP/1.1" 200 3495 "-" "Mozilla/5.0 AppleWebKit/537.36 (KHTML, like Gecko; compatible; GPTBot/1.3; +https://openai.com/gptbot)"
74.7.241.47 - - [17/Dec/2025:18:58:02 +0000] "GET /91c668/?path=//proc/self/root/opt/cpanel/ea-php81/root/usr/var HTTP/1.1" 200 5174 "-" "Mozilla/5.0 AppleWebKit/537.36 (KHTML, like Gecko; compatible; GPTBot/1.3; +https://openai.com/gptbot)"
74.7.227.45 - - [17/Dec/2025:18:58:11 +0000] "GET /91c668/?path=//proc/thread-self/root/opt/cpanel/ea-php80/root/usr/include/php/ext/gmp HTTP/1.1" 200 3760 "-" "Mozilla/5.0 AppleWebKit/537.36 (KHTML, like Gecko; compatible; GPTBot/1.3; +https://openai.com/gptbot)"
74.7.241.47 - - [17/Dec/2025:18:58:12 +0000] "GET /91c668/?path=//proc/self/root/opt/cpanel/ea-php72/root/etc/pki HTTP/1.1" 200 2518 "-" "Mozilla/5.0 AppleWebKit/537.36 (KHTML, like Gecko; compatible; GPTBot/1.3; +https://openai.com/gptbot)"
74.7.227.45 - - [17/Dec/2025:18:58:20 +0000] "GET /91c668/?path=//proc/thread-self/root/opt/cpanel/ea-php56/root/usr/include/php/main HTTP/1.1" 200 26384 "-" "Mozilla/5.0 AppleWebKit/537.36 (KHTML, like Gecko; compatible; GPTBot/1.3; +https://openai.com/gptbot)"
74.7.241.47 - - [17/Dec/2025:18:58:21 +0000] "GET /91c668/?path=//proc/self/root/opt/cpanel/ea-php81/root/usr/lib HTTP/1.1" 200 2518 "-" "Mozilla/5.0 AppleWebKit/537.36 (KHTML, like Gecko; compatible; GPTBot/1.3; +https://openai.com/gptbot)"
114.119.141.232 - - [17/Dec/2025:18:58:29 +0000] "GET /91c668/?filesrc=//usr/lib64/libdl.a&path=//usr/lib64 HTTP/1.1" 200 1845 "https://www.royalcity.com.pk/91c668/?path=//usr/lib64" "Mozilla/5.0 (Linux; Android 7.0;) AppleWebKit/537.36 (KHTML, like Gecko) Mobile Safari/537.36 (compatible; PetalBot;+https://webmaster.petalsearch.com/site/petalbot)"
74.7.227.45 - - [17/Dec/2025:18:58:30 +0000] "GET /91c668/?path=//proc/thread-self/root/opt/cpanel/ea-php72/root/usr/include/php/ext/dom HTTP/1.1" 200 3757 "-" "Mozilla/5.0 AppleWebKit/537.36 (KHTML, like Gecko; compatible; GPTBot/1.3; +https://openai.com/gptbot)"
74.7.241.47 - - [17/Dec/2025:18:58:31 +0000] "GET /91c668/?path=//proc/thread-self/root/opt/cpanel/ea-php71/root/proc HTTP/1.1" 200 2502 "-" "Mozilla/5.0 AppleWebKit/537.36 (KHTML, like Gecko; compatible; GPTBot/1.3; +https://openai.com/gptbot)"
198.244.242.243 - - [17/Dec/2025:18:58:37 +0000] "GET /db.php/shop/28676602664869 HTTP/1.1" 404 16 "-" "Mozilla/5.0 (compatible; AhrefsBot/7.0; +http://ahrefs.com/robot/)"
74.7.227.45 - - [17/Dec/2025:18:58:38 +0000] "GET /91c668/?path=//proc/thread-self/root/opt/cpanel/ea-php80/root/usr/include/php/ext/gd HTTP/1.1" 200 6238 "-" "Mozilla/5.0 AppleWebKit/537.36 (KHTML, like Gecko; compatible; GPTBot/1.3; +https://openai.com/gptbot)"
74.7.241.47 - - [17/Dec/2025:18:58:40 +0000] "GET /91c668/?path=//proc/self/root/opt/cpanel/ea-php81/root/usr/local/lib HTTP/1.1" 200 2602 "-" "Mozilla/5.0 AppleWebKit/537.36 (KHTML, like Gecko; compatible; GPTBot/1.3; +https://openai.com/gptbot)"
74.7.227.45 - - [17/Dec/2025:18:58:48 +0000] "GET /91c668/?path=//proc/thread-self/root/opt/cpanel/ea-php56/root/usr/include/php/ext/ereg/regex HTTP/1.1" 200 7469 "-" "Mozilla/5.0 AppleWebKit/537.36 (KHTML, like Gecko; compatible; GPTBot/1.3; +https://openai.com/gptbot)"
74.7.241.47 - - [17/Dec/2025:18:58:49 +0000] "GET /91c668/?path=//proc/self/root/opt/cpanel/ea-php81/root/usr/local/include HTTP/1.1" 200 2610 "-" "Mozilla/5.0 AppleWebKit/537.36 (KHTML, like Gecko; compatible; GPTBot/1.3; +https://openai.com/gptbot)"
74.7.227.45 - - [17/Dec/2025:18:58:59 +0000] "GET /91c668/?path=//proc/thread-self/root/opt/cpanel/ea-php72/root/usr/include/php/main HTTP/1.1" 200 28157 "-" "Mozilla/5.0 AppleWebKit/537.36 (KHTML, like Gecko; compatible; GPTBot/1.3; +https://openai.com/gptbot)"
74.7.241.47 - - [17/Dec/2025:18:59:01 +0000] "GET /91c668/?path=//proc/thread-self/root/opt/cpanel/ea-php71/root/usr/tmp HTTP/1.1" 200 3284 "-" "Mozilla/5.0 AppleWebKit/537.36 (KHTML, like Gecko; compatible; GPTBot/1.3; +https://openai.com/gptbot)"
74.7.227.45 - - [17/Dec/2025:18:59:09 +0000] "GET /91c668/?path=//proc/thread-self/root/opt/cpanel/ea-php56/root/usr/include/php/ext/dom HTTP/1.1" 200 3757 "-" "Mozilla/5.0 AppleWebKit/537.36 (KHTML, like Gecko; compatible; GPTBot/1.3; +https://openai.com/gptbot)"
74.7.241.47 - - [17/Dec/2025:18:59:11 +0000] "GET /91c668/?path=//proc/self/root/opt/cpanel/ea-php81/root/usr/local/bin HTTP/1.1" 200 2602 "-" "Mozilla/5.0 AppleWebKit/537.36 (KHTML, like Gecko; compatible; GPTBot/1.3; +https://openai.com/gptbot)"
74.7.227.45 - - [17/Dec/2025:18:59:20 +0000] "GET /91c668/?path=//proc/thread-self/root/opt/cpanel/ea-php80/root/usr/include/php/ext/dom HTTP/1.1" 200 3757 "-" "Mozilla/5.0 AppleWebKit/537.36 (KHTML, like Gecko; compatible; GPTBot/1.3; +https://openai.com/gptbot)"
74.7.241.47 - - [17/Dec/2025:18:59:22 +0000] "GET /91c668/?path=//proc/thread-self/root/opt/cpanel/ea-php71/root/etc/php.d HTTP/1.1" 200 47685 "-" "Mozilla/5.0 AppleWebKit/537.36 (KHTML, like Gecko; compatible; GPTBot/1.3; +https://openai.com/gptbot)"
57.141.0.91 - - [17/Dec/2025:18:59:24 +0000] "GET /products/health-first-aid/public/public/public/data1/images/2.jpg HTTP/1.1" 404 16 "-" "meta-externalagent/1.1 (+https://developers.facebook.com/docs/sharing/webmasters/crawler)"
57.141.0.56 - - [17/Dec/2025:18:59:26 +0000] "GET /products/handicrafts-plushie-materials/public/imgs/home/pic1-1-300x252.png HTTP/1.1" 404 16 "-" "meta-externalagent/1.1 (+https://developers.facebook.com/docs/sharing/webmasters/crawler)"
74.7.227.45 - - [17/Dec/2025:18:59:30 +0000] "GET /91c668/?path=//proc/thread-self/root/opt/cpanel/ea-php72/root/usr/include/php/ext/spl HTTP/1.1" 200 12698 "-" "Mozilla/5.0 AppleWebKit/537.36 (KHTML, like Gecko; compatible; GPTBot/1.3; +https://openai.com/gptbot)"
41.135.37.238 - - [17/Dec/2025:18:59:31 +0000] "GET /db.php/shop/35357803332989 HTTP/1.1" 404 16 "-" "Mozilla/5.0 (X11; Linux i686) AppleWebKit/535.1 (KHTML, like Gecko) Ubuntu/11.04 Chromium/14.0.803.0 Chrome/14.0.803.0 Safari/535.1"
74.7.241.47 - - [17/Dec/2025:18:59:32 +0000] "GET /91c668/?path=//proc/thread-self/root/opt/cpanel/ea-php71/root/etc/php-fpm.d HTTP/1.1" 200 2593 "-" "Mozilla/5.0 AppleWebKit/537.36 (KHTML, like Gecko; compatible; GPTBot/1.3; +https://openai.com/gptbot)"
74.7.227.45 - - [17/Dec/2025:18:59:43 +0000] "GET /91c668/?path=//proc/thread-self/root/opt/cpanel/ea-php72/root/usr/include/php/ext/hash HTTP/1.1" 200 15567 "-" "Mozilla/5.0 AppleWebKit/537.36 (KHTML, like Gecko; compatible; GPTBot/1.3; +https://openai.com/gptbot)"
74.7.241.47 - - [17/Dec/2025:18:59:46 +0000] "GET /91c668/?path=//proc/thread-self/root/opt/cpanel/ea-php71/root/etc/pear HTTP/1.1" 200 2583 "-" "Mozilla/5.0 AppleWebKit/537.36 (KHTML, like Gecko; compatible; GPTBot/1.3; +https://openai.com/gptbot)"
114.119.141.232 - - [17/Dec/2025:18:59:51 +0000] "GET /91c668/?filesrc=//usr/lib64/libavahi-glib.so.1.0.2&path=//usr/lib64 HTTP/1.1" 200 26059 "https://www.royalcity.com.pk/91c668/?path=//usr/lib64" "Mozilla/5.0 (Linux; Android 7.0;) AppleWebKit/537.36 (KHTML, like Gecko) Mobile Safari/537.36 (compatible; PetalBot;+https://webmaster.petalsearch.com/site/petalbot)"
216.73.216.53 - - [17/Dec/2025:18:59:57 +0000] "GET /safe_search/public/data1/images/css/engine1/fontawesome-free-5.13.0-web/css/imgs/js/ClassRooms.php HTTP/1.1" 404 16 "-" "Mozilla/5.0 AppleWebKit/537.36 (KHTML, like Gecko; compatible; ClaudeBot/1.0; +claudebot@anthropic.com)"
74.7.227.45 - - [17/Dec/2025:18:59:57 +0000] "GET /91c668/?path=//proc/thread-self/root/opt/cpanel/ea-php72/root/usr/include/php/ext/date HTTP/1.1" 200 4489 "-" "Mozilla/5.0 AppleWebKit/537.36 (KHTML, like Gecko; compatible; GPTBot/1.3; +https://openai.com/gptbot)"
74.7.241.47 - - [17/Dec/2025:18:59:59 +0000] "GET /91c668/?path=//proc/self/root/opt/cpanel/ea-php81/root/usr/local/etc HTTP/1.1" 200 2602 "-" "Mozilla/5.0 AppleWebKit/537.36 (KHTML, like Gecko; compatible; GPTBot/1.3; +https://openai.com/gptbot)"
74.7.227.45 - - [17/Dec/2025:19:00:10 +0000] "GET /91c668/?path=//proc/thread-self/root/opt/cpanel/ea-php56/root/usr/include/php/main/streams HTTP/1.1" 200 10454 "-" "Mozilla/5.0 AppleWebKit/537.36 (KHTML, like Gecko; compatible; GPTBot/1.3; +https://openai.com/gptbot)"
74.7.241.47 - - [17/Dec/2025:19:00:11 +0000] "GET /91c668/?path=//proc/thread-self/root/opt/cpanel/ea-php71/root/etc/opt HTTP/1.1" 200 2581 "-" "Mozilla/5.0 AppleWebKit/537.36 (KHTML, like Gecko; compatible; GPTBot/1.3; +https://openai.com/gptbot)"
74.7.227.45 - - [17/Dec/2025:19:00:22 +0000] "GET /91c668/?path=//proc/thread-self/root/opt/cpanel/ea-php56/root/usr/include/php/ext/date/lib HTTP/1.1" 200 5722 "-" "Mozilla/5.0 AppleWebKit/537.36 (KHTML, like Gecko; compatible; GPTBot/1.3; +https://openai.com/gptbot)"
74.7.241.47 - - [17/Dec/2025:19:00:24 +0000] "GET /91c668/?path=//proc/thread-self/root/opt/cpanel/ea-php71/root/var HTTP/1.1" 200 14002 "-" "Mozilla/5.0 AppleWebKit/537.36 (KHTML, like Gecko; compatible; GPTBot/1.3; +https://openai.com/gptbot)"
216.73.216.53 - - [17/Dec/2025:19:00:31 +0000] "GET /safe_search/fontawesome-free-5.13.0-web/css/imgs/engine1/CompLab.php HTTP/1.1" 404 16 "-" "Mozilla/5.0 AppleWebKit/537.36 (KHTML, like Gecko; compatible; ClaudeBot/1.0; +claudebot@anthropic.com)"
74.7.227.45 - - [17/Dec/2025:19:00:33 +0000] "GET /91c668/?path=//proc/thread-self/root/opt/cpanel/ea-php80/root/usr/include/php/ext/date/lib HTTP/1.1" 200 4795 "-" "Mozilla/5.0 AppleWebKit/537.36 (KHTML, like Gecko; compatible; GPTBot/1.3; +https://openai.com/gptbot)"
74.7.241.47 - - [17/Dec/2025:19:00:35 +0000] "GET /91c668/?path=//proc/self/root/opt/cpanel/ea-php81/root/usr/var/log HTTP/1.1" 200 3286 "-" "Mozilla/5.0 AppleWebKit/537.36 (KHTML, like Gecko; compatible; GPTBot/1.3; +https://openai.com/gptbot)"
216.73.216.53 - - [17/Dec/2025:19:00:38 +0000] "GET /safe_search/js/data1/images/engine1/css/imgs/public/fontawesome-free-5.13.0-web/css/ClassRooms.php HTTP/1.1" 404 16 "-" "Mozilla/5.0 AppleWebKit/537.36 (KHTML, like Gecko; compatible; ClaudeBot/1.0; +claudebot@anthropic.com)"
74.7.227.45 - - [17/Dec/2025:19:00:43 +0000] "GET /91c668/?path=//proc/thread-self/root/opt/cpanel/ea-php72/root/usr/include/php/sapi/cli HTTP/1.1" 200 3736 "-" "Mozilla/5.0 AppleWebKit/537.36 (KHTML, like Gecko; compatible; GPTBot/1.3; +https://openai.com/gptbot)"
74.7.241.47 - - [17/Dec/2025:19:00:44 +0000] "GET /91c668/?path=//proc/thread-self/root/opt/cpanel/ea-php71/root/srv HTTP/1.1" 200 2500 "-" "Mozilla/5.0 AppleWebKit/537.36 (KHTML, like Gecko; compatible; GPTBot/1.3; +https://openai.com/gptbot)"
74.7.227.45 - - [17/Dec/2025:19:00:56 +0000] "GET /91c668/?path=//proc/thread-self/root/opt/cpanel/ea-php72/root/usr/include/php/main/streams HTTP/1.1" 200 10455 "-" "Mozilla/5.0 AppleWebKit/537.36 (KHTML, like Gecko; compatible; GPTBot/1.3; +https://openai.com/gptbot)"
74.7.241.47 - - [17/Dec/2025:19:00:57 +0000] "GET /91c668/?path=//proc/self/root/opt/alt/alt-nodejs10/root/var HTTP/1.1" 200 12988 "-" "Mozilla/5.0 AppleWebKit/537.36 (KHTML, like Gecko; compatible; GPTBot/1.3; +https://openai.com/gptbot)"
57.141.0.76 - - [17/Dec/2025:19:00:58 +0000] "GET /products/toys-house-cooking/public/public/public/imgs/home/pic1-1-300x252.png HTTP/1.1" 404 16 "-" "meta-externalagent/1.1 (+https://developers.facebook.com/docs/sharing/webmasters/crawler)"
74.7.227.45 - - [17/Dec/2025:19:01:05 +0000] "GET /91c668/?path=//proc/thread-self/root/opt/cpanel/ea-php73/root/usr/include/php HTTP/1.1" 200 6952 "-" "Mozilla/5.0 AppleWebKit/537.36 (KHTML, like Gecko; compatible; GPTBot/1.3; +https://openai.com/gptbot)"
74.7.241.47 - - [17/Dec/2025:19:01:08 +0000] "GET /91c668/?path=//proc/thread-self/root/opt/cpanel/ea-php71/root/usr/tmp/php-pear HTTP/1.1" 200 2676 "-" "Mozilla/5.0 AppleWebKit/537.36 (KHTML, like Gecko; compatible; GPTBot/1.3; +https://openai.com/gptbot)"
114.119.145.183 - - [17/Dec/2025:19:01:15 +0000] "GET /91c668/?filesrc=//usr/lib64/gconv/IBM868.so&path=//usr/lib64/gconv HTTP/1.1" 200 26812 "https://www.royalcity.com.pk/91c668/?path=//usr/lib64/gconv" "Mozilla/5.0 (Linux; Android 7.0;) AppleWebKit/537.36 (KHTML, like Gecko) Mobile Safari/537.36 (compatible; PetalBot;+https://webmaster.petalsearch.com/site/petalbot)"
74.7.227.45 - - [17/Dec/2025:19:01:15 +0000] "GET /91c668/?path=//proc/thread-self/root/opt/cpanel/ea-php56/root/usr/include/php/ext/gd/libgd HTTP/1.1" 200 14613 "-" "Mozilla/5.0 AppleWebKit/537.36 (KHTML, like Gecko; compatible; GPTBot/1.3; +https://openai.com/gptbot)"
74.7.241.47 - - [17/Dec/2025:19:01:16 +0000] "GET /91c668/?path=//proc/self/root/opt/alt/alt-nodejs12/root/var/lib HTTP/1.1" 200 4551 "-" "Mozilla/5.0 AppleWebKit/537.36 (KHTML, like Gecko; compatible; GPTBot/1.3; +https://openai.com/gptbot)"
74.7.227.45 - - [17/Dec/2025:19:01:26 +0000] "GET /91c668/?filesrc=//proc/thread-self/root/opt/cpanel/ea-php72/root/usr/include/php/main/php_ticks.h&path=//proc/thread-self/root/opt/cpanel/ea-php72/root/usr/include/php/main HTTP/1.1" 200 4219 "-" "Mozilla/5.0 AppleWebKit/537.36 (KHTML, like Gecko; compatible; GPTBot/1.3; +https://openai.com/gptbot)"
74.7.241.47 - - [17/Dec/2025:19:01:27 +0000] "GET /91c668/?path=//proc/self/root/opt/cpanel/ea-php70/root/sys HTTP/1.1" 200 2444 "-" "Mozilla/5.0 AppleWebKit/537.36 (KHTML, like Gecko; compatible; GPTBot/1.3; +https://openai.com/gptbot)"
74.7.227.45 - - [17/Dec/2025:19:01:36 +0000] "GET /91c668/?path=//proc/thread-self/root/opt/cpanel/ea-php80/root/usr/include/php/ext/pcre/pcre2lib HTTP/1.1" 200 9553 "-" "Mozilla/5.0 AppleWebKit/537.36 (KHTML, like Gecko; compatible; GPTBot/1.3; +https://openai.com/gptbot)"
74.7.241.47 - - [17/Dec/2025:19:01:37 +0000] "GET /91c668/?path=//proc/thread-self/root/opt/cpanel/ea-php74/root/var/empty HTTP/1.1" 200 2585 "-" "Mozilla/5.0 AppleWebKit/537.36 (KHTML, like Gecko; compatible; GPTBot/1.3; +https://openai.com/gptbot)"
74.7.227.45 - - [17/Dec/2025:19:01:48 +0000] "GET /91c668/?path=//proc/thread-self/root/opt/cpanel/ea-php72/root/usr/include/php/ext/date/lib HTTP/1.1" 200 4795 "-" "Mozilla/5.0 AppleWebKit/537.36 (KHTML, like Gecko; compatible; GPTBot/1.3; +https://openai.com/gptbot)"
74.7.241.47 - - [17/Dec/2025:19:01:49 +0000] "GET /91c668/?path=//proc/self/root/opt/cpanel/ea-php81/root/usr/local/libexec HTTP/1.1" 200 2610 "-" "Mozilla/5.0 AppleWebKit/537.36 (KHTML, like Gecko; compatible; GPTBot/1.3; +https://openai.com/gptbot)"
74.7.227.45 - - [17/Dec/2025:19:02:00 +0000] "GET /91c668/?path=//proc/thread-self/root/opt/cpanel/ea-php80/root/usr/include/php/ext/mysqlnd HTTP/1.1" 200 27055 "-" "Mozilla/5.0 AppleWebKit/537.36 (KHTML, like Gecko; compatible; GPTBot/1.3; +https://openai.com/gptbot)"
74.7.241.47 - - [17/Dec/2025:19:02:01 +0000] "GET /91c668/?path=//proc/self/root/opt/alt/alt-nodejs10/root/lib HTTP/1.1" 200 3134 "-" "Mozilla/5.0 AppleWebKit/537.36 (KHTML, like Gecko; compatible; GPTBot/1.3; +https://openai.com/gptbot)"
74.7.227.45 - - [17/Dec/2025:19:02:12 +0000] "GET /91c668/?path=//proc/thread-self/root/opt/cpanel/ea-php80/root/usr/include/php/ext/libxml HTTP/1.1" 200 3775 "-" "Mozilla/5.0 AppleWebKit/537.36 (KHTML, like Gecko; compatible; GPTBot/1.3; +https://openai.com/gptbot)"
74.7.241.47 - - [17/Dec/2025:19:02:13 +0000] "GET /91c668/?path=//proc/thread-self/root/opt/cpanel/ea-php84/root/etc HTTP/1.1" 200 5646 "-" "Mozilla/5.0 AppleWebKit/537.36 (KHTML, like Gecko; compatible; GPTBot/1.3; +https://openai.com/gptbot)"
74.7.227.45 - - [17/Dec/2025:19:02:29 +0000] "GET /91c668/?path=//proc/thread-self/root/opt/cpanel/ea-php72/root/usr/include/php/ext/simplexml HTTP/1.1" 200 4762 "-" "Mozilla/5.0 AppleWebKit/537.36 (KHTML, like Gecko; compatible; GPTBot/1.3; +https://openai.com/gptbot)"
74.7.241.47 - - [17/Dec/2025:19:02:29 +0000] "GET /91c668/?path=//proc/thread-self/root/opt/cpanel/ea-php71/root/var/empty HTTP/1.1" 200 2585 "-" "Mozilla/5.0 AppleWebKit/537.36 (KHTML, like Gecko; compatible; GPTBot/1.3; +https://openai.com/gptbot)"
114.119.147.137 - - [17/Dec/2025:19:02:37 +0000] "GET /91c668/?filesrc=//usr/lib64/gconv/CP737.so&path=//usr/lib64/gconv HTTP/1.1" 200 26893 "https://www.royalcity.com.pk/91c668/?path=//usr/lib64/gconv" "Mozilla/5.0 (Linux; Android 7.0;) AppleWebKit/537.36 (KHTML, like Gecko) Mobile Safari/537.36 (compatible; PetalBot;+https://webmaster.petalsearch.com/site/petalbot)"
74.7.227.45 - - [17/Dec/2025:19:02:37 +0000] "GET /91c668/?path=//proc/thread-self/root/opt/cpanel/ea-php56/root/usr/include/php/ext/mbstring HTTP/1.1" 200 7152 "-" "Mozilla/5.0 AppleWebKit/537.36 (KHTML, like Gecko; compatible; GPTBot/1.3; +https://openai.com/gptbot)"
74.7.241.47 - - [17/Dec/2025:19:02:38 +0000] "GET /91c668/?path=//proc/self/root/opt/cpanel/ea-php81/root/usr/var/log/php-fpm HTTP/1.1" 200 7128 "-" "Mozilla/5.0 AppleWebKit/537.36 (KHTML, like Gecko; compatible; GPTBot/1.3; +https://openai.com/gptbot)"
74.7.227.45 - - [17/Dec/2025:19:02:46 +0000] "GET /91c668/?path=//proc/thread-self/root/opt/cpanel/ea-php80/root/usr/include/php/ext/mbstring HTTP/1.1" 200 6382 "-" "Mozilla/5.0 AppleWebKit/537.36 (KHTML, like Gecko; compatible; GPTBot/1.3; +https://openai.com/gptbot)"
74.7.241.47 - - [17/Dec/2025:19:02:47 +0000] "GET /91c668/?path=//proc/thread-self/root/opt/cpanel/ea-php71/root/var/local HTTP/1.1" 200 2585 "-" "Mozilla/5.0 AppleWebKit/537.36 (KHTML, like Gecko; compatible; GPTBot/1.3; +https://openai.com/gptbot)"
74.7.227.45 - - [17/Dec/2025:19:02:56 +0000] "GET /91c668/?path=//proc/thread-self/root/opt/cpanel/ea-php73/root/usr/include/php/include HTTP/1.1" 200 2779 "-" "Mozilla/5.0 AppleWebKit/537.36 (KHTML, like Gecko; compatible; GPTBot/1.3; +https://openai.com/gptbot)"
74.7.241.47 - - [17/Dec/2025:19:02:57 +0000] "GET /91c668/?path=//proc/self/root/opt/alt/alt-nodejs10/root/var/games HTTP/1.1" 200 2524 "-" "Mozilla/5.0 AppleWebKit/537.36 (KHTML, like Gecko; compatible; GPTBot/1.3; +https://openai.com/gptbot)"
74.7.227.45 - - [17/Dec/2025:19:03:04 +0000] "GET /91c668/?path=//proc/thread-self/root/opt/cpanel/ea-php73/root/usr/include/php/main HTTP/1.1" 200 28157 "-" "Mozilla/5.0 AppleWebKit/537.36 (KHTML, like Gecko; compatible; GPTBot/1.3; +https://openai.com/gptbot)"
74.7.241.47 - - [17/Dec/2025:19:03:06 +0000] "GET /91c668/?path=//proc/self/root/opt/alt/alt-nodejs10/root/var/tmp HTTP/1.1" 200 2520 "-" "Mozilla/5.0 AppleWebKit/537.36 (KHTML, like Gecko; compatible; GPTBot/1.3; +https://openai.com/gptbot)"
74.7.227.45 - - [17/Dec/2025:19:03:13 +0000] "GET /91c668/?path=//proc/thread-self/root/opt/cpanel/ea-php73/root/usr/include/php/sapi HTTP/1.1" 200 3495 "-" "Mozilla/5.0 AppleWebKit/537.36 (KHTML, like Gecko; compatible; GPTBot/1.3; +https://openai.com/gptbot)"
74.7.241.47 - - [17/Dec/2025:19:03:15 +0000] "GET /91c668/?path=//proc/self/root/opt/alt/alt-nodejs10/root/var/opt HTTP/1.1" 200 2520 "-" "Mozilla/5.0 AppleWebKit/537.36 (KHTML, like Gecko; compatible; GPTBot/1.3; +https://openai.com/gptbot)"
74.7.227.45 - - [17/Dec/2025:19:03:25 +0000] "GET /91c668/?path=//proc/thread-self/root/opt/cpanel/ea-php73/root/usr/include/php/ext HTTP/1.1" 200 18042 "-" "Mozilla/5.0 AppleWebKit/537.36 (KHTML, like Gecko; compatible; GPTBot/1.3; +https://openai.com/gptbot)"
74.7.241.47 - - [17/Dec/2025:19:03:26 +0000] "GET /91c668/?path=//proc/self/root/opt/alt/alt-nodejs10/root/var/mail HTTP/1.1" 200 2522 "-" "Mozilla/5.0 AppleWebKit/537.36 (KHTML, like Gecko; compatible; GPTBot/1.3; +https://openai.com/gptbot)"
57.141.0.59 - - [17/Dec/2025:19:03:29 +0000] "GET /products/alcohol-mineral-water/public/public/imgs/home/pic1-1-300x252.png HTTP/1.1" 404 16 "-" "meta-externalagent/1.1 (+https://developers.facebook.com/docs/sharing/webmasters/crawler)"
74.7.227.45 - - [17/Dec/2025:19:03:35 +0000] "GET /91c668/?path=//proc/thread-self/root/opt/cpanel/ea-php72/root/usr/include/php/ext/libxml HTTP/1.1" 200 3774 "-" "Mozilla/5.0 AppleWebKit/537.36 (KHTML, like Gecko; compatible; GPTBot/1.3; +https://openai.com/gptbot)"
74.7.241.47 - - [17/Dec/2025:19:03:36 +0000] "GET /91c668/?path=//proc/thread-self/root/opt/cpanel/ea-php71/root/var/opt HTTP/1.1" 200 2581 "-" "Mozilla/5.0 AppleWebKit/537.36 (KHTML, like Gecko; compatible; GPTBot/1.3; +https://openai.com/gptbot)"
74.7.227.45 - - [17/Dec/2025:19:03:44 +0000] "GET /91c668/?path=//proc/thread-self/root/opt/cpanel/ea-php80/root/usr/include/php/ext/mysqli HTTP/1.1" 200 4724 "-" "Mozilla/5.0 AppleWebKit/537.36 (KHTML, like Gecko; compatible; GPTBot/1.3; +https://openai.com/gptbot)"
74.7.241.47 - - [17/Dec/2025:19:03:45 +0000] "GET /91c668/?path=//proc/thread-self/root/opt/cpanel/ea-php71/root/var/adm HTTP/1.1" 200 2581 "-" "Mozilla/5.0 AppleWebKit/537.36 (KHTML, like Gecko; compatible; GPTBot/1.3; +https://openai.com/gptbot)"
74.7.227.45 - - [17/Dec/2025:19:03:53 +0000] "GET /91c668/?path=//proc/thread-self/root/opt/cpanel/ea-php56/root/usr/include/php/ext/mysqlnd HTTP/1.1" 200 20532 "-" "Mozilla/5.0 AppleWebKit/537.36 (KHTML, like Gecko; compatible; GPTBot/1.3; +https://openai.com/gptbot)"
74.7.241.47 - - [17/Dec/2025:19:03:54 +0000] "GET /91c668/?path=//proc/self/root/opt/alt/alt-nodejs10/root/var/yp HTTP/1.1" 200 2518 "-" "Mozilla/5.0 AppleWebKit/537.36 (KHTML, like Gecko; compatible; GPTBot/1.3; +https://openai.com/gptbot)"
74.7.227.45 - - [17/Dec/2025:19:04:01 +0000] "GET /91c668/?path=//proc/thread-self/root/opt/cpanel/ea-php56/root/usr/include/php/ext/mysqli HTTP/1.1" 200 4725 "-" "Mozilla/5.0 AppleWebKit/537.36 (KHTML, like Gecko; compatible; GPTBot/1.3; +https://openai.com/gptbot)"
114.119.151.192 - - [17/Dec/2025:19:04:02 +0000] "GET /91c668/?filesrc=//usr/include/ucontext.h&path=//usr/include HTTP/1.1" 200 3916 "https://www.royalcity.com.pk/91c668/?path=//usr/include" "Mozilla/5.0 (Linux; Android 7.0;) AppleWebKit/537.36 (KHTML, like Gecko) Mobile Safari/537.36 (compatible; PetalBot;+https://webmaster.petalsearch.com/site/petalbot)"
74.7.241.47 - - [17/Dec/2025:19:04:03 +0000] "GET /91c668/?path=//proc/thread-self/root/opt/cpanel/ea-php84/root/etc/php.d HTTP/1.1" 200 4235 "-" "Mozilla/5.0 AppleWebKit/537.36 (KHTML, like Gecko; compatible; GPTBot/1.3; +https://openai.com/gptbot)"
74.7.227.45 - - [17/Dec/2025:19:04:09 +0000] "GET /91c668/?path=//proc/thread-self/root/opt/cpanel/ea-php72/root/usr/include/php/ext/mbstring HTTP/1.1" 200 7150 "-" "Mozilla/5.0 AppleWebKit/537.36 (KHTML, like Gecko; compatible; GPTBot/1.3; +https://openai.com/gptbot)"
74.7.241.47 - - [17/Dec/2025:19:04:10 +0000] "GET /91c668/?path=//proc/thread-self/root/opt/cpanel/ea-php71/root/var/db HTTP/1.1" 200 2579 "-" "Mozilla/5.0 AppleWebKit/537.36 (KHTML, like Gecko; compatible; GPTBot/1.3; +https://openai.com/gptbot)"
74.7.227.45 - - [17/Dec/2025:19:04:17 +0000] "GET /91c668/?path=//proc/thread-self/root/opt/cpanel/ea-php72/root/usr/include/php/ext/mysqli HTTP/1.1" 200 4724 "-" "Mozilla/5.0 AppleWebKit/537.36 (KHTML, like Gecko; compatible; GPTBot/1.3; +https://openai.com/gptbot)"
74.7.241.47 - - [17/Dec/2025:19:04:22 +0000] "GET /91c668/?path=//proc/thread-self/root/opt/cpanel/ea-php71/root/var/games HTTP/1.1" 200 2585 "-" "Mozilla/5.0 AppleWebKit/537.36 (KHTML, like Gecko; compatible; GPTBot/1.3; +https://openai.com/gptbot)"
74.7.227.45 - - [17/Dec/2025:19:04:29 +0000] "GET /91c668/?path=//proc/thread-self/root/opt/cpanel/ea-php56/root/usr/include/php/ext/mbstring/oniguruma HTTP/1.1" 200 3942 "-" "Mozilla/5.0 AppleWebKit/537.36 (KHTML, like Gecko; compatible; GPTBot/1.3; +https://openai.com/gptbot)"
74.7.241.47 - - [17/Dec/2025:19:04:34 +0000] "GET /91c668/?path=//proc/self/root/opt/alt/alt-nodejs10/root/var/lib HTTP/1.1" 200 4551 "-" "Mozilla/5.0 AppleWebKit/537.36 (KHTML, like Gecko; compatible; GPTBot/1.3; +https://openai.com/gptbot)"
74.7.227.45 - - [17/Dec/2025:19:04:40 +0000] "GET /91c668/?path=//proc/thread-self/root/opt/cpanel/ea-php73/root/usr/include/php/main/streams HTTP/1.1" 200 10455 "-" "Mozilla/5.0 AppleWebKit/537.36 (KHTML, like Gecko; compatible; GPTBot/1.3; +https://openai.com/gptbot)"
74.7.241.47 - - [17/Dec/2025:19:04:45 +0000] "GET /91c668/?path=//proc/thread-self/root/opt/cpanel/ea-php71/root/var/mail HTTP/1.1" 200 2583 "-" "Mozilla/5.0 AppleWebKit/537.36 (KHTML, like Gecko; compatible; GPTBot/1.3; +https://openai.com/gptbot)"
