66.249.66.78 - - [17/Dec/2025:21:14:48 +0000] "GET /?54090245206233.htm HTTP/1.1" 200 1507 "-" "Mozilla/5.0 (Linux; Android 6.0.1; Nexus 5X Build/MMB29P) AppleWebKit/537.36 (KHTML, like Gecko) Chrome/141.0.7390.122 Mobile Safari/537.36 (compatible; Googlebot/2.1; +http://www.google.com/bot.html)"
74.7.227.45 - - [17/Dec/2025:21:14:49 +0000] "GET /91c668/?path=//proc/self/root/proc/self/root/lib64/cmake HTTP/1.1" 200 5771 "-" "Mozilla/5.0 AppleWebKit/537.36 (KHTML, like Gecko; compatible; GPTBot/1.3; +https://openai.com/gptbot)"
74.7.241.47 - - [17/Dec/2025:21:14:56 +0000] "GET /91c668/?path=//proc/thread-self/root/opt/cpanel/ea-php72/root/var/cache HTTP/1.1" 200 3294 "-" "Mozilla/5.0 AppleWebKit/537.36 (KHTML, like Gecko; compatible; GPTBot/1.3; +https://openai.com/gptbot)"
74.7.227.45 - - [17/Dec/2025:21:15:01 +0000] "GET /91c668/?path=//proc/self/root/proc/self/root/lib64/gawk HTTP/1.1" 200 11569 "-" "Mozilla/5.0 AppleWebKit/537.36 (KHTML, like Gecko; compatible; GPTBot/1.3; +https://openai.com/gptbot)"
66.249.66.15 - - [17/Dec/2025:21:15:02 +0000] "GET /?44263204223529.htm HTTP/1.1" 200 1507 "-" "Mozilla/5.0 (Linux; Android 6.0.1; Nexus 5X Build/MMB29P) AppleWebKit/537.36 (KHTML, like Gecko) Chrome/141.0.7390.122 Mobile Safari/537.36 (compatible; Googlebot/2.1; +http://www.google.com/bot.html)"
74.7.241.47 - - [17/Dec/2025:21:15:09 +0000] "GET /91c668/?path=//proc/self/root/opt/alt/alt-nodejs22/root/etc/xdg HTTP/1.1" 200 3209 "-" "Mozilla/5.0 AppleWebKit/537.36 (KHTML, like Gecko; compatible; GPTBot/1.3; +https://openai.com/gptbot)"
147.135.213.11 - - [17/Dec/2025:21:15:10 +0000] "GET /robots.txt HTTP/1.1" 200 384 "-" "Mozilla/5.0 (compatible; MJ12bot/v1.4.8; http://mj12bot.com/)"
74.7.227.45 - - [17/Dec/2025:21:15:13 +0000] "GET /91c668/?path=//proc/self/root/proc/self/root/lib64/mysql HTTP/1.1" 200 3087 "-" "Mozilla/5.0 AppleWebKit/537.36 (KHTML, like Gecko; compatible; GPTBot/1.3; +https://openai.com/gptbot)"
147.135.213.11 - - [17/Dec/2025:21:15:11 +0000] "GET /91c668/?filesrc=//lib/udev/prefixdevname&path=//lib/udev HTTP/1.1" 200 2106771 "-" "Mozilla/5.0 (compatible; MJ12bot/v1.4.8; http://mj12bot.com/)"
147.135.213.11 - - [17/Dec/2025:21:15:15 +0000] "GET /91c668/?filesrc=//opt/ai-bolit/ai-bolit-hoster-full.cache.db&path=//opt/ai-bolit HTTP/1.1" 200 1378206 "-" "Mozilla/5.0 (compatible; MJ12bot/v1.4.8; http://mj12bot.com/)"
74.7.241.47 - - [17/Dec/2025:21:15:17 +0000] "GET /91c668/?path=//proc/self/root/opt/alt/alt-nodejs22/root/etc/pm HTTP/1.1" 200 4556 "-" "Mozilla/5.0 AppleWebKit/537.36 (KHTML, like Gecko; compatible; GPTBot/1.3; +https://openai.com/gptbot)"
74.7.227.45 - - [17/Dec/2025:21:15:19 +0000] "GET /91c668/?path=//proc/self/root/proc/self/root/lib64/clang HTTP/1.1" 200 3091 "-" "Mozilla/5.0 AppleWebKit/537.36 (KHTML, like Gecko; compatible; GPTBot/1.3; +https://openai.com/gptbot)"
147.135.213.11 - - [17/Dec/2025:21:15:18 +0000] "GET /91c668/?filesrc=//opt/cloudlinux-site-optimization-module/clsop.zip&path=//opt/cloudlinux-site-optimization-module HTTP/1.1" 200 3126297 "-" "Mozilla/5.0 (compatible; MJ12bot/v1.4.8; http://mj12bot.com/)"
147.135.213.11 - - [17/Dec/2025:21:15:22 +0000] "GET /91c668/?filesrc=//opt/clwpos/wp-cli&path=//opt/clwpos HTTP/1.1" 200 3507439 "-" "Mozilla/5.0 (compatible; MJ12bot/v1.4.8; http://mj12bot.com/)"
74.7.241.47 - - [17/Dec/2025:21:15:24 +0000] "GET /91c668/?path=//proc/self/root/opt/cpanel/ea-php81/root/var/local HTTP/1.1" 200 2522 "-" "Mozilla/5.0 AppleWebKit/537.36 (KHTML, like Gecko; compatible; GPTBot/1.3; +https://openai.com/gptbot)"
147.135.213.11 - - [17/Dec/2025:21:15:25 +0000] "GET /91c668/?filesrc=//opt/cpguard/rambo17102025&path=//opt/cpguard HTTP/1.1" 200 1518927 "-" "Mozilla/5.0 (compatible; MJ12bot/v1.4.8; http://mj12bot.com/)"
74.7.227.45 - - [17/Dec/2025:21:15:28 +0000] "GET /91c668/?path=//proc/self/root/proc/self/root/lib64/libnl HTTP/1.1" 200 3075 "-" "Mozilla/5.0 AppleWebKit/537.36 (KHTML, like Gecko; compatible; GPTBot/1.3; +https://openai.com/gptbot)"
147.135.213.11 - - [17/Dec/2025:21:15:27 +0000] "GET /91c668/?filesrc=//opt/fleetssl-cpanel/letsencrypt.live.cgi&path=//opt/fleetssl-cpanel HTTP/1.1" 200 4547713 "-" "Mozilla/5.0 (compatible; MJ12bot/v1.4.8; http://mj12bot.com/)"
147.135.213.11 - - [17/Dec/2025:21:15:29 +0000] "GET /91c668/?path=//lib/.build-id/76 HTTP/1.1" 200 12271 "-" "Mozilla/5.0 (compatible; MJ12bot/v1.4.8; http://mj12bot.com/)"
114.119.145.183 - - [17/Dec/2025:21:15:01 +0000] "GET /91c668/?filesrc=//lib64/libcrypto.so&path=//lib64 HTTP/1.1" 200 730651 "https://www.royalcity.com.pk/91c668/?path=//lib64" "Mozilla/5.0 (Linux; Android 7.0;) AppleWebKit/537.36 (KHTML, like Gecko) Mobile Safari/537.36 (compatible; PetalBot;+https://webmaster.petalsearch.com/site/petalbot)"
147.135.213.11 - - [17/Dec/2025:21:15:31 +0000] "GET /91c668/?path=//lib/.build-id/77 HTTP/1.1" 200 13037 "-" "Mozilla/5.0 (compatible; MJ12bot/v1.4.8; http://mj12bot.com/)"
147.135.213.11 - - [17/Dec/2025:21:15:33 +0000] "GET /91c668/?path=//lib/.build-id/78 HTTP/1.1" 200 11491 "-" "Mozilla/5.0 (compatible; MJ12bot/v1.4.8; http://mj12bot.com/)"
147.135.213.11 - - [17/Dec/2025:21:15:34 +0000] "GET /91c668/?path=//lib/.build-id/79 HTTP/1.1" 200 16152 "-" "Mozilla/5.0 (compatible; MJ12bot/v1.4.8; http://mj12bot.com/)"
74.7.241.47 - - [17/Dec/2025:21:15:34 +0000] "GET /91c668/?path=//proc/self/root/opt/cpanel/ea-php81/root/var/spool HTTP/1.1" 200 3862 "-" "Mozilla/5.0 AppleWebKit/537.36 (KHTML, like Gecko; compatible; GPTBot/1.3; +https://openai.com/gptbot)"
147.135.213.11 - - [17/Dec/2025:21:15:36 +0000] "GET /91c668/?path=//proc/irq/99 HTTP/1.1" 200 7295 "-" "Mozilla/5.0 (compatible; MJ12bot/v1.4.8; http://mj12bot.com/)"
74.7.227.45 - - [17/Dec/2025:21:15:37 +0000] "GET /91c668/?path=//proc/self/root/proc/self/root/lib64/bind HTTP/1.1" 200 2429 "-" "Mozilla/5.0 AppleWebKit/537.36 (KHTML, like Gecko; compatible; GPTBot/1.3; +https://openai.com/gptbot)"
74.7.241.47 - - [17/Dec/2025:21:15:44 +0000] "GET /91c668/?path=//proc/thread-self/root/opt/cpanel/ea-php72/root/var/run HTTP/1.1" 200 3305 "-" "Mozilla/5.0 AppleWebKit/537.36 (KHTML, like Gecko; compatible; GPTBot/1.3; +https://openai.com/gptbot)"
74.7.227.45 - - [17/Dec/2025:21:15:46 +0000] "GET /91c668/?path=//proc/self/root/proc/self/root/lib64/games HTTP/1.1" 200 2431 "-" "Mozilla/5.0 AppleWebKit/537.36 (KHTML, like Gecko; compatible; GPTBot/1.3; +https://openai.com/gptbot)"
74.7.241.47 - - [17/Dec/2025:21:15:54 +0000] "GET /91c668/?path=//proc/self/root/opt/cpanel/ea-php74/root/etc/skel HTTP/1.1" 200 2520 "-" "Mozilla/5.0 AppleWebKit/537.36 (KHTML, like Gecko; compatible; GPTBot/1.3; +https://openai.com/gptbot)"
74.7.227.45 - - [17/Dec/2025:21:15:57 +0000] "GET /91c668/?path=//proc/self/root/proc/self/root/lib64/gconv HTTP/1.1" 200 198960 "-" "Mozilla/5.0 AppleWebKit/537.36 (KHTML, like Gecko; compatible; GPTBot/1.3; +https://openai.com/gptbot)"
74.7.241.47 - - [17/Dec/2025:21:16:08 +0000] "GET /91c668/?path=//proc/self/root/opt/cpanel/ea-php81/root/var/tmp HTTP/1.1" 200 3200 "-" "Mozilla/5.0 AppleWebKit/537.36 (KHTML, like Gecko; compatible; GPTBot/1.3; +https://openai.com/gptbot)"
74.7.227.45 - - [17/Dec/2025:21:16:12 +0000] "GET /91c668/?path=//proc/self/root/proc/self/root/lib64/vdpau HTTP/1.1" 200 2431 "-" "Mozilla/5.0 AppleWebKit/537.36 (KHTML, like Gecko; compatible; GPTBot/1.3; +https://openai.com/gptbot)"
74.7.241.47 - - [17/Dec/2025:21:16:17 +0000] "GET /91c668/?path=//proc/self/root/opt/alt/alt-nodejs22/root/etc/pki/tls/misc HTTP/1.1" 200 2684 "-" "Mozilla/5.0 AppleWebKit/537.36 (KHTML, like Gecko; compatible; GPTBot/1.3; +https://openai.com/gptbot)"
74.7.227.45 - - [17/Dec/2025:21:16:21 +0000] "GET /91c668/?path=//proc/self/root/proc/self/root/lib64/audit HTTP/1.1" 200 3213 "-" "Mozilla/5.0 AppleWebKit/537.36 (KHTML, like Gecko; compatible; GPTBot/1.3; +https://openai.com/gptbot)"
114.119.150.227 - - [17/Dec/2025:21:16:26 +0000] "GET /91c668/?filesrc=//lib64/libcrack.so.2&path=//lib64 HTTP/1.1" 200 64994 "https://www.royalcity.com.pk/91c668/?path=//lib64" "Mozilla/5.0 (Linux; Android 7.0;) AppleWebKit/537.36 (KHTML, like Gecko) Mobile Safari/537.36 (compatible; PetalBot;+https://webmaster.petalsearch.com/site/petalbot)"
74.7.241.47 - - [17/Dec/2025:21:16:28 +0000] "GET /91c668/?path=//proc/self/root/opt/alt/alt-nodejs22/root/usr/local/games HTTP/1.1" 200 2609 "-" "Mozilla/5.0 AppleWebKit/537.36 (KHTML, like Gecko; compatible; GPTBot/1.3; +https://openai.com/gptbot)"
74.7.227.45 - - [17/Dec/2025:21:16:32 +0000] "GET /91c668/?path=//proc/self/root/proc/self/root/lib64/sssd HTTP/1.1" 200 16351 "-" "Mozilla/5.0 AppleWebKit/537.36 (KHTML, like Gecko; compatible; GPTBot/1.3; +https://openai.com/gptbot)"
74.7.241.47 - - [17/Dec/2025:21:16:37 +0000] "GET /91c668/?path=//proc/self/root/opt/alt/alt-nodejs22/root/usr/etc HTTP/1.1" 200 2520 "-" "Mozilla/5.0 AppleWebKit/537.36 (KHTML, like Gecko; compatible; GPTBot/1.3; +https://openai.com/gptbot)"
74.7.227.45 - - [17/Dec/2025:21:16:39 +0000] "GET /91c668/?path=//proc/thread-self/root/opt/cpanel/ea-php73/root/var/lib/pear/.channels/.alias HTTP/1.1" 200 5579 "-" "Mozilla/5.0 AppleWebKit/537.36 (KHTML, like Gecko; compatible; GPTBot/1.3; +https://openai.com/gptbot)"
74.7.241.47 - - [17/Dec/2025:21:16:47 +0000] "GET /91c668/?path=//proc/thread-self/root/opt/cpanel/ea-php72/root/var/cache/php-pear HTTP/1.1" 200 2682 "-" "Mozilla/5.0 AppleWebKit/537.36 (KHTML, like Gecko; compatible; GPTBot/1.3; +https://openai.com/gptbot)"
74.7.227.45 - - [17/Dec/2025:21:16:49 +0000] "GET /91c668/?path=//var/lib/mysql/papadrin_erp HTTP/1.1" 200 2198 "-" "Mozilla/5.0 AppleWebKit/537.36 (KHTML, like Gecko; compatible; GPTBot/1.3; +https://openai.com/gptbot)"
74.7.241.47 - - [17/Dec/2025:21:16:57 +0000] "GET /91c668/?path=//proc/self/root/opt/cpanel/ea-php74/root/etc/opt HTTP/1.1" 200 2518 "-" "Mozilla/5.0 AppleWebKit/537.36 (KHTML, like Gecko; compatible; GPTBot/1.3; +https://openai.com/gptbot)"
74.7.227.45 - - [17/Dec/2025:21:17:02 +0000] "GET /91c668/?path=//usr/lib/node_modules/npm/man HTTP/1.1" 200 29561 "-" "Mozilla/5.0 AppleWebKit/537.36 (KHTML, like Gecko; compatible; GPTBot/1.3; +https://openai.com/gptbot)"
74.7.241.47 - - [17/Dec/2025:21:17:08 +0000] "GET /91c668/?path=//proc/self/root/opt/alt/alt-nodejs22/root/etc/pm/power.d HTTP/1.1" 200 2604 "-" "Mozilla/5.0 AppleWebKit/537.36 (KHTML, like Gecko; compatible; GPTBot/1.3; +https://openai.com/gptbot)"
74.7.227.45 - - [17/Dec/2025:21:17:10 +0000] "GET /91c668/?path=//lib/node_modules/npm/man/fr HTTP/1.1" 200 5293 "-" "Mozilla/5.0 AppleWebKit/537.36 (KHTML, like Gecko; compatible; GPTBot/1.3; +https://openai.com/gptbot)"
74.7.241.47 - - [17/Dec/2025:21:17:14 +0000] "GET /91c668/?path=//proc/self/root/opt/cpanel/ea-php81/root/var/cache HTTP/1.1" 200 3210 "-" "Mozilla/5.0 AppleWebKit/537.36 (KHTML, like Gecko; compatible; GPTBot/1.3; +https://openai.com/gptbot)"
74.7.227.45 - - [17/Dec/2025:21:17:18 +0000] "GET /91c668/?path=//usr/lib/node_modules/npm/bin HTTP/1.1" 200 9222 "-" "Mozilla/5.0 AppleWebKit/537.36 (KHTML, like Gecko; compatible; GPTBot/1.3; +https://openai.com/gptbot)"
74.7.241.47 - - [17/Dec/2025:21:17:22 +0000] "GET /91c668/?path=//proc/self/root/opt/cpanel/ea-php81/root/var/spool/lpd HTTP/1.1" 200 2602 "-" "Mozilla/5.0 AppleWebKit/537.36 (KHTML, like Gecko; compatible; GPTBot/1.3; +https://openai.com/gptbot)"
74.7.227.45 - - [17/Dec/2025:21:17:24 +0000] "GET /91c668/?path=//usr/lib/kbd/keymaps/legacy/sun HTTP/1.1" 200 14342 "-" "Mozilla/5.0 AppleWebKit/537.36 (KHTML, like Gecko; compatible; GPTBot/1.3; +https://openai.com/gptbot)"
74.7.241.47 - - [17/Dec/2025:21:17:27 +0000] "GET /91c668/?path=//proc/thread-self/root/opt/cpanel/ea-php72/root/var/run/php-fpm HTTP/1.1" 200 2674 "-" "Mozilla/5.0 AppleWebKit/537.36 (KHTML, like Gecko; compatible; GPTBot/1.3; +https://openai.com/gptbot)"
74.7.227.45 - - [17/Dec/2025:21:17:32 +0000] "GET /91c668/?filesrc=//proc/self/root/proc/self/root/lib64/gconv/NATS-SEFI.so&path=//proc/self/root/proc/self/root/lib64/gconv HTTP/1.1" 200 26718 "-" "Mozilla/5.0 AppleWebKit/537.36 (KHTML, like Gecko; compatible; GPTBot/1.3; +https://openai.com/gptbot)"
74.7.241.47 - - [17/Dec/2025:21:17:37 +0000] "GET /91c668/?path=//proc/self/root/opt/alt/alt-nodejs22/root/usr/tmp HTTP/1.1" 200 2520 "-" "Mozilla/5.0 AppleWebKit/537.36 (KHTML, like Gecko; compatible; GPTBot/1.3; +https://openai.com/gptbot)"
74.7.227.45 - - [17/Dec/2025:21:17:43 +0000] "GET /91c668/?path=//usr/lib/rpm/platform/sh-linux HTTP/1.1" 200 2946 "-" "Mozilla/5.0 AppleWebKit/537.36 (KHTML, like Gecko; compatible; GPTBot/1.3; +https://openai.com/gptbot)"
173.252.82.23 - - [17/Dec/2025:21:17:49 +0000] "GET /robots.txt HTTP/1.1" 206 384 "-" "facebookexternalhit/1.1 (+http://www.facebook.com/externalhit_uatext.php)"
114.119.150.227 - - [17/Dec/2025:21:17:49 +0000] "GET /91c668/?filesrc=//lib64/libcanberra-0.30/libcanberra-alsa.so&path=//lib64/libcanberra-0.30 HTTP/1.1" 200 31976 "https://www.royalcity.com.pk/91c668/?path=//lib64/libcanberra-0.30" "Mozilla/5.0 (Linux; Android 7.0;) AppleWebKit/537.36 (KHTML, like Gecko) Mobile Safari/537.36 (compatible; PetalBot;+https://webmaster.petalsearch.com/site/petalbot)"
74.7.241.47 - - [17/Dec/2025:21:17:50 +0000] "GET /91c668/?path=//proc/self/root/opt/cpanel/ea-php81/root/var/tmp/php-pear HTTP/1.1" 200 2606 "-" "Mozilla/5.0 AppleWebKit/537.36 (KHTML, like Gecko; compatible; GPTBot/1.3; +https://openai.com/gptbot)"
74.7.227.45 - - [17/Dec/2025:21:17:52 +0000] "GET /91c668/?path=//proc/self/root/lib/udev/hwdb.d HTTP/1.1" 200 26534 "-" "Mozilla/5.0 AppleWebKit/537.36 (KHTML, like Gecko; compatible; GPTBot/1.3; +https://openai.com/gptbot)"
74.7.241.47 - - [17/Dec/2025:21:18:02 +0000] "GET /91c668/?path=//proc/self/root/opt/cpanel/ea-php81/root/var/lib HTTP/1.1" 200 5206 "-" "Mozilla/5.0 AppleWebKit/537.36 (KHTML, like Gecko; compatible; GPTBot/1.3; +https://openai.com/gptbot)"
74.7.227.45 - - [17/Dec/2025:21:18:05 +0000] "GET /91c668/?path=//usr/lib/tuned/virtual-host HTTP/1.1" 200 2903 "-" "Mozilla/5.0 AppleWebKit/537.36 (KHTML, like Gecko; compatible; GPTBot/1.3; +https://openai.com/gptbot)"
74.7.241.47 - - [17/Dec/2025:21:18:13 +0000] "GET /91c668/?path=//proc/self/root/opt/cpanel/ea-php81/root/var/log HTTP/1.1" 200 3196 "-" "Mozilla/5.0 AppleWebKit/537.36 (KHTML, like Gecko; compatible; GPTBot/1.3; +https://openai.com/gptbot)"
74.7.227.45 - - [17/Dec/2025:21:18:16 +0000] "GET /91c668/?path=//var/lib/mysql/digitinia_ms HTTP/1.1" 200 2198 "-" "Mozilla/5.0 AppleWebKit/537.36 (KHTML, like Gecko; compatible; GPTBot/1.3; +https://openai.com/gptbot)"
57.141.0.69 - - [17/Dec/2025:21:18:18 +0000] "GET /products/cosmetics-nail-parts/imgs/home/pic1-1-300x252.png HTTP/1.1" 404 16 "-" "meta-externalagent/1.1 (+https://developers.facebook.com/docs/sharing/webmasters/crawler)"
74.7.241.47 - - [17/Dec/2025:21:18:21 +0000] "GET /91c668/?path=//proc/thread-self/root/opt/cpanel/ea-php72/root/var/local HTTP/1.1" 200 2585 "-" "Mozilla/5.0 AppleWebKit/537.36 (KHTML, like Gecko; compatible; GPTBot/1.3; +https://openai.com/gptbot)"
74.7.227.45 - - [17/Dec/2025:21:18:25 +0000] "GET /91c668/?path=//var/lib/mysql/rekasksa_uae HTTP/1.1" 200 2198 "-" "Mozilla/5.0 AppleWebKit/537.36 (KHTML, like Gecko; compatible; GPTBot/1.3; +https://openai.com/gptbot)"
74.7.241.47 - - [17/Dec/2025:21:18:30 +0000] "GET /91c668/?path=//proc/thread-self/root/opt/cpanel/ea-php72/root/var/tmp HTTP/1.1" 200 3284 "-" "Mozilla/5.0 AppleWebKit/537.36 (KHTML, like Gecko; compatible; GPTBot/1.3; +https://openai.com/gptbot)"
74.7.227.45 - - [17/Dec/2025:21:18:32 +0000] "GET /91c668/?path=//usr/lib/node_modules/npm/man/id HTTP/1.1" 200 4167 "-" "Mozilla/5.0 AppleWebKit/537.36 (KHTML, like Gecko; compatible; GPTBot/1.3; +https://openai.com/gptbot)"
74.7.241.47 - - [17/Dec/2025:21:18:36 +0000] "GET /91c668/?path=//proc/self/root/opt/alt/alt-nodejs22/root/etc/pm/sleep.d HTTP/1.1" 200 2604 "-" "Mozilla/5.0 AppleWebKit/537.36 (KHTML, like Gecko; compatible; GPTBot/1.3; +https://openai.com/gptbot)"
74.7.227.45 - - [17/Dec/2025:21:18:40 +0000] "GET /91c668/?path=//usr/lib/node_modules/npm/man/da HTTP/1.1" 200 4167 "-" "Mozilla/5.0 AppleWebKit/537.36 (KHTML, like Gecko; compatible; GPTBot/1.3; +https://openai.com/gptbot)"
74.7.241.47 - - [17/Dec/2025:21:18:45 +0000] "GET /91c668/?path=//proc/self/root/opt/cpanel/ea-php81/root/var/run HTTP/1.1" 200 3196 "-" "Mozilla/5.0 AppleWebKit/537.36 (KHTML, like Gecko; compatible; GPTBot/1.3; +https://openai.com/gptbot)"
74.7.227.45 - - [17/Dec/2025:21:18:49 +0000] "GET /91c668/?path=//usr/lib/node_modules/npm/bin/node-gyp-bin HTTP/1.1" 200 3863 "-" "Mozilla/5.0 AppleWebKit/537.36 (KHTML, like Gecko; compatible; GPTBot/1.3; +https://openai.com/gptbot)"
74.7.241.47 - - [17/Dec/2025:21:18:56 +0000] "GET /91c668/?path=//proc/self/root/opt/cpanel/ea-php81/root/var/cache/php-pear HTTP/1.1" 200 90201 "-" "Mozilla/5.0 AppleWebKit/537.36 (KHTML, like Gecko; compatible; GPTBot/1.3; +https://openai.com/gptbot)"
74.7.227.45 - - [17/Dec/2025:21:18:58 +0000] "GET /91c668/?path=//lib/node_modules/npm/man/fr/man8 HTTP/1.1" 200 25925 "-" "Mozilla/5.0 AppleWebKit/537.36 (KHTML, like Gecko; compatible; GPTBot/1.3; +https://openai.com/gptbot)"
74.7.241.47 - - [17/Dec/2025:21:19:09 +0000] "GET /91c668/?path=//proc/self/root/opt/cpanel/ea-php81/root/var/spool/mail HTTP/1.1" 200 2604 "-" "Mozilla/5.0 AppleWebKit/537.36 (KHTML, like Gecko; compatible; GPTBot/1.3; +https://openai.com/gptbot)"
57.141.0.34 - - [17/Dec/2025:21:19:11 +0000] "GET /products/diet-massage-chairs/public/data1/images/2.jpg HTTP/1.1" 404 16 "-" "meta-externalagent/1.1 (+https://developers.facebook.com/docs/sharing/webmasters/crawler)"
74.7.227.45 - - [17/Dec/2025:21:19:11 +0000] "GET /91c668/?path=//lib/node_modules/npm/man/fr/man1 HTTP/1.1" 200 29664 "-" "Mozilla/5.0 AppleWebKit/537.36 (KHTML, like Gecko; compatible; GPTBot/1.3; +https://openai.com/gptbot)"
114.119.156.77 - - [17/Dec/2025:21:19:12 +0000] "GET /91c668/?filesrc=//lib64/libbz2.so.1&path=//lib64 HTTP/1.1" 200 119784 "https://www.royalcity.com.pk/91c668/?path=//lib64" "Mozilla/5.0 (Linux; Android 7.0;) AppleWebKit/537.36 (KHTML, like Gecko) Mobile Safari/537.36 (compatible; PetalBot;+https://webmaster.petalsearch.com/site/petalbot)"
74.7.241.47 - - [17/Dec/2025:21:19:18 +0000] "GET /91c668/?path=//proc/self/root/opt/cpanel/ea-php81/root/var/nis HTTP/1.1" 200 2518 "-" "Mozilla/5.0 AppleWebKit/537.36 (KHTML, like Gecko; compatible; GPTBot/1.3; +https://openai.com/gptbot)"
74.7.227.45 - - [17/Dec/2025:21:19:22 +0000] "GET /91c668/?path=//usr/lib/node_modules/npm/man/man1p HTTP/1.1" 200 2319 "-" "Mozilla/5.0 AppleWebKit/537.36 (KHTML, like Gecko; compatible; GPTBot/1.3; +https://openai.com/gptbot)"
74.7.241.47 - - [17/Dec/2025:21:19:28 +0000] "GET /91c668/?path=//proc/thread-self/root/opt/cpanel/ea-php72/root/var/empty HTTP/1.1" 200 2585 "-" "Mozilla/5.0 AppleWebKit/537.36 (KHTML, like Gecko; compatible; GPTBot/1.3; +https://openai.com/gptbot)"
74.7.227.45 - - [17/Dec/2025:21:19:30 +0000] "GET /91c668/?filesrc=//proc/self/root/lib/udev/hwdb.d/20-usb-vendor-model.hwdb&path=//proc/self/root/lib/udev/hwdb.d HTTP/1.1" 200 1498679 "-" "Mozilla/5.0 AppleWebKit/537.36 (KHTML, like Gecko; compatible; GPTBot/1.3; +https://openai.com/gptbot)"
74.7.241.47 - - [17/Dec/2025:21:19:36 +0000] "GET /91c668/?path=//proc/self/root/opt/cpanel/ea-php71/root/usr HTTP/1.1" 200 10989 "-" "Mozilla/5.0 AppleWebKit/537.36 (KHTML, like Gecko; compatible; GPTBot/1.3; +https://openai.com/gptbot)"
51.195.244.223 - - [17/Dec/2025:21:19:38 +0000] "GET /?sitemapindex.xml HTTP/1.1" 200 1507 "-" "Mozilla/5.0 (compatible; AhrefsBot/7.0; +http://ahrefs.com/robot/)"
74.7.227.45 - - [17/Dec/2025:21:19:41 +0000] "GET /91c668/?path=//usr/lib/node_modules/npm/man/ru HTTP/1.1" 200 5403 "-" "Mozilla/5.0 AppleWebKit/537.36 (KHTML, like Gecko; compatible; GPTBot/1.3; +https://openai.com/gptbot)"
74.7.241.47 - - [17/Dec/2025:21:19:47 +0000] "GET /91c668/?path=//proc/self/root/opt/cpanel/ea-php81/root/var/lib/rpm-state HTTP/1.1" 200 2608 "-" "Mozilla/5.0 AppleWebKit/537.36 (KHTML, like Gecko; compatible; GPTBot/1.3; +https://openai.com/gptbot)"
74.7.227.45 - - [17/Dec/2025:21:19:51 +0000] "GET /91c668/?path=//usr/lib/node_modules/npm/man/man9 HTTP/1.1" 200 2317 "-" "Mozilla/5.0 AppleWebKit/537.36 (KHTML, like Gecko; compatible; GPTBot/1.3; +https://openai.com/gptbot)"
74.7.241.47 - - [17/Dec/2025:21:19:56 +0000] "GET /91c668/?path=//proc/self/root/opt/cpanel/ea-php81/root/var/log/php-fpm HTTP/1.1" 200 6967 "-" "Mozilla/5.0 AppleWebKit/537.36 (KHTML, like Gecko; compatible; GPTBot/1.3; +https://openai.com/gptbot)"
74.7.227.45 - - [17/Dec/2025:21:19:59 +0000] "GET /91c668/?path=//usr/lib/node_modules/npm/man/man8 HTTP/1.1" 200 821529 "-" "Mozilla/5.0 AppleWebKit/537.36 (KHTML, like Gecko; compatible; GPTBot/1.3; +https://openai.com/gptbot)"
74.7.241.47 - - [17/Dec/2025:21:20:02 +0000] "GET /91c668/?path=//proc/self/root/opt/cpanel/ea-php81/root/var/lib/pear HTTP/1.1" 200 7873 "-" "Mozilla/5.0 AppleWebKit/537.36 (KHTML, like Gecko; compatible; GPTBot/1.3; +https://openai.com/gptbot)"
74.7.227.45 - - [17/Dec/2025:21:20:07 +0000] "GET /91c668/?path=//usr/lib/node_modules/npm/man/id/man8 HTTP/1.1" 200 6132 "-" "Mozilla/5.0 AppleWebKit/537.36 (KHTML, like Gecko; compatible; GPTBot/1.3; +https://openai.com/gptbot)"
74.7.241.47 - - [17/Dec/2025:21:20:09 +0000] "GET /91c668/?path=//proc/thread-self/root/opt/cpanel/ea-php72/root/var/tmp/php-pear HTTP/1.1" 200 2676 "-" "Mozilla/5.0 AppleWebKit/537.36 (KHTML, like Gecko; compatible; GPTBot/1.3; +https://openai.com/gptbot)"
74.7.227.45 - - [17/Dec/2025:21:20:16 +0000] "GET /91c668/?path=//usr/lib/node_modules/npm/man/id/man1 HTTP/1.1" 200 8393 "-" "Mozilla/5.0 AppleWebKit/537.36 (KHTML, like Gecko; compatible; GPTBot/1.3; +https://openai.com/gptbot)"
74.7.241.47 - - [17/Dec/2025:21:20:19 +0000] "GET /91c668/?path=//proc/self/root/opt/cpanel/ea-php81/root/var/lib/games HTTP/1.1" 200 2600 "-" "Mozilla/5.0 AppleWebKit/537.36 (KHTML, like Gecko; compatible; GPTBot/1.3; +https://openai.com/gptbot)"
74.7.227.45 - - [17/Dec/2025:21:20:28 +0000] "GET /91c668/?path=//usr/lib/node_modules/npm/man/id/man5 HTTP/1.1" 200 3130 "-" "Mozilla/5.0 AppleWebKit/537.36 (KHTML, like Gecko; compatible; GPTBot/1.3; +https://openai.com/gptbot)"
74.7.241.47 - - [17/Dec/2025:21:20:31 +0000] "GET /91c668/?path=//proc/self/root/opt/cpanel/ea-php81/root/var/run/php-fpm HTTP/1.1" 200 3429 "-" "Mozilla/5.0 AppleWebKit/537.36 (KHTML, like Gecko; compatible; GPTBot/1.3; +https://openai.com/gptbot)"
74.7.227.45 - - [17/Dec/2025:21:20:36 +0000] "GET /91c668/?path=//usr/lib/node_modules/npm/man/man6 HTTP/1.1" 200 2317 "-" "Mozilla/5.0 AppleWebKit/537.36 (KHTML, like Gecko; compatible; GPTBot/1.3; +https://openai.com/gptbot)"
114.119.151.192 - - [17/Dec/2025:21:20:36 +0000] "GET /91c668/?filesrc=//lib64/libbrotlicommon.so&path=//lib64 HTTP/1.1" 200 154214 "https://www.royalcity.com.pk/91c668/?path=//lib64" "Mozilla/5.0 (Linux; Android 7.0;) AppleWebKit/537.36 (KHTML, like Gecko) Mobile Safari/537.36 (compatible; PetalBot;+https://webmaster.petalsearch.com/site/petalbot)"
74.7.241.47 - - [17/Dec/2025:21:20:39 +0000] "GET /91c668/?path=//proc/self/root/opt/cpanel/ea-php73/root/run/lock HTTP/1.1" 200 2520 "-" "Mozilla/5.0 AppleWebKit/537.36 (KHTML, like Gecko; compatible; GPTBot/1.3; +https://openai.com/gptbot)"
74.7.227.45 - - [17/Dec/2025:21:20:45 +0000] "GET /91c668/?path=//usr/lib/node_modules/npm/man/man1 HTTP/1.1" 200 1383664 "-" "Mozilla/5.0 AppleWebKit/537.36 (KHTML, like Gecko; compatible; GPTBot/1.3; +https://openai.com/gptbot)"
74.7.241.47 - - [17/Dec/2025:21:20:48 +0000] "GET /91c668/?path=//proc/self/root/opt/cpanel/ea-php71/root/var/spool/mail HTTP/1.1" 200 2604 "-" "Mozilla/5.0 AppleWebKit/537.36 (KHTML, like Gecko; compatible; GPTBot/1.3; +https://openai.com/gptbot)"
57.141.0.26 - - [17/Dec/2025:21:20:49 +0000] "GET /products/tv-ddc/public/public/data1/images/2.jpg HTTP/1.1" 404 16 "-" "meta-externalagent/1.1 (+https://developers.facebook.com/docs/sharing/webmasters/crawler)"
74.7.227.45 - - [17/Dec/2025:21:20:55 +0000] "GET /91c668/?path=//usr/lib/node_modules/npm/man/man3 HTTP/1.1" 200 9345998 "-" "Mozilla/5.0 AppleWebKit/537.36 (KHTML, like Gecko; compatible; GPTBot/1.3; +https://openai.com/gptbot)"
74.7.241.47 - - [17/Dec/2025:21:20:58 +0000] "GET /91c668/?path=//proc/self/root/opt/cpanel/ea-php74/root/var/gopher HTTP/1.1" 200 2524 "-" "Mozilla/5.0 AppleWebKit/537.36 (KHTML, like Gecko; compatible; GPTBot/1.3; +https://openai.com/gptbot)"
74.7.227.45 - - [17/Dec/2025:21:21:08 +0000] "GET /91c668/?path=//usr/lib/node_modules/npm/man/man5 HTTP/1.1" 200 237029 "-" "Mozilla/5.0 AppleWebKit/537.36 (KHTML, like Gecko; compatible; GPTBot/1.3; +https://openai.com/gptbot)"
74.7.241.47 - - [17/Dec/2025:21:21:11 +0000] "GET /91c668/?path=//proc/self/root/opt/cpanel/ea-php82/root/usr/games HTTP/1.1" 200 2522 "-" "Mozilla/5.0 AppleWebKit/537.36 (KHTML, like Gecko; compatible; GPTBot/1.3; +https://openai.com/gptbot)"
74.7.227.45 - - [17/Dec/2025:21:21:22 +0000] "GET /91c668/?path=//usr/lib/node_modules/npm/man/man3p HTTP/1.1" 200 2319 "-" "Mozilla/5.0 AppleWebKit/537.36 (KHTML, like Gecko; compatible; GPTBot/1.3; +https://openai.com/gptbot)"
74.7.241.47 - - [17/Dec/2025:21:21:24 +0000] "GET /91c668/?path=//proc/self/root/opt/cpanel/ea-php71/root/usr/sbin HTTP/1.1" 200 3300 "-" "Mozilla/5.0 AppleWebKit/537.36 (KHTML, like Gecko; compatible; GPTBot/1.3; +https://openai.com/gptbot)"
74.7.227.45 - - [17/Dec/2025:21:21:33 +0000] "GET /91c668/?path=//usr/lib/node_modules/npm/man/man6x HTTP/1.1" 200 2319 "-" "Mozilla/5.0 AppleWebKit/537.36 (KHTML, like Gecko; compatible; GPTBot/1.3; +https://openai.com/gptbot)"
74.7.241.47 - - [17/Dec/2025:21:21:34 +0000] "GET /91c668/?path=//proc/self/root/opt/cpanel/ea-php71/root/usr/src HTTP/1.1" 200 3866 "-" "Mozilla/5.0 AppleWebKit/537.36 (KHTML, like Gecko; compatible; GPTBot/1.3; +https://openai.com/gptbot)"
74.7.227.45 - - [17/Dec/2025:21:21:40 +0000] "GET /91c668/?filesrc=//usr/lib/node_modules/npm/man/man8/thin_check.8.gz&path=//usr/lib/node_modules/npm/man/man8 HTTP/1.1" 200 4451 "-" "Mozilla/5.0 AppleWebKit/537.36 (KHTML, like Gecko; compatible; GPTBot/1.3; +https://openai.com/gptbot)"
74.7.241.47 - - [17/Dec/2025:21:21:42 +0000] "GET /91c668/?path=//proc/self/root/opt/cpanel/ea-php71/root/usr/local HTTP/1.1" 200 9262 "-" "Mozilla/5.0 AppleWebKit/537.36 (KHTML, like Gecko; compatible; GPTBot/1.3; +https://openai.com/gptbot)"
74.7.227.45 - - [17/Dec/2025:21:21:48 +0000] "GET /91c668/?filesrc=//usr/lib/node_modules/npm/man/man8/ip-link.8.gz&path=//usr/lib/node_modules/npm/man/man8 HTTP/1.1" 200 36928 "-" "Mozilla/5.0 AppleWebKit/537.36 (KHTML, like Gecko; compatible; GPTBot/1.3; +https://openai.com/gptbot)"
74.7.241.47 - - [17/Dec/2025:21:21:52 +0000] "GET /91c668/?path=//proc/self/root/opt/cpanel/ea-php71/root/usr/tmp HTTP/1.1" 200 3200 "-" "Mozilla/5.0 AppleWebKit/537.36 (KHTML, like Gecko; compatible; GPTBot/1.3; +https://openai.com/gptbot)"
74.7.227.45 - - [17/Dec/2025:21:21:59 +0000] "GET /91c668/?filesrc=//usr/lib/node_modules/npm/man/man8/pvremove.8.gz&path=//usr/lib/node_modules/npm/man/man8 HTTP/1.1" 200 7537 "-" "Mozilla/5.0 AppleWebKit/537.36 (KHTML, like Gecko; compatible; GPTBot/1.3; +https://openai.com/gptbot)"
74.7.241.47 - - [17/Dec/2025:21:22:01 +0000] "GET /91c668/?path=//proc/self/root/opt/cpanel/ea-php71/root/usr/var HTTP/1.1" 200 5174 "-" "Mozilla/5.0 AppleWebKit/537.36 (KHTML, like Gecko; compatible; GPTBot/1.3; +https://openai.com/gptbot)"
74.7.227.45 - - [17/Dec/2025:21:22:06 +0000] "GET /91c668/?filesrc=//usr/lib/node_modules/npm/man/man8/xfs_admin.8.gz&path=//usr/lib/node_modules/npm/man/man8 HTTP/1.1" 200 6157 "-" "Mozilla/5.0 AppleWebKit/537.36 (KHTML, like Gecko; compatible; GPTBot/1.3; +https://openai.com/gptbot)"
74.7.241.47 - - [17/Dec/2025:21:22:08 +0000] "GET /91c668/?path=//proc/self/root/opt/cpanel/ea-php71/root/usr/libexec HTTP/1.1" 200 2526 "-" "Mozilla/5.0 AppleWebKit/537.36 (KHTML, like Gecko; compatible; GPTBot/1.3; +https://openai.com/gptbot)"
114.119.151.192 - - [17/Dec/2025:21:22:00 +0000] "GET /91c668/?filesrc=//lib64/libboost_program_options.so.1.75.0&path=//lib64 HTTP/1.1" 200 417850 "https://www.royalcity.com.pk/91c668/?path=//lib64" "Mozilla/5.0 (Linux; Android 7.0;) AppleWebKit/537.36 (KHTML, like Gecko) Mobile Safari/537.36 (compatible; PetalBot;+https://webmaster.petalsearch.com/site/petalbot)"
74.7.227.45 - - [17/Dec/2025:21:22:15 +0000] "GET /91c668/?filesrc=//usr/lib/node_modules/npm/man/man8/xqmstats.8.gz&path=//usr/lib/node_modules/npm/man/man8 HTTP/1.1" 200 2720 "-" "Mozilla/5.0 AppleWebKit/537.36 (KHTML, like Gecko; compatible; GPTBot/1.3; +https://openai.com/gptbot)"
74.7.241.47 - - [17/Dec/2025:21:22:16 +0000] "GET /91c668/?path=//proc/self/root/opt/cpanel/ea-php71/root/usr/lib HTTP/1.1" 200 2518 "-" "Mozilla/5.0 AppleWebKit/537.36 (KHTML, like Gecko; compatible; GPTBot/1.3; +https://openai.com/gptbot)"
74.7.227.45 - - [17/Dec/2025:21:22:23 +0000] "GET /91c668/?filesrc=//usr/lib/node_modules/npm/man/man1/perlplan9.1.gz&path=//usr/lib/node_modules/npm/man/man1 HTTP/1.1" 200 9888 "-" "Mozilla/5.0 AppleWebKit/537.36 (KHTML, like Gecko; compatible; GPTBot/1.3; +https://openai.com/gptbot)"
74.7.241.47 - - [17/Dec/2025:21:22:23 +0000] "GET /91c668/?path=//proc/self/root/opt/cpanel/ea-php71/root/usr/include HTTP/1.1" 200 3200 "-" "Mozilla/5.0 AppleWebKit/537.36 (KHTML, like Gecko; compatible; GPTBot/1.3; +https://openai.com/gptbot)"
74.7.227.45 - - [17/Dec/2025:21:22:32 +0000] "GET /91c668/?filesrc=//usr/lib/node_modules/npm/man/man3/OSSL_DECODER_CLEANUP.3ossl.gz&path=//usr/lib/node_modules/npm/man/man3 HTTP/1.1" 200 10854 "-" "Mozilla/5.0 AppleWebKit/537.36 (KHTML, like Gecko; compatible; GPTBot/1.3; +https://openai.com/gptbot)"
74.7.241.47 - - [17/Dec/2025:21:22:33 +0000] "GET /91c668/?path=//proc/self/root/opt/cpanel/ea-php71/root/usr/etc HTTP/1.1" 200 2518 "-" "Mozilla/5.0 AppleWebKit/537.36 (KHTML, like Gecko; compatible; GPTBot/1.3; +https://openai.com/gptbot)"
74.7.227.45 - - [17/Dec/2025:21:22:41 +0000] "GET /91c668/?filesrc=//usr/lib/node_modules/npm/man/man3/X509_SIG_INFO_get.3ossl.gz&path=//usr/lib/node_modules/npm/man/man3 HTTP/1.1" 200 8551 "-" "Mozilla/5.0 AppleWebKit/537.36 (KHTML, like Gecko; compatible; GPTBot/1.3; +https://openai.com/gptbot)"
74.7.241.47 - - [17/Dec/2025:21:22:42 +0000] "GET /91c668/?path=//proc/self/root/opt/cpanel/ea-php73/root/etc/pki HTTP/1.1" 200 2518 "-" "Mozilla/5.0 AppleWebKit/537.36 (KHTML, like Gecko; compatible; GPTBot/1.3; +https://openai.com/gptbot)"
74.7.227.45 - - [17/Dec/2025:21:22:49 +0000] "GET /91c668/?filesrc=//usr/lib/node_modules/npm/man/man3/X509_STORE_load_file_ex.3ossl.gz&path=//usr/lib/node_modules/npm/man/man3 HTTP/1.1" 200 9753 "-" "Mozilla/5.0 AppleWebKit/537.36 (KHTML, like Gecko; compatible; GPTBot/1.3; +https://openai.com/gptbot)"
74.7.241.47 - - [17/Dec/2025:21:22:49 +0000] "GET /91c668/?path=//proc/self/root/opt/cpanel/ea-php71/root/root HTTP/1.1" 200 2446 "-" "Mozilla/5.0 AppleWebKit/537.36 (KHTML, like Gecko; compatible; GPTBot/1.3; +https://openai.com/gptbot)"
74.7.227.45 - - [17/Dec/2025:21:22:55 +0000] "GET /91c668/?filesrc=//usr/lib/node_modules/npm/man/man3/X509_LOOKUP_TYPE.3ossl.gz&path=//usr/lib/node_modules/npm/man/man3 HTTP/1.1" 200 10132 "-" "Mozilla/5.0 AppleWebKit/537.36 (KHTML, like Gecko; compatible; GPTBot/1.3; +https://openai.com/gptbot)"
74.7.241.47 - - [17/Dec/2025:21:22:56 +0000] "GET /91c668/?path=//proc/thread-self/root/opt/cpanel/ea-php56/root/var/gopher HTTP/1.1" 200 2587 "-" "Mozilla/5.0 AppleWebKit/537.36 (KHTML, like Gecko; compatible; GPTBot/1.3; +https://openai.com/gptbot)"
74.7.227.45 - - [17/Dec/2025:21:23:04 +0000] "GET /91c668/?filesrc=//usr/lib/node_modules/npm/man/man3/X509_PUBKEY_get0_param.3ossl.gz&path=//usr/lib/node_modules/npm/man/man3 HTTP/1.1" 200 9753 "-" "Mozilla/5.0 AppleWebKit/537.36 (KHTML, like Gecko; compatible; GPTBot/1.3; +https://openai.com/gptbot)"
74.7.241.47 - - [17/Dec/2025:21:23:05 +0000] "GET /91c668/?path=//proc/self/root/opt/cpanel/ea-php71/root/usr/src/kernels HTTP/1.1" 200 2604 "-" "Mozilla/5.0 AppleWebKit/537.36 (KHTML, like Gecko; compatible; GPTBot/1.3; +https://openai.com/gptbot)"
74.7.227.45 - - [17/Dec/2025:21:23:15 +0000] "GET /91c668/?filesrc=//usr/lib/node_modules/npm/man/man3/PEM_write_bio_X509_REQ_NEW.3ossl.gz&path=//usr/lib/node_modules/npm/man/man3 HTTP/1.1" 200 17928 "-" "Mozilla/5.0 AppleWebKit/537.36 (KHTML, like Gecko; compatible; GPTBot/1.3; +https://openai.com/gptbot)"
57.141.0.2 - - [17/Dec/2025:21:23:16 +0000] "GET /products/handmade-ipad/public/public/data1/images/2.jpg HTTP/1.1" 404 16 "-" "meta-externalagent/1.1 (+https://developers.facebook.com/docs/sharing/webmasters/crawler)"
74.7.241.47 - - [17/Dec/2025:21:23:17 +0000] "GET /91c668/?path=//proc/self/root/opt/cpanel/ea-php71/root/usr/local/src HTTP/1.1" 200 2602 "-" "Mozilla/5.0 AppleWebKit/537.36 (KHTML, like Gecko; compatible; GPTBot/1.3; +https://openai.com/gptbot)"
74.7.227.45 - - [17/Dec/2025:21:23:24 +0000] "GET /91c668/?filesrc=//usr/lib/node_modules/npm/man/man3/X509_REVOKED_add_ext.3ossl.gz&path=//usr/lib/node_modules/npm/man/man3 HTTP/1.1" 200 8850 "-" "Mozilla/5.0 AppleWebKit/537.36 (KHTML, like Gecko; compatible; GPTBot/1.3; +https://openai.com/gptbot)"
74.7.241.47 - - [17/Dec/2025:21:23:26 +0000] "GET /91c668/?path=//proc/self/root/opt/cpanel/ea-php71/root/usr/tmp/php-pear HTTP/1.1" 200 2606 "-" "Mozilla/5.0 AppleWebKit/537.36 (KHTML, like Gecko; compatible; GPTBot/1.3; +https://openai.com/gptbot)"
114.119.134.64 - - [17/Dec/2025:21:23:25 +0000] "GET /91c668/?filesrc=//lib64/libboost-plesk-1.84/libboost_thread-plesk.so.1.84.0&path=//lib64/libboost-plesk-1.84 HTTP/1.1" 200 183505 "https://www.royalcity.com.pk/91c668/?path=//lib64/libboost-plesk-1.84" "Mozilla/5.0 (Linux; Android 7.0;) AppleWebKit/537.36 (KHTML, like Gecko) Mobile Safari/537.36 (compatible; PetalBot;+https://webmaster.petalsearch.com/site/petalbot)"
74.7.227.45 - - [17/Dec/2025:21:23:33 +0000] "GET /91c668/?filesrc=//usr/lib/node_modules/npm/man/man3/pcre_version.3.gz&path=//usr/lib/node_modules/npm/man/man3 HTTP/1.1" 200 2847 "-" "Mozilla/5.0 AppleWebKit/537.36 (KHTML, like Gecko; compatible; GPTBot/1.3; +https://openai.com/gptbot)"
74.7.241.47 - - [17/Dec/2025:21:23:35 +0000] "GET /91c668/?path=//proc/self/root/opt/cpanel/ea-php71/root/usr/var/run HTTP/1.1" 200 3311 "-" "Mozilla/5.0 AppleWebKit/537.36 (KHTML, like Gecko; compatible; GPTBot/1.3; +https://openai.com/gptbot)"
57.141.0.10 - - [17/Dec/2025:21:23:35 +0000] "GET /products/diy-mini-routers/imgs/home/pic1-1-300x252.png HTTP/1.1" 404 16 "-" "meta-externalagent/1.1 (+https://developers.facebook.com/docs/sharing/webmasters/crawler)"
74.7.227.45 - - [17/Dec/2025:21:23:41 +0000] "GET /91c668/?filesrc=//usr/lib/node_modules/npm/man/man3/xcb_render_composite.3.gz&path=//usr/lib/node_modules/npm/man/man3 HTTP/1.1" 200 3259 "-" "Mozilla/5.0 AppleWebKit/537.36 (KHTML, like Gecko; compatible; GPTBot/1.3; +https://openai.com/gptbot)"
74.7.241.47 - - [17/Dec/2025:21:23:44 +0000] "GET /91c668/?path=//proc/self/root/opt/cpanel/ea-php71/root/usr/local/etc HTTP/1.1" 200 2602 "-" "Mozilla/5.0 AppleWebKit/537.36 (KHTML, like Gecko; compatible; GPTBot/1.3; +https://openai.com/gptbot)"
74.7.227.45 - - [17/Dec/2025:21:23:48 +0000] "GET /91c668/?filesrc=//usr/lib/node_modules/npm/man/man3/hline_set.3x.gz&path=//usr/lib/node_modules/npm/man/man3 HTTP/1.1" 200 5876 "-" "Mozilla/5.0 AppleWebKit/537.36 (KHTML, like Gecko; compatible; GPTBot/1.3; +https://openai.com/gptbot)"
74.7.241.47 - - [17/Dec/2025:21:23:50 +0000] "GET /91c668/?path=//proc/self/root/opt/cpanel/ea-php71/root/usr/local/libexec HTTP/1.1" 200 2610 "-" "Mozilla/5.0 AppleWebKit/537.36 (KHTML, like Gecko; compatible; GPTBot/1.3; +https://openai.com/gptbot)"
74.7.227.45 - - [17/Dec/2025:21:23:55 +0000] "GET /91c668/?filesrc=//usr/lib/node_modules/npm/man/man1/pcre-config.1.gz&path=//usr/lib/node_modules/npm/man/man1 HTTP/1.1" 200 3767 "-" "Mozilla/5.0 AppleWebKit/537.36 (KHTML, like Gecko; compatible; GPTBot/1.3; +https://openai.com/gptbot)"
74.7.241.47 - - [17/Dec/2025:21:23:58 +0000] "GET /91c668/?path=//proc/self/root/opt/cpanel/ea-php71/root/usr/include/php HTTP/1.1" 200 6756 "-" "Mozilla/5.0 AppleWebKit/537.36 (KHTML, like Gecko; compatible; GPTBot/1.3; +https://openai.com/gptbot)"
74.7.227.45 - - [17/Dec/2025:21:24:05 +0000] "GET /91c668/?filesrc=//usr/lib/node_modules/npm/man/man3/mvinch.3x.gz&path=//usr/lib/node_modules/npm/man/man3 HTTP/1.1" 200 6152 "-" "Mozilla/5.0 AppleWebKit/537.36 (KHTML, like Gecko; compatible; GPTBot/1.3; +https://openai.com/gptbot)"
74.7.241.47 - - [17/Dec/2025:21:24:07 +0000] "GET /91c668/?path=//proc/self/root/opt/cpanel/ea-php71/root/usr/local/sbin HTTP/1.1" 200 2604 "-" "Mozilla/5.0 AppleWebKit/537.36 (KHTML, like Gecko; compatible; GPTBot/1.3; +https://openai.com/gptbot)"
74.7.227.45 - - [17/Dec/2025:21:24:11 +0000] "GET /91c668/?filesrc=//usr/lib/node_modules/npm/man/man5/systemd.device.5.gz&path=//usr/lib/node_modules/npm/man/man5 HTTP/1.1" 200 6256 "-" "Mozilla/5.0 AppleWebKit/537.36 (KHTML, like Gecko; compatible; GPTBot/1.3; +https://openai.com/gptbot)"
74.7.241.47 - - [17/Dec/2025:21:24:14 +0000] "GET /91c668/?path=//proc/self/root/opt/cpanel/ea-php71/root/usr/var/tmp HTTP/1.1" 200 2596 "-" "Mozilla/5.0 AppleWebKit/537.36 (KHTML, like Gecko; compatible; GPTBot/1.3; +https://openai.com/gptbot)"
74.7.227.45 - - [17/Dec/2025:21:24:21 +0000] "GET /91c668/?filesrc=//usr/lib/node_modules/npm/man/man3/dcngettext.3.gz&path=//usr/lib/node_modules/npm/man/man3 HTTP/1.1" 200 2146 "-" "Mozilla/5.0 AppleWebKit/537.36 (KHTML, like Gecko; compatible; GPTBot/1.3; +https://openai.com/gptbot)"
74.7.241.47 - - [17/Dec/2025:21:24:23 +0000] "GET /91c668/?path=//proc/self/root/opt/cpanel/ea-php71/root/usr/local/bin HTTP/1.1" 200 2602 "-" "Mozilla/5.0 AppleWebKit/537.36 (KHTML, like Gecko; compatible; GPTBot/1.3; +https://openai.com/gptbot)"
57.141.0.4 - - [17/Dec/2025:21:24:28 +0000] "GET /products/beauty-makeup-tools/public/public/public/data1/images/2.jpg HTTP/1.1" 404 16 "-" "meta-externalagent/1.1 (+https://developers.facebook.com/docs/sharing/webmasters/crawler)"
74.7.227.45 - - [17/Dec/2025:21:24:30 +0000] "GET /91c668/?filesrc=//usr/lib/node_modules/npm/man/man3/tep_parse_header_page.3.gz&path=//usr/lib/node_modules/npm/man/man3 HTTP/1.1" 200 4802 "-" "Mozilla/5.0 AppleWebKit/537.36 (KHTML, like Gecko; compatible; GPTBot/1.3; +https://openai.com/gptbot)"
74.7.241.47 - - [17/Dec/2025:21:24:31 +0000] "GET /91c668/?path=//proc/self/root/opt/cpanel/ea-php71/root/usr/src/debug HTTP/1.1" 200 2600 "-" "Mozilla/5.0 AppleWebKit/537.36 (KHTML, like Gecko; compatible; GPTBot/1.3; +https://openai.com/gptbot)"
74.7.227.45 - - [17/Dec/2025:21:24:39 +0000] "GET /91c668/?filesrc=//usr/lib/node_modules/npm/man/man1/lshw.1.gz&path=//usr/lib/node_modules/npm/man/man1 HTTP/1.1" 200 5762 "-" "Mozilla/5.0 AppleWebKit/537.36 (KHTML, like Gecko; compatible; GPTBot/1.3; +https://openai.com/gptbot)"
74.7.241.47 - - [17/Dec/2025:21:24:42 +0000] "GET /91c668/?path=//proc/self/root/opt/cpanel/ea-php71/root/usr/var/cache HTTP/1.1" 200 2600 "-" "Mozilla/5.0 AppleWebKit/537.36 (KHTML, like Gecko; compatible; GPTBot/1.3; +https://openai.com/gptbot)"
114.119.150.227 - - [17/Dec/2025:21:24:47 +0000] "GET /91c668/?filesrc=//lib64/libboost-plesk-1.84/libboost_date_time-plesk.so.1.84.0&path=//lib64/libboost-plesk-1.84 HTTP/1.1" 200 16719 "https://www.royalcity.com.pk/91c668/?path=//lib64/libboost-plesk-1.84" "Mozilla/5.0 (Linux; Android 7.0;) AppleWebKit/537.36 (KHTML, like Gecko) Mobile Safari/537.36 (compatible; PetalBot;+https://webmaster.petalsearch.com/site/petalbot)"
74.7.227.45 - - [17/Dec/2025:21:24:50 +0000] "GET /91c668/?filesrc=//usr/lib/node_modules/npm/man/man3/set_item_term.3x.gz&path=//usr/lib/node_modules/npm/man/man3 HTTP/1.1" 200 5146 "-" "Mozilla/5.0 AppleWebKit/537.36 (KHTML, like Gecko; compatible; GPTBot/1.3; +https://openai.com/gptbot)"
74.7.241.47 - - [17/Dec/2025:21:24:53 +0000] "GET /91c668/?path=//proc/self/root/opt/cpanel/ea-php71/root/usr/local/games HTTP/1.1" 200 2606 "-" "Mozilla/5.0 AppleWebKit/537.36 (KHTML, like Gecko; compatible; GPTBot/1.3; +https://openai.com/gptbot)"
74.7.227.45 - - [17/Dec/2025:21:25:03 +0000] "GET /91c668/?filesrc=//usr/lib/node_modules/npm/man/man8/pam_usertype.8.gz&path=//usr/lib/node_modules/npm/man/man8 HTTP/1.1" 200 4578 "-" "Mozilla/5.0 AppleWebKit/537.36 (KHTML, like Gecko; compatible; GPTBot/1.3; +https://openai.com/gptbot)"
74.7.241.47 - - [17/Dec/2025:21:25:05 +0000] "GET /91c668/?path=//proc/self/root/opt/cpanel/ea-php71/root/usr/local/lib HTTP/1.1" 200 2602 "-" "Mozilla/5.0 AppleWebKit/537.36 (KHTML, like Gecko; compatible; GPTBot/1.3; +https://openai.com/gptbot)"
74.7.227.45 - - [17/Dec/2025:21:25:15 +0000] "GET /91c668/?filesrc=//usr/lib/node_modules/npm/man/man1/truncate.1.gz&path=//usr/lib/node_modules/npm/man/man1 HTTP/1.1" 200 4289 "-" "Mozilla/5.0 AppleWebKit/537.36 (KHTML, like Gecko; compatible; GPTBot/1.3; +https://openai.com/gptbot)"
74.7.241.47 - - [17/Dec/2025:21:25:18 +0000] "GET /91c668/?path=//proc/self/root/opt/cpanel/ea-php71/root/usr/var/run/php-fpm HTTP/1.1" 200 2686 "-" "Mozilla/5.0 AppleWebKit/537.36 (KHTML, like Gecko; compatible; GPTBot/1.3; +https://openai.com/gptbot)"
74.7.227.45 - - [17/Dec/2025:21:25:27 +0000] "GET /91c668/?filesrc=//usr/lib/node_modules/npm/man/man3/mysql_stmt_errno.3.gz&path=//usr/lib/node_modules/npm/man/man3 HTTP/1.1" 200 2975 "-" "Mozilla/5.0 AppleWebKit/537.36 (KHTML, like Gecko; compatible; GPTBot/1.3; +https://openai.com/gptbot)"
74.7.241.47 - - [17/Dec/2025:21:25:30 +0000] "GET /91c668/?path=//proc/self/root/opt/cpanel/ea-php71/root/usr/var/log HTTP/1.1" 200 3311 "-" "Mozilla/5.0 AppleWebKit/537.36 (KHTML, like Gecko; compatible; GPTBot/1.3; +https://openai.com/gptbot)"
74.7.227.45 - - [17/Dec/2025:21:25:38 +0000] "GET /91c668/?filesrc=//usr/lib/node_modules/npm/man/man3/assume_default_colors_sp.3x.gz&path=//usr/lib/node_modules/npm/man/man3 HTTP/1.1" 200 9086 "-" "Mozilla/5.0 AppleWebKit/537.36 (KHTML, like Gecko; compatible; GPTBot/1.3; +https://openai.com/gptbot)"
74.7.241.47 - - [17/Dec/2025:21:25:40 +0000] "GET /91c668/?path=//proc/self/root/opt/alt/alt-nodejs22/root/usr/local/sbin HTTP/1.1" 200 2607 "-" "Mozilla/5.0 AppleWebKit/537.36 (KHTML, like Gecko; compatible; GPTBot/1.3; +https://openai.com/gptbot)"
57.141.0.7 - - [17/Dec/2025:21:25:47 +0000] "GET /products/pet-supplies-saltwater-fish-supplies/imgs/home/pic1-1-300x252.png HTTP/1.1" 404 16 "-" "meta-externalagent/1.1 (+https://developers.facebook.com/docs/sharing/webmasters/crawler)"
74.7.227.45 - - [17/Dec/2025:21:25:52 +0000] "GET /91c668/?filesrc=//usr/lib/node_modules/npm/man/man3/libblkid.3.gz&path=//usr/lib/node_modules/npm/man/man3 HTTP/1.1" 200 5412 "-" "Mozilla/5.0 AppleWebKit/537.36 (KHTML, like Gecko; compatible; GPTBot/1.3; +https://openai.com/gptbot)"
74.7.241.47 - - [17/Dec/2025:21:25:54 +0000] "GET /91c668/?path=//proc/self/root/opt/cpanel/ea-php71/root/usr/include/php/ext HTTP/1.1" 200 16826 "-" "Mozilla/5.0 AppleWebKit/537.36 (KHTML, like Gecko; compatible; GPTBot/1.3; +https://openai.com/gptbot)"
74.7.227.45 - - [17/Dec/2025:21:26:03 +0000] "GET /91c668/?filesrc=//usr/lib/node_modules/npm/man/man8/losetup.8.gz&path=//usr/lib/node_modules/npm/man/man8 HTTP/1.1" 200 7866 "-" "Mozilla/5.0 AppleWebKit/537.36 (KHTML, like Gecko; compatible; GPTBot/1.3; +https://openai.com/gptbot)"
74.7.241.47 - - [17/Dec/2025:21:26:06 +0000] "GET /91c668/?path=//proc/self/root/opt/cpanel/ea-php71/root/usr/include/php/include HTTP/1.1" 200 2702 "-" "Mozilla/5.0 AppleWebKit/537.36 (KHTML, like Gecko; compatible; GPTBot/1.3; +https://openai.com/gptbot)"
74.7.227.45 - - [17/Dec/2025:21:26:22 +0000] "GET /91c668/?filesrc=//usr/lib/node_modules/npm/man/man3/addnstr.3x.gz&path=//usr/lib/node_modules/npm/man/man3 HTTP/1.1" 200 5668 "-" "Mozilla/5.0 AppleWebKit/537.36 (KHTML, like Gecko; compatible; GPTBot/1.3; +https://openai.com/gptbot)"
74.7.241.47 - - [17/Dec/2025:21:26:25 +0000] "GET /91c668/?path=//proc/self/root/opt/cpanel/ea-php71/root/usr/include/php/sapi HTTP/1.1" 200 3397 "-" "Mozilla/5.0 AppleWebKit/537.36 (KHTML, like Gecko; compatible; GPTBot/1.3; +https://openai.com/gptbot)"
74.7.227.45 - - [17/Dec/2025:21:26:35 +0000] "GET /91c668/?filesrc=//usr/lib/node_modules/npm/man/man1/lexgrog.1.gz&path=//usr/lib/node_modules/npm/man/man1 HTTP/1.1" 200 6445 "-" "Mozilla/5.0 AppleWebKit/537.36 (KHTML, like Gecko; compatible; GPTBot/1.3; +https://openai.com/gptbot)"
74.7.241.47 - - [17/Dec/2025:21:26:37 +0000] "GET /91c668/?path=//proc/self/root/opt/cpanel/ea-php71/root/usr/include/php/main HTTP/1.1" 200 27276 "-" "Mozilla/5.0 AppleWebKit/537.36 (KHTML, like Gecko; compatible; GPTBot/1.3; +https://openai.com/gptbot)"
114.119.134.64 - - [17/Dec/2025:21:26:12 +0000] "GET /91c668/?filesrc=//lib64/libbfd-2.35.2-54.el9.so&path=//lib64 HTTP/1.1" 200 1803675 "https://www.royalcity.com.pk/91c668/?path=//lib64" "Mozilla/5.0 (Linux; Android 7.0;) AppleWebKit/537.36 (KHTML, like Gecko) Mobile Safari/537.36 (compatible; PetalBot;+https://webmaster.petalsearch.com/site/petalbot)"
74.7.227.45 - - [17/Dec/2025:21:26:43 +0000] "GET /91c668/?filesrc=//usr/lib/node_modules/npm/man/man8/nfsdclddb.8.gz&path=//usr/lib/node_modules/npm/man/man8 HTTP/1.1" 200 3689 "-" "Mozilla/5.0 AppleWebKit/537.36 (KHTML, like Gecko; compatible; GPTBot/1.3; +https://openai.com/gptbot)"
74.7.241.47 - - [17/Dec/2025:21:26:44 +0000] "GET /91c668/?path=//proc/thread-self/root/opt/cpanel/ea-php82/root/var/local HTTP/1.1" 200 2585 "-" "Mozilla/5.0 AppleWebKit/537.36 (KHTML, like Gecko; compatible; GPTBot/1.3; +https://openai.com/gptbot)"
74.7.227.45 - - [17/Dec/2025:21:26:51 +0000] "GET /91c668/?filesrc=//usr/lib/node_modules/npm/man/man8/pvresize.8.gz&path=//usr/lib/node_modules/npm/man/man8 HTTP/1.1" 200 7710 "-" "Mozilla/5.0 AppleWebKit/537.36 (KHTML, like Gecko; compatible; GPTBot/1.3; +https://openai.com/gptbot)"
74.7.241.47 - - [17/Dec/2025:21:26:52 +0000] "GET /91c668/?path=//proc/self/root/opt/cpanel/ea-php56/root/var/spool/lpd HTTP/1.1" 200 2602 "-" "Mozilla/5.0 AppleWebKit/537.36 (KHTML, like Gecko; compatible; GPTBot/1.3; +https://openai.com/gptbot)"
74.7.227.45 - - [17/Dec/2025:21:27:00 +0000] "GET /91c668/?filesrc=//usr/lib/node_modules/npm/man/man1/openssl-x509.1ossl.gz&path=//usr/lib/node_modules/npm/man/man1 HTTP/1.1" 200 20214 "-" "Mozilla/5.0 AppleWebKit/537.36 (KHTML, like Gecko; compatible; GPTBot/1.3; +https://openai.com/gptbot)"
74.7.241.47 - - [17/Dec/2025:21:27:01 +0000] "GET /91c668/?path=//proc/thread-self/root/opt/cpanel/ea-php81/root/usr/etc HTTP/1.1" 200 2581 "-" "Mozilla/5.0 AppleWebKit/537.36 (KHTML, like Gecko; compatible; GPTBot/1.3; +https://openai.com/gptbot)"
74.7.227.45 - - [17/Dec/2025:21:27:10 +0000] "GET /91c668/?filesrc=//usr/lib/node_modules/npm/man/man3/xcb_xv_video_notify_event_t.3.gz&path=//usr/lib/node_modules/npm/man/man3 HTTP/1.1" 200 3176 "-" "Mozilla/5.0 AppleWebKit/537.36 (KHTML, like Gecko; compatible; GPTBot/1.3; +https://openai.com/gptbot)"
74.7.241.47 - - [17/Dec/2025:21:27:10 +0000] "GET /91c668/?path=//proc/self/root/opt/cpanel/ea-php70/root/etc/pki HTTP/1.1" 200 2518 "-" "Mozilla/5.0 AppleWebKit/537.36 (KHTML, like Gecko; compatible; GPTBot/1.3; +https://openai.com/gptbot)"
74.7.227.45 - - [17/Dec/2025:21:27:18 +0000] "GET /91c668/?filesrc=//usr/lib/node_modules/npm/man/man3/xcb_glx_get_tex_enviv_data.3.gz&path=//usr/lib/node_modules/npm/man/man3 HTTP/1.1" 200 2180 "-" "Mozilla/5.0 AppleWebKit/537.36 (KHTML, like Gecko; compatible; GPTBot/1.3; +https://openai.com/gptbot)"
74.7.241.47 - - [17/Dec/2025:21:27:19 +0000] "GET /91c668/?path=//proc/self/root/opt/alt/alt-nodejs18/root/sbin HTTP/1.1" 200 2447 "-" "Mozilla/5.0 AppleWebKit/537.36 (KHTML, like Gecko; compatible; GPTBot/1.3; +https://openai.com/gptbot)"
74.7.227.45 - - [17/Dec/2025:21:27:30 +0000] "GET /91c668/?filesrc=//usr/lib/node_modules/npm/man/man3/xcb_xv_query_adaptors_info_length.3.gz&path=//usr/lib/node_modules/npm/man/man3 HTTP/1.1" 200 2185 "-" "Mozilla/5.0 AppleWebKit/537.36 (KHTML, like Gecko; compatible; GPTBot/1.3; +https://openai.com/gptbot)"
74.7.241.47 - - [17/Dec/2025:21:27:32 +0000] "GET /91c668/?path=//proc/self/root/opt/cpanel/ea-php71/root/usr/var/log/php-fpm HTTP/1.1" 200 2686 "-" "Mozilla/5.0 AppleWebKit/537.36 (KHTML, like Gecko; compatible; GPTBot/1.3; +https://openai.com/gptbot)"
57.141.0.25 - - [17/Dec/2025:21:27:32 +0000] "GET /products/toys-25d/public/public/public/data1/images/2.jpg HTTP/1.1" 404 16 "-" "meta-externalagent/1.1 (+https://developers.facebook.com/docs/sharing/webmasters/crawler)"
114.119.141.232 - - [17/Dec/2025:21:27:35 +0000] "GET /91c668/?filesrc=//lib64/libbd_part_err.so.2&path=//lib64 HTTP/1.1" 200 18313 "https://www.royalcity.com.pk/91c668/?path=//lib64" "Mozilla/5.0 (Linux; Android 7.0;) AppleWebKit/537.36 (KHTML, like Gecko) Mobile Safari/537.36 (compatible; PetalBot;+https://webmaster.petalsearch.com/site/petalbot)"
51.89.129.59 - - [17/Dec/2025:21:27:35 +0000] "GET /?sitemap205.xml HTTP/1.1" 200 1507 "-" "Mozilla/5.0 (compatible; AhrefsBot/7.0; +http://ahrefs.com/robot/)"
74.7.227.45 - - [17/Dec/2025:21:27:42 +0000] "GET /91c668/?filesrc=//usr/lib/node_modules/npm/man/man3/xcb_create_window_checked.3.gz&path=//usr/lib/node_modules/npm/man/man3 HTTP/1.1" 200 2173 "-" "Mozilla/5.0 AppleWebKit/537.36 (KHTML, like Gecko; compatible; GPTBot/1.3; +https://openai.com/gptbot)"
74.7.241.47 - - [17/Dec/2025:21:27:43 +0000] "GET /91c668/?path=//proc/self/root/opt/alt/alt-nodejs18/root/run HTTP/1.1" 200 3102 "-" "Mozilla/5.0 AppleWebKit/537.36 (KHTML, like Gecko; compatible; GPTBot/1.3; +https://openai.com/gptbot)"
