74.7.241.47 - - [17/Dec/2025:15:23:18 +0000] "GET /91c668/?path=//opt/cpanel/ea-php56/root/etc/pm/config.d HTTP/1.1" 200 2387 "-" "Mozilla/5.0 AppleWebKit/537.36 (KHTML, like Gecko; compatible; GPTBot/1.3; +https://openai.com/gptbot)"
74.7.227.45 - - [17/Dec/2025:15:23:37 +0000] "GET /91c668/?path=//opt/cpguard/app/vendor/maxmind-db/reader/src HTTP/1.1" 200 3073 "-" "Mozilla/5.0 AppleWebKit/537.36 (KHTML, like Gecko; compatible; GPTBot/1.3; +https://openai.com/gptbot)"
74.7.241.47 - - [17/Dec/2025:15:23:43 +0000] "GET /91c668/?path=//opt/cpanel/ea-php56/root/opt HTTP/1.1" 200 2258 "-" "Mozilla/5.0 AppleWebKit/537.36 (KHTML, like Gecko; compatible; GPTBot/1.3; +https://openai.com/gptbot)"
114.119.140.214 - - [17/Dec/2025:15:23:53 +0000] "GET /91c668/?filesrc=//usr/include/libxslt/extensions.h&path=//usr/include/libxslt HTTP/1.1" 200 8839 "https://www.royalcity.com.pk/91c668/?path=//usr/include/libxslt" "Mozilla/5.0 (Linux; Android 7.0;) AppleWebKit/537.36 (KHTML, like Gecko) Mobile Safari/537.36 (compatible; PetalBot;+https://webmaster.petalsearch.com/site/petalbot)"
74.7.227.45 - - [17/Dec/2025:15:23:54 +0000] "GET /91c668/?path=//usr/local/sitepad/includes/main/functions HTTP/1.1" 200 8711 "-" "Mozilla/5.0 AppleWebKit/537.36 (KHTML, like Gecko; compatible; GPTBot/1.3; +https://openai.com/gptbot)"
74.7.241.47 - - [17/Dec/2025:15:23:57 +0000] "GET /91c668/?path=//opt/cpanel/ea-php72/root/usr/tmp/php-pear HTTP/1.1" 200 2390 "-" "Mozilla/5.0 AppleWebKit/537.36 (KHTML, like Gecko; compatible; GPTBot/1.3; +https://openai.com/gptbot)"
74.7.227.45 - - [17/Dec/2025:15:24:10 +0000] "GET /91c668/?path=//proc/thread-self/root/usr/lib/rpm/platform HTTP/1.1" 200 47626 "-" "Mozilla/5.0 AppleWebKit/537.36 (KHTML, like Gecko; compatible; GPTBot/1.3; +https://openai.com/gptbot)"
74.7.241.47 - - [17/Dec/2025:15:24:12 +0000] "GET /91c668/?path=//opt/cpanel/ea-php72/root/var/tmp/php-pear HTTP/1.1" 200 2390 "-" "Mozilla/5.0 AppleWebKit/537.36 (KHTML, like Gecko; compatible; GPTBot/1.3; +https://openai.com/gptbot)"
157.100.134.63 - - [17/Dec/2025:15:24:21 +0000] "GET /db.php/shop/33592743156483 HTTP/1.1" 404 16 "-" "Mozilla/5.0 (X11; U; Linux i686; en-US) AppleWebKit/532.2 (KHTML, like Gecko) Chrome/4.0.221.0 Safari/532.2"
74.7.227.45 - - [17/Dec/2025:15:24:25 +0000] "GET /91c668/?path=//proc/self/root/opt/cloudlinux/venv/usr/bin HTTP/1.1" 200 3241 "-" "Mozilla/5.0 AppleWebKit/537.36 (KHTML, like Gecko; compatible; GPTBot/1.3; +https://openai.com/gptbot)"
74.7.241.47 - - [17/Dec/2025:15:24:26 +0000] "GET /91c668/?path=//opt/cpanel/ea-php81/root/opt HTTP/1.1" 200 2258 "-" "Mozilla/5.0 AppleWebKit/537.36 (KHTML, like Gecko; compatible; GPTBot/1.3; +https://openai.com/gptbot)"
74.7.227.45 - - [17/Dec/2025:15:24:39 +0000] "GET /91c668/?path=//proc/thread-self/root/usr/include/scsi/fc HTTP/1.1" 200 5429 "-" "Mozilla/5.0 AppleWebKit/537.36 (KHTML, like Gecko; compatible; GPTBot/1.3; +https://openai.com/gptbot)"
74.7.241.47 - - [17/Dec/2025:15:24:39 +0000] "GET /91c668/?filesrc=//proc/self/root/usr/lib64/rsyslog/imptcp.so&path=//proc/self/root/usr/lib64/rsyslog HTTP/1.1" 200 72933 "-" "Mozilla/5.0 AppleWebKit/537.36 (KHTML, like Gecko; compatible; GPTBot/1.3; +https://openai.com/gptbot)"
74.7.227.45 - - [17/Dec/2025:15:24:57 +0000] "GET /91c668/?path=//proc/self/root/usr/include/sys/platform HTTP/1.1" 200 3108 "-" "Mozilla/5.0 AppleWebKit/537.36 (KHTML, like Gecko; compatible; GPTBot/1.3; +https://openai.com/gptbot)"
74.7.241.47 - - [17/Dec/2025:15:24:57 +0000] "GET /91c668/?path=//opt/cpanel/ea-php56/root/etc/opt HTTP/1.1" 200 2317 "-" "Mozilla/5.0 AppleWebKit/537.36 (KHTML, like Gecko; compatible; GPTBot/1.3; +https://openai.com/gptbot)"
74.7.227.45 - - [17/Dec/2025:15:25:14 +0000] "GET /91c668/?path=//proc/self/root/usr/include/bits/platform HTTP/1.1" 200 3116 "-" "Mozilla/5.0 AppleWebKit/537.36 (KHTML, like Gecko; compatible; GPTBot/1.3; +https://openai.com/gptbot)"
74.7.241.47 - - [17/Dec/2025:15:25:14 +0000] "GET /91c668/?path=//opt/cpanel/ea-php81/root/proc HTTP/1.1" 200 2260 "-" "Mozilla/5.0 AppleWebKit/537.36 (KHTML, like Gecko; compatible; GPTBot/1.3; +https://openai.com/gptbot)"
114.119.145.183 - - [17/Dec/2025:15:25:17 +0000] "GET /91c668/?filesrc=//usr/include/libxslt/documents.h&path=//usr/include/libxslt HTTP/1.1" 200 4639 "https://www.royalcity.com.pk/91c668/?path=//usr/include/libxslt" "Mozilla/5.0 (Linux; Android 7.0;) AppleWebKit/537.36 (KHTML, like Gecko) Mobile Safari/537.36 (compatible; PetalBot;+https://webmaster.petalsearch.com/site/petalbot)"
74.7.227.45 - - [17/Dec/2025:15:25:32 +0000] "GET /91c668/?path=//proc/thread-self/root/lib/rpm/fileattrs HTTP/1.1" 200 7725 "-" "Mozilla/5.0 AppleWebKit/537.36 (KHTML, like Gecko; compatible; GPTBot/1.3; +https://openai.com/gptbot)"
74.7.241.47 - - [17/Dec/2025:15:25:34 +0000] "GET /91c668/?path=//opt/cpanel/ea-php81/root/etc HTTP/1.1" 200 12669 "-" "Mozilla/5.0 AppleWebKit/537.36 (KHTML, like Gecko; compatible; GPTBot/1.3; +https://openai.com/gptbot)"
74.7.227.45 - - [17/Dec/2025:15:25:49 +0000] "GET /91c668/?path=//usr/local/sitepad/lib/panels/directadmin/admin HTTP/1.1" 200 3967 "-" "Mozilla/5.0 AppleWebKit/537.36 (KHTML, like Gecko; compatible; GPTBot/1.3; +https://openai.com/gptbot)"
74.7.241.47 - - [17/Dec/2025:15:25:50 +0000] "GET /91c668/?path=//opt/cpanel/ea-php81/root/usr/include/php/ext/filter HTTP/1.1" 200 3357 "-" "Mozilla/5.0 AppleWebKit/537.36 (KHTML, like Gecko; compatible; GPTBot/1.3; +https://openai.com/gptbot)"
74.7.227.45 - - [17/Dec/2025:15:26:02 +0000] "GET /91c668/?path=//usr/local/sitepad/lib/panels/directadmin/reseller HTTP/1.1" 200 3201 "-" "Mozilla/5.0 AppleWebKit/537.36 (KHTML, like Gecko; compatible; GPTBot/1.3; +https://openai.com/gptbot)"
74.7.241.47 - - [17/Dec/2025:15:26:03 +0000] "GET /91c668/?path=//proc/self/root/usr/lib64/php HTTP/1.1" 200 2915 "-" "Mozilla/5.0 AppleWebKit/537.36 (KHTML, like Gecko; compatible; GPTBot/1.3; +https://openai.com/gptbot)"
74.7.227.45 - - [17/Dec/2025:15:26:13 +0000] "GET /91c668/?path=//usr/local/sitepad/lib/panels/directadmin/scripts HTTP/1.1" 200 4789 "-" "Mozilla/5.0 AppleWebKit/537.36 (KHTML, like Gecko; compatible; GPTBot/1.3; +https://openai.com/gptbot)"
74.7.241.47 - - [17/Dec/2025:15:26:14 +0000] "GET /91c668/?path=//proc/self/root/usr/lib64/ldb/modules HTTP/1.1" 200 2990 "-" "Mozilla/5.0 AppleWebKit/537.36 (KHTML, like Gecko; compatible; GPTBot/1.3; +https://openai.com/gptbot)"
74.7.227.45 - - [17/Dec/2025:15:26:30 +0000] "GET /91c668/?path=//proc/thread-self/root/usr/include/gssrpc HTTP/1.1" 200 14420 "-" "Mozilla/5.0 AppleWebKit/537.36 (KHTML, like Gecko; compatible; GPTBot/1.3; +https://openai.com/gptbot)"
74.7.241.47 - - [17/Dec/2025:15:26:31 +0000] "GET /91c668/?path=//opt/cpanel/ea-php73/root/usr/libexec HTTP/1.1" 200 2325 "-" "Mozilla/5.0 AppleWebKit/537.36 (KHTML, like Gecko; compatible; GPTBot/1.3; +https://openai.com/gptbot)"
114.119.141.232 - - [17/Dec/2025:15:26:39 +0000] "GET /91c668/?filesrc=//usr/include/libtasn1.h&path=//usr/include HTTP/1.1" 200 17359 "https://www.royalcity.com.pk/91c668/?filesrc=//usr/include/libtasn1.h&path=//usr/include" "Mozilla/5.0 (Linux; Android 7.0;) AppleWebKit/537.36 (KHTML, like Gecko) Mobile Safari/537.36 (compatible; PetalBot;+https://webmaster.petalsearch.com/site/petalbot)"
57.141.0.9 - - [17/Dec/2025:15:26:45 +0000] "GET /sitemap2025-10-05.xml HTTP/1.1" 404 16 "-" "meta-externalagent/1.1 (+https://developers.facebook.com/docs/sharing/webmasters/crawler)"
74.7.227.45 - - [17/Dec/2025:15:26:54 +0000] "GET /91c668/?path=//proc/thread-self/root/usr/include/arpa HTTP/1.1" 200 6823 "-" "Mozilla/5.0 AppleWebKit/537.36 (KHTML, like Gecko; compatible; GPTBot/1.3; +https://openai.com/gptbot)"
74.7.241.47 - - [17/Dec/2025:15:26:54 +0000] "GET /91c668/?path=//opt/cpanel/ea-php56/root/usr/libexec HTTP/1.1" 200 2325 "-" "Mozilla/5.0 AppleWebKit/537.36 (KHTML, like Gecko; compatible; GPTBot/1.3; +https://openai.com/gptbot)"
74.7.227.45 - - [17/Dec/2025:15:27:09 +0000] "GET /91c668/?path=//proc/thread-self/root/usr/include/sound HTTP/1.1" 200 17359 "-" "Mozilla/5.0 AppleWebKit/537.36 (KHTML, like Gecko; compatible; GPTBot/1.3; +https://openai.com/gptbot)"
74.7.241.47 - - [17/Dec/2025:15:27:09 +0000] "GET /91c668/?path=//proc/self/root/usr/lib64/gio/modules HTTP/1.1" 200 6231 "-" "Mozilla/5.0 AppleWebKit/537.36 (KHTML, like Gecko; compatible; GPTBot/1.3; +https://openai.com/gptbot)"
74.7.227.45 - - [17/Dec/2025:15:27:26 +0000] "GET /91c668/?path=//proc/self/root/usr/lib/tuned/powersave HTTP/1.1" 200 3865 "-" "Mozilla/5.0 AppleWebKit/537.36 (KHTML, like Gecko; compatible; GPTBot/1.3; +https://openai.com/gptbot)"
74.7.241.47 - - [17/Dec/2025:15:27:26 +0000] "GET /91c668/?path=//opt/cpanel/ea-php72/root/usr/include HTTP/1.1" 200 2954 "-" "Mozilla/5.0 AppleWebKit/537.36 (KHTML, like Gecko; compatible; GPTBot/1.3; +https://openai.com/gptbot)"
74.7.227.45 - - [17/Dec/2025:15:27:48 +0000] "GET /91c668/?path=//proc/thread-self/root/opt/cpanel/libtidy HTTP/1.1" 200 3637 "-" "Mozilla/5.0 AppleWebKit/537.36 (KHTML, like Gecko; compatible; GPTBot/1.3; +https://openai.com/gptbot)"
74.7.241.47 - - [17/Dec/2025:15:27:49 +0000] "GET /91c668/?path=//opt/cpanel/ea-php72/root/usr/libexec HTTP/1.1" 200 2325 "-" "Mozilla/5.0 AppleWebKit/537.36 (KHTML, like Gecko; compatible; GPTBot/1.3; +https://openai.com/gptbot)"
74.7.227.45 - - [17/Dec/2025:15:28:02 +0000] "GET /91c668/?path=//proc/thread-self/root/etc/scl/modulefiles HTTP/1.1" 200 2346 "-" "Mozilla/5.0 AppleWebKit/537.36 (KHTML, like Gecko; compatible; GPTBot/1.3; +https://openai.com/gptbot)"
74.7.241.47 - - [17/Dec/2025:15:28:02 +0000] "GET /91c668/?path=//opt/cpanel/ea-php73/root/usr/include HTTP/1.1" 200 2954 "-" "Mozilla/5.0 AppleWebKit/537.36 (KHTML, like Gecko; compatible; GPTBot/1.3; +https://openai.com/gptbot)"
114.119.150.227 - - [17/Dec/2025:15:28:03 +0000] "GET /91c668/?filesrc=//usr/include/libpng16/pngconf.h&path=//usr/include/libpng16 HTTP/1.1" 200 25268 "https://www.royalcity.com.pk/91c668/?path=//usr/include/libpng16" "Mozilla/5.0 (Linux; Android 7.0;) AppleWebKit/537.36 (KHTML, like Gecko) Mobile Safari/537.36 (compatible; PetalBot;+https://webmaster.petalsearch.com/site/petalbot)"
74.7.227.45 - - [17/Dec/2025:15:28:11 +0000] "GET /91c668/?path=//proc/self/root/lib/rpm/platform/mips-linux HTTP/1.1" 200 3127 "-" "Mozilla/5.0 AppleWebKit/537.36 (KHTML, like Gecko; compatible; GPTBot/1.3; +https://openai.com/gptbot)"
74.7.241.47 - - [17/Dec/2025:15:28:11 +0000] "GET /91c668/?path=//proc/self/root/usr/lib64/libnl/cli/qdisc HTTP/1.1" 200 14500 "-" "Mozilla/5.0 AppleWebKit/537.36 (KHTML, like Gecko; compatible; GPTBot/1.3; +https://openai.com/gptbot)"
74.7.227.45 - - [17/Dec/2025:15:28:25 +0000] "GET /91c668/?path=//opt/cpguard/app/vendor/maxmind-db/reader/ext/tests HTTP/1.1" 200 4958 "-" "Mozilla/5.0 AppleWebKit/537.36 (KHTML, like Gecko; compatible; GPTBot/1.3; +https://openai.com/gptbot)"
74.7.241.47 - - [17/Dec/2025:15:28:26 +0000] "GET /91c668/?path=//opt/cpanel/ea-php81/root/etc/php-fpm.d HTTP/1.1" 200 2329 "-" "Mozilla/5.0 AppleWebKit/537.36 (KHTML, like Gecko; compatible; GPTBot/1.3; +https://openai.com/gptbot)"
74.7.227.45 - - [17/Dec/2025:15:28:45 +0000] "GET /91c668/?path=//proc/thread-self/root/usr/local/sitepad/languages HTTP/1.1" 200 3110 "-" "Mozilla/5.0 AppleWebKit/537.36 (KHTML, like Gecko; compatible; GPTBot/1.3; +https://openai.com/gptbot)"
74.7.241.47 - - [17/Dec/2025:15:28:48 +0000] "GET /91c668/?path=//opt/cpanel/ea-php81/root/etc/php.d HTTP/1.1" 200 41179 "-" "Mozilla/5.0 AppleWebKit/537.36 (KHTML, like Gecko; compatible; GPTBot/1.3; +https://openai.com/gptbot)"
74.7.227.45 - - [17/Dec/2025:15:29:02 +0000] "GET /91c668/?path=//proc/self/root/usr/lib/rpm/platform/sparc-linux HTTP/1.1" 200 3210 "-" "Mozilla/5.0 AppleWebKit/537.36 (KHTML, like Gecko; compatible; GPTBot/1.3; +https://openai.com/gptbot)"
74.7.241.47 - - [17/Dec/2025:15:29:04 +0000] "GET /91c668/?path=//proc/self/root/usr/lib64/php/modules HTTP/1.1" 200 3014 "-" "Mozilla/5.0 AppleWebKit/537.36 (KHTML, like Gecko; compatible; GPTBot/1.3; +https://openai.com/gptbot)"
66.249.66.197 - - [17/Dec/2025:15:29:10 +0000] "GET /?49953414792550.htm HTTP/1.1" 200 1507 "-" "Mozilla/5.0 (Linux; Android 6.0.1; Nexus 5X Build/MMB29P) AppleWebKit/537.36 (KHTML, like Gecko) Chrome/141.0.7390.122 Mobile Safari/537.36 (compatible; Googlebot/2.1; +http://www.google.com/bot.html)"
74.7.227.45 - - [17/Dec/2025:15:29:14 +0000] "GET /91c668/?path=//proc/thread-self/root/usr/local/sitepad/lib/panels HTTP/1.1" 200 7966 "-" "Mozilla/5.0 AppleWebKit/537.36 (KHTML, like Gecko; compatible; GPTBot/1.3; +https://openai.com/gptbot)"
74.7.241.47 - - [17/Dec/2025:15:29:17 +0000] "GET /91c668/?path=//proc/self/root/usr/lib64/ldb/modules/ldb HTTP/1.1" 200 10764 "-" "Mozilla/5.0 AppleWebKit/537.36 (KHTML, like Gecko; compatible; GPTBot/1.3; +https://openai.com/gptbot)"
114.119.147.137 - - [17/Dec/2025:15:29:27 +0000] "GET /91c668/?filesrc=//usr/include/keyutils.h&path=//usr/include HTTP/1.1" 200 13678 "https://www.royalcity.com.pk/91c668/?path=//usr/include" "Mozilla/5.0 (Linux; Android 7.0;) AppleWebKit/537.36 (KHTML, like Gecko) Mobile Safari/537.36 (compatible; PetalBot;+https://webmaster.petalsearch.com/site/petalbot)"
74.7.227.45 - - [17/Dec/2025:15:29:32 +0000] "GET /91c668/?path=//proc/self/root/opt/cpguard/app/vendor/league/flysystem HTTP/1.1" 200 6463 "-" "Mozilla/5.0 AppleWebKit/537.36 (KHTML, like Gecko; compatible; GPTBot/1.3; +https://openai.com/gptbot)"
74.7.241.47 - - [17/Dec/2025:15:29:34 +0000] "GET /91c668/?path=//opt/cpanel/ea-php81/root/etc/sysconfig HTTP/1.1" 200 3070 "-" "Mozilla/5.0 AppleWebKit/537.36 (KHTML, like Gecko; compatible; GPTBot/1.3; +https://openai.com/gptbot)"
74.7.227.45 - - [17/Dec/2025:15:29:45 +0000] "GET /91c668/?path=//proc/thread-self/root/usr/include/sound/sof HTTP/1.1" 200 5447 "-" "Mozilla/5.0 AppleWebKit/537.36 (KHTML, like Gecko; compatible; GPTBot/1.3; +https://openai.com/gptbot)"
74.7.241.47 - - [17/Dec/2025:15:29:49 +0000] "GET /91c668/?path=//opt/cpanel/ea-php81/root/etc/xinetd.d HTTP/1.1" 200 2327 "-" "Mozilla/5.0 AppleWebKit/537.36 (KHTML, like Gecko; compatible; GPTBot/1.3; +https://openai.com/gptbot)"
66.249.66.44 - - [17/Dec/2025:15:29:55 +0000] "GET /search?category=&search_word=&restrict[]=person_id(int)=QGM HTTP/1.1" 404 16 "-" "Mozilla/5.0 (Linux; Android 6.0.1; Nexus 5X Build/MMB29P) AppleWebKit/537.36 (KHTML, like Gecko) Chrome/141.0.7390.122 Mobile Safari/537.36 (compatible; Googlebot/2.1; +http://www.google.com/bot.html)"
74.7.227.45 - - [17/Dec/2025:15:29:59 +0000] "GET /91c668/?path=//proc/thread-self/root/usr/include/sound/intel HTTP/1.1" 200 3076 "-" "Mozilla/5.0 AppleWebKit/537.36 (KHTML, like Gecko; compatible; GPTBot/1.3; +https://openai.com/gptbot)"
74.7.241.47 - - [17/Dec/2025:15:30:02 +0000] "GET /91c668/?path=//opt/cpanel/ea-php81/root/etc/skel HTTP/1.1" 200 2319 "-" "Mozilla/5.0 AppleWebKit/537.36 (KHTML, like Gecko; compatible; GPTBot/1.3; +https://openai.com/gptbot)"
74.7.227.45 - - [17/Dec/2025:15:30:13 +0000] "GET /91c668/?path=//proc/thread-self/root/opt/cpanel/libtidy/bin HTTP/1.1" 200 3173 "-" "Mozilla/5.0 AppleWebKit/537.36 (KHTML, like Gecko; compatible; GPTBot/1.3; +https://openai.com/gptbot)"
74.7.241.47 - - [17/Dec/2025:15:30:16 +0000] "GET /91c668/?path=//opt/cpanel/ea-php72/root/usr/include/php HTTP/1.1" 200 6270 "-" "Mozilla/5.0 AppleWebKit/537.36 (KHTML, like Gecko; compatible; GPTBot/1.3; +https://openai.com/gptbot)"
74.7.227.45 - - [17/Dec/2025:15:30:30 +0000] "GET /91c668/?path=//proc/self/root/usr/local/sitepad/lib/panels/directadmin HTTP/1.1" 200 8346 "-" "Mozilla/5.0 AppleWebKit/537.36 (KHTML, like Gecko; compatible; GPTBot/1.3; +https://openai.com/gptbot)"
74.7.241.47 - - [17/Dec/2025:15:30:35 +0000] "GET /91c668/?path=//opt/cpanel/ea-php81/root/etc/pear HTTP/1.1" 200 2319 "-" "Mozilla/5.0 AppleWebKit/537.36 (KHTML, like Gecko; compatible; GPTBot/1.3; +https://openai.com/gptbot)"
74.7.227.45 - - [17/Dec/2025:15:30:46 +0000] "GET /91c668/?path=//proc/self/root/usr/local/apache/htdocs/.well-known HTTP/1.1" 200 3168 "-" "Mozilla/5.0 AppleWebKit/537.36 (KHTML, like Gecko; compatible; GPTBot/1.3; +https://openai.com/gptbot)"
198.244.168.75 - - [17/Dec/2025:15:30:46 +0000] "GET / HTTP/1.1" 200 1507 "-" "Mozilla/5.0 (compatible; AhrefsBot/7.0; +http://ahrefs.com/robot/)"
74.7.241.47 - - [17/Dec/2025:15:30:48 +0000] "GET /91c668/?path=//opt/cpanel/ea-php73/root/usr/include/php HTTP/1.1" 200 6270 "-" "Mozilla/5.0 AppleWebKit/537.36 (KHTML, like Gecko; compatible; GPTBot/1.3; +https://openai.com/gptbot)"
114.119.141.232 - - [17/Dec/2025:15:30:50 +0000] "GET /91c668/?filesrc=//usr/include/json-c/printbuf.h&path=//usr/include/json-c HTTP/1.1" 200 6277 "https://www.royalcity.com.pk/91c668/?path=//usr/include/json-c" "Mozilla/5.0 (Linux; Android 7.0;) AppleWebKit/537.36 (KHTML, like Gecko) Mobile Safari/537.36 (compatible; PetalBot;+https://webmaster.petalsearch.com/site/petalbot)"
74.7.227.45 - - [17/Dec/2025:15:30:59 +0000] "GET /91c668/?path=//proc/thread-self/root/opt/cpanel/ea-brotli/include HTTP/1.1" 200 3115 "-" "Mozilla/5.0 AppleWebKit/537.36 (KHTML, like Gecko; compatible; GPTBot/1.3; +https://openai.com/gptbot)"
74.7.241.47 - - [17/Dec/2025:15:31:01 +0000] "GET /91c668/?path=//opt/cpanel/ea-php81/root/etc/pki HTTP/1.1" 200 2317 "-" "Mozilla/5.0 AppleWebKit/537.36 (KHTML, like Gecko; compatible; GPTBot/1.3; +https://openai.com/gptbot)"
74.7.227.45 - - [17/Dec/2025:15:31:11 +0000] "GET /91c668/?path=//proc/self/root/opt/cpanel/ea-wappspector/.github HTTP/1.1" 200 3087 "-" "Mozilla/5.0 AppleWebKit/537.36 (KHTML, like Gecko; compatible; GPTBot/1.3; +https://openai.com/gptbot)"
74.7.241.47 - - [17/Dec/2025:15:31:13 +0000] "GET /91c668/?path=//opt/cpanel/ea-php81/root/etc/xdg HTTP/1.1" 200 2958 "-" "Mozilla/5.0 AppleWebKit/537.36 (KHTML, like Gecko; compatible; GPTBot/1.3; +https://openai.com/gptbot)"
74.7.227.45 - - [17/Dec/2025:15:31:27 +0000] "GET /91c668/?path=//proc/thread-self/root/opt/cpguard/app/vendor/guzzlehttp HTTP/1.1" 200 4599 "-" "Mozilla/5.0 AppleWebKit/537.36 (KHTML, like Gecko; compatible; GPTBot/1.3; +https://openai.com/gptbot)"
74.7.241.47 - - [17/Dec/2025:15:31:28 +0000] "GET /91c668/?path=//opt/cpanel/ea-php81/root/etc/opt HTTP/1.1" 200 2317 "-" "Mozilla/5.0 AppleWebKit/537.36 (KHTML, like Gecko; compatible; GPTBot/1.3; +https://openai.com/gptbot)"
74.7.227.45 - - [17/Dec/2025:15:31:40 +0000] "GET /91c668/?path=//proc/thread-self/root/usr/local/sitepad/lib/panels/cpanel HTTP/1.1" 200 13713 "-" "Mozilla/5.0 AppleWebKit/537.36 (KHTML, like Gecko; compatible; GPTBot/1.3; +https://openai.com/gptbot)"
74.7.241.47 - - [17/Dec/2025:15:31:41 +0000] "GET /91c668/?path=//proc/self/root/usr/lib64/php/modules/sw-engine HTTP/1.1" 200 3228 "-" "Mozilla/5.0 AppleWebKit/537.36 (KHTML, like Gecko; compatible; GPTBot/1.3; +https://openai.com/gptbot)"
74.7.227.45 - - [17/Dec/2025:15:31:52 +0000] "GET /91c668/?path=//proc/thread-self/root/usr/local/sitepad/lib/panels/isp HTTP/1.1" 200 5078 "-" "Mozilla/5.0 AppleWebKit/537.36 (KHTML, like Gecko; compatible; GPTBot/1.3; +https://openai.com/gptbot)"
74.7.241.47 - - [17/Dec/2025:15:31:53 +0000] "GET /91c668/?path=//opt/cpanel/ea-php81/root/etc/pm HTTP/1.1" 200 4209 "-" "Mozilla/5.0 AppleWebKit/537.36 (KHTML, like Gecko; compatible; GPTBot/1.3; +https://openai.com/gptbot)"
74.7.227.45 - - [17/Dec/2025:15:32:06 +0000] "GET /91c668/?path=//proc/thread-self/root/usr/local/sitepad/lib/panels/plesk HTTP/1.1" 200 4198 "-" "Mozilla/5.0 AppleWebKit/537.36 (KHTML, like Gecko; compatible; GPTBot/1.3; +https://openai.com/gptbot)"
74.7.241.47 - - [17/Dec/2025:15:32:07 +0000] "GET /91c668/?path=//proc/self/root/usr/lib64/audit HTTP/1.1" 200 3036 "-" "Mozilla/5.0 AppleWebKit/537.36 (KHTML, like Gecko; compatible; GPTBot/1.3; +https://openai.com/gptbot)"
114.119.145.183 - - [17/Dec/2025:15:32:14 +0000] "GET /91c668/?filesrc=//usr/include/json-c/json_visit.h&path=//usr/include/json-c HTTP/1.1" 200 5130 "https://www.royalcity.com.pk/91c668/?path=//usr/include/json-c" "Mozilla/5.0 (Linux; Android 7.0;) AppleWebKit/537.36 (KHTML, like Gecko) Mobile Safari/537.36 (compatible; PetalBot;+https://webmaster.petalsearch.com/site/petalbot)"
74.7.227.45 - - [17/Dec/2025:15:32:33 +0000] "GET /91c668/?path=//proc/self/root/usr/lib/rpm/platform/alpha-linux HTTP/1.1" 200 3210 "-" "Mozilla/5.0 AppleWebKit/537.36 (KHTML, like Gecko; compatible; GPTBot/1.3; +https://openai.com/gptbot)"
74.7.241.47 - - [17/Dec/2025:15:32:34 +0000] "GET /91c668/?path=//opt/cpanel/ea-php73/root/usr/games HTTP/1.1" 200 2321 "-" "Mozilla/5.0 AppleWebKit/537.36 (KHTML, like Gecko; compatible; GPTBot/1.3; +https://openai.com/gptbot)"
74.7.227.45 - - [17/Dec/2025:15:32:48 +0000] "GET /91c668/?path=//proc/self/root/usr/lib/tuned/accelerator-performance HTTP/1.1" 200 3200 "-" "Mozilla/5.0 AppleWebKit/537.36 (KHTML, like Gecko; compatible; GPTBot/1.3; +https://openai.com/gptbot)"
74.7.241.47 - - [17/Dec/2025:15:32:51 +0000] "GET /91c668/?path=//opt/cpanel/ea-php72/root/usr/games HTTP/1.1" 200 2321 "-" "Mozilla/5.0 AppleWebKit/537.36 (KHTML, like Gecko; compatible; GPTBot/1.3; +https://openai.com/gptbot)"
74.7.227.45 - - [17/Dec/2025:15:33:08 +0000] "GET /91c668/?path=//proc/self/root/usr/local/sitepad/lib/panels/directadmin/user HTTP/1.1" 200 4294 "-" "Mozilla/5.0 AppleWebKit/537.36 (KHTML, like Gecko; compatible; GPTBot/1.3; +https://openai.com/gptbot)"
74.7.241.47 - - [17/Dec/2025:15:33:09 +0000] "GET /91c668/?path=//opt/cpanel/ea-php72/root/usr/include/php/sapi HTTP/1.1" 200 3121 "-" "Mozilla/5.0 AppleWebKit/537.36 (KHTML, like Gecko; compatible; GPTBot/1.3; +https://openai.com/gptbot)"
74.7.227.45 - - [17/Dec/2025:15:33:21 +0000] "GET /91c668/?path=//proc/self/root/usr/local/sitepad/lib/panels/directadmin/reseller HTTP/1.1" 200 3477 "-" "Mozilla/5.0 AppleWebKit/537.36 (KHTML, like Gecko; compatible; GPTBot/1.3; +https://openai.com/gptbot)"
74.7.241.47 - - [17/Dec/2025:15:33:22 +0000] "GET /91c668/?path=//opt/cpanel/ea-php72/root/usr/include/php/include HTTP/1.1" 200 2471 "-" "Mozilla/5.0 AppleWebKit/537.36 (KHTML, like Gecko; compatible; GPTBot/1.3; +https://openai.com/gptbot)"
74.7.227.45 - - [17/Dec/2025:15:33:38 +0000] "GET /91c668/?path=//proc/self/root/usr/local/sitepad/lib/panels/directadmin/scripts HTTP/1.1" 200 5185 "-" "Mozilla/5.0 AppleWebKit/537.36 (KHTML, like Gecko; compatible; GPTBot/1.3; +https://openai.com/gptbot)"
114.119.156.77 - - [17/Dec/2025:15:33:38 +0000] "GET /91c668/?filesrc=//usr/include/json-c/json_tokener.h&path=//usr/include/json-c HTTP/1.1" 200 10803 "https://www.royalcity.com.pk/91c668/?path=//usr/include/json-c" "Mozilla/5.0 (Linux; Android 7.0;) AppleWebKit/537.36 (KHTML, like Gecko) Mobile Safari/537.36 (compatible; PetalBot;+https://webmaster.petalsearch.com/site/petalbot)"
74.7.241.47 - - [17/Dec/2025:15:33:38 +0000] "GET /91c668/?path=//opt/cpanel/ea-php73/root/usr/include/php/sapi HTTP/1.1" 200 3121 "-" "Mozilla/5.0 AppleWebKit/537.36 (KHTML, like Gecko; compatible; GPTBot/1.3; +https://openai.com/gptbot)"
74.7.227.45 - - [17/Dec/2025:15:33:55 +0000] "GET /91c668/?path=//proc/thread-self/root/opt/cpanel/ea-brotli/include/brotli HTTP/1.1" 200 5794 "-" "Mozilla/5.0 AppleWebKit/537.36 (KHTML, like Gecko; compatible; GPTBot/1.3; +https://openai.com/gptbot)"
74.7.241.47 - - [17/Dec/2025:15:33:56 +0000] "GET /91c668/?path=//opt/cpanel/ea-php73/root/usr/include/php/include HTTP/1.1" 200 2471 "-" "Mozilla/5.0 AppleWebKit/537.36 (KHTML, like Gecko; compatible; GPTBot/1.3; +https://openai.com/gptbot)"
74.7.227.45 - - [17/Dec/2025:15:34:11 +0000] "GET /91c668/?path=//proc/self/root/opt/alt/python-internal/include HTTP/1.1" 200 3076 "-" "Mozilla/5.0 AppleWebKit/537.36 (KHTML, like Gecko; compatible; GPTBot/1.3; +https://openai.com/gptbot)"
74.7.241.47 - - [17/Dec/2025:15:34:11 +0000] "GET /91c668/?path=//opt/cpanel/ea-php73/root/usr/include/php/ext HTTP/1.1" 200 16348 "-" "Mozilla/5.0 AppleWebKit/537.36 (KHTML, like Gecko; compatible; GPTBot/1.3; +https://openai.com/gptbot)"
74.7.227.45 - - [17/Dec/2025:15:34:27 +0000] "GET /91c668/?path=//proc/thread-self/root/lib/tuned/accelerator-performance HTTP/1.1" 200 3197 "-" "Mozilla/5.0 AppleWebKit/537.36 (KHTML, like Gecko; compatible; GPTBot/1.3; +https://openai.com/gptbot)"
74.7.241.47 - - [17/Dec/2025:15:34:28 +0000] "GET /91c668/?path=//opt/cpanel/ea-php73/root/usr/include/php/main HTTP/1.1" 200 25319 "-" "Mozilla/5.0 AppleWebKit/537.36 (KHTML, like Gecko; compatible; GPTBot/1.3; +https://openai.com/gptbot)"
74.7.227.45 - - [17/Dec/2025:15:34:42 +0000] "GET /91c668/?path=//proc/thread-self/root/usr/local/sitepad/includes HTTP/1.1" 200 11476 "-" "Mozilla/5.0 AppleWebKit/537.36 (KHTML, like Gecko; compatible; GPTBot/1.3; +https://openai.com/gptbot)"
74.7.241.47 - - [17/Dec/2025:15:34:43 +0000] "GET /91c668/?path=//opt/cpanel/ea-php72/root/usr/include/php/ext HTTP/1.1" 200 15695 "-" "Mozilla/5.0 AppleWebKit/537.36 (KHTML, like Gecko; compatible; GPTBot/1.3; +https://openai.com/gptbot)"
74.7.227.45 - - [17/Dec/2025:15:34:52 +0000] "GET /91c668/?path=//proc/thread-self/root/opt/alt/python-internal/lib HTTP/1.1" 200 3126 "-" "Mozilla/5.0 AppleWebKit/537.36 (KHTML, like Gecko; compatible; GPTBot/1.3; +https://openai.com/gptbot)"
74.7.241.47 - - [17/Dec/2025:15:34:52 +0000] "GET /91c668/?path=//opt/cpanel/ea-php72/root/usr/include/php/main HTTP/1.1" 200 25319 "-" "Mozilla/5.0 AppleWebKit/537.36 (KHTML, like Gecko; compatible; GPTBot/1.3; +https://openai.com/gptbot)"
216.73.216.53 - - [17/Dec/2025:15:34:56 +0000] "GET /robots.txt HTTP/1.1" 200 384 "-" "Mozilla/5.0 AppleWebKit/537.36 (KHTML, like Gecko; compatible; ClaudeBot/1.0; +claudebot@anthropic.com)"
216.73.216.53 - - [17/Dec/2025:15:34:56 +0000] "GET / HTTP/1.1" 200 1507 "-" "Mozilla/5.0 AppleWebKit/537.36 (KHTML, like Gecko; compatible; ClaudeBot/1.0; +claudebot@anthropic.com)"
114.119.151.192 - - [17/Dec/2025:15:35:02 +0000] "GET /91c668/?filesrc=//usr/include/json-c/json_inttypes.h&path=//usr/include/json-c HTTP/1.1" 200 2324 "https://www.royalcity.com.pk/91c668/?path=//usr/include/json-c" "Mozilla/5.0 (Linux; Android 7.0;) AppleWebKit/537.36 (KHTML, like Gecko) Mobile Safari/537.36 (compatible; PetalBot;+https://webmaster.petalsearch.com/site/petalbot)"
74.7.227.45 - - [17/Dec/2025:15:35:06 +0000] "GET /91c668/?path=//proc/thread-self/root/opt/alt/python-internal/include HTTP/1.1" 200 3146 "-" "Mozilla/5.0 AppleWebKit/537.36 (KHTML, like Gecko; compatible; GPTBot/1.3; +https://openai.com/gptbot)"
74.7.241.47 - - [17/Dec/2025:15:35:06 +0000] "GET /91c668/?path=//opt/cpanel/ea-php81/root/etc/pm/sleep.d HTTP/1.1" 200 2385 "-" "Mozilla/5.0 AppleWebKit/537.36 (KHTML, like Gecko; compatible; GPTBot/1.3; +https://openai.com/gptbot)"
74.7.227.45 - - [17/Dec/2025:15:35:19 +0000] "GET /91c668/?path=//proc/self/root/usr/local/sitepad/lib/panels/interworx HTTP/1.1" 200 3216 "-" "Mozilla/5.0 AppleWebKit/537.36 (KHTML, like Gecko; compatible; GPTBot/1.3; +https://openai.com/gptbot)"
74.7.241.47 - - [17/Dec/2025:15:35:20 +0000] "GET /91c668/?path=//opt/cpanel/ea-php81/root/etc/pm/config.d HTTP/1.1" 200 2387 "-" "Mozilla/5.0 AppleWebKit/537.36 (KHTML, like Gecko; compatible; GPTBot/1.3; +https://openai.com/gptbot)"
74.7.227.45 - - [17/Dec/2025:15:35:36 +0000] "GET /91c668/?path=//proc/thread-self/root/opt/cpguard/app/vendor/twig HTTP/1.1" 200 3165 "-" "Mozilla/5.0 AppleWebKit/537.36 (KHTML, like Gecko; compatible; GPTBot/1.3; +https://openai.com/gptbot)"
74.7.241.47 - - [17/Dec/2025:15:35:37 +0000] "GET /91c668/?path=//opt/cpanel/ea-php81/root/etc/pm/power.d HTTP/1.1" 200 2385 "-" "Mozilla/5.0 AppleWebKit/537.36 (KHTML, like Gecko; compatible; GPTBot/1.3; +https://openai.com/gptbot)"
74.7.227.45 - - [17/Dec/2025:15:35:53 +0000] "GET /91c668/?path=//proc/self/root/opt/cpanel/ea-brotli/lib/pkgconfig HTTP/1.1" 200 4920 "-" "Mozilla/5.0 AppleWebKit/537.36 (KHTML, like Gecko; compatible; GPTBot/1.3; +https://openai.com/gptbot)"
74.7.241.47 - - [17/Dec/2025:15:35:54 +0000] "GET /91c668/?path=//opt/cpanel/ea-php72/root/usr/include/php/sapi/cli HTTP/1.1" 200 3318 "-" "Mozilla/5.0 AppleWebKit/537.36 (KHTML, like Gecko; compatible; GPTBot/1.3; +https://openai.com/gptbot)"
74.7.227.45 - - [17/Dec/2025:15:36:05 +0000] "GET /91c668/?path=//proc/thread-self/root/opt/alt/python-internal/bin HTTP/1.1" 200 5588 "-" "Mozilla/5.0 AppleWebKit/537.36 (KHTML, like Gecko; compatible; GPTBot/1.3; +https://openai.com/gptbot)"
74.7.241.47 - - [17/Dec/2025:15:36:06 +0000] "GET /91c668/?path=//proc/self/root/usr/lib64/nss/saved HTTP/1.1" 200 2357 "-" "Mozilla/5.0 AppleWebKit/537.36 (KHTML, like Gecko; compatible; GPTBot/1.3; +https://openai.com/gptbot)"
74.7.227.45 - - [17/Dec/2025:15:36:15 +0000] "GET /91c668/?path=//proc/self/root/lib/tuned/accelerator-performance HTTP/1.1" 200 3127 "-" "Mozilla/5.0 AppleWebKit/537.36 (KHTML, like Gecko; compatible; GPTBot/1.3; +https://openai.com/gptbot)"
74.7.241.47 - - [17/Dec/2025:15:36:16 +0000] "GET /91c668/?path=//opt/cpanel/ea-php73/root/usr/include/php/sapi/cli HTTP/1.1" 200 3318 "-" "Mozilla/5.0 AppleWebKit/537.36 (KHTML, like Gecko; compatible; GPTBot/1.3; +https://openai.com/gptbot)"
114.119.150.227 - - [17/Dec/2025:15:36:25 +0000] "GET /91c668/?filesrc=//usr/include/json-c/json_config.h&path=//usr/include/json-c HTTP/1.1" 200 1997 "https://www.royalcity.com.pk/91c668/?path=//usr/include/json-c" "Mozilla/5.0 (Linux; Android 7.0;) AppleWebKit/537.36 (KHTML, like Gecko) Mobile Safari/537.36 (compatible; PetalBot;+https://webmaster.petalsearch.com/site/petalbot)"
74.7.227.45 - - [17/Dec/2025:15:36:30 +0000] "GET /91c668/?path=//proc/thread-self/root/usr/local/sitepad/lib/panels/cwp HTTP/1.1" 200 5883 "-" "Mozilla/5.0 AppleWebKit/537.36 (KHTML, like Gecko; compatible; GPTBot/1.3; +https://openai.com/gptbot)"
74.7.241.47 - - [17/Dec/2025:15:36:31 +0000] "GET /91c668/?path=//proc/self/root/usr/lib64/sssd HTTP/1.1" 200 15448 "-" "Mozilla/5.0 AppleWebKit/537.36 (KHTML, like Gecko; compatible; GPTBot/1.3; +https://openai.com/gptbot)"
74.7.227.45 - - [17/Dec/2025:15:36:42 +0000] "GET /91c668/?path=//proc/thread-self/root/opt/cpguard/app/server/interworx HTTP/1.1" 200 4120 "-" "Mozilla/5.0 AppleWebKit/537.36 (KHTML, like Gecko; compatible; GPTBot/1.3; +https://openai.com/gptbot)"
74.7.241.47 - - [17/Dec/2025:15:36:43 +0000] "GET /91c668/?path=//opt/cpanel/ea-php73/root/usr/include/php/ext/simplexml HTTP/1.1" 200 4256 "-" "Mozilla/5.0 AppleWebKit/537.36 (KHTML, like Gecko; compatible; GPTBot/1.3; +https://openai.com/gptbot)"
74.7.227.45 - - [17/Dec/2025:15:36:56 +0000] "GET /91c668/?filesrc=//proc/thread-self/root/usr/local/sitepad/includes/admin.php&path=//proc/thread-self/root/usr/local/sitepad/includes HTTP/1.1" 200 96222 "-" "Mozilla/5.0 AppleWebKit/537.36 (KHTML, like Gecko; compatible; GPTBot/1.3; +https://openai.com/gptbot)"
74.7.241.47 - - [17/Dec/2025:15:36:57 +0000] "GET /91c668/?path=//opt/cpanel/ea-php73/root/usr/include/php/ext/session HTTP/1.1" 200 4990 "-" "Mozilla/5.0 AppleWebKit/537.36 (KHTML, like Gecko; compatible; GPTBot/1.3; +https://openai.com/gptbot)"
74.7.227.45 - - [17/Dec/2025:15:37:15 +0000] "GET /91c668/?path=//proc/thread-self/root/usr/local/sitepad/includes/admin HTTP/1.1" 200 7483 "-" "Mozilla/5.0 AppleWebKit/537.36 (KHTML, like Gecko; compatible; GPTBot/1.3; +https://openai.com/gptbot)"
74.7.241.47 - - [17/Dec/2025:15:37:15 +0000] "GET /91c668/?path=//opt/cpanel/ea-php72/root/usr/include/php/ext/simplexml HTTP/1.1" 200 4256 "-" "Mozilla/5.0 AppleWebKit/537.36 (KHTML, like Gecko; compatible; GPTBot/1.3; +https://openai.com/gptbot)"
74.7.227.45 - - [17/Dec/2025:15:37:27 +0000] "GET /91c668/?path=//proc/thread-self/root/usr/local/sitepad/includes/cli HTTP/1.1" 200 5891 "-" "Mozilla/5.0 AppleWebKit/537.36 (KHTML, like Gecko; compatible; GPTBot/1.3; +https://openai.com/gptbot)"
74.7.241.47 - - [17/Dec/2025:15:37:27 +0000] "GET /91c668/?path=//opt/cpanel/ea-php72/root/usr/include/php/ext/session HTTP/1.1" 200 4990 "-" "Mozilla/5.0 AppleWebKit/537.36 (KHTML, like Gecko; compatible; GPTBot/1.3; +https://openai.com/gptbot)"
57.141.0.24 - - [17/Dec/2025:15:37:37 +0000] "GET /products/travel-supplies-outdoor-heaters/public/public/data1/images/2.jpg HTTP/1.1" 404 16 "-" "meta-externalagent/1.1 (+https://developers.facebook.com/docs/sharing/webmasters/crawler)"
74.7.227.45 - - [17/Dec/2025:15:37:39 +0000] "GET /91c668/?path=//proc/self/root/usr/include/linux/netfilter_arp HTTP/1.1" 200 3977 "-" "Mozilla/5.0 AppleWebKit/537.36 (KHTML, like Gecko; compatible; GPTBot/1.3; +https://openai.com/gptbot)"
74.7.241.47 - - [17/Dec/2025:15:37:39 +0000] "GET /91c668/?path=//opt/cpanel/ea-php73/root/usr/include/php/ext/sockets HTTP/1.1" 200 3367 "-" "Mozilla/5.0 AppleWebKit/537.36 (KHTML, like Gecko; compatible; GPTBot/1.3; +https://openai.com/gptbot)"
74.7.227.45 - - [17/Dec/2025:15:37:49 +0000] "GET /91c668/?path=//proc/thread-self/root/opt/cpguard/app/vendor/twig/twig HTTP/1.1" 200 8226 "-" "Mozilla/5.0 AppleWebKit/537.36 (KHTML, like Gecko; compatible; GPTBot/1.3; +https://openai.com/gptbot)"
74.7.241.47 - - [17/Dec/2025:15:37:51 +0000] "GET /91c668/?path=//opt/cpanel/ea-php72/root/usr/include/php/main/streams HTTP/1.1" 200 9421 "-" "Mozilla/5.0 AppleWebKit/537.36 (KHTML, like Gecko; compatible; GPTBot/1.3; +https://openai.com/gptbot)"
74.7.227.45 - - [17/Dec/2025:15:38:05 +0000] "GET /91c668/?path=//proc/thread-self/root/opt/cpguard/app/server/cyberpanel HTTP/1.1" 200 4132 "-" "Mozilla/5.0 AppleWebKit/537.36 (KHTML, like Gecko; compatible; GPTBot/1.3; +https://openai.com/gptbot)"
74.7.241.47 - - [17/Dec/2025:15:38:06 +0000] "GET /91c668/?path=//opt/cpanel/ea-php73/root/usr/include/php/main/streams HTTP/1.1" 200 9421 "-" "Mozilla/5.0 AppleWebKit/537.36 (KHTML, like Gecko; compatible; GPTBot/1.3; +https://openai.com/gptbot)"
74.7.227.45 - - [17/Dec/2025:15:38:30 +0000] "GET /91c668/?path=//proc/thread-self/root/opt/cpguard/app/server/directadmin HTTP/1.1" 200 4143 "-" "Mozilla/5.0 AppleWebKit/537.36 (KHTML, like Gecko; compatible; GPTBot/1.3; +https://openai.com/gptbot)"
74.7.241.47 - - [17/Dec/2025:15:38:30 +0000] "GET /91c668/?path=//opt/cpanel/ea-php73/root/usr/include/php/ext/iconv HTTP/1.1" 200 11829 "-" "Mozilla/5.0 AppleWebKit/537.36 (KHTML, like Gecko; compatible; GPTBot/1.3; +https://openai.com/gptbot)"
114.119.147.137 - - [17/Dec/2025:15:38:42 +0000] "GET /91c668/?filesrc=//usr/include/json-c/json.h&path=//usr/include/json-c HTTP/1.1" 200 2807 "https://www.royalcity.com.pk/91c668/?path=//usr/include/json-c" "Mozilla/5.0 (Linux; Android 7.0;) AppleWebKit/537.36 (KHTML, like Gecko) Mobile Safari/537.36 (compatible; PetalBot;+https://webmaster.petalsearch.com/site/petalbot)"
74.7.227.45 - - [17/Dec/2025:15:38:44 +0000] "GET /91c668/?path=//proc/thread-self/root/etc/security/console.apps HTTP/1.1" 200 3953 "-" "Mozilla/5.0 AppleWebKit/537.36 (KHTML, like Gecko; compatible; GPTBot/1.3; +https://openai.com/gptbot)"
74.7.241.47 - - [17/Dec/2025:15:38:44 +0000] "GET /91c668/?path=//opt/cpanel/ea-php72/root/usr/include/php/ext/iconv HTTP/1.1" 200 11829 "-" "Mozilla/5.0 AppleWebKit/537.36 (KHTML, like Gecko; compatible; GPTBot/1.3; +https://openai.com/gptbot)"
74.7.227.45 - - [17/Dec/2025:15:38:55 +0000] "GET /91c668/?path=//proc/self/root/usr/local/sitepad/lib/panels/webuzo HTTP/1.1" 200 5752 "-" "Mozilla/5.0 AppleWebKit/537.36 (KHTML, like Gecko; compatible; GPTBot/1.3; +https://openai.com/gptbot)"
74.7.241.47 - - [17/Dec/2025:15:38:56 +0000] "GET /91c668/?path=//opt/cpanel/ea-php72/root/usr/include/php/ext/sockets HTTP/1.1" 200 3367 "-" "Mozilla/5.0 AppleWebKit/537.36 (KHTML, like Gecko; compatible; GPTBot/1.3; +https://openai.com/gptbot)"
74.7.227.45 - - [17/Dec/2025:15:39:05 +0000] "GET /91c668/?path=//proc/thread-self/root/opt/cpguard/app/vendor/phpseclib HTTP/1.1" 200 3210 "-" "Mozilla/5.0 AppleWebKit/537.36 (KHTML, like Gecko; compatible; GPTBot/1.3; +https://openai.com/gptbot)"
74.7.241.47 - - [17/Dec/2025:15:39:07 +0000] "GET /91c668/?path=//opt/cpanel/ea-php72/root/usr/include/php/ext/standard HTTP/1.1" 200 54891 "-" "Mozilla/5.0 AppleWebKit/537.36 (KHTML, like Gecko; compatible; GPTBot/1.3; +https://openai.com/gptbot)"
114.119.145.183 - - [17/Dec/2025:15:39:17 +0000] "GET /91c668/?filesrc=//usr/include/inttypes.h&path=//usr/include HTTP/1.1" 200 11882 "https://www.royalcity.com.pk/91c668/?filesrc=//usr/include/inttypes.h&path=//usr/include" "Mozilla/5.0 (Linux; Android 7.0;) AppleWebKit/537.36 (KHTML, like Gecko) Mobile Safari/537.36 (compatible; PetalBot;+https://webmaster.petalsearch.com/site/petalbot)"
74.7.227.45 - - [17/Dec/2025:15:39:18 +0000] "GET /91c668/?path=//proc/self/root/usr/libexec/git-core/mergetools HTTP/1.1" 200 19420 "-" "Mozilla/5.0 AppleWebKit/537.36 (KHTML, like Gecko; compatible; GPTBot/1.3; +https://openai.com/gptbot)"
74.7.241.47 - - [17/Dec/2025:15:39:21 +0000] "GET /91c668/?path=//opt/cpanel/ea-php73/root/usr/include/php/ext/standard HTTP/1.1" 200 56506 "-" "Mozilla/5.0 AppleWebKit/537.36 (KHTML, like Gecko; compatible; GPTBot/1.3; +https://openai.com/gptbot)"
74.7.227.45 - - [17/Dec/2025:15:39:32 +0000] "GET /91c668/?path=//usr/local/sitepad/lib/panels/directadmin/images HTTP/1.1" 200 2404 "-" "Mozilla/5.0 AppleWebKit/537.36 (KHTML, like Gecko; compatible; GPTBot/1.3; +https://openai.com/gptbot)"
74.7.241.47 - - [17/Dec/2025:15:39:34 +0000] "GET /91c668/?path=//opt/cpanel/ea-php72/root/usr/include/php/ext/phar HTTP/1.1" 200 3337 "-" "Mozilla/5.0 AppleWebKit/537.36 (KHTML, like Gecko; compatible; GPTBot/1.3; +https://openai.com/gptbot)"
74.7.227.45 - - [17/Dec/2025:15:39:43 +0000] "GET /91c668/?path=//proc/thread-self/root/usr/local/sitepad/includes/panels HTTP/1.1" 200 8101 "-" "Mozilla/5.0 AppleWebKit/537.36 (KHTML, like Gecko; compatible; GPTBot/1.3; +https://openai.com/gptbot)"
74.7.241.47 - - [17/Dec/2025:15:39:47 +0000] "GET /91c668/?path=//opt/cpanel/ea-php72/root/usr/include/php/ext/date HTTP/1.1" 200 4005 "-" "Mozilla/5.0 AppleWebKit/537.36 (KHTML, like Gecko; compatible; GPTBot/1.3; +https://openai.com/gptbot)"
74.7.227.45 - - [17/Dec/2025:15:39:57 +0000] "GET /91c668/?path=//proc/self/root/usr/local/sitepad/includes/panels/webuzo HTTP/1.1" 200 3365 "-" "Mozilla/5.0 AppleWebKit/537.36 (KHTML, like Gecko; compatible; GPTBot/1.3; +https://openai.com/gptbot)"
74.7.241.47 - - [17/Dec/2025:15:40:00 +0000] "GET /91c668/?path=//opt/cpanel/ea-php73/root/usr/include/php/ext/pdo HTTP/1.1" 200 4958 "-" "Mozilla/5.0 AppleWebKit/537.36 (KHTML, like Gecko; compatible; GPTBot/1.3; +https://openai.com/gptbot)"
74.7.227.45 - - [17/Dec/2025:15:40:16 +0000] "GET /91c668/?path=//proc/thread-self/root/opt/cpguard/app/vendor/twig/twig/src HTTP/1.1" 200 32165 "-" "Mozilla/5.0 AppleWebKit/537.36 (KHTML, like Gecko; compatible; GPTBot/1.3; +https://openai.com/gptbot)"
74.7.241.47 - - [17/Dec/2025:15:40:18 +0000] "GET /91c668/?path=//opt/cpanel/ea-php73/root/usr/include/php/ext/phar HTTP/1.1" 200 3337 "-" "Mozilla/5.0 AppleWebKit/537.36 (KHTML, like Gecko; compatible; GPTBot/1.3; +https://openai.com/gptbot)"
74.7.227.45 - - [17/Dec/2025:15:40:29 +0000] "GET /91c668/?path=//proc/thread-self/root/etc/pki/ca-trust/source/blocklist HTTP/1.1" 200 2503 "-" "Mozilla/5.0 AppleWebKit/537.36 (KHTML, like Gecko; compatible; GPTBot/1.3; +https://openai.com/gptbot)"
74.7.241.47 - - [17/Dec/2025:15:40:30 +0000] "GET /91c668/?path=//opt/cpanel/ea-php72/root/usr/include/php/ext/pdo HTTP/1.1" 200 4957 "-" "Mozilla/5.0 AppleWebKit/537.36 (KHTML, like Gecko; compatible; GPTBot/1.3; +https://openai.com/gptbot)"
114.119.145.183 - - [17/Dec/2025:15:40:37 +0000] "GET /91c668/?filesrc=//usr/include/idn-free.h&path=//usr/include HTTP/1.1" 200 4574 "https://www.royalcity.com.pk/91c668/?path=//usr/include" "Mozilla/5.0 (Linux; Android 7.0;) AppleWebKit/537.36 (KHTML, like Gecko) Mobile Safari/537.36 (compatible; PetalBot;+https://webmaster.petalsearch.com/site/petalbot)"
57.141.0.12 - - [17/Dec/2025:15:40:39 +0000] "GET /sitemap.html HTTP/1.1" 404 16 "-" "meta-externalagent/1.1 (+https://developers.facebook.com/docs/sharing/webmasters/crawler)"
74.7.227.45 - - [17/Dec/2025:15:40:40 +0000] "GET /91c668/?path=//proc/thread-self/root/opt/cpguard/app/server/webuzo HTTP/1.1" 200 4892 "-" "Mozilla/5.0 AppleWebKit/537.36 (KHTML, like Gecko; compatible; GPTBot/1.3; +https://openai.com/gptbot)"
142.44.225.49 - - [17/Dec/2025:15:40:42 +0000] "GET /robots.txt HTTP/1.1" 200 384 "-" "Mozilla/5.0 (compatible; AhrefsBot/7.0; +http://ahrefs.com/robot/)"
74.7.241.47 - - [17/Dec/2025:15:40:42 +0000] "GET /91c668/?path=//opt/cpanel/ea-php72/root/usr/include/php/ext/pcre HTTP/1.1" 200 3337 "-" "Mozilla/5.0 AppleWebKit/537.36 (KHTML, like Gecko; compatible; GPTBot/1.3; +https://openai.com/gptbot)"
51.89.129.86 - - [17/Dec/2025:15:40:45 +0000] "GET /?sitemapindex.xml HTTP/1.1" 200 1507 "-" "Mozilla/5.0 (compatible; AhrefsBot/7.0; +http://ahrefs.com/robot/)"
74.7.227.45 - - [17/Dec/2025:15:40:51 +0000] "GET /91c668/?path=//usr/local/sitepad/lib/panels/directadmin/hooks HTTP/1.1" 200 7224 "-" "Mozilla/5.0 AppleWebKit/537.36 (KHTML, like Gecko; compatible; GPTBot/1.3; +https://openai.com/gptbot)"
74.7.241.47 - - [17/Dec/2025:15:40:53 +0000] "GET /91c668/?path=//opt/cpanel/ea-php73/root/usr/include/php/ext/pcre HTTP/1.1" 200 3337 "-" "Mozilla/5.0 AppleWebKit/537.36 (KHTML, like Gecko; compatible; GPTBot/1.3; +https://openai.com/gptbot)"
74.7.227.45 - - [17/Dec/2025:15:41:01 +0000] "GET /91c668/?filesrc=//proc/self/root/usr/local/sitepad/lib/panels/webuzo/enduser_locations_sitepad.conf&path=//proc/self/root/usr/local/sitepad/lib/panels/webuzo HTTP/1.1" 200 2636 "-" "Mozilla/5.0 AppleWebKit/537.36 (KHTML, like Gecko; compatible; GPTBot/1.3; +https://openai.com/gptbot)"
74.7.241.47 - - [17/Dec/2025:15:41:02 +0000] "GET /91c668/?filesrc=//opt/cpanel/ea-php72/root/usr/include/php/ext/iconv/php_php_iconv_h_path.h&path=//opt/cpanel/ea-php72/root/usr/include/php/ext/iconv HTTP/1.1" 200 2332 "-" "Mozilla/5.0 AppleWebKit/537.36 (KHTML, like Gecko; compatible; GPTBot/1.3; +https://openai.com/gptbot)"
74.7.227.45 - - [17/Dec/2025:15:41:11 +0000] "GET /91c668/?path=//proc/thread-self/root/opt/cpguard/app/vendor/phpmailer HTTP/1.1" 200 3210 "-" "Mozilla/5.0 AppleWebKit/537.36 (KHTML, like Gecko; compatible; GPTBot/1.3; +https://openai.com/gptbot)"
74.7.241.47 - - [17/Dec/2025:15:41:12 +0000] "GET /91c668/?path=//opt/cpanel/ea-php73/root/usr/include/php/ext/date HTTP/1.1" 200 4005 "-" "Mozilla/5.0 AppleWebKit/537.36 (KHTML, like Gecko; compatible; GPTBot/1.3; +https://openai.com/gptbot)"
74.7.227.45 - - [17/Dec/2025:15:41:22 +0000] "GET /91c668/?path=//proc/thread-self/root/usr/local/sitepad/includes/main HTTP/1.1" 200 19706 "-" "Mozilla/5.0 AppleWebKit/537.36 (KHTML, like Gecko; compatible; GPTBot/1.3; +https://openai.com/gptbot)"
74.7.241.47 - - [17/Dec/2025:15:41:23 +0000] "GET /91c668/?path=//opt/cpanel/ea-php73/root/usr/include/php/ext/spl HTTP/1.1" 200 11400 "-" "Mozilla/5.0 AppleWebKit/537.36 (KHTML, like Gecko; compatible; GPTBot/1.3; +https://openai.com/gptbot)"
74.7.227.45 - - [17/Dec/2025:15:41:33 +0000] "GET /91c668/?path=//proc/self/root/usr/include/sysprof-4 HTTP/1.1" 200 12538 "-" "Mozilla/5.0 AppleWebKit/537.36 (KHTML, like Gecko; compatible; GPTBot/1.3; +https://openai.com/gptbot)"
74.7.241.47 - - [17/Dec/2025:15:41:34 +0000] "GET /91c668/?path=//opt/cpanel/ea-php72/root/usr/include/php/ext/hash HTTP/1.1" 200 14005 "-" "Mozilla/5.0 AppleWebKit/537.36 (KHTML, like Gecko; compatible; GPTBot/1.3; +https://openai.com/gptbot)"
74.7.227.45 - - [17/Dec/2025:15:41:43 +0000] "GET /91c668/?path=//proc/thread-self/root/usr/local/sitepad/includes/panels/isp HTTP/1.1" 200 4298 "-" "Mozilla/5.0 AppleWebKit/537.36 (KHTML, like Gecko; compatible; GPTBot/1.3; +https://openai.com/gptbot)"
74.7.241.47 - - [17/Dec/2025:15:41:44 +0000] "GET /91c668/?path=//opt/cpanel/ea-php72/root/usr/include/php/ext/spl HTTP/1.1" 200 11400 "-" "Mozilla/5.0 AppleWebKit/537.36 (KHTML, like Gecko; compatible; GPTBot/1.3; +https://openai.com/gptbot)"
74.7.227.45 - - [17/Dec/2025:15:41:55 +0000] "GET /91c668/?path=//proc/thread-self/root/usr/local/sitepad/includes/panels/cpanel HTTP/1.1" 200 3456 "-" "Mozilla/5.0 AppleWebKit/537.36 (KHTML, like Gecko; compatible; GPTBot/1.3; +https://openai.com/gptbot)"
74.7.241.47 - - [17/Dec/2025:15:41:56 +0000] "GET /91c668/?path=//opt/cpanel/ea-php73/root/usr/include/php/ext/hash HTTP/1.1" 200 14004 "-" "Mozilla/5.0 AppleWebKit/537.36 (KHTML, like Gecko; compatible; GPTBot/1.3; +https://openai.com/gptbot)"
114.119.140.214 - - [17/Dec/2025:15:42:03 +0000] "GET /91c668/?filesrc=//usr/include/harfbuzz/hb-style.h&path=//usr/include/harfbuzz HTTP/1.1" 200 3285 "https://www.royalcity.com.pk/91c668/?path=//usr/include/harfbuzz" "Mozilla/5.0 (Linux; Android 7.0;) AppleWebKit/537.36 (KHTML, like Gecko) Mobile Safari/537.36 (compatible; PetalBot;+https://webmaster.petalsearch.com/site/petalbot)"
74.7.227.45 - - [17/Dec/2025:15:42:10 +0000] "GET /91c668/?filesrc=//proc/thread-self/root/opt/cpguard/app/vendor/twig/twig/src/Lexer.php&path=//proc/thread-self/root/opt/cpguard/app/vendor/twig/twig/src HTTP/1.1" 200 29083 "-" "Mozilla/5.0 AppleWebKit/537.36 (KHTML, like Gecko; compatible; GPTBot/1.3; +https://openai.com/gptbot)"
74.7.241.47 - - [17/Dec/2025:15:42:11 +0000] "GET /91c668/?path=//opt/cpanel/ea-php72/root/usr/include/php/ext/gd HTTP/1.1" 200 5565 "-" "Mozilla/5.0 AppleWebKit/537.36 (KHTML, like Gecko; compatible; GPTBot/1.3; +https://openai.com/gptbot)"
74.7.227.45 - - [17/Dec/2025:15:42:25 +0000] "GET /91c668/?path=//proc/self/root/usr/local/sitepad/includes52/main HTTP/1.1" 200 19224 "-" "Mozilla/5.0 AppleWebKit/537.36 (KHTML, like Gecko; compatible; GPTBot/1.3; +https://openai.com/gptbot)"
74.7.241.47 - - [17/Dec/2025:15:42:26 +0000] "GET /91c668/?path=//opt/cpanel/ea-php73/root/usr/include/php/ext/gd HTTP/1.1" 200 4779 "-" "Mozilla/5.0 AppleWebKit/537.36 (KHTML, like Gecko; compatible; GPTBot/1.3; +https://openai.com/gptbot)"
74.7.227.45 - - [17/Dec/2025:15:42:37 +0000] "GET /91c668/?path=//proc/thread-self/root/usr/lib64/icu/current HTTP/1.1" 200 3968 "-" "Mozilla/5.0 AppleWebKit/537.36 (KHTML, like Gecko; compatible; GPTBot/1.3; +https://openai.com/gptbot)"
74.7.241.47 - - [17/Dec/2025:15:42:38 +0000] "GET /91c668/?path=//opt/cpanel/ea-php73/root/usr/include/php/ext/dom HTTP/1.1" 200 3339 "-" "Mozilla/5.0 AppleWebKit/537.36 (KHTML, like Gecko; compatible; GPTBot/1.3; +https://openai.com/gptbot)"
74.7.227.45 - - [17/Dec/2025:15:42:47 +0000] "GET /91c668/?path=//proc/thread-self/root/opt/alt/python39/include HTTP/1.1" 200 3100 "-" "Mozilla/5.0 AppleWebKit/537.36 (KHTML, like Gecko; compatible; GPTBot/1.3; +https://openai.com/gptbot)"
74.7.241.47 - - [17/Dec/2025:15:42:47 +0000] "GET /91c668/?path=//opt/cpanel/ea-php73/root/usr/include/php/ext/gmp HTTP/1.1" 200 3343 "-" "Mozilla/5.0 AppleWebKit/537.36 (KHTML, like Gecko; compatible; GPTBot/1.3; +https://openai.com/gptbot)"
74.7.227.45 - - [17/Dec/2025:15:42:59 +0000] "GET /91c668/?path=//proc/self/root/lib/rpm/platform/alphapca56-linux HTTP/1.1" 200 3163 "-" "Mozilla/5.0 AppleWebKit/537.36 (KHTML, like Gecko; compatible; GPTBot/1.3; +https://openai.com/gptbot)"
74.7.241.47 - - [17/Dec/2025:15:43:00 +0000] "GET /91c668/?path=//opt/cpanel/ea-php72/root/usr/include/php/ext/dom HTTP/1.1" 200 3339 "-" "Mozilla/5.0 AppleWebKit/537.36 (KHTML, like Gecko; compatible; GPTBot/1.3; +https://openai.com/gptbot)"
74.7.227.45 - - [17/Dec/2025:15:43:13 +0000] "GET /91c668/?path=//proc/thread-self/root/opt/alt/python33/include HTTP/1.1" 200 3104 "-" "Mozilla/5.0 AppleWebKit/537.36 (KHTML, like Gecko; compatible; GPTBot/1.3; +https://openai.com/gptbot)"
74.7.241.47 - - [17/Dec/2025:15:43:14 +0000] "GET /91c668/?path=//opt/cpanel/ea-php72/root/usr/include/php/ext/date/lib HTTP/1.1" 200 4267 "-" "Mozilla/5.0 AppleWebKit/537.36 (KHTML, like Gecko; compatible; GPTBot/1.3; +https://openai.com/gptbot)"
114.119.150.227 - - [17/Dec/2025:15:43:23 +0000] "GET /91c668/?filesrc=//usr/include/harfbuzz/hb-set.h&path=//usr/include/harfbuzz HTTP/1.1" 200 6300 "https://www.royalcity.com.pk/91c668/?path=//usr/include/harfbuzz" "Mozilla/5.0 (Linux; Android 7.0;) AppleWebKit/537.36 (KHTML, like Gecko) Mobile Safari/537.36 (compatible; PetalBot;+https://webmaster.petalsearch.com/site/petalbot)"
74.7.227.45 - - [17/Dec/2025:15:43:26 +0000] "GET /91c668/?path=//proc/thread-self/root/usr/local/sitepad/includes71 HTTP/1.1" 200 11563 "-" "Mozilla/5.0 AppleWebKit/537.36 (KHTML, like Gecko; compatible; GPTBot/1.3; +https://openai.com/gptbot)"
74.7.241.47 - - [17/Dec/2025:15:43:26 +0000] "GET /91c668/?path=//opt/cpanel/ea-php73/root/usr/include/php/ext/date/lib HTTP/1.1" 200 4267 "-" "Mozilla/5.0 AppleWebKit/537.36 (KHTML, like Gecko; compatible; GPTBot/1.3; +https://openai.com/gptbot)"
74.7.227.45 - - [17/Dec/2025:15:43:33 +0000] "GET /91c668/?path=//proc/thread-self/root/opt/alt/libicu71/usr/bin HTTP/1.1" 200 4837 "-" "Mozilla/5.0 AppleWebKit/537.36 (KHTML, like Gecko; compatible; GPTBot/1.3; +https://openai.com/gptbot)"
74.7.241.47 - - [17/Dec/2025:15:43:34 +0000] "GET /91c668/?path=//opt/cpanel/ea-php73/root/usr/include/php/ext/libxml HTTP/1.1" 200 3357 "-" "Mozilla/5.0 AppleWebKit/537.36 (KHTML, like Gecko; compatible; GPTBot/1.3; +https://openai.com/gptbot)"
74.7.227.45 - - [17/Dec/2025:15:43:46 +0000] "GET /91c668/?path=//proc/self/root/usr/lib/rpm/platform/sparc64-linux HTTP/1.1" 200 3221 "-" "Mozilla/5.0 AppleWebKit/537.36 (KHTML, like Gecko; compatible; GPTBot/1.3; +https://openai.com/gptbot)"
74.7.241.47 - - [17/Dec/2025:15:43:46 +0000] "GET /91c668/?path=//opt/cpanel/ea-php72/root/usr/include/php/ext/libxml HTTP/1.1" 200 3356 "-" "Mozilla/5.0 AppleWebKit/537.36 (KHTML, like Gecko; compatible; GPTBot/1.3; +https://openai.com/gptbot)"
74.7.227.45 - - [17/Dec/2025:15:43:56 +0000] "GET /91c668/?path=//proc/thread-self/root/usr/lib64/nss/unsupported-tools HTTP/1.1" 200 18486 "-" "Mozilla/5.0 AppleWebKit/537.36 (KHTML, like Gecko; compatible; GPTBot/1.3; +https://openai.com/gptbot)"
