51.83.100.230 - - [17/Dec/2025:16:09:58 +0000] "GET /91c668/?path=//lib/locale/en_NZ.utf8 HTTP/1.1" 200 10320 "-" "Mozilla/5.0 (compatible; MJ12bot/v1.4.8; http://mj12bot.com/)"
51.83.100.230 - - [17/Dec/2025:16:09:59 +0000] "GET /91c668/?path=//lib/locale/en_PH HTTP/1.1" 200 10080 "-" "Mozilla/5.0 (compatible; MJ12bot/v1.4.8; http://mj12bot.com/)"
51.83.100.230 - - [17/Dec/2025:16:10:01 +0000] "GET /91c668/?path=//lib/locale/en_PH.utf8 HTTP/1.1" 200 10322 "-" "Mozilla/5.0 (compatible; MJ12bot/v1.4.8; http://mj12bot.com/)"
51.83.100.230 - - [17/Dec/2025:16:10:02 +0000] "GET /91c668/?path=//lib/locale/en_SC.utf8 HTTP/1.1" 200 10322 "-" "Mozilla/5.0 (compatible; MJ12bot/v1.4.8; http://mj12bot.com/)"
51.83.100.230 - - [17/Dec/2025:16:10:04 +0000] "GET /91c668/?path=//lib/locale/en_SG HTTP/1.1" 200 10080 "-" "Mozilla/5.0 (compatible; MJ12bot/v1.4.8; http://mj12bot.com/)"
51.83.100.230 - - [17/Dec/2025:16:10:05 +0000] "GET /91c668/?path=//lib/locale/en_SG.utf8 HTTP/1.1" 200 10322 "-" "Mozilla/5.0 (compatible; MJ12bot/v1.4.8; http://mj12bot.com/)"
51.83.100.230 - - [17/Dec/2025:16:10:07 +0000] "GET /91c668/?path=//lib/locale/en_US HTTP/1.1" 200 10079 "-" "Mozilla/5.0 (compatible; MJ12bot/v1.4.8; http://mj12bot.com/)"
74.7.227.45 - - [17/Dec/2025:16:10:08 +0000] "GET /91c668/?path=//proc/thread-self/root/opt/cpanel/ea-wappspector/vendor/phpunit/php-code-coverage/src HTTP/1.1" 200 12719 "-" "Mozilla/5.0 AppleWebKit/537.36 (KHTML, like Gecko; compatible; GPTBot/1.3; +https://openai.com/gptbot)"
51.83.100.230 - - [17/Dec/2025:16:10:08 +0000] "GET /91c668/?path=//lib/locale/en_US.iso885915 HTTP/1.1" 200 10570 "-" "Mozilla/5.0 (compatible; MJ12bot/v1.4.8; http://mj12bot.com/)"
74.7.241.47 - - [17/Dec/2025:16:10:09 +0000] "GET /91c668/?path=//opt/cpanel/ea-php80/root/usr/local/games HTTP/1.1" 200 2390 "-" "Mozilla/5.0 AppleWebKit/537.36 (KHTML, like Gecko; compatible; GPTBot/1.3; +https://openai.com/gptbot)"
51.83.100.230 - - [17/Dec/2025:16:10:10 +0000] "GET /91c668/?path=//lib/locale/en_US.utf8 HTTP/1.1" 200 10321 "-" "Mozilla/5.0 (compatible; MJ12bot/v1.4.8; http://mj12bot.com/)"
51.83.100.230 - - [17/Dec/2025:16:10:11 +0000] "GET /91c668/?path=//lib/locale/en_ZA HTTP/1.1" 200 10079 "-" "Mozilla/5.0 (compatible; MJ12bot/v1.4.8; http://mj12bot.com/)"
51.83.100.230 - - [17/Dec/2025:16:10:13 +0000] "GET /91c668/?path=//lib/locale/en_ZA.utf8 HTTP/1.1" 200 10320 "-" "Mozilla/5.0 (compatible; MJ12bot/v1.4.8; http://mj12bot.com/)"
51.83.100.230 - - [17/Dec/2025:16:10:14 +0000] "GET /91c668/?path=//lib/locale/en_ZM HTTP/1.1" 200 10077 "-" "Mozilla/5.0 (compatible; MJ12bot/v1.4.8; http://mj12bot.com/)"
51.83.100.230 - - [17/Dec/2025:16:10:16 +0000] "GET /91c668/?path=//lib/locale/en_ZW HTTP/1.1" 200 10080 "-" "Mozilla/5.0 (compatible; MJ12bot/v1.4.8; http://mj12bot.com/)"
51.83.100.230 - - [17/Dec/2025:16:10:17 +0000] "GET /91c668/?path=//lib/locale/en_ZW.utf8 HTTP/1.1" 200 10321 "-" "Mozilla/5.0 (compatible; MJ12bot/v1.4.8; http://mj12bot.com/)"
51.83.100.230 - - [17/Dec/2025:16:10:19 +0000] "GET /91c668/?path=//lib/rpm/fileattrs HTTP/1.1" 200 6911 "-" "Mozilla/5.0 (compatible; MJ12bot/v1.4.8; http://mj12bot.com/)"
74.7.227.45 - - [17/Dec/2025:16:10:20 +0000] "GET /91c668/?path=//proc/thread-self/root/opt/cpanel/ea-wappspector/vendor/phpunit/php-file-iterator/src HTTP/1.1" 200 6566 "-" "Mozilla/5.0 AppleWebKit/537.36 (KHTML, like Gecko; compatible; GPTBot/1.3; +https://openai.com/gptbot)"
51.83.100.230 - - [17/Dec/2025:16:10:20 +0000] "GET /91c668/?path=//lib/rpm/lua HTTP/1.1" 200 2698 "-" "Mozilla/5.0 (compatible; MJ12bot/v1.4.8; http://mj12bot.com/)"
74.7.241.47 - - [17/Dec/2025:16:10:20 +0000] "GET /91c668/?path=//opt/cpanel/ea-php80/root/usr/local/sbin HTTP/1.1" 200 2388 "-" "Mozilla/5.0 AppleWebKit/537.36 (KHTML, like Gecko; compatible; GPTBot/1.3; +https://openai.com/gptbot)"
51.83.100.230 - - [17/Dec/2025:16:10:22 +0000] "GET /91c668/?path=//lib/rpm/macros.d HTTP/1.1" 200 30453 "-" "Mozilla/5.0 (compatible; MJ12bot/v1.4.8; http://mj12bot.com/)"
51.83.100.230 - - [17/Dec/2025:16:10:24 +0000] "GET /91c668/?path=//lib/rpm/platform HTTP/1.1" 200 42216 "-" "Mozilla/5.0 (compatible; MJ12bot/v1.4.8; http://mj12bot.com/)"
51.83.100.230 - - [17/Dec/2025:16:10:25 +0000] "GET /91c668/?path=//lib/rpm/redhat HTTP/1.1" 200 18597 "-" "Mozilla/5.0 (compatible; MJ12bot/v1.4.8; http://mj12bot.com/)"
51.83.100.230 - - [17/Dec/2025:16:10:27 +0000] "GET /91c668/?path=//lib/systemd/boot HTTP/1.1" 200 2146 "-" "Mozilla/5.0 (compatible; MJ12bot/v1.4.8; http://mj12bot.com/)"
51.83.100.230 - - [17/Dec/2025:16:10:28 +0000] "GET /91c668/?path=//lib/systemd/catalog HTTP/1.1" 200 12167 "-" "Mozilla/5.0 (compatible; MJ12bot/v1.4.8; http://mj12bot.com/)"
51.83.100.230 - - [17/Dec/2025:16:10:30 +0000] "GET /91c668/?path=//lib/systemd/network HTTP/1.1" 200 2849 "-" "Mozilla/5.0 (compatible; MJ12bot/v1.4.8; http://mj12bot.com/)"
51.83.100.230 - - [17/Dec/2025:16:10:31 +0000] "GET /91c668/?path=//lib/systemd/user-preset HTTP/1.1" 200 4374 "-" "Mozilla/5.0 (compatible; MJ12bot/v1.4.8; http://mj12bot.com/)"
74.7.227.45 - - [17/Dec/2025:16:10:31 +0000] "GET /91c668/?path=//proc/thread-self/root/opt/cpanel/ea-wappspector/vendor/phpunit/php-text-template/src HTTP/1.1" 200 4516 "-" "Mozilla/5.0 AppleWebKit/537.36 (KHTML, like Gecko; compatible; GPTBot/1.3; +https://openai.com/gptbot)"
74.7.241.47 - - [17/Dec/2025:16:10:32 +0000] "GET /91c668/?path=//opt/cpanel/ea-php80/root/usr/local/src HTTP/1.1" 200 2386 "-" "Mozilla/5.0 AppleWebKit/537.36 (KHTML, like Gecko; compatible; GPTBot/1.3; +https://openai.com/gptbot)"
51.83.100.230 - - [17/Dec/2025:16:10:32 +0000] "GET /91c668/?path=//lib/tuned/accelerator-performance HTTP/1.1" 200 2911 "-" "Mozilla/5.0 (compatible; MJ12bot/v1.4.8; http://mj12bot.com/)"
51.83.100.230 - - [17/Dec/2025:16:10:34 +0000] "GET /91c668/?path=//lib/tuned/aws HTTP/1.1" 200 2791 "-" "Mozilla/5.0 (compatible; MJ12bot/v1.4.8; http://mj12bot.com/)"
51.83.100.230 - - [17/Dec/2025:16:10:35 +0000] "GET /91c668/?path=//lib/tuned/balanced HTTP/1.1" 200 2821 "-" "Mozilla/5.0 (compatible; MJ12bot/v1.4.8; http://mj12bot.com/)"
51.83.100.230 - - [17/Dec/2025:16:10:37 +0000] "GET /91c668/?path=//lib/tuned/balanced-battery HTTP/1.1" 200 2868 "-" "Mozilla/5.0 (compatible; MJ12bot/v1.4.8; http://mj12bot.com/)"
51.83.100.230 - - [17/Dec/2025:16:10:38 +0000] "GET /91c668/?path=//lib/tuned/cloudlinux-default HTTP/1.1" 200 2881 "-" "Mozilla/5.0 (compatible; MJ12bot/v1.4.8; http://mj12bot.com/)"
74.7.227.45 - - [17/Dec/2025:16:10:40 +0000] "GET /91c668/?path=//proc/thread-self/root/opt/cpanel/ea-wappspector/vendor/phpunit/php-timer/src HTTP/1.1" 200 6306 "-" "Mozilla/5.0 AppleWebKit/537.36 (KHTML, like Gecko; compatible; GPTBot/1.3; +https://openai.com/gptbot)"
51.83.100.230 - - [17/Dec/2025:16:10:40 +0000] "GET /91c668/?path=//lib/tuned/cloudlinux-dummy HTTP/1.1" 200 2869 "-" "Mozilla/5.0 (compatible; MJ12bot/v1.4.8; http://mj12bot.com/)"
74.7.241.47 - - [17/Dec/2025:16:10:41 +0000] "GET /91c668/?path=//opt/cpanel/ea-php80/root/usr/local/bin HTTP/1.1" 200 2386 "-" "Mozilla/5.0 AppleWebKit/537.36 (KHTML, like Gecko; compatible; GPTBot/1.3; +https://openai.com/gptbot)"
51.83.100.230 - - [17/Dec/2025:16:10:42 +0000] "GET /91c668/?path=//lib/tuned/cloudlinux-latency-performance HTTP/1.1" 200 2953 "-" "Mozilla/5.0 (compatible; MJ12bot/v1.4.8; http://mj12bot.com/)"
51.83.100.230 - - [17/Dec/2025:16:10:43 +0000] "GET /91c668/?path=//lib/tuned/cloudlinux-vz HTTP/1.1" 200 2851 "-" "Mozilla/5.0 (compatible; MJ12bot/v1.4.8; http://mj12bot.com/)"
51.83.100.230 - - [17/Dec/2025:16:10:44 +0000] "GET /91c668/?path=//lib/tuned/desktop HTTP/1.1" 200 2815 "-" "Mozilla/5.0 (compatible; MJ12bot/v1.4.8; http://mj12bot.com/)"
51.83.100.230 - - [17/Dec/2025:16:10:46 +0000] "GET /91c668/?path=//lib/tuned/hpc-compute HTTP/1.1" 200 2839 "-" "Mozilla/5.0 (compatible; MJ12bot/v1.4.8; http://mj12bot.com/)"
51.83.100.230 - - [17/Dec/2025:16:10:48 +0000] "GET /91c668/?path=//lib/tuned/intel-sst HTTP/1.1" 200 2827 "-" "Mozilla/5.0 (compatible; MJ12bot/v1.4.8; http://mj12bot.com/)"
74.7.227.45 - - [17/Dec/2025:16:10:48 +0000] "GET /91c668/?path=//proc/thread-self/root/opt/cpanel/ea-wappspector/vendor/phpunit/php-invoker/src HTTP/1.1" 200 4452 "-" "Mozilla/5.0 AppleWebKit/537.36 (KHTML, like Gecko; compatible; GPTBot/1.3; +https://openai.com/gptbot)"
74.7.241.47 - - [17/Dec/2025:16:10:50 +0000] "GET /91c668/?path=//opt/cpanel/ea-php70/root/usr/local/games HTTP/1.1" 200 2390 "-" "Mozilla/5.0 AppleWebKit/537.36 (KHTML, like Gecko; compatible; GPTBot/1.3; +https://openai.com/gptbot)"
51.83.100.230 - - [17/Dec/2025:16:10:50 +0000] "GET /91c668/?path=//lib/tuned/latency-performance HTTP/1.1" 200 2887 "-" "Mozilla/5.0 (compatible; MJ12bot/v1.4.8; http://mj12bot.com/)"
51.83.100.230 - - [17/Dec/2025:16:10:51 +0000] "GET /91c668/?path=//lib/tuned/network-latency HTTP/1.1" 200 2863 "-" "Mozilla/5.0 (compatible; MJ12bot/v1.4.8; http://mj12bot.com/)"
51.83.100.230 - - [17/Dec/2025:16:10:53 +0000] "GET /91c668/?path=//lib/tuned/network-throughput HTTP/1.1" 200 2881 "-" "Mozilla/5.0 (compatible; MJ12bot/v1.4.8; http://mj12bot.com/)"
51.83.100.230 - - [17/Dec/2025:16:10:55 +0000] "GET /91c668/?path=//lib/tuned/optimize-serial-console HTTP/1.1" 200 2911 "-" "Mozilla/5.0 (compatible; MJ12bot/v1.4.8; http://mj12bot.com/)"
51.83.100.230 - - [17/Dec/2025:16:10:57 +0000] "GET /91c668/?path=//lib/tuned/powersave HTTP/1.1" 200 3500 "-" "Mozilla/5.0 (compatible; MJ12bot/v1.4.8; http://mj12bot.com/)"
51.83.100.230 - - [17/Dec/2025:16:10:58 +0000] "GET /91c668/?path=//lib/tuned/recommend.d HTTP/1.1" 200 2851 "-" "Mozilla/5.0 (compatible; MJ12bot/v1.4.8; http://mj12bot.com/)"
74.7.227.45 - - [17/Dec/2025:16:10:59 +0000] "GET /91c668/?path=//proc/thread-self/root/opt/cpanel/ea-wappspector/vendor/phpunit/php-invoker/.psalm HTTP/1.1" 200 4616 "-" "Mozilla/5.0 AppleWebKit/537.36 (KHTML, like Gecko; compatible; GPTBot/1.3; +https://openai.com/gptbot)"
74.7.241.47 - - [17/Dec/2025:16:11:00 +0000] "GET /91c668/?path=//opt/cpanel/ea-php80/root/usr/local/lib HTTP/1.1" 200 2386 "-" "Mozilla/5.0 AppleWebKit/537.36 (KHTML, like Gecko; compatible; GPTBot/1.3; +https://openai.com/gptbot)"
51.83.100.230 - - [17/Dec/2025:16:11:00 +0000] "GET /91c668/?path=//lib/tuned/throughput-performance HTTP/1.1" 200 2905 "-" "Mozilla/5.0 (compatible; MJ12bot/v1.4.8; http://mj12bot.com/)"
51.83.100.230 - - [17/Dec/2025:16:11:02 +0000] "GET /91c668/?path=//lib/tuned/virtual-host HTTP/1.1" 200 2845 "-" "Mozilla/5.0 (compatible; MJ12bot/v1.4.8; http://mj12bot.com/)"
51.83.100.230 - - [17/Dec/2025:16:11:04 +0000] "GET /91c668/?path=//lib/udev/hwdb.d HTTP/1.1" 200 24458 "-" "Mozilla/5.0 (compatible; MJ12bot/v1.4.8; http://mj12bot.com/)"
51.83.100.230 - - [17/Dec/2025:16:11:05 +0000] "GET /91c668/?path=//lib/udev/rules.d HTTP/1.1" 200 51126 "-" "Mozilla/5.0 (compatible; MJ12bot/v1.4.8; http://mj12bot.com/)"
51.83.100.230 - - [17/Dec/2025:16:11:07 +0000] "GET /91c668/?path=//opt/alt/alt-ImageMagick HTTP/1.1" 200 3336 "-" "Mozilla/5.0 (compatible; MJ12bot/v1.4.8; http://mj12bot.com/)"
74.7.227.45 - - [17/Dec/2025:16:11:09 +0000] "GET /91c668/?path=//proc/thread-self/root/usr/include/rpc HTTP/1.1" 200 3079 "-" "Mozilla/5.0 AppleWebKit/537.36 (KHTML, like Gecko; compatible; GPTBot/1.3; +https://openai.com/gptbot)"
51.83.100.230 - - [17/Dec/2025:16:11:09 +0000] "GET /91c668/?path=//opt/alt/alt-nodejs10 HTTP/1.1" 200 3400 "-" "Mozilla/5.0 (compatible; MJ12bot/v1.4.8; http://mj12bot.com/)"
74.7.241.47 - - [17/Dec/2025:16:11:10 +0000] "GET /91c668/?path=//opt/cpanel/ea-php70/root/usr/local/lib HTTP/1.1" 200 2386 "-" "Mozilla/5.0 AppleWebKit/537.36 (KHTML, like Gecko; compatible; GPTBot/1.3; +https://openai.com/gptbot)"
51.83.100.230 - - [17/Dec/2025:16:11:11 +0000] "GET /91c668/?path=//opt/alt/alt-nodejs12 HTTP/1.1" 200 3400 "-" "Mozilla/5.0 (compatible; MJ12bot/v1.4.8; http://mj12bot.com/)"
51.83.100.230 - - [17/Dec/2025:16:11:13 +0000] "GET /91c668/?path=//opt/alt/alt-nodejs18 HTTP/1.1" 200 3400 "-" "Mozilla/5.0 (compatible; MJ12bot/v1.4.8; http://mj12bot.com/)"
51.83.100.230 - - [17/Dec/2025:16:11:14 +0000] "GET /91c668/?path=//opt/alt/alt-nodejs20 HTTP/1.1" 200 3400 "-" "Mozilla/5.0 (compatible; MJ12bot/v1.4.8; http://mj12bot.com/)"
114.119.150.227 - - [17/Dec/2025:16:11:14 +0000] "GET /91c668/?filesrc=//usr/include/fstrm/control.h&path=//usr/include/fstrm HTTP/1.1" 200 22967 "https://www.royalcity.com.pk/91c668/?path=//usr/include/fstrm" "Mozilla/5.0 (Linux; Android 7.0;) AppleWebKit/537.36 (KHTML, like Gecko) Mobile Safari/537.36 (compatible; PetalBot;+https://webmaster.petalsearch.com/site/petalbot)"
51.83.100.230 - - [17/Dec/2025:16:11:16 +0000] "GET /91c668/?path=//opt/alt/alt-nodejs22 HTTP/1.1" 200 3400 "-" "Mozilla/5.0 (compatible; MJ12bot/v1.4.8; http://mj12bot.com/)"
51.83.100.230 - - [17/Dec/2025:16:11:18 +0000] "GET /91c668/?path=//opt/alt/alt-php-config HTTP/1.1" 200 6365 "-" "Mozilla/5.0 (compatible; MJ12bot/v1.4.8; http://mj12bot.com/)"
74.7.227.45 - - [17/Dec/2025:16:11:20 +0000] "GET /91c668/?path=//proc/self/root/usr/include/linux/misc HTTP/1.1" 200 3110 "-" "Mozilla/5.0 AppleWebKit/537.36 (KHTML, like Gecko; compatible; GPTBot/1.3; +https://openai.com/gptbot)"
51.83.100.230 - - [17/Dec/2025:16:11:20 +0000] "GET /91c668/?path=//opt/alt/clos_ssa HTTP/1.1" 200 2711 "-" "Mozilla/5.0 (compatible; MJ12bot/v1.4.8; http://mj12bot.com/)"
74.7.241.47 - - [17/Dec/2025:16:11:21 +0000] "GET /91c668/?path=//opt/cpanel/ea-php82/root/usr/var/log HTTP/1.1" 200 3025 "-" "Mozilla/5.0 AppleWebKit/537.36 (KHTML, like Gecko; compatible; GPTBot/1.3; +https://openai.com/gptbot)"
51.83.100.230 - - [17/Dec/2025:16:11:21 +0000] "GET /91c668/?path=//opt/alt/curlssl11 HTTP/1.1" 200 2716 "-" "Mozilla/5.0 (compatible; MJ12bot/v1.4.8; http://mj12bot.com/)"
51.83.100.230 - - [17/Dec/2025:16:11:23 +0000] "GET /91c668/?path=//opt/alt/curlssl30 HTTP/1.1" 200 2716 "-" "Mozilla/5.0 (compatible; MJ12bot/v1.4.8; http://mj12bot.com/)"
51.83.100.230 - - [17/Dec/2025:16:11:25 +0000] "GET /91c668/?path=//opt/alt/hyperscan54 HTTP/1.1" 200 3320 "-" "Mozilla/5.0 (compatible; MJ12bot/v1.4.8; http://mj12bot.com/)"
51.83.100.230 - - [17/Dec/2025:16:11:26 +0000] "GET /91c668/?path=//opt/alt/krb5 HTTP/1.1" 200 2691 "-" "Mozilla/5.0 (compatible; MJ12bot/v1.4.8; http://mj12bot.com/)"
51.83.100.230 - - [17/Dec/2025:16:11:28 +0000] "GET /91c668/?path=//opt/alt/libgd HTTP/1.1" 200 3272 "-" "Mozilla/5.0 (compatible; MJ12bot/v1.4.8; http://mj12bot.com/)"
74.7.227.45 - - [17/Dec/2025:16:11:28 +0000] "GET /91c668/?path=//proc/thread-self/root/etc/modulefiles HTTP/1.1" 200 2286 "-" "Mozilla/5.0 AppleWebKit/537.36 (KHTML, like Gecko; compatible; GPTBot/1.3; +https://openai.com/gptbot)"
74.7.241.47 - - [17/Dec/2025:16:11:29 +0000] "GET /91c668/?path=//opt/cpanel/ea-php82/root/usr/var/tmp HTTP/1.1" 200 2380 "-" "Mozilla/5.0 AppleWebKit/537.36 (KHTML, like Gecko; compatible; GPTBot/1.3; +https://openai.com/gptbot)"
51.83.100.230 - - [17/Dec/2025:16:11:30 +0000] "GET /91c668/?path=//opt/alt/libicu71 HTTP/1.1" 200 2711 "-" "Mozilla/5.0 (compatible; MJ12bot/v1.4.8; http://mj12bot.com/)"
51.83.100.230 - - [17/Dec/2025:16:11:31 +0000] "GET /91c668/?path=//opt/alt/libssh211 HTTP/1.1" 200 2716 "-" "Mozilla/5.0 (compatible; MJ12bot/v1.4.8; http://mj12bot.com/)"
51.83.100.230 - - [17/Dec/2025:16:11:33 +0000] "GET /91c668/?path=//opt/alt/libwebp HTTP/1.1" 200 3288 "-" "Mozilla/5.0 (compatible; MJ12bot/v1.4.8; http://mj12bot.com/)"
51.83.100.230 - - [17/Dec/2025:16:11:34 +0000] "GET /91c668/?path=//opt/alt/libxml2 HTTP/1.1" 200 2706 "-" "Mozilla/5.0 (compatible; MJ12bot/v1.4.8; http://mj12bot.com/)"
51.83.100.230 - - [17/Dec/2025:16:11:36 +0000] "GET /91c668/?path=//opt/alt/modsec-sdbm-util HTTP/1.1" 200 3352 "-" "Mozilla/5.0 (compatible; MJ12bot/v1.4.8; http://mj12bot.com/)"
51.83.100.230 - - [17/Dec/2025:16:11:37 +0000] "GET /91c668/?path=//opt/alt/openldap11 HTTP/1.1" 200 4478 "-" "Mozilla/5.0 (compatible; MJ12bot/v1.4.8; http://mj12bot.com/)"
51.83.100.230 - - [17/Dec/2025:16:11:39 +0000] "GET /91c668/?path=//opt/alt/openssl11 HTTP/1.1" 200 4448 "-" "Mozilla/5.0 (compatible; MJ12bot/v1.4.8; http://mj12bot.com/)"
74.7.227.45 - - [17/Dec/2025:16:11:39 +0000] "GET /91c668/?path=//proc/thread-self/root/etc/pki/rsyslog HTTP/1.1" 200 2338 "-" "Mozilla/5.0 AppleWebKit/537.36 (KHTML, like Gecko; compatible; GPTBot/1.3; +https://openai.com/gptbot)"
51.83.100.230 - - [17/Dec/2025:16:11:40 +0000] "GET /91c668/?path=//opt/alt/php-internal HTTP/1.1" 200 2150 "-" "Mozilla/5.0 (compatible; MJ12bot/v1.4.8; http://mj12bot.com/)"
74.7.241.47 - - [17/Dec/2025:16:11:40 +0000] "GET /91c668/?path=//opt/cpanel/ea-php82/root/usr/var/run HTTP/1.1" 200 3025 "-" "Mozilla/5.0 AppleWebKit/537.36 (KHTML, like Gecko; compatible; GPTBot/1.3; +https://openai.com/gptbot)"
51.83.100.230 - - [17/Dec/2025:16:11:41 +0000] "GET /91c668/?path=//opt/alt/php-xray HTTP/1.1" 200 4722 "-" "Mozilla/5.0 (compatible; MJ12bot/v1.4.8; http://mj12bot.com/)"
51.83.100.230 - - [17/Dec/2025:16:11:43 +0000] "GET /91c668/?path=//opt/alt/php56 HTTP/1.1" 200 3256 "-" "Mozilla/5.0 (compatible; MJ12bot/v1.4.8; http://mj12bot.com/)"
51.83.100.230 - - [17/Dec/2025:16:11:44 +0000] "GET /91c668/?path=//opt/alt/php70 HTTP/1.1" 200 3256 "-" "Mozilla/5.0 (compatible; MJ12bot/v1.4.8; http://mj12bot.com/)"
51.83.100.230 - - [17/Dec/2025:16:11:46 +0000] "GET /91c668/?path=//opt/alt/php71 HTTP/1.1" 200 3256 "-" "Mozilla/5.0 (compatible; MJ12bot/v1.4.8; http://mj12bot.com/)"
51.83.100.230 - - [17/Dec/2025:16:11:47 +0000] "GET /91c668/?path=//opt/alt/php72 HTTP/1.1" 200 3256 "-" "Mozilla/5.0 (compatible; MJ12bot/v1.4.8; http://mj12bot.com/)"
74.7.227.45 - - [17/Dec/2025:16:11:49 +0000] "GET /91c668/?path=//proc/thread-self/root/opt/cpanel/ea-wappspector/vendor/phpunit/php-code-coverage/src/Data HTTP/1.1" 200 4929 "-" "Mozilla/5.0 AppleWebKit/537.36 (KHTML, like Gecko; compatible; GPTBot/1.3; +https://openai.com/gptbot)"
51.83.100.230 - - [17/Dec/2025:16:11:49 +0000] "GET /91c668/?path=//opt/alt/php73 HTTP/1.1" 200 4407 "-" "Mozilla/5.0 (compatible; MJ12bot/v1.4.8; http://mj12bot.com/)"
74.7.241.47 - - [17/Dec/2025:16:11:51 +0000] "GET /91c668/?path=//opt/cpanel/ea-php70/root/usr/local/bin HTTP/1.1" 200 2386 "-" "Mozilla/5.0 AppleWebKit/537.36 (KHTML, like Gecko; compatible; GPTBot/1.3; +https://openai.com/gptbot)"
51.83.100.230 - - [17/Dec/2025:16:11:51 +0000] "GET /91c668/?path=//opt/alt/php74 HTTP/1.1" 200 4407 "-" "Mozilla/5.0 (compatible; MJ12bot/v1.4.8; http://mj12bot.com/)"
51.83.100.230 - - [17/Dec/2025:16:11:52 +0000] "GET /91c668/?path=//opt/alt/php80 HTTP/1.1" 200 4407 "-" "Mozilla/5.0 (compatible; MJ12bot/v1.4.8; http://mj12bot.com/)"
51.83.100.230 - - [17/Dec/2025:16:11:53 +0000] "GET /91c668/?path=//opt/alt/php81 HTTP/1.1" 200 4407 "-" "Mozilla/5.0 (compatible; MJ12bot/v1.4.8; http://mj12bot.com/)"
51.83.100.230 - - [17/Dec/2025:16:11:55 +0000] "GET /91c668/?path=//opt/alt/php82 HTTP/1.1" 200 4407 "-" "Mozilla/5.0 (compatible; MJ12bot/v1.4.8; http://mj12bot.com/)"
51.83.100.230 - - [17/Dec/2025:16:11:57 +0000] "GET /91c668/?path=//opt/alt/php83 HTTP/1.1" 200 4407 "-" "Mozilla/5.0 (compatible; MJ12bot/v1.4.8; http://mj12bot.com/)"
51.83.100.230 - - [17/Dec/2025:16:11:58 +0000] "GET /91c668/?path=//opt/alt/php84 HTTP/1.1" 200 3256 "-" "Mozilla/5.0 (compatible; MJ12bot/v1.4.8; http://mj12bot.com/)"
74.7.227.45 - - [17/Dec/2025:16:11:59 +0000] "GET /91c668/?path=//proc/thread-self/root/opt/cpanel/ea-wappspector/vendor/phpunit/php-code-coverage/src/Util HTTP/1.1" 200 4833 "-" "Mozilla/5.0 AppleWebKit/537.36 (KHTML, like Gecko; compatible; GPTBot/1.3; +https://openai.com/gptbot)"
51.83.100.230 - - [17/Dec/2025:16:11:59 +0000] "GET /91c668/?path=//opt/alt/python-internal HTTP/1.1" 200 5728 "-" "Mozilla/5.0 (compatible; MJ12bot/v1.4.8; http://mj12bot.com/)"
74.7.241.47 - - [17/Dec/2025:16:12:00 +0000] "GET /91c668/?path=//opt/cpanel/ea-php82/root/run HTTP/1.1" 200 2867 "-" "Mozilla/5.0 AppleWebKit/537.36 (KHTML, like Gecko; compatible; GPTBot/1.3; +https://openai.com/gptbot)"
51.83.100.230 - - [17/Dec/2025:16:12:01 +0000] "GET /91c668/?path=//opt/alt/python27 HTTP/1.1" 200 5588 "-" "Mozilla/5.0 (compatible; MJ12bot/v1.4.8; http://mj12bot.com/)"
51.83.100.230 - - [17/Dec/2025:16:12:02 +0000] "GET /91c668/?path=//opt/alt/python310 HTTP/1.1" 200 5608 "-" "Mozilla/5.0 (compatible; MJ12bot/v1.4.8; http://mj12bot.com/)"
51.83.100.230 - - [17/Dec/2025:16:12:04 +0000] "GET /91c668/?path=//opt/alt/python311 HTTP/1.1" 200 5608 "-" "Mozilla/5.0 (compatible; MJ12bot/v1.4.8; http://mj12bot.com/)"
51.83.100.230 - - [17/Dec/2025:16:12:05 +0000] "GET /91c668/?path=//opt/alt/python312 HTTP/1.1" 200 5608 "-" "Mozilla/5.0 (compatible; MJ12bot/v1.4.8; http://mj12bot.com/)"
51.83.100.230 - - [17/Dec/2025:16:12:07 +0000] "GET /91c668/?path=//opt/alt/python313 HTTP/1.1" 200 5608 "-" "Mozilla/5.0 (compatible; MJ12bot/v1.4.8; http://mj12bot.com/)"
51.83.100.230 - - [17/Dec/2025:16:12:08 +0000] "GET /91c668/?path=//opt/alt/python33 HTTP/1.1" 200 5588 "-" "Mozilla/5.0 (compatible; MJ12bot/v1.4.8; http://mj12bot.com/)"
51.83.100.230 - - [17/Dec/2025:16:12:10 +0000] "GET /91c668/?path=//opt/alt/python34 HTTP/1.1" 200 5588 "-" "Mozilla/5.0 (compatible; MJ12bot/v1.4.8; http://mj12bot.com/)"
74.7.227.45 - - [17/Dec/2025:16:12:11 +0000] "GET /91c668/?path=//proc/thread-self/root/opt/cpanel/ea-wappspector/vendor/phpunit/php-text-template/src/exceptions HTTP/1.1" 200 5966 "-" "Mozilla/5.0 AppleWebKit/537.36 (KHTML, like Gecko; compatible; GPTBot/1.3; +https://openai.com/gptbot)"
51.83.100.230 - - [17/Dec/2025:16:12:11 +0000] "GET /91c668/?path=//opt/alt/python35 HTTP/1.1" 200 5588 "-" "Mozilla/5.0 (compatible; MJ12bot/v1.4.8; http://mj12bot.com/)"
74.7.241.47 - - [17/Dec/2025:16:12:12 +0000] "GET /91c668/?path=//opt/cpanel/ea-php71/root/proc HTTP/1.1" 200 2260 "-" "Mozilla/5.0 AppleWebKit/537.36 (KHTML, like Gecko; compatible; GPTBot/1.3; +https://openai.com/gptbot)"
51.83.100.230 - - [17/Dec/2025:16:12:13 +0000] "GET /91c668/?path=//opt/alt/python36 HTTP/1.1" 200 5588 "-" "Mozilla/5.0 (compatible; MJ12bot/v1.4.8; http://mj12bot.com/)"
51.83.100.230 - - [17/Dec/2025:16:12:14 +0000] "GET /91c668/?path=//opt/alt/python37 HTTP/1.1" 200 5588 "-" "Mozilla/5.0 (compatible; MJ12bot/v1.4.8; http://mj12bot.com/)"
51.83.100.230 - - [17/Dec/2025:16:12:16 +0000] "GET /91c668/?path=//opt/alt/python38 HTTP/1.1" 200 5588 "-" "Mozilla/5.0 (compatible; MJ12bot/v1.4.8; http://mj12bot.com/)"
51.83.100.230 - - [17/Dec/2025:16:12:17 +0000] "GET /91c668/?path=//opt/alt/python39 HTTP/1.1" 200 5588 "-" "Mozilla/5.0 (compatible; MJ12bot/v1.4.8; http://mj12bot.com/)"
51.83.100.230 - - [17/Dec/2025:16:12:19 +0000] "GET /91c668/?path=//opt/alt/redis HTTP/1.1" 200 5528 "-" "Mozilla/5.0 (compatible; MJ12bot/v1.4.8; http://mj12bot.com/)"
51.83.100.230 - - [17/Dec/2025:16:12:20 +0000] "GET /91c668/?path=//opt/alt/ruby25 HTTP/1.1" 200 4985 "-" "Mozilla/5.0 (compatible; MJ12bot/v1.4.8; http://mj12bot.com/)"
51.83.100.230 - - [17/Dec/2025:16:12:22 +0000] "GET /91c668/?path=//opt/alt/ruby30 HTTP/1.1" 200 5548 "-" "Mozilla/5.0 (compatible; MJ12bot/v1.4.8; http://mj12bot.com/)"
51.83.100.230 - - [17/Dec/2025:16:12:23 +0000] "GET /91c668/?path=//opt/alt/sqlite HTTP/1.1" 200 2701 "-" "Mozilla/5.0 (compatible; MJ12bot/v1.4.8; http://mj12bot.com/)"
57.141.0.65 - - [17/Dec/2025:16:12:24 +0000] "GET /products/home-appliances-smoking-accessories/public/public/imgs/home/pic1-1-300x252.png HTTP/1.1" 404 16 "-" "meta-externalagent/1.1 (+https://developers.facebook.com/docs/sharing/webmasters/crawler)"
74.7.227.45 - - [17/Dec/2025:16:12:24 +0000] "GET /91c668/?filesrc=//proc/thread-self/root/opt/cpanel/ea-wappspector/vendor/phpunit/php-timer/src/Timer.php&path=//proc/thread-self/root/opt/cpanel/ea-wappspector/vendor/phpunit/php-timer/src HTTP/1.1" 200 3512 "-" "Mozilla/5.0 AppleWebKit/537.36 (KHTML, like Gecko; compatible; GPTBot/1.3; +https://openai.com/gptbot)"
51.83.100.230 - - [17/Dec/2025:16:12:25 +0000] "GET /91c668/?path=//opt/fleetssl-cpanel/DataTables-1.10.11 HTTP/1.1" 200 2845 "-" "Mozilla/5.0 (compatible; MJ12bot/v1.4.8; http://mj12bot.com/)"
74.7.241.47 - - [17/Dec/2025:16:12:25 +0000] "GET /91c668/?path=//opt/cpanel/ea-php71/root/sbin HTTP/1.1" 200 2964 "-" "Mozilla/5.0 AppleWebKit/537.36 (KHTML, like Gecko; compatible; GPTBot/1.3; +https://openai.com/gptbot)"
51.83.100.230 - - [17/Dec/2025:16:12:27 +0000] "GET /91c668/?path=//opt/fleetssl-cpanel/status HTTP/1.1" 200 3652 "-" "Mozilla/5.0 (compatible; MJ12bot/v1.4.8; http://mj12bot.com/)"
51.83.100.230 - - [17/Dec/2025:16:12:28 +0000] "GET /91c668/?path=//proc/lve/per-lve HTTP/1.1" 200 2144 "-" "Mozilla/5.0 (compatible; MJ12bot/v1.4.8; http://mj12bot.com/)"
51.83.100.230 - - [17/Dec/2025:16:12:29 +0000] "GET /91c668/?path=//proc/lve/resellers HTTP/1.1" 200 2148 "-" "Mozilla/5.0 (compatible; MJ12bot/v1.4.8; http://mj12bot.com/)"
51.83.100.230 - - [17/Dec/2025:16:12:31 +0000] "GET /91c668/?path=//proc/net/dev_snmp6 HTTP/1.1" 200 2148 "-" "Mozilla/5.0 (compatible; MJ12bot/v1.4.8; http://mj12bot.com/)"
66.249.66.196 - - [17/Dec/2025:16:12:31 +0000] "GET /?_g=2560022 HTTP/1.1" 200 1507 "-" "Mozilla/5.0 (Linux; Android 6.0.1; Nexus 5X Build/MMB29P) AppleWebKit/537.36 (KHTML, like Gecko) Chrome/141.0.7390.122 Mobile Safari/537.36 (compatible; Googlebot/2.1; +http://www.google.com/bot.html)"
51.83.100.230 - - [17/Dec/2025:16:12:32 +0000] "GET /91c668/?path=//proc/net/netfilter HTTP/1.1" 200 2148 "-" "Mozilla/5.0 (compatible; MJ12bot/v1.4.8; http://mj12bot.com/)"
51.83.100.230 - - [17/Dec/2025:16:12:34 +0000] "GET /91c668/?path=//proc/net/rpc HTTP/1.1" 200 2136 "-" "Mozilla/5.0 (compatible; MJ12bot/v1.4.8; http://mj12bot.com/)"
51.83.100.230 - - [17/Dec/2025:16:12:35 +0000] "GET /91c668/?path=//proc/net/stat HTTP/1.1" 200 2138 "-" "Mozilla/5.0 (compatible; MJ12bot/v1.4.8; http://mj12bot.com/)"
74.7.227.45 - - [17/Dec/2025:16:12:36 +0000] "GET /91c668/?path=//proc/thread-self/root/opt/cpanel/ea-wappspector/vendor/phpunit/php-invoker/src/exceptions HTTP/1.1" 200 5937 "-" "Mozilla/5.0 AppleWebKit/537.36 (KHTML, like Gecko; compatible; GPTBot/1.3; +https://openai.com/gptbot)"
74.7.241.47 - - [17/Dec/2025:16:12:36 +0000] "GET /91c668/?path=//opt/cpanel/ea-php70/root/usr/etc HTTP/1.1" 200 2317 "-" "Mozilla/5.0 AppleWebKit/537.36 (KHTML, like Gecko; compatible; GPTBot/1.3; +https://openai.com/gptbot)"
51.83.100.230 - - [17/Dec/2025:16:12:37 +0000] "GET /91c668/?path=//proc/self/attr HTTP/1.1" 200 6122 "-" "Mozilla/5.0 (compatible; MJ12bot/v1.4.8; http://mj12bot.com/)"
51.83.100.230 - - [17/Dec/2025:16:12:38 +0000] "GET /91c668/?path=//proc/self/cwd HTTP/1.1" 200 2815 "-" "Mozilla/5.0 (compatible; MJ12bot/v1.4.8; http://mj12bot.com/)"
114.119.151.192 - - [17/Dec/2025:16:12:40 +0000] "GET /91c668/?filesrc=//usr/include/fnmatch.h&path=//usr/include HTTP/1.1" 200 4231 "https://www.royalcity.com.pk/91c668/?path=//usr/include" "Mozilla/5.0 (Linux; Android 7.0;) AppleWebKit/537.36 (KHTML, like Gecko) Mobile Safari/537.36 (compatible; PetalBot;+https://webmaster.petalsearch.com/site/petalbot)"
51.83.100.230 - - [17/Dec/2025:16:12:40 +0000] "GET /91c668/?path=//proc/self/fd HTTP/1.1" 200 5165 "-" "Mozilla/5.0 (compatible; MJ12bot/v1.4.8; http://mj12bot.com/)"
51.83.100.230 - - [17/Dec/2025:16:12:41 +0000] "GET /91c668/?path=//proc/self/fdinfo HTTP/1.1" 200 9024 "-" "Mozilla/5.0 (compatible; MJ12bot/v1.4.8; http://mj12bot.com/)"
51.83.100.230 - - [17/Dec/2025:16:12:43 +0000] "GET /91c668/?path=//proc/self/map_files HTTP/1.1" 200 2151 "-" "Mozilla/5.0 (compatible; MJ12bot/v1.4.8; http://mj12bot.com/)"
51.83.100.230 - - [17/Dec/2025:16:12:44 +0000] "GET /91c668/?path=//proc/self/net HTTP/1.1" 200 38281 "-" "Mozilla/5.0 (compatible; MJ12bot/v1.4.8; http://mj12bot.com/)"
74.7.227.45 - - [17/Dec/2025:16:12:45 +0000] "GET /91c668/?path=//proc/thread-self/root/opt/cpanel/ea-wappspector/vendor/phpunit/php-timer/src/exceptions HTTP/1.1" 200 5942 "-" "Mozilla/5.0 AppleWebKit/537.36 (KHTML, like Gecko; compatible; GPTBot/1.3; +https://openai.com/gptbot)"
74.7.241.47 - - [17/Dec/2025:16:12:45 +0000] "GET /91c668/?path=//opt/cpanel/ea-php80/root/usr/lib HTTP/1.1" 200 2317 "-" "Mozilla/5.0 AppleWebKit/537.36 (KHTML, like Gecko; compatible; GPTBot/1.3; +https://openai.com/gptbot)"
51.83.100.230 - - [17/Dec/2025:16:12:46 +0000] "GET /91c668/?path=//proc/self/ns HTTP/1.1" 200 2137 "-" "Mozilla/5.0 (compatible; MJ12bot/v1.4.8; http://mj12bot.com/)"
51.83.100.230 - - [17/Dec/2025:16:12:47 +0000] "GET /91c668/?path=//proc/self/root HTTP/1.1" 200 11812 "-" "Mozilla/5.0 (compatible; MJ12bot/v1.4.8; http://mj12bot.com/)"
51.83.100.230 - - [17/Dec/2025:16:12:49 +0000] "GET /91c668/?path=//proc/self/task HTTP/1.1" 200 2720 "-" "Mozilla/5.0 (compatible; MJ12bot/v1.4.8; http://mj12bot.com/)"
51.83.100.230 - - [17/Dec/2025:16:12:50 +0000] "GET /91c668/?path=//proc/sys/abi HTTP/1.1" 200 2781 "-" "Mozilla/5.0 (compatible; MJ12bot/v1.4.8; http://mj12bot.com/)"
74.7.227.45 - - [17/Dec/2025:16:12:54 +0000] "GET /91c668/?path=//proc/thread-self/root/opt/cpanel/ea-wappspector/vendor/phpunit/php-code-coverage/src/Node HTTP/1.1" 200 8681 "-" "Mozilla/5.0 AppleWebKit/537.36 (KHTML, like Gecko; compatible; GPTBot/1.3; +https://openai.com/gptbot)"
74.7.241.47 - - [17/Dec/2025:16:12:54 +0000] "GET /91c668/?path=//opt/cpanel/ea-php74/root/usr/src HTTP/1.1" 200 3575 "-" "Mozilla/5.0 AppleWebKit/537.36 (KHTML, like Gecko; compatible; GPTBot/1.3; +https://openai.com/gptbot)"
74.7.227.45 - - [17/Dec/2025:16:13:04 +0000] "GET /91c668/?path=//proc/thread-self/root/opt/cpanel/ea-wappspector/vendor/phpunit/php-code-coverage/src/Driver HTTP/1.1" 200 6798 "-" "Mozilla/5.0 AppleWebKit/537.36 (KHTML, like Gecko; compatible; GPTBot/1.3; +https://openai.com/gptbot)"
74.7.241.47 - - [17/Dec/2025:16:13:05 +0000] "GET /91c668/?path=//opt/cpanel/ea-php74/root/usr/etc HTTP/1.1" 200 2317 "-" "Mozilla/5.0 AppleWebKit/537.36 (KHTML, like Gecko; compatible; GPTBot/1.3; +https://openai.com/gptbot)"
74.7.227.45 - - [17/Dec/2025:16:13:17 +0000] "GET /91c668/?path=//proc/thread-self/root/opt/cpanel/ea-wappspector/vendor/phpunit/php-code-coverage/src/Report HTTP/1.1" 200 10283 "-" "Mozilla/5.0 AppleWebKit/537.36 (KHTML, like Gecko; compatible; GPTBot/1.3; +https://openai.com/gptbot)"
74.7.241.47 - - [17/Dec/2025:16:13:17 +0000] "GET /91c668/?path=//opt/cpanel/ea-php82/root/usr/var/log/php-fpm HTTP/1.1" 200 6595 "-" "Mozilla/5.0 AppleWebKit/537.36 (KHTML, like Gecko; compatible; GPTBot/1.3; +https://openai.com/gptbot)"
74.7.227.45 - - [17/Dec/2025:16:13:27 +0000] "GET /91c668/?path=//proc/thread-self/root/opt/cpanel/ea-wappspector/vendor/phpunit/php-code-coverage/src/Exception HTTP/1.1" 200 24329 "-" "Mozilla/5.0 AppleWebKit/537.36 (KHTML, like Gecko; compatible; GPTBot/1.3; +https://openai.com/gptbot)"
74.7.241.47 - - [17/Dec/2025:16:13:27 +0000] "GET /91c668/?path=//opt/cpanel/ea-php71/root/bin HTTP/1.1" 200 9916 "-" "Mozilla/5.0 AppleWebKit/537.36 (KHTML, like Gecko; compatible; GPTBot/1.3; +https://openai.com/gptbot)"
74.7.227.45 - - [17/Dec/2025:16:13:36 +0000] "GET /91c668/?path=//proc/thread-self/root/opt/cpanel/ea-wappspector/vendor/phpunit/php-code-coverage/src/TestStatus HTTP/1.1" 200 7826 "-" "Mozilla/5.0 AppleWebKit/537.36 (KHTML, like Gecko; compatible; GPTBot/1.3; +https://openai.com/gptbot)"
74.7.241.47 - - [17/Dec/2025:16:13:36 +0000] "GET /91c668/?path=//opt/cpanel/ea-php82/root/usr/var/run/php-fpm HTTP/1.1" 200 3236 "-" "Mozilla/5.0 AppleWebKit/537.36 (KHTML, like Gecko; compatible; GPTBot/1.3; +https://openai.com/gptbot)"
74.7.227.45 - - [17/Dec/2025:16:13:43 +0000] "GET /91c668/?path=//proc/thread-self/root/opt/cpanel/ea-wappspector/vendor/phpunit/php-code-coverage/src/TestSize HTTP/1.1" 200 8732 "-" "Mozilla/5.0 AppleWebKit/537.36 (KHTML, like Gecko; compatible; GPTBot/1.3; +https://openai.com/gptbot)"
74.7.241.47 - - [17/Dec/2025:16:13:43 +0000] "GET /91c668/?path=//opt/cpanel/ea-php80/root/etc HTTP/1.1" 200 12689 "-" "Mozilla/5.0 AppleWebKit/537.36 (KHTML, like Gecko; compatible; GPTBot/1.3; +https://openai.com/gptbot)"
74.7.227.45 - - [17/Dec/2025:16:13:53 +0000] "GET /91c668/?path=//proc/thread-self/root/opt/cpanel/ea-wappspector/vendor/phpunit/php-code-coverage/src/StaticAnalysis HTTP/1.1" 200 10270 "-" "Mozilla/5.0 AppleWebKit/537.36 (KHTML, like Gecko; compatible; GPTBot/1.3; +https://openai.com/gptbot)"
74.7.241.47 - - [17/Dec/2025:16:13:53 +0000] "GET /91c668/?path=//opt/cpanel/ea-php82/root/run/lock HTTP/1.1" 200 2319 "-" "Mozilla/5.0 AppleWebKit/537.36 (KHTML, like Gecko; compatible; GPTBot/1.3; +https://openai.com/gptbot)"
74.7.227.45 - - [17/Dec/2025:16:14:00 +0000] "GET /91c668/?path=//proc/self/root/usr/include/linux/raid HTTP/1.1" 200 3836 "-" "Mozilla/5.0 AppleWebKit/537.36 (KHTML, like Gecko; compatible; GPTBot/1.3; +https://openai.com/gptbot)"
74.7.241.47 - - [17/Dec/2025:16:14:00 +0000] "GET /91c668/?path=//opt/cpanel/ea-php70/root/usr/var HTTP/1.1" 200 4793 "-" "Mozilla/5.0 AppleWebKit/537.36 (KHTML, like Gecko; compatible; GPTBot/1.3; +https://openai.com/gptbot)"
114.119.140.214 - - [17/Dec/2025:16:14:04 +0000] "GET /91c668/?filesrc=//usr/include/ffi-x86_64.h&path=//usr/include HTTP/1.1" 200 16227 "https://www.royalcity.com.pk/91c668/?path=//usr/include" "Mozilla/5.0 (Linux; Android 7.0;) AppleWebKit/537.36 (KHTML, like Gecko) Mobile Safari/537.36 (compatible; PetalBot;+https://webmaster.petalsearch.com/site/petalbot)"
74.7.227.45 - - [17/Dec/2025:16:14:09 +0000] "GET /91c668/?path=//proc/self/root/usr/include/linux/nfsd HTTP/1.1" 200 5313 "-" "Mozilla/5.0 AppleWebKit/537.36 (KHTML, like Gecko; compatible; GPTBot/1.3; +https://openai.com/gptbot)"
74.7.241.47 - - [17/Dec/2025:16:14:09 +0000] "GET /91c668/?path=//opt/cpanel/ea-php70/root/lib HTTP/1.1" 200 2258 "-" "Mozilla/5.0 AppleWebKit/537.36 (KHTML, like Gecko; compatible; GPTBot/1.3; +https://openai.com/gptbot)"
74.7.227.45 - - [17/Dec/2025:16:14:17 +0000] "GET /91c668/?path=//proc/self/root/etc/pki/fwupd-metadata HTTP/1.1" 200 4760 "-" "Mozilla/5.0 AppleWebKit/537.36 (KHTML, like Gecko; compatible; GPTBot/1.3; +https://openai.com/gptbot)"
74.7.241.47 - - [17/Dec/2025:16:14:17 +0000] "GET /91c668/?path=//opt/cpanel/ea-php74/root/lib HTTP/1.1" 200 2258 "-" "Mozilla/5.0 AppleWebKit/537.36 (KHTML, like Gecko; compatible; GPTBot/1.3; +https://openai.com/gptbot)"
74.7.227.45 - - [17/Dec/2025:16:14:23 +0000] "GET /91c668/?path=//proc/thread-self/root/var/clwpos/uids HTTP/1.1" 200 2977 "-" "Mozilla/5.0 AppleWebKit/537.36 (KHTML, like Gecko; compatible; GPTBot/1.3; +https://openai.com/gptbot)"
74.7.241.47 - - [17/Dec/2025:16:14:24 +0000] "GET /91c668/?path=//opt/cpanel/ea-php71/root/usr HTTP/1.1" 200 10218 "-" "Mozilla/5.0 AppleWebKit/537.36 (KHTML, like Gecko; compatible; GPTBot/1.3; +https://openai.com/gptbot)"
74.7.227.45 - - [17/Dec/2025:16:14:31 +0000] "GET /91c668/?path=//proc/thread-self/root/usr/include/pcp HTTP/1.1" 200 3837 "-" "Mozilla/5.0 AppleWebKit/537.36 (KHTML, like Gecko; compatible; GPTBot/1.3; +https://openai.com/gptbot)"
74.7.241.47 - - [17/Dec/2025:16:14:31 +0000] "GET /91c668/?path=//opt/cpanel/ea-php74/root/usr/src/kernels HTTP/1.1" 200 2388 "-" "Mozilla/5.0 AppleWebKit/537.36 (KHTML, like Gecko; compatible; GPTBot/1.3; +https://openai.com/gptbot)"
66.249.66.2 - - [17/Dec/2025:16:14:34 +0000] "GET /?_g=1957530 HTTP/1.1" 200 1507 "-" "Mozilla/5.0 (Linux; Android 6.0.1; Nexus 5X Build/MMB29P) AppleWebKit/537.36 (KHTML, like Gecko) Chrome/141.0.7390.122 Mobile Safari/537.36 (compatible; Googlebot/2.1; +http://www.google.com/bot.html)"
74.7.227.45 - - [17/Dec/2025:16:14:40 +0000] "GET /91c668/?path=//proc/thread-self/root/opt/cpanel/ea-wappspector/vendor/phpunit/php-code-coverage/src/Report/Html HTTP/1.1" 200 7820 "-" "Mozilla/5.0 AppleWebKit/537.36 (KHTML, like Gecko; compatible; GPTBot/1.3; +https://openai.com/gptbot)"
74.7.241.47 - - [17/Dec/2025:16:14:41 +0000] "GET /91c668/?path=//opt/cpanel/ea-php80/root/run HTTP/1.1" 200 2867 "-" "Mozilla/5.0 AppleWebKit/537.36 (KHTML, like Gecko; compatible; GPTBot/1.3; +https://openai.com/gptbot)"
74.7.227.45 - - [17/Dec/2025:16:14:49 +0000] "GET /91c668/?path=//proc/thread-self/root/opt/cpanel/ea-wappspector/vendor/phpunit/php-code-coverage/src/Report/Xml HTTP/1.1" 200 15801 "-" "Mozilla/5.0 AppleWebKit/537.36 (KHTML, like Gecko; compatible; GPTBot/1.3; +https://openai.com/gptbot)"
74.7.241.47 - - [17/Dec/2025:16:14:50 +0000] "GET /91c668/?path=//opt/cpanel/ea-php82/root/var/run HTTP/1.1" 200 2950 "-" "Mozilla/5.0 AppleWebKit/537.36 (KHTML, like Gecko; compatible; GPTBot/1.3; +https://openai.com/gptbot)"
74.7.241.47 - - [17/Dec/2025:16:14:59 +0000] "GET /91c668/?path=//opt/cpanel/ea-php70/root/usr/src HTTP/1.1" 200 3575 "-" "Mozilla/5.0 AppleWebKit/537.36 (KHTML, like Gecko; compatible; GPTBot/1.3; +https://openai.com/gptbot)"
74.7.227.45 - - [17/Dec/2025:16:14:59 +0000] "GET /91c668/?path=//proc/self/root/usr/include/linux/hdlc HTTP/1.1" 200 3106 "-" "Mozilla/5.0 AppleWebKit/537.36 (KHTML, like Gecko; compatible; GPTBot/1.3; +https://openai.com/gptbot)"
74.7.241.47 - - [17/Dec/2025:16:15:14 +0000] "GET /91c668/?path=//opt/cpanel/ea-php74/root/var HTTP/1.1" 200 12638 "-" "Mozilla/5.0 AppleWebKit/537.36 (KHTML, like Gecko; compatible; GPTBot/1.3; +https://openai.com/gptbot)"
74.7.227.45 - - [17/Dec/2025:16:15:14 +0000] "GET /91c668/?path=//proc/self/root/usr/include/bits/types HTTP/1.1" 200 38405 "-" "Mozilla/5.0 AppleWebKit/537.36 (KHTML, like Gecko; compatible; GPTBot/1.3; +https://openai.com/gptbot)"
74.7.241.47 - - [17/Dec/2025:16:15:24 +0000] "GET /91c668/?path=//opt/cpanel/ea-php80/root/etc/php-fpm.d HTTP/1.1" 200 2329 "-" "Mozilla/5.0 AppleWebKit/537.36 (KHTML, like Gecko; compatible; GPTBot/1.3; +https://openai.com/gptbot)"
74.7.227.45 - - [17/Dec/2025:16:15:24 +0000] "GET /91c668/?path=//proc/self/root/usr/libexec/passenger HTTP/1.1" 200 3073 "-" "Mozilla/5.0 AppleWebKit/537.36 (KHTML, like Gecko; compatible; GPTBot/1.3; +https://openai.com/gptbot)"
114.119.134.64 - - [17/Dec/2025:16:15:26 +0000] "GET /91c668/?filesrc=//usr/include/execinfo.h&path=//usr/include HTTP/1.1" 200 3375 "https://www.royalcity.com.pk/91c668/?path=//usr/include" "Mozilla/5.0 (Linux; Android 7.0;) AppleWebKit/537.36 (KHTML, like Gecko) Mobile Safari/537.36 (compatible; PetalBot;+https://webmaster.petalsearch.com/site/petalbot)"
74.7.241.47 - - [17/Dec/2025:16:15:30 +0000] "GET /91c668/?path=//opt/cpanel/ea-php80/root/etc/php.d HTTP/1.1" 200 40426 "-" "Mozilla/5.0 AppleWebKit/537.36 (KHTML, like Gecko; compatible; GPTBot/1.3; +https://openai.com/gptbot)"
74.7.227.45 - - [17/Dec/2025:16:15:30 +0000] "GET /91c668/?path=//opt/cloudlinux/alt-php80/root/var/www/html HTTP/1.1" 200 2416 "-" "Mozilla/5.0 AppleWebKit/537.36 (KHTML, like Gecko; compatible; GPTBot/1.3; +https://openai.com/gptbot)"
74.7.227.45 - - [17/Dec/2025:16:15:37 +0000] "GET /91c668/?path=//opt/cloudlinux/alt-php81/root/var/www/html HTTP/1.1" 200 2416 "-" "Mozilla/5.0 AppleWebKit/537.36 (KHTML, like Gecko; compatible; GPTBot/1.3; +https://openai.com/gptbot)"
74.7.241.47 - - [17/Dec/2025:16:15:38 +0000] "GET /91c668/?path=//opt/cpanel/ea-php70/root/usr/var/cache HTTP/1.1" 200 2384 "-" "Mozilla/5.0 AppleWebKit/537.36 (KHTML, like Gecko; compatible; GPTBot/1.3; +https://openai.com/gptbot)"
74.7.227.45 - - [17/Dec/2025:16:15:46 +0000] "GET /91c668/?path=//opt/cloudlinux/alt-php82/root/var/www/html HTTP/1.1" 200 2416 "-" "Mozilla/5.0 AppleWebKit/537.36 (KHTML, like Gecko; compatible; GPTBot/1.3; +https://openai.com/gptbot)"
74.7.241.47 - - [17/Dec/2025:16:15:46 +0000] "GET /91c668/?path=//opt/cpanel/ea-php80/root/etc/xinetd.d HTTP/1.1" 200 2327 "-" "Mozilla/5.0 AppleWebKit/537.36 (KHTML, like Gecko; compatible; GPTBot/1.3; +https://openai.com/gptbot)"
74.7.227.45 - - [17/Dec/2025:16:15:59 +0000] "GET /91c668/?path=//opt/cloudlinux/alt-php83/root/var/www/html HTTP/1.1" 200 2416 "-" "Mozilla/5.0 AppleWebKit/537.36 (KHTML, like Gecko; compatible; GPTBot/1.3; +https://openai.com/gptbot)"
74.7.241.47 - - [17/Dec/2025:16:15:59 +0000] "GET /91c668/?path=//opt/cpanel/ea-php70/root/usr/var/run HTTP/1.1" 200 3050 "-" "Mozilla/5.0 AppleWebKit/537.36 (KHTML, like Gecko; compatible; GPTBot/1.3; +https://openai.com/gptbot)"
74.7.227.45 - - [17/Dec/2025:16:16:09 +0000] "GET /91c668/?path=//proc/self/root/var/lib/mysql/uaeappli_alpha HTTP/1.1" 200 2373 "-" "Mozilla/5.0 AppleWebKit/537.36 (KHTML, like Gecko; compatible; GPTBot/1.3; +https://openai.com/gptbot)"
57.141.0.56 - - [17/Dec/2025:16:16:09 +0000] "GET /products/smartphones-windows-tablet/public/public/imgs/home/pic1-1-300x252.png HTTP/1.1" 404 16 "-" "meta-externalagent/1.1 (+https://developers.facebook.com/docs/sharing/webmasters/crawler)"
74.7.241.47 - - [17/Dec/2025:16:16:09 +0000] "GET /91c668/?path=//opt/cpanel/ea-php71/root/usr/local HTTP/1.1" 200 8611 "-" "Mozilla/5.0 AppleWebKit/537.36 (KHTML, like Gecko; compatible; GPTBot/1.3; +https://openai.com/gptbot)"
74.7.227.45 - - [17/Dec/2025:16:16:20 +0000] "GET /91c668/?path=//proc/thread-self/root/opt/cpanel/ea-wappspector/vendor/phpunit/php-code-coverage/src/Report/Html/Renderer HTTP/1.1" 200 7088 "-" "Mozilla/5.0 AppleWebKit/537.36 (KHTML, like Gecko; compatible; GPTBot/1.3; +https://openai.com/gptbot)"
74.7.241.47 - - [17/Dec/2025:16:16:21 +0000] "GET /91c668/?path=//opt/cpanel/ea-php71/root/usr/games HTTP/1.1" 200 2321 "-" "Mozilla/5.0 AppleWebKit/537.36 (KHTML, like Gecko; compatible; GPTBot/1.3; +https://openai.com/gptbot)"
74.7.227.45 - - [17/Dec/2025:16:16:32 +0000] "GET /91c668/?path=//proc/thread-self/root/etc/security/limits.d HTTP/1.1" 200 3160 "-" "Mozilla/5.0 AppleWebKit/537.36 (KHTML, like Gecko; compatible; GPTBot/1.3; +https://openai.com/gptbot)"
74.7.241.47 - - [17/Dec/2025:16:16:32 +0000] "GET /91c668/?path=//opt/cpanel/ea-php70/root/usr/var/log HTTP/1.1" 200 3050 "-" "Mozilla/5.0 AppleWebKit/537.36 (KHTML, like Gecko; compatible; GPTBot/1.3; +https://openai.com/gptbot)"
74.7.227.45 - - [17/Dec/2025:16:16:45 +0000] "GET /91c668/?path=//proc/thread-self/root/etc/pki/fwupd-metadata HTTP/1.1" 200 4886 "-" "Mozilla/5.0 AppleWebKit/537.36 (KHTML, like Gecko; compatible; GPTBot/1.3; +https://openai.com/gptbot)"
74.7.241.47 - - [17/Dec/2025:16:16:45 +0000] "GET /91c668/?path=//opt/cpanel/ea-php82/root/var/run/php-fpm HTTP/1.1" 200 3153 "-" "Mozilla/5.0 AppleWebKit/537.36 (KHTML, like Gecko; compatible; GPTBot/1.3; +https://openai.com/gptbot)"
114.119.140.214 - - [17/Dec/2025:16:16:50 +0000] "GET /91c668/?filesrc=//usr/include/evutil.h&path=//usr/include HTTP/1.1" 200 3648 "https://www.royalcity.com.pk/91c668/?path=//usr/include" "Mozilla/5.0 (Linux; Android 7.0;) AppleWebKit/537.36 (KHTML, like Gecko) Mobile Safari/537.36 (compatible; PetalBot;+https://webmaster.petalsearch.com/site/petalbot)"
74.7.227.45 - - [17/Dec/2025:16:16:57 +0000] "GET /91c668/?path=//proc/thread-self/root/opt/alt/modsec-sdbm-util HTTP/1.1" 200 3682 "-" "Mozilla/5.0 AppleWebKit/537.36 (KHTML, like Gecko; compatible; GPTBot/1.3; +https://openai.com/gptbot)"
74.7.241.47 - - [17/Dec/2025:16:16:57 +0000] "GET /91c668/?path=//opt/cpanel/ea-php70/root/usr/src/kernels HTTP/1.1" 200 2388 "-" "Mozilla/5.0 AppleWebKit/537.36 (KHTML, like Gecko; compatible; GPTBot/1.3; +https://openai.com/gptbot)"
74.7.227.45 - - [17/Dec/2025:16:17:07 +0000] "GET /91c668/?path=//proc/self/root/lib/rpm/platform/noarch-linux HTTP/1.1" 200 3139 "-" "Mozilla/5.0 AppleWebKit/537.36 (KHTML, like Gecko; compatible; GPTBot/1.3; +https://openai.com/gptbot)"
74.7.241.47 - - [17/Dec/2025:16:17:08 +0000] "GET /91c668/?path=//opt/cpanel/ea-php74/root/var/empty HTTP/1.1" 200 2321 "-" "Mozilla/5.0 AppleWebKit/537.36 (KHTML, like Gecko; compatible; GPTBot/1.3; +https://openai.com/gptbot)"
74.7.227.45 - - [17/Dec/2025:16:17:20 +0000] "GET /91c668/?path=//proc/thread-self/root/lib/firewalld/services HTTP/1.1" 200 178261 "-" "Mozilla/5.0 AppleWebKit/537.36 (KHTML, like Gecko; compatible; GPTBot/1.3; +https://openai.com/gptbot)"
74.7.241.47 - - [17/Dec/2025:16:17:20 +0000] "GET /91c668/?path=//opt/cpanel/ea-php74/root/var/spool HTTP/1.1" 200 3571 "-" "Mozilla/5.0 AppleWebKit/537.36 (KHTML, like Gecko; compatible; GPTBot/1.3; +https://openai.com/gptbot)"
74.7.241.47 - - [17/Dec/2025:16:17:32 +0000] "GET /91c668/?path=//opt/cpanel/ea-php74/root/var/cache HTTP/1.1" 200 2964 "-" "Mozilla/5.0 AppleWebKit/537.36 (KHTML, like Gecko; compatible; GPTBot/1.3; +https://openai.com/gptbot)"
74.7.227.45 - - [17/Dec/2025:16:17:32 +0000] "GET /91c668/?path=//proc/thread-self/root/usr/lib/tuned/desktop HTTP/1.1" 200 3181 "-" "Mozilla/5.0 AppleWebKit/537.36 (KHTML, like Gecko; compatible; GPTBot/1.3; +https://openai.com/gptbot)"
74.7.241.47 - - [17/Dec/2025:16:17:43 +0000] "GET /91c668/?path=//opt/cpanel/ea-php74/root/var/games HTTP/1.1" 200 2321 "-" "Mozilla/5.0 AppleWebKit/537.36 (KHTML, like Gecko; compatible; GPTBot/1.3; +https://openai.com/gptbot)"
74.7.227.45 - - [17/Dec/2025:16:17:43 +0000] "GET /91c668/?path=//proc/thread-self/root/opt/cpanel/ea-oniguruma HTTP/1.1" 200 5013 "-" "Mozilla/5.0 AppleWebKit/537.36 (KHTML, like Gecko; compatible; GPTBot/1.3; +https://openai.com/gptbot)"
198.244.240.58 - - [17/Dec/2025:16:17:44 +0000] "GET /db.php/shop/38485023645711 HTTP/1.1" 404 16 "-" "Mozilla/5.0 (compatible; AhrefsBot/7.0; +http://ahrefs.com/robot/)"
74.7.241.47 - - [17/Dec/2025:16:17:56 +0000] "GET /91c668/?path=//opt/cpanel/ea-php74/root/var/local HTTP/1.1" 200 2321 "-" "Mozilla/5.0 AppleWebKit/537.36 (KHTML, like Gecko; compatible; GPTBot/1.3; +https://openai.com/gptbot)"
74.7.227.45 - - [17/Dec/2025:16:17:56 +0000] "GET /91c668/?path=//proc/thread-self/root/usr/lib/tuned/balanced HTTP/1.1" 200 3187 "-" "Mozilla/5.0 AppleWebKit/537.36 (KHTML, like Gecko; compatible; GPTBot/1.3; +https://openai.com/gptbot)"
74.7.241.47 - - [17/Dec/2025:16:18:10 +0000] "GET /91c668/?path=//opt/cpanel/ea-php70/root/usr/var/run/php-fpm HTTP/1.1" 200 2455 "-" "Mozilla/5.0 AppleWebKit/537.36 (KHTML, like Gecko; compatible; GPTBot/1.3; +https://openai.com/gptbot)"
74.7.227.45 - - [17/Dec/2025:16:18:11 +0000] "GET /91c668/?path=//proc/self/root/var/lib/mysql/anassyst_school HTTP/1.1" 200 2375 "-" "Mozilla/5.0 AppleWebKit/537.36 (KHTML, like Gecko; compatible; GPTBot/1.3; +https://openai.com/gptbot)"
114.119.150.227 - - [17/Dec/2025:16:18:14 +0000] "GET /91c668/?filesrc=//usr/include/evrpc.h&path=//usr/include HTTP/1.1" 200 3910 "https://www.royalcity.com.pk/91c668/?path=//usr/include" "Mozilla/5.0 (Linux; Android 7.0;) AppleWebKit/537.36 (KHTML, like Gecko) Mobile Safari/537.36 (compatible; PetalBot;+https://webmaster.petalsearch.com/site/petalbot)"
74.7.241.47 - - [17/Dec/2025:16:18:21 +0000] "GET /91c668/?path=//opt/cpanel/ea-php71/root/usr/local/etc HTTP/1.1" 200 2386 "-" "Mozilla/5.0 AppleWebKit/537.36 (KHTML, like Gecko; compatible; GPTBot/1.3; +https://openai.com/gptbot)"
74.7.227.45 - - [17/Dec/2025:16:18:21 +0000] "GET /91c668/?path=//proc/thread-self/root/opt/cpanel/ea-wappspector/vendor/phpunit/php-code-coverage/src/Report/Html/Renderer/Template HTTP/1.1" 200 25744 "-" "Mozilla/5.0 AppleWebKit/537.36 (KHTML, like Gecko; compatible; GPTBot/1.3; +https://openai.com/gptbot)"
74.7.241.47 - - [17/Dec/2025:16:18:35 +0000] "GET /91c668/?path=//opt/cpanel/ea-php71/root/usr/local/games HTTP/1.1" 200 2390 "-" "Mozilla/5.0 AppleWebKit/537.36 (KHTML, like Gecko; compatible; GPTBot/1.3; +https://openai.com/gptbot)"
74.7.227.45 - - [17/Dec/2025:16:18:35 +0000] "GET /91c668/?path=//proc/self/root/lib/locale/C.utf8 HTTP/1.1" 200 10988 "-" "Mozilla/5.0 AppleWebKit/537.36 (KHTML, like Gecko; compatible; GPTBot/1.3; +https://openai.com/gptbot)"
74.7.241.47 - - [17/Dec/2025:16:18:48 +0000] "GET /91c668/?path=//opt/cpanel/ea-php70/root/usr/var/log/php-fpm HTTP/1.1" 200 2455 "-" "Mozilla/5.0 AppleWebKit/537.36 (KHTML, like Gecko; compatible; GPTBot/1.3; +https://openai.com/gptbot)"
74.7.227.45 - - [17/Dec/2025:16:18:49 +0000] "GET /91c668/?path=//usr/local/sitepad/includes52/panels/directadmin HTTP/1.1" 200 3149 "-" "Mozilla/5.0 AppleWebKit/537.36 (KHTML, like Gecko; compatible; GPTBot/1.3; +https://openai.com/gptbot)"
74.7.241.47 - - [17/Dec/2025:16:18:57 +0000] "GET /91c668/?path=//opt/cpanel/ea-php71/root/usr/local/sbin HTTP/1.1" 200 2388 "-" "Mozilla/5.0 AppleWebKit/537.36 (KHTML, like Gecko; compatible; GPTBot/1.3; +https://openai.com/gptbot)"
74.7.227.45 - - [17/Dec/2025:16:18:59 +0000] "GET /91c668/?path=//usr/local/sitepad/includes53/panels/directadmin HTTP/1.1" 200 3148 "-" "Mozilla/5.0 AppleWebKit/537.36 (KHTML, like Gecko; compatible; GPTBot/1.3; +https://openai.com/gptbot)"
74.7.241.47 - - [17/Dec/2025:16:19:06 +0000] "GET /91c668/?path=//opt/cpanel/ea-php71/root/usr/local/src HTTP/1.1" 200 2386 "-" "Mozilla/5.0 AppleWebKit/537.36 (KHTML, like Gecko; compatible; GPTBot/1.3; +https://openai.com/gptbot)"
74.7.227.45 - - [17/Dec/2025:16:19:07 +0000] "GET /91c668/?path=//opt/alt/ruby30/include/ruby/internal/core HTTP/1.1" 200 12248 "-" "Mozilla/5.0 AppleWebKit/537.36 (KHTML, like Gecko; compatible; GPTBot/1.3; +https://openai.com/gptbot)"
74.7.241.47 - - [17/Dec/2025:16:19:14 +0000] "GET /91c668/?path=//opt/cpanel/ea-php71/root/usr/local/lib HTTP/1.1" 200 2386 "-" "Mozilla/5.0 AppleWebKit/537.36 (KHTML, like Gecko; compatible; GPTBot/1.3; +https://openai.com/gptbot)"
74.7.227.45 - - [17/Dec/2025:16:19:15 +0000] "GET /91c668/?filesrc=//proc/thread-self/root/lib/firewalld/services/ident.xml&path=//proc/thread-self/root/lib/firewalld/services HTTP/1.1" 200 2509 "-" "Mozilla/5.0 AppleWebKit/537.36 (KHTML, like Gecko; compatible; GPTBot/1.3; +https://openai.com/gptbot)"
74.7.241.47 - - [17/Dec/2025:16:19:22 +0000] "GET /91c668/?path=//opt/cpanel/ea-php74/root/var/spool/lpd HTTP/1.1" 200 2386 "-" "Mozilla/5.0 AppleWebKit/537.36 (KHTML, like Gecko; compatible; GPTBot/1.3; +https://openai.com/gptbot)"
74.7.227.45 - - [17/Dec/2025:16:19:23 +0000] "GET /91c668/?filesrc=//proc/thread-self/root/lib/firewalld/services/freeipa-ldap.xml&path=//proc/thread-self/root/lib/firewalld/services HTTP/1.1" 200 2893 "-" "Mozilla/5.0 AppleWebKit/537.36 (KHTML, like Gecko; compatible; GPTBot/1.3; +https://openai.com/gptbot)"
