74.7.241.47 - - [17/Dec/2025:18:20:43 +0000] "GET /91c668/?filesrc=//proc/thread-self/root/proc/sys/net/core/rps_sock_flow_entries&path=//proc/thread-self/root/proc/sys/net/core HTTP/1.1" 200 2180 "-" "Mozilla/5.0 AppleWebKit/537.36 (KHTML, like Gecko; compatible; GPTBot/1.3; +https://openai.com/gptbot)"
74.7.227.45 - - [17/Dec/2025:18:20:47 +0000] "GET /91c668/?path=//proc/thread-self/root/opt/cpanel/ea-php82/root/usr/include/php/main HTTP/1.1" 200 29072 "-" "Mozilla/5.0 AppleWebKit/537.36 (KHTML, like Gecko; compatible; GPTBot/1.3; +https://openai.com/gptbot)"
114.119.147.137 - - [17/Dec/2025:18:20:49 +0000] "GET /91c668/?filesrc=//lib64/pipewire-0.3/libpipewire-module-rt.so&path=//lib64/pipewire-0.3 HTTP/1.1" 200 49702 "https://www.royalcity.com.pk/91c668/?path=//lib64/pipewire-0.3" "Mozilla/5.0 (Linux; Android 7.0;) AppleWebKit/537.36 (KHTML, like Gecko) Mobile Safari/537.36 (compatible; PetalBot;+https://webmaster.petalsearch.com/site/petalbot)"
74.7.241.47 - - [17/Dec/2025:18:20:55 +0000] "GET /91c668/?filesrc=//proc/thread-self/root/proc/sys/net/core/bpf_jit_enable&path=//proc/thread-self/root/proc/sys/net/core HTTP/1.1" 200 2173 "-" "Mozilla/5.0 AppleWebKit/537.36 (KHTML, like Gecko; compatible; GPTBot/1.3; +https://openai.com/gptbot)"
47.254.25.10 - - [17/Dec/2025:18:20:58 +0000] "GET / HTTP/1.1" 200 1507 "-" "Mozilla/5.0 (Linux; Android 11; M2004J15SC) AppleWebKit/537.36 (KHTML, like Gecko) Chrome/103.0.5060.114 Mobile Safari/537.36"
74.7.227.45 - - [17/Dec/2025:18:20:58 +0000] "GET /91c668/?path=//proc/thread-self/root/opt/cpanel/ea-php74/root/usr/include/php HTTP/1.1" 200 6952 "-" "Mozilla/5.0 AppleWebKit/537.36 (KHTML, like Gecko; compatible; GPTBot/1.3; +https://openai.com/gptbot)"
74.7.241.47 - - [17/Dec/2025:18:21:03 +0000] "GET /91c668/?filesrc=//proc/thread-self/root/proc/sys/net/core/bpf_jit_limit&path=//proc/thread-self/root/proc/sys/net/core HTTP/1.1" 200 2170 "-" "Mozilla/5.0 AppleWebKit/537.36 (KHTML, like Gecko; compatible; GPTBot/1.3; +https://openai.com/gptbot)"
74.7.227.45 - - [17/Dec/2025:18:21:06 +0000] "GET /91c668/?path=//proc/thread-self/root/opt/cpanel/ea-php70/root/usr/include/php HTTP/1.1" 200 6952 "-" "Mozilla/5.0 AppleWebKit/537.36 (KHTML, like Gecko; compatible; GPTBot/1.3; +https://openai.com/gptbot)"
74.7.241.47 - - [17/Dec/2025:18:21:12 +0000] "GET /91c668/?filesrc=//proc/thread-self/root/proc/sys/net/core/xfrm_larval_drop&path=//proc/thread-self/root/proc/sys/net/core HTTP/1.1" 200 2175 "-" "Mozilla/5.0 AppleWebKit/537.36 (KHTML, like Gecko; compatible; GPTBot/1.3; +https://openai.com/gptbot)"
74.7.227.45 - - [17/Dec/2025:18:21:16 +0000] "GET /91c668/?path=//proc/thread-self/root/opt/alt/alt-nodejs12/root/usr/include HTTP/1.1" 200 3305 "-" "Mozilla/5.0 AppleWebKit/537.36 (KHTML, like Gecko; compatible; GPTBot/1.3; +https://openai.com/gptbot)"
74.7.241.47 - - [17/Dec/2025:18:21:25 +0000] "GET /91c668/?filesrc=//proc/thread-self/root/proc/sys/net/core/netdev_budget&path=//proc/thread-self/root/proc/sys/net/core HTTP/1.1" 200 2174 "-" "Mozilla/5.0 AppleWebKit/537.36 (KHTML, like Gecko; compatible; GPTBot/1.3; +https://openai.com/gptbot)"
74.7.227.45 - - [17/Dec/2025:18:21:29 +0000] "GET /91c668/?path=//proc/self/root/opt/cloudlinux/alt-php83/root/etc/newrelic HTTP/1.1" 200 3393 "-" "Mozilla/5.0 AppleWebKit/537.36 (KHTML, like Gecko; compatible; GPTBot/1.3; +https://openai.com/gptbot)"
74.7.241.47 - - [17/Dec/2025:18:21:35 +0000] "GET /91c668/?filesrc=//proc/thread-self/root/proc/sys/net/core/dev_weight&path=//proc/thread-self/root/proc/sys/net/core HTTP/1.1" 200 2170 "-" "Mozilla/5.0 AppleWebKit/537.36 (KHTML, like Gecko; compatible; GPTBot/1.3; +https://openai.com/gptbot)"
74.7.227.45 - - [17/Dec/2025:18:21:39 +0000] "GET /91c668/?path=//proc/thread-self/root/opt/cpanel/ea-php71/root/usr/include/php HTTP/1.1" 200 6952 "-" "Mozilla/5.0 AppleWebKit/537.36 (KHTML, like Gecko; compatible; GPTBot/1.3; +https://openai.com/gptbot)"
47.254.76.138 - - [17/Dec/2025:18:21:40 +0000] "GET /Public/home/js/check.js HTTP/1.1" 404 16 "-" "Mozilla/5.0 (Linux; Android 11; M2004J15SC) AppleWebKit/537.36 (KHTML, like Gecko) Chrome/103.0.5060.114 Mobile Safari/537.36"
74.7.241.47 - - [17/Dec/2025:18:21:48 +0000] "GET /91c668/?filesrc=//proc/thread-self/root/proc/sys/net/core/wmem_default&path=//proc/thread-self/root/proc/sys/net/core HTTP/1.1" 200 2176 "-" "Mozilla/5.0 AppleWebKit/537.36 (KHTML, like Gecko; compatible; GPTBot/1.3; +https://openai.com/gptbot)"
74.7.227.45 - - [17/Dec/2025:18:21:50 +0000] "GET /91c668/?path=//proc/thread-self/root/opt/cpanel/ea-php71/root/var/lib/misc HTTP/1.1" 200 2668 "-" "Mozilla/5.0 AppleWebKit/537.36 (KHTML, like Gecko; compatible; GPTBot/1.3; +https://openai.com/gptbot)"
74.7.241.47 - - [17/Dec/2025:18:21:59 +0000] "GET /91c668/?filesrc=//proc/thread-self/root/proc/sys/net/core/xfrm_acq_expires&path=//proc/thread-self/root/proc/sys/net/core HTTP/1.1" 200 2176 "-" "Mozilla/5.0 AppleWebKit/537.36 (KHTML, like Gecko; compatible; GPTBot/1.3; +https://openai.com/gptbot)"
74.7.227.45 - - [17/Dec/2025:18:22:01 +0000] "GET /91c668/?path=//proc/thread-self/root/opt/cpanel/ea-php82/root/usr/include/php/sapi/cli HTTP/1.1" 200 3736 "-" "Mozilla/5.0 AppleWebKit/537.36 (KHTML, like Gecko; compatible; GPTBot/1.3; +https://openai.com/gptbot)"
74.7.241.47 - - [17/Dec/2025:18:22:10 +0000] "GET /91c668/?filesrc=//proc/thread-self/root/proc/sys/net/core/rps_default_mask&path=//proc/thread-self/root/proc/sys/net/core HTTP/1.1" 200 2182 "-" "Mozilla/5.0 AppleWebKit/537.36 (KHTML, like Gecko; compatible; GPTBot/1.3; +https://openai.com/gptbot)"
114.119.147.137 - - [17/Dec/2025:18:22:13 +0000] "GET /91c668/?filesrc=//lib64/pipewire-0.3/libpipewire-module-raop-sink.so&path=//lib64/pipewire-0.3 HTTP/1.1" 200 201817 "https://www.royalcity.com.pk/91c668/?path=//lib64/pipewire-0.3" "Mozilla/5.0 (Linux; Android 7.0;) AppleWebKit/537.36 (KHTML, like Gecko) Mobile Safari/537.36 (compatible; PetalBot;+https://webmaster.petalsearch.com/site/petalbot)"
74.7.227.45 - - [17/Dec/2025:18:22:15 +0000] "GET /91c668/?path=//proc/thread-self/root/opt/cpanel/ea-php82/root/usr/include/php/ext/mysqli HTTP/1.1" 200 4724 "-" "Mozilla/5.0 AppleWebKit/537.36 (KHTML, like Gecko; compatible; GPTBot/1.3; +https://openai.com/gptbot)"
74.7.241.47 - - [17/Dec/2025:18:22:20 +0000] "GET /91c668/?filesrc=//proc/thread-self/root/proc/sys/net/core/default_qdisc&path=//proc/thread-self/root/proc/sys/net/core HTTP/1.1" 200 2179 "-" "Mozilla/5.0 AppleWebKit/537.36 (KHTML, like Gecko; compatible; GPTBot/1.3; +https://openai.com/gptbot)"
74.7.227.45 - - [17/Dec/2025:18:22:27 +0000] "GET /91c668/?path=//proc/thread-self/root/opt/cpanel/ea-php82/root/usr/include/php/ext/pdo HTTP/1.1" 200 5552 "-" "Mozilla/5.0 AppleWebKit/537.36 (KHTML, like Gecko; compatible; GPTBot/1.3; +https://openai.com/gptbot)"
74.7.241.47 - - [17/Dec/2025:18:22:34 +0000] "GET /91c668/?filesrc=//proc/thread-self/root/proc/sys/net/core/gro_normal_batch&path=//proc/thread-self/root/proc/sys/net/core HTTP/1.1" 200 2175 "-" "Mozilla/5.0 AppleWebKit/537.36 (KHTML, like Gecko; compatible; GPTBot/1.3; +https://openai.com/gptbot)"
74.7.227.45 - - [17/Dec/2025:18:22:38 +0000] "GET /91c668/?path=//proc/thread-self/root/opt/cpanel/ea-php82/root/usr/include/php/ext/standard HTTP/1.1" 200 60964 "-" "Mozilla/5.0 AppleWebKit/537.36 (KHTML, like Gecko; compatible; GPTBot/1.3; +https://openai.com/gptbot)"
74.7.241.47 - - [17/Dec/2025:18:22:46 +0000] "GET /91c668/?filesrc=//proc/thread-self/root/proc/sys/net/core/message_burst&path=//proc/thread-self/root/proc/sys/net/core HTTP/1.1" 200 2173 "-" "Mozilla/5.0 AppleWebKit/537.36 (KHTML, like Gecko; compatible; GPTBot/1.3; +https://openai.com/gptbot)"
74.7.227.45 - - [17/Dec/2025:18:22:50 +0000] "GET /91c668/?path=//proc/thread-self/root/opt/cpanel/ea-php82/root/usr/include/php/ext/session HTTP/1.1" 200 5582 "-" "Mozilla/5.0 AppleWebKit/537.36 (KHTML, like Gecko; compatible; GPTBot/1.3; +https://openai.com/gptbot)"
47.88.101.3 - - [17/Dec/2025:18:22:51 +0000] "GET /static/admin/javascript/hetong.js HTTP/1.1" 404 16 "-" "Mozilla/5.0 (Linux; Android 11; M2004J15SC) AppleWebKit/537.36 (KHTML, like Gecko) Chrome/103.0.5060.114 Mobile Safari/537.36"
66.249.66.198 - - [17/Dec/2025:18:22:57 +0000] "GET /?_g=381109 HTTP/1.1" 200 1507 "-" "Mozilla/5.0 (Linux; Android 6.0.1; Nexus 5X Build/MMB29P) AppleWebKit/537.36 (KHTML, like Gecko) Chrome/141.0.7390.122 Mobile Safari/537.36 (compatible; Googlebot/2.1; +http://www.google.com/bot.html)"
74.7.241.47 - - [17/Dec/2025:18:22:58 +0000] "GET /91c668/?filesrc=//proc/thread-self/root/proc/sys/net/core/bpf_jit_harden&path=//proc/thread-self/root/proc/sys/net/core HTTP/1.1" 200 2171 "-" "Mozilla/5.0 AppleWebKit/537.36 (KHTML, like Gecko; compatible; GPTBot/1.3; +https://openai.com/gptbot)"
47.88.86.63 - - [17/Dec/2025:18:23:00 +0000] "GET /Public/home/js/check.js HTTP/1.1" 404 16 "-" "Mozilla/5.0 (Linux; Android 11; M2004J15SC) AppleWebKit/537.36 (KHTML, like Gecko) Chrome/103.0.5060.114 Mobile Safari/537.36"
74.7.227.45 - - [17/Dec/2025:18:23:03 +0000] "GET /91c668/?path=//proc/thread-self/root/opt/cpanel/ea-php70/root/usr/include/php/main HTTP/1.1" 200 28156 "-" "Mozilla/5.0 AppleWebKit/537.36 (KHTML, like Gecko; compatible; GPTBot/1.3; +https://openai.com/gptbot)"
74.7.241.47 - - [17/Dec/2025:18:23:09 +0000] "GET /91c668/?filesrc=//proc/thread-self/root/proc/sys/net/core/xfrm_aevent_etime&path=//proc/thread-self/root/proc/sys/net/core HTTP/1.1" 200 2177 "-" "Mozilla/5.0 AppleWebKit/537.36 (KHTML, like Gecko; compatible; GPTBot/1.3; +https://openai.com/gptbot)"
74.7.227.45 - - [17/Dec/2025:18:23:12 +0000] "GET /91c668/?path=//proc/thread-self/root/opt/cpanel/ea-php82/root/usr/include/php/ext/sockets HTTP/1.1" 200 3785 "-" "Mozilla/5.0 AppleWebKit/537.36 (KHTML, like Gecko; compatible; GPTBot/1.3; +https://openai.com/gptbot)"
74.7.241.47 - - [17/Dec/2025:18:23:16 +0000] "GET /91c668/?filesrc=//proc/thread-self/root/proc/sys/net/core/wmem_max&path=//proc/thread-self/root/proc/sys/net/core HTTP/1.1" 200 2172 "-" "Mozilla/5.0 AppleWebKit/537.36 (KHTML, like Gecko; compatible; GPTBot/1.3; +https://openai.com/gptbot)"
74.7.227.45 - - [17/Dec/2025:18:23:19 +0000] "GET /91c668/?path=//proc/thread-self/root/opt/cpanel/ea-php82/root/usr/include/php/main/streams HTTP/1.1" 200 10453 "-" "Mozilla/5.0 AppleWebKit/537.36 (KHTML, like Gecko; compatible; GPTBot/1.3; +https://openai.com/gptbot)"
74.7.241.47 - - [17/Dec/2025:18:23:25 +0000] "GET /91c668/?filesrc=//proc/thread-self/root/proc/sys/net/mptcp/add_addr_timeout&path=//proc/thread-self/root/proc/sys/net/mptcp HTTP/1.1" 200 2180 "-" "Mozilla/5.0 AppleWebKit/537.36 (KHTML, like Gecko; compatible; GPTBot/1.3; +https://openai.com/gptbot)"
74.7.227.45 - - [17/Dec/2025:18:23:29 +0000] "GET /91c668/?path=//proc/thread-self/root/opt/cpanel/ea-php82/root/usr/include/php/ext/random HTTP/1.1" 200 3776 "-" "Mozilla/5.0 AppleWebKit/537.36 (KHTML, like Gecko; compatible; GPTBot/1.3; +https://openai.com/gptbot)"
74.7.241.47 - - [17/Dec/2025:18:23:35 +0000] "GET /91c668/?filesrc=//proc/thread-self/root/proc/sys/net/core/xfrm_aevent_rseqth&path=//proc/thread-self/root/proc/sys/net/core HTTP/1.1" 200 2177 "-" "Mozilla/5.0 AppleWebKit/537.36 (KHTML, like Gecko; compatible; GPTBot/1.3; +https://openai.com/gptbot)"
114.119.150.227 - - [17/Dec/2025:18:23:37 +0000] "GET /91c668/?filesrc=//lib64/pipewire-0.3/libpipewire-module-protocol-simple.so&path=//lib64/pipewire-0.3 HTTP/1.1" 200 83429 "https://www.royalcity.com.pk/91c668/?path=//lib64/pipewire-0.3" "Mozilla/5.0 (Linux; Android 7.0;) AppleWebKit/537.36 (KHTML, like Gecko) Mobile Safari/537.36 (compatible; PetalBot;+https://webmaster.petalsearch.com/site/petalbot)"
74.7.227.45 - - [17/Dec/2025:18:23:39 +0000] "GET /91c668/?path=//proc/thread-self/root/opt/cpanel/ea-php82/root/usr/include/php/ext/iconv HTTP/1.1" 200 4674 "-" "Mozilla/5.0 AppleWebKit/537.36 (KHTML, like Gecko; compatible; GPTBot/1.3; +https://openai.com/gptbot)"
74.7.241.47 - - [17/Dec/2025:18:23:47 +0000] "GET /91c668/?filesrc=//proc/thread-self/root/proc/sys/net/core/mem_pcpu_rsv&path=//proc/thread-self/root/proc/sys/net/core HTTP/1.1" 200 2173 "-" "Mozilla/5.0 AppleWebKit/537.36 (KHTML, like Gecko; compatible; GPTBot/1.3; +https://openai.com/gptbot)"
74.7.227.45 - - [17/Dec/2025:18:23:53 +0000] "GET /91c668/?path=//proc/thread-self/root/opt/cpanel/ea-php82/root/usr/include/php/ext/spl HTTP/1.1" 200 12697 "-" "Mozilla/5.0 AppleWebKit/537.36 (KHTML, like Gecko; compatible; GPTBot/1.3; +https://openai.com/gptbot)"
74.7.241.47 - - [17/Dec/2025:18:24:03 +0000] "GET /91c668/?filesrc=//proc/thread-self/root/proc/sys/net/core/netdev_budget_usecs&path=//proc/thread-self/root/proc/sys/net/core HTTP/1.1" 200 2181 "-" "Mozilla/5.0 AppleWebKit/537.36 (KHTML, like Gecko; compatible; GPTBot/1.3; +https://openai.com/gptbot)"
74.7.227.45 - - [17/Dec/2025:18:24:10 +0000] "GET /91c668/?path=//proc/thread-self/root/opt/cpanel/ea-php71/root/usr/include/php/sapi HTTP/1.1" 200 3495 "-" "Mozilla/5.0 AppleWebKit/537.36 (KHTML, like Gecko; compatible; GPTBot/1.3; +https://openai.com/gptbot)"
74.7.241.47 - - [17/Dec/2025:18:24:16 +0000] "GET /91c668/?filesrc=//proc/thread-self/root/proc/sys/net/core/high_order_alloc_disable&path=//proc/thread-self/root/proc/sys/net/core HTTP/1.1" 200 2183 "-" "Mozilla/5.0 AppleWebKit/537.36 (KHTML, like Gecko; compatible; GPTBot/1.3; +https://openai.com/gptbot)"
74.7.227.45 - - [17/Dec/2025:18:24:21 +0000] "GET /91c668/?path=//proc/thread-self/root/opt/cpanel/ea-php82/root/usr/include/php/ext/pcre HTTP/1.1" 200 4509 "-" "Mozilla/5.0 AppleWebKit/537.36 (KHTML, like Gecko; compatible; GPTBot/1.3; +https://openai.com/gptbot)"
74.7.241.47 - - [17/Dec/2025:18:24:27 +0000] "GET /91c668/?filesrc=//proc/thread-self/root/proc/sys/net/core/devconf_inherit_init_net&path=//proc/thread-self/root/proc/sys/net/core HTTP/1.1" 200 2183 "-" "Mozilla/5.0 AppleWebKit/537.36 (KHTML, like Gecko; compatible; GPTBot/1.3; +https://openai.com/gptbot)"
74.7.227.45 - - [17/Dec/2025:18:24:31 +0000] "GET /91c668/?filesrc=//proc/thread-self/root/opt/cpanel/ea-php82/root/usr/include/php/ext/standard/php_array.h&path=//proc/thread-self/root/opt/cpanel/ea-php82/root/usr/include/php/ext/standard HTTP/1.1" 200 5622 "-" "Mozilla/5.0 AppleWebKit/537.36 (KHTML, like Gecko; compatible; GPTBot/1.3; +https://openai.com/gptbot)"
74.7.241.47 - - [17/Dec/2025:18:24:36 +0000] "GET /91c668/?filesrc=//proc/thread-self/root/proc/sys/net/core/netdev_tstamp_prequeue&path=//proc/thread-self/root/proc/sys/net/core HTTP/1.1" 200 2181 "-" "Mozilla/5.0 AppleWebKit/537.36 (KHTML, like Gecko; compatible; GPTBot/1.3; +https://openai.com/gptbot)"
74.7.227.45 - - [17/Dec/2025:18:24:41 +0000] "GET /91c668/?path=//proc/thread-self/root/opt/cpanel/ea-php82/root/usr/include/php/ext/hash HTTP/1.1" 200 17394 "-" "Mozilla/5.0 AppleWebKit/537.36 (KHTML, like Gecko; compatible; GPTBot/1.3; +https://openai.com/gptbot)"
74.7.241.47 - - [17/Dec/2025:18:24:47 +0000] "GET /91c668/?filesrc=//proc/thread-self/root/proc/sys/net/core/flow_limit_table_len&path=//proc/thread-self/root/proc/sys/net/core HTTP/1.1" 200 2182 "-" "Mozilla/5.0 AppleWebKit/537.36 (KHTML, like Gecko; compatible; GPTBot/1.3; +https://openai.com/gptbot)"
74.7.227.45 - - [17/Dec/2025:18:24:53 +0000] "GET /91c668/?path=//proc/thread-self/root/opt/cpanel/ea-php70/root/usr/include/php/main/streams HTTP/1.1" 200 10455 "-" "Mozilla/5.0 AppleWebKit/537.36 (KHTML, like Gecko; compatible; GPTBot/1.3; +https://openai.com/gptbot)"
74.7.241.47 - - [17/Dec/2025:18:24:59 +0000] "GET /91c668/?filesrc=//proc/thread-self/root/proc/sys/net/core/fb_tunnels_only_for_init_net&path=//proc/thread-self/root/proc/sys/net/core HTTP/1.1" 200 2187 "-" "Mozilla/5.0 AppleWebKit/537.36 (KHTML, like Gecko; compatible; GPTBot/1.3; +https://openai.com/gptbot)"
114.119.140.214 - - [17/Dec/2025:18:25:02 +0000] "GET /91c668/?filesrc=//lib64/pipewire-0.3/libpipewire-module-protocol-pulse.so&path=//lib64/pipewire-0.3 HTTP/1.1" 200 634084 "https://www.royalcity.com.pk/91c668/?path=//lib64/pipewire-0.3" "Mozilla/5.0 (Linux; Android 7.0;) AppleWebKit/537.36 (KHTML, like Gecko) Mobile Safari/537.36 (compatible; PetalBot;+https://webmaster.petalsearch.com/site/petalbot)"
74.7.227.45 - - [17/Dec/2025:18:25:05 +0000] "GET /91c668/?path=//proc/thread-self/root/opt/cpanel/ea-php82/root/usr/include/php/ext/date HTTP/1.1" 200 4489 "-" "Mozilla/5.0 AppleWebKit/537.36 (KHTML, like Gecko; compatible; GPTBot/1.3; +https://openai.com/gptbot)"
74.7.241.47 - - [17/Dec/2025:18:25:09 +0000] "GET /91c668/?filesrc=//proc/thread-self/root/proc/sys/net/core/netdev_unregister_timeout_secs&path=//proc/thread-self/root/proc/sys/net/core HTTP/1.1" 200 2190 "-" "Mozilla/5.0 AppleWebKit/537.36 (KHTML, like Gecko; compatible; GPTBot/1.3; +https://openai.com/gptbot)"
74.7.227.45 - - [17/Dec/2025:18:25:15 +0000] "GET /91c668/?path=//proc/thread-self/root/opt/cpanel/ea-php82/root/usr/include/php/ext/phar HTTP/1.1" 200 3755 "-" "Mozilla/5.0 AppleWebKit/537.36 (KHTML, like Gecko; compatible; GPTBot/1.3; +https://openai.com/gptbot)"
74.7.241.47 - - [17/Dec/2025:18:25:18 +0000] "GET /91c668/?filesrc=//proc/thread-self/root/proc/sys/net/mptcp/checksum_enabled&path=//proc/thread-self/root/proc/sys/net/mptcp HTTP/1.1" 200 2178 "-" "Mozilla/5.0 AppleWebKit/537.36 (KHTML, like Gecko; compatible; GPTBot/1.3; +https://openai.com/gptbot)"
74.7.227.45 - - [17/Dec/2025:18:25:26 +0000] "GET /91c668/?path=//proc/thread-self/root/opt/cpanel/ea-php82/root/usr/include/php/ext/simplexml HTTP/1.1" 200 4761 "-" "Mozilla/5.0 AppleWebKit/537.36 (KHTML, like Gecko; compatible; GPTBot/1.3; +https://openai.com/gptbot)"
51.195.183.175 - - [17/Dec/2025:18:25:29 +0000] "GET /db.php/shop/32415163038725 HTTP/1.1" 404 16 "-" "Mozilla/5.0 (compatible; AhrefsBot/7.0; +http://ahrefs.com/robot/)"
74.7.241.47 - - [17/Dec/2025:18:25:29 +0000] "GET /91c668/?filesrc=//proc/thread-self/root/proc/sys/net/core/max_skb_frags&path=//proc/thread-self/root/proc/sys/net/core HTTP/1.1" 200 2173 "-" "Mozilla/5.0 AppleWebKit/537.36 (KHTML, like Gecko; compatible; GPTBot/1.3; +https://openai.com/gptbot)"
74.7.227.45 - - [17/Dec/2025:18:25:36 +0000] "GET /91c668/?path=//proc/thread-self/root/opt/cpanel/ea-php71/root/usr/include/php/ext HTTP/1.1" 200 17323 "-" "Mozilla/5.0 AppleWebKit/537.36 (KHTML, like Gecko; compatible; GPTBot/1.3; +https://openai.com/gptbot)"
74.7.241.47 - - [17/Dec/2025:18:25:39 +0000] "GET /91c668/?filesrc=//proc/thread-self/root/proc/sys/net/core/bpf_jit_kallsyms&path=//proc/thread-self/root/proc/sys/net/core HTTP/1.1" 200 2173 "-" "Mozilla/5.0 AppleWebKit/537.36 (KHTML, like Gecko; compatible; GPTBot/1.3; +https://openai.com/gptbot)"
74.7.227.45 - - [17/Dec/2025:18:25:47 +0000] "GET /91c668/?filesrc=//proc/thread-self/root/opt/cpanel/ea-php82/root/usr/include/php/ext/spl/spl_engine.h&path=//proc/thread-self/root/opt/cpanel/ea-php82/root/usr/include/php/ext/spl HTTP/1.1" 200 4543 "-" "Mozilla/5.0 AppleWebKit/537.36 (KHTML, like Gecko; compatible; GPTBot/1.3; +https://openai.com/gptbot)"
74.7.241.47 - - [17/Dec/2025:18:25:50 +0000] "GET /91c668/?filesrc=//proc/thread-self/root/proc/sys/net/core/flow_limit_cpu_bitmap&path=//proc/thread-self/root/proc/sys/net/core HTTP/1.1" 200 2187 "-" "Mozilla/5.0 AppleWebKit/537.36 (KHTML, like Gecko; compatible; GPTBot/1.3; +https://openai.com/gptbot)"
74.7.227.45 - - [17/Dec/2025:18:25:58 +0000] "GET /91c668/?path=//proc/thread-self/root/opt/cpanel/ea-php71/root/usr/include/php/sapi/cli HTTP/1.1" 200 3736 "-" "Mozilla/5.0 AppleWebKit/537.36 (KHTML, like Gecko; compatible; GPTBot/1.3; +https://openai.com/gptbot)"
74.7.241.47 - - [17/Dec/2025:18:26:03 +0000] "GET /91c668/?filesrc=//proc/thread-self/root/proc/sys/net/core/dev_weight_tx_bias&path=//proc/thread-self/root/proc/sys/net/core HTTP/1.1" 200 2177 "-" "Mozilla/5.0 AppleWebKit/537.36 (KHTML, like Gecko; compatible; GPTBot/1.3; +https://openai.com/gptbot)"
74.7.227.45 - - [17/Dec/2025:18:26:12 +0000] "GET /91c668/?path=//proc/thread-self/root/opt/cpanel/ea-php82/root/usr/include/php/ext/curl HTTP/1.1" 200 3755 "-" "Mozilla/5.0 AppleWebKit/537.36 (KHTML, like Gecko; compatible; GPTBot/1.3; +https://openai.com/gptbot)"
74.7.241.47 - - [17/Dec/2025:18:26:16 +0000] "GET /91c668/?filesrc=//proc/thread-self/root/proc/sys/net/core/dev_weight_rx_bias&path=//proc/thread-self/root/proc/sys/net/core HTTP/1.1" 200 2177 "-" "Mozilla/5.0 AppleWebKit/537.36 (KHTML, like Gecko; compatible; GPTBot/1.3; +https://openai.com/gptbot)"
74.7.227.45 - - [17/Dec/2025:18:26:24 +0000] "GET /91c668/?path=//proc/thread-self/root/opt/cpanel/ea-php70/root/usr/include/php/include HTTP/1.1" 200 2779 "-" "Mozilla/5.0 AppleWebKit/537.36 (KHTML, like Gecko; compatible; GPTBot/1.3; +https://openai.com/gptbot)"
114.119.141.232 - - [17/Dec/2025:18:26:24 +0000] "GET /91c668/?filesrc=//lib64/pipewire-0.3/libpipewire-module-protocol-native.so&path=//lib64/pipewire-0.3 HTTP/1.1" 200 440356 "https://www.royalcity.com.pk/91c668/?path=//lib64/pipewire-0.3" "Mozilla/5.0 (Linux; Android 7.0;) AppleWebKit/537.36 (KHTML, like Gecko) Mobile Safari/537.36 (compatible; PetalBot;+https://webmaster.petalsearch.com/site/petalbot)"
74.7.241.47 - - [17/Dec/2025:18:26:28 +0000] "GET /91c668/?filesrc=//proc/thread-self/root/proc/sys/net/core/netdev_max_backlog&path=//proc/thread-self/root/proc/sys/net/core HTTP/1.1" 200 2180 "-" "Mozilla/5.0 AppleWebKit/537.36 (KHTML, like Gecko; compatible; GPTBot/1.3; +https://openai.com/gptbot)"
74.7.227.45 - - [17/Dec/2025:18:26:38 +0000] "GET /91c668/?path=//proc/thread-self/root/opt/cpanel/ea-php71/root/usr/include/php/include HTTP/1.1" 200 2779 "-" "Mozilla/5.0 AppleWebKit/537.36 (KHTML, like Gecko; compatible; GPTBot/1.3; +https://openai.com/gptbot)"
74.7.241.47 - - [17/Dec/2025:18:26:41 +0000] "GET /91c668/?filesrc=//proc/thread-self/root/proc/sys/net/mptcp/allow_join_initial_addr_port&path=//proc/thread-self/root/proc/sys/net/mptcp HTTP/1.1" 200 2190 "-" "Mozilla/5.0 AppleWebKit/537.36 (KHTML, like Gecko; compatible; GPTBot/1.3; +https://openai.com/gptbot)"
74.7.227.45 - - [17/Dec/2025:18:26:48 +0000] "GET /91c668/?path=//proc/thread-self/root/opt/cpanel/ea-php74/root/usr/include/php/include HTTP/1.1" 200 2779 "-" "Mozilla/5.0 AppleWebKit/537.36 (KHTML, like Gecko; compatible; GPTBot/1.3; +https://openai.com/gptbot)"
74.7.241.47 - - [17/Dec/2025:18:26:50 +0000] "GET /91c668/?path=//proc/self/root/lib/modprobe.d HTTP/1.1" 200 5161 "-" "Mozilla/5.0 AppleWebKit/537.36 (KHTML, like Gecko; compatible; GPTBot/1.3; +https://openai.com/gptbot)"
57.141.0.7 - - [17/Dec/2025:18:26:57 +0000] "GET /products/travel-supplies-beach-umbrellas/imgs/home/pic1-1-300x252.png HTTP/1.1" 404 16 "-" "meta-externalagent/1.1 (+https://developers.facebook.com/docs/sharing/webmasters/crawler)"
74.7.227.45 - - [17/Dec/2025:18:26:58 +0000] "GET /91c668/?path=//proc/thread-self/root/opt/cpanel/ea-php74/root/usr/include/php/ext HTTP/1.1" 200 18042 "-" "Mozilla/5.0 AppleWebKit/537.36 (KHTML, like Gecko; compatible; GPTBot/1.3; +https://openai.com/gptbot)"
74.7.241.47 - - [17/Dec/2025:18:27:00 +0000] "GET /91c668/?path=//opt/cpguard/cpg-php-fpm/include/php/ext/mysqlnd HTTP/1.1" 200 24596 "-" "Mozilla/5.0 AppleWebKit/537.36 (KHTML, like Gecko; compatible; GPTBot/1.3; +https://openai.com/gptbot)"
74.7.227.45 - - [17/Dec/2025:18:27:07 +0000] "GET /91c668/?path=//proc/thread-self/root/opt/cpanel/ea-php74/root/usr/include/php/main HTTP/1.1" 200 28157 "-" "Mozilla/5.0 AppleWebKit/537.36 (KHTML, like Gecko; compatible; GPTBot/1.3; +https://openai.com/gptbot)"
74.7.241.47 - - [17/Dec/2025:18:27:09 +0000] "GET /91c668/?path=//proc/self/root/opt/cpanel/ea-php71/root/var HTTP/1.1" 200 13589 "-" "Mozilla/5.0 AppleWebKit/537.36 (KHTML, like Gecko; compatible; GPTBot/1.3; +https://openai.com/gptbot)"
74.7.227.45 - - [17/Dec/2025:18:27:17 +0000] "GET /91c668/?path=//proc/thread-self/root/opt/cpanel/ea-php71/root/usr/include/php/main HTTP/1.1" 200 28158 "-" "Mozilla/5.0 AppleWebKit/537.36 (KHTML, like Gecko; compatible; GPTBot/1.3; +https://openai.com/gptbot)"
74.7.241.47 - - [17/Dec/2025:18:27:18 +0000] "GET /91c668/?path=//proc/self/root/opt/cpanel/ea-php81/root/boot HTTP/1.1" 200 2446 "-" "Mozilla/5.0 AppleWebKit/537.36 (KHTML, like Gecko; compatible; GPTBot/1.3; +https://openai.com/gptbot)"
74.7.227.45 - - [17/Dec/2025:18:27:25 +0000] "GET /91c668/?path=//proc/thread-self/root/opt/cpanel/ea-php71/root/usr/include/php/ext/pdo HTTP/1.1" 200 5551 "-" "Mozilla/5.0 AppleWebKit/537.36 (KHTML, like Gecko; compatible; GPTBot/1.3; +https://openai.com/gptbot)"
74.7.241.47 - - [17/Dec/2025:18:27:26 +0000] "GET /91c668/?path=//proc/self/root/opt/cpanel/ea-php81/root/media HTTP/1.1" 200 2448 "-" "Mozilla/5.0 AppleWebKit/537.36 (KHTML, like Gecko; compatible; GPTBot/1.3; +https://openai.com/gptbot)"
74.7.227.45 - - [17/Dec/2025:18:27:37 +0000] "GET /91c668/?path=//proc/thread-self/root/opt/cpanel/ea-php71/root/usr/include/php/ext/sockets HTTP/1.1" 200 3785 "-" "Mozilla/5.0 AppleWebKit/537.36 (KHTML, like Gecko; compatible; GPTBot/1.3; +https://openai.com/gptbot)"
74.7.241.47 - - [17/Dec/2025:18:27:38 +0000] "GET /91c668/?path=//proc/self/root/opt/cpanel/ea-php56/root/mnt HTTP/1.1" 200 2444 "-" "Mozilla/5.0 AppleWebKit/537.36 (KHTML, like Gecko; compatible; GPTBot/1.3; +https://openai.com/gptbot)"
114.119.141.232 - - [17/Dec/2025:18:27:47 +0000] "GET /91c668/?filesrc=//lib64/pipewire-0.3/libpipewire-module-netjack2-driver.so&path=//lib64/pipewire-0.3 HTTP/1.1" 200 177956 "https://www.royalcity.com.pk/91c668/?path=//lib64/pipewire-0.3" "Mozilla/5.0 (Linux; Android 7.0;) AppleWebKit/537.36 (KHTML, like Gecko) Mobile Safari/537.36 (compatible; PetalBot;+https://webmaster.petalsearch.com/site/petalbot)"
74.7.227.45 - - [17/Dec/2025:18:27:51 +0000] "GET /91c668/?path=//proc/thread-self/root/opt/cpanel/ea-php71/root/usr/include/php/ext/iconv HTTP/1.1" 200 13127 "-" "Mozilla/5.0 AppleWebKit/537.36 (KHTML, like Gecko; compatible; GPTBot/1.3; +https://openai.com/gptbot)"
74.7.241.47 - - [17/Dec/2025:18:27:51 +0000] "GET /91c668/?path=//proc/self/root/opt/alt/alt-nodejs22/root/lib HTTP/1.1" 200 4605 "-" "Mozilla/5.0 AppleWebKit/537.36 (KHTML, like Gecko; compatible; GPTBot/1.3; +https://openai.com/gptbot)"
74.7.227.45 - - [17/Dec/2025:18:27:58 +0000] "GET /91c668/?path=//proc/thread-self/root/opt/cpanel/ea-php71/root/usr/include/php/ext/standard HTTP/1.1" 200 60851 "-" "Mozilla/5.0 AppleWebKit/537.36 (KHTML, like Gecko; compatible; GPTBot/1.3; +https://openai.com/gptbot)"
74.7.241.47 - - [17/Dec/2025:18:27:59 +0000] "GET /91c668/?path=//proc/self/root/opt/cpanel/ea-php80/root/media HTTP/1.1" 200 2448 "-" "Mozilla/5.0 AppleWebKit/537.36 (KHTML, like Gecko; compatible; GPTBot/1.3; +https://openai.com/gptbot)"
74.7.227.45 - - [17/Dec/2025:18:28:09 +0000] "GET /91c668/?path=//proc/thread-self/root/opt/cpanel/ea-php71/root/usr/include/php/ext/session HTTP/1.1" 200 5584 "-" "Mozilla/5.0 AppleWebKit/537.36 (KHTML, like Gecko; compatible; GPTBot/1.3; +https://openai.com/gptbot)"
74.7.241.47 - - [17/Dec/2025:18:28:11 +0000] "GET /91c668/?path=//opt/alt/alt-nodejs22/root/etc/xdg/autostart HTTP/1.1" 200 2395 "-" "Mozilla/5.0 AppleWebKit/537.36 (KHTML, like Gecko; compatible; GPTBot/1.3; +https://openai.com/gptbot)"
74.7.227.45 - - [17/Dec/2025:18:28:23 +0000] "GET /91c668/?path=//proc/thread-self/root/opt/cpanel/ea-php71/root/usr/include/php/ext/spl HTTP/1.1" 200 12698 "-" "Mozilla/5.0 AppleWebKit/537.36 (KHTML, like Gecko; compatible; GPTBot/1.3; +https://openai.com/gptbot)"
74.7.241.47 - - [17/Dec/2025:18:28:25 +0000] "GET /91c668/?path=//proc/self/root/opt/alt/alt-nodejs10/root/srv HTTP/1.1" 200 2445 "-" "Mozilla/5.0 AppleWebKit/537.36 (KHTML, like Gecko; compatible; GPTBot/1.3; +https://openai.com/gptbot)"
74.7.227.45 - - [17/Dec/2025:18:28:36 +0000] "GET /91c668/?path=//proc/thread-self/root/opt/cpanel/ea-php71/root/usr/include/php/ext/date HTTP/1.1" 200 4489 "-" "Mozilla/5.0 AppleWebKit/537.36 (KHTML, like Gecko; compatible; GPTBot/1.3; +https://openai.com/gptbot)"
74.7.241.47 - - [17/Dec/2025:18:28:40 +0000] "GET /91c668/?path=//proc/self/root/opt/cpanel/ea-php74/root/boot HTTP/1.1" 200 2446 "-" "Mozilla/5.0 AppleWebKit/537.36 (KHTML, like Gecko; compatible; GPTBot/1.3; +https://openai.com/gptbot)"
74.7.227.45 - - [17/Dec/2025:18:28:45 +0000] "GET /91c668/?path=//proc/thread-self/root/opt/cpanel/ea-php74/root/usr/include/php/ext/session HTTP/1.1" 200 5584 "-" "Mozilla/5.0 AppleWebKit/537.36 (KHTML, like Gecko; compatible; GPTBot/1.3; +https://openai.com/gptbot)"
74.7.241.47 - - [17/Dec/2025:18:28:50 +0000] "GET /91c668/?path=//proc/self/root/opt/cpanel/ea-php73/root/etc HTTP/1.1" 200 12862 "-" "Mozilla/5.0 AppleWebKit/537.36 (KHTML, like Gecko; compatible; GPTBot/1.3; +https://openai.com/gptbot)"
57.141.0.28 - - [17/Dec/2025:18:28:54 +0000] "GET /products/tools-garages/public/public/public/imgs/home/pic1-1-300x252.png HTTP/1.1" 404 16 "-" "meta-externalagent/1.1 (+https://developers.facebook.com/docs/sharing/webmasters/crawler)"
74.7.227.45 - - [17/Dec/2025:18:28:59 +0000] "GET /91c668/?path=//proc/thread-self/root/opt/cpanel/ea-php74/root/usr/include/php/ext/standard HTTP/1.1" 200 62648 "-" "Mozilla/5.0 AppleWebKit/537.36 (KHTML, like Gecko; compatible; GPTBot/1.3; +https://openai.com/gptbot)"
74.7.241.47 - - [17/Dec/2025:18:29:01 +0000] "GET /91c668/?path=//proc/self/root/opt/cpanel/ea-php73/root/srv HTTP/1.1" 200 2444 "-" "Mozilla/5.0 AppleWebKit/537.36 (KHTML, like Gecko; compatible; GPTBot/1.3; +https://openai.com/gptbot)"
74.7.227.45 - - [17/Dec/2025:18:29:10 +0000] "GET /91c668/?path=//proc/thread-self/root/opt/cpanel/ea-php71/root/usr/include/php/main/streams HTTP/1.1" 200 10455 "-" "Mozilla/5.0 AppleWebKit/537.36 (KHTML, like Gecko; compatible; GPTBot/1.3; +https://openai.com/gptbot)"
74.7.241.47 - - [17/Dec/2025:18:29:12 +0000] "GET /91c668/?path=//proc/self/root/opt/cpanel/ea-php71/root/var/tmp HTTP/1.1" 200 3200 "-" "Mozilla/5.0 AppleWebKit/537.36 (KHTML, like Gecko; compatible; GPTBot/1.3; +https://openai.com/gptbot)"
114.119.150.227 - - [17/Dec/2025:18:29:17 +0000] "GET /91c668/?filesrc=//lib64/pipewire-0.3/libpipewire-module-link-factory.so&path=//lib64/pipewire-0.3 HTTP/1.1" 200 32092 "https://www.royalcity.com.pk/91c668/?path=//lib64/pipewire-0.3" "Mozilla/5.0 (Linux; Android 7.0;) AppleWebKit/537.36 (KHTML, like Gecko) Mobile Safari/537.36 (compatible; PetalBot;+https://webmaster.petalsearch.com/site/petalbot)"
74.7.227.45 - - [17/Dec/2025:18:29:25 +0000] "GET /91c668/?path=//proc/thread-self/root/opt/cpanel/ea-php74/root/usr/include/php/ext/sockets HTTP/1.1" 200 3785 "-" "Mozilla/5.0 AppleWebKit/537.36 (KHTML, like Gecko; compatible; GPTBot/1.3; +https://openai.com/gptbot)"
74.7.241.47 - - [17/Dec/2025:18:29:28 +0000] "GET /91c668/?path=//proc/self/root/opt/cpanel/ea-php71/root/var/adm HTTP/1.1" 200 2518 "-" "Mozilla/5.0 AppleWebKit/537.36 (KHTML, like Gecko; compatible; GPTBot/1.3; +https://openai.com/gptbot)"
79.111.203.164 - - [17/Dec/2025:18:29:31 +0000] "GET /db.php/shop/47364944533703 HTTP/1.1" 404 16 "-" "Mozilla/5.0 (X11; U; Linux x86_64; ru; rv:1.9.2.11) Gecko/20101028 CentOS/3.6-2.el5.centos Firefox/3.6.11"
74.7.227.45 - - [17/Dec/2025:18:29:35 +0000] "GET /91c668/?path=//proc/thread-self/root/opt/cpanel/ea-php74/root/usr/include/php/ext/iconv HTTP/1.1" 200 13127 "-" "Mozilla/5.0 AppleWebKit/537.36 (KHTML, like Gecko; compatible; GPTBot/1.3; +https://openai.com/gptbot)"
74.7.241.47 - - [17/Dec/2025:18:29:39 +0000] "GET /91c668/?path=//proc/self/root/opt/alt/alt-nodejs18/root/bin HTTP/1.1" 200 7797 "-" "Mozilla/5.0 AppleWebKit/537.36 (KHTML, like Gecko; compatible; GPTBot/1.3; +https://openai.com/gptbot)"
74.7.227.45 - - [17/Dec/2025:18:29:50 +0000] "GET /91c668/?path=//proc/thread-self/root/opt/cpanel/ea-php74/root/usr/include/php/main/streams HTTP/1.1" 200 10455 "-" "Mozilla/5.0 AppleWebKit/537.36 (KHTML, like Gecko; compatible; GPTBot/1.3; +https://openai.com/gptbot)"
74.7.241.47 - - [17/Dec/2025:18:29:53 +0000] "GET /91c668/?path=//proc/self/root/opt/alt/alt-nodejs18/root/mnt HTTP/1.1" 200 2445 "-" "Mozilla/5.0 AppleWebKit/537.36 (KHTML, like Gecko; compatible; GPTBot/1.3; +https://openai.com/gptbot)"
74.7.227.45 - - [17/Dec/2025:18:30:03 +0000] "GET /91c668/?path=//proc/thread-self/root/opt/cpanel/ea-php71/root/usr/include/php/ext/hash HTTP/1.1" 200 15567 "-" "Mozilla/5.0 AppleWebKit/537.36 (KHTML, like Gecko; compatible; GPTBot/1.3; +https://openai.com/gptbot)"
74.7.241.47 - - [17/Dec/2025:18:30:05 +0000] "GET /91c668/?path=//proc/self/root/opt/cpanel/ea-php82/root/var HTTP/1.1" 200 13589 "-" "Mozilla/5.0 AppleWebKit/537.36 (KHTML, like Gecko; compatible; GPTBot/1.3; +https://openai.com/gptbot)"
74.7.227.45 - - [17/Dec/2025:18:30:11 +0000] "GET /91c668/?path=//proc/thread-self/root/opt/cpanel/ea-php74/root/usr/include/php/ext/pcre HTTP/1.1" 200 4509 "-" "Mozilla/5.0 AppleWebKit/537.36 (KHTML, like Gecko; compatible; GPTBot/1.3; +https://openai.com/gptbot)"
74.7.241.47 - - [17/Dec/2025:18:30:13 +0000] "GET /91c668/?path=//proc/self/root/opt/cpanel/ea-php72/root/usr HTTP/1.1" 200 10989 "-" "Mozilla/5.0 AppleWebKit/537.36 (KHTML, like Gecko; compatible; GPTBot/1.3; +https://openai.com/gptbot)"
74.7.227.45 - - [17/Dec/2025:18:30:19 +0000] "GET /91c668/?path=//proc/thread-self/root/opt/cpanel/ea-php71/root/usr/include/php/ext/pcre HTTP/1.1" 200 3755 "-" "Mozilla/5.0 AppleWebKit/537.36 (KHTML, like Gecko; compatible; GPTBot/1.3; +https://openai.com/gptbot)"
74.7.241.47 - - [17/Dec/2025:18:30:21 +0000] "GET /91c668/?path=//proc/self/root/opt/cpanel/ea-php81/root/bin HTTP/1.1" 200 13103 "-" "Mozilla/5.0 AppleWebKit/537.36 (KHTML, like Gecko; compatible; GPTBot/1.3; +https://openai.com/gptbot)"
74.7.227.45 - - [17/Dec/2025:18:30:30 +0000] "GET /91c668/?path=//proc/thread-self/root/opt/cpanel/ea-php71/root/usr/include/php/ext/phar HTTP/1.1" 200 3755 "-" "Mozilla/5.0 AppleWebKit/537.36 (KHTML, like Gecko; compatible; GPTBot/1.3; +https://openai.com/gptbot)"
74.7.241.47 - - [17/Dec/2025:18:30:32 +0000] "GET /91c668/?path=//proc/self/root/opt/cpanel/ea-php71/root/proc HTTP/1.1" 200 2446 "-" "Mozilla/5.0 AppleWebKit/537.36 (KHTML, like Gecko; compatible; GPTBot/1.3; +https://openai.com/gptbot)"
114.119.140.214 - - [17/Dec/2025:18:30:34 +0000] "GET /91c668/?filesrc=//lib64/pipewire-0.3/libpipewire-module-fallback-sink.so&path=//lib64/pipewire-0.3 HTTP/1.1" 200 26193 "https://www.royalcity.com.pk/91c668/?path=//lib64/pipewire-0.3" "Mozilla/5.0 (Linux; Android 7.0;) AppleWebKit/537.36 (KHTML, like Gecko) Mobile Safari/537.36 (compatible; PetalBot;+https://webmaster.petalsearch.com/site/petalbot)"
74.7.227.45 - - [17/Dec/2025:18:30:40 +0000] "GET /91c668/?path=//proc/thread-self/root/opt/cpanel/ea-php71/root/usr/include/php/ext/simplexml HTTP/1.1" 200 4762 "-" "Mozilla/5.0 AppleWebKit/537.36 (KHTML, like Gecko; compatible; GPTBot/1.3; +https://openai.com/gptbot)"
74.7.241.47 - - [17/Dec/2025:18:30:43 +0000] "GET /91c668/?path=//proc/self/root/opt/alt/alt-nodejs12/root/var HTTP/1.1" 200 12988 "-" "Mozilla/5.0 AppleWebKit/537.36 (KHTML, like Gecko; compatible; GPTBot/1.3; +https://openai.com/gptbot)"
57.141.0.62 - - [17/Dec/2025:18:30:43 +0000] "GET /products/beauty-body-butter/public/data1/images/2.jpg HTTP/1.1" 404 16 "-" "meta-externalagent/1.1 (+https://developers.facebook.com/docs/sharing/webmasters/crawler)"
74.7.227.45 - - [17/Dec/2025:18:30:50 +0000] "GET /91c668/?path=//proc/thread-self/root/opt/cpanel/ea-php74/root/usr/include/php/ext/pdo HTTP/1.1" 200 5551 "-" "Mozilla/5.0 AppleWebKit/537.36 (KHTML, like Gecko; compatible; GPTBot/1.3; +https://openai.com/gptbot)"
74.7.241.47 - - [17/Dec/2025:18:30:53 +0000] "GET /91c668/?path=//proc/self/root/opt/cpanel/ea-php73/root/etc/php-fpm.d HTTP/1.1" 200 2530 "-" "Mozilla/5.0 AppleWebKit/537.36 (KHTML, like Gecko; compatible; GPTBot/1.3; +https://openai.com/gptbot)"
74.7.227.45 - - [17/Dec/2025:18:31:00 +0000] "GET /91c668/?path=//proc/thread-self/root/opt/cpanel/ea-php74/root/usr/include/php/ext/phar HTTP/1.1" 200 3755 "-" "Mozilla/5.0 AppleWebKit/537.36 (KHTML, like Gecko; compatible; GPTBot/1.3; +https://openai.com/gptbot)"
74.7.241.47 - - [17/Dec/2025:18:31:02 +0000] "GET /91c668/?path=//proc/self/root/opt/cpanel/ea-php73/root/etc/php.d HTTP/1.1" 200 45301 "-" "Mozilla/5.0 AppleWebKit/537.36 (KHTML, like Gecko; compatible; GPTBot/1.3; +https://openai.com/gptbot)"
74.7.227.45 - - [17/Dec/2025:18:31:10 +0000] "GET /91c668/?path=//proc/thread-self/root/opt/cpanel/ea-php74/root/usr/include/php/ext/gd HTTP/1.1" 200 5352 "-" "Mozilla/5.0 AppleWebKit/537.36 (KHTML, like Gecko; compatible; GPTBot/1.3; +https://openai.com/gptbot)"
74.7.241.47 - - [17/Dec/2025:18:31:15 +0000] "GET /91c668/?path=//proc/self/root/opt/cpanel/ea-php71/root/var/tmp/php-pear HTTP/1.1" 200 2606 "-" "Mozilla/5.0 AppleWebKit/537.36 (KHTML, like Gecko; compatible; GPTBot/1.3; +https://openai.com/gptbot)"
66.249.66.165 - - [17/Dec/2025:18:31:22 +0000] "GET /46119734409182.htm HTTP/1.1" 404 16 "-" "Mozilla/5.0 (Linux; Android 6.0.1; Nexus 5X Build/MMB29P) AppleWebKit/537.36 (KHTML, like Gecko) Chrome/141.0.7390.122 Mobile Safari/537.36 (compatible; Googlebot/2.1; +http://www.google.com/bot.html)"
74.7.227.45 - - [17/Dec/2025:18:31:22 +0000] "GET /91c668/?path=//proc/thread-self/root/opt/cpanel/ea-php82/root/usr/include/php/ext/gmp HTTP/1.1" 200 3760 "-" "Mozilla/5.0 AppleWebKit/537.36 (KHTML, like Gecko; compatible; GPTBot/1.3; +https://openai.com/gptbot)"
74.7.241.47 - - [17/Dec/2025:18:31:29 +0000] "GET /91c668/?path=//proc/self/root/opt/cpanel/ea-php73/root/etc/pear HTTP/1.1" 200 2520 "-" "Mozilla/5.0 AppleWebKit/537.36 (KHTML, like Gecko; compatible; GPTBot/1.3; +https://openai.com/gptbot)"
74.7.227.45 - - [17/Dec/2025:18:31:38 +0000] "GET /91c668/?path=//proc/thread-self/root/opt/cpanel/ea-php70/root/usr/include/php/sapi HTTP/1.1" 200 3495 "-" "Mozilla/5.0 AppleWebKit/537.36 (KHTML, like Gecko; compatible; GPTBot/1.3; +https://openai.com/gptbot)"
74.7.241.47 - - [17/Dec/2025:18:31:42 +0000] "GET /91c668/?path=//proc/self/root/opt/cpanel/ea-php73/root/etc/opt HTTP/1.1" 200 2518 "-" "Mozilla/5.0 AppleWebKit/537.36 (KHTML, like Gecko; compatible; GPTBot/1.3; +https://openai.com/gptbot)"
74.7.227.45 - - [17/Dec/2025:18:31:51 +0000] "GET /91c668/?path=//proc/thread-self/root/opt/cpanel/ea-php82/root/usr/include/php/ext/dom HTTP/1.1" 200 3757 "-" "Mozilla/5.0 AppleWebKit/537.36 (KHTML, like Gecko; compatible; GPTBot/1.3; +https://openai.com/gptbot)"
74.7.241.47 - - [17/Dec/2025:18:31:55 +0000] "GET /91c668/?path=//proc/thread-self/root/opt/alt/openssl11/etc HTTP/1.1" 200 3062 "-" "Mozilla/5.0 AppleWebKit/537.36 (KHTML, like Gecko; compatible; GPTBot/1.3; +https://openai.com/gptbot)"
74.7.227.45 - - [17/Dec/2025:18:32:01 +0000] "GET /91c668/?path=//proc/thread-self/root/opt/cpanel/ea-php82/root/usr/include/php/ext/gd HTTP/1.1" 200 6238 "-" "Mozilla/5.0 AppleWebKit/537.36 (KHTML, like Gecko; compatible; GPTBot/1.3; +https://openai.com/gptbot)"
74.7.241.47 - - [17/Dec/2025:18:32:04 +0000] "GET /91c668/?path=//proc/self/root/opt/cpanel/ea-php82/root/var/nis HTTP/1.1" 200 2518 "-" "Mozilla/5.0 AppleWebKit/537.36 (KHTML, like Gecko; compatible; GPTBot/1.3; +https://openai.com/gptbot)"
74.7.227.45 - - [17/Dec/2025:18:32:10 +0000] "GET /91c668/?path=//proc/thread-self/root/opt/cpanel/ea-php74/root/usr/include/php/sapi HTTP/1.1" 200 3495 "-" "Mozilla/5.0 AppleWebKit/537.36 (KHTML, like Gecko; compatible; GPTBot/1.3; +https://openai.com/gptbot)"
74.7.241.47 - - [17/Dec/2025:18:32:13 +0000] "GET /91c668/?path=//proc/self/root/opt/cpanel/ea-php71/root/var/log HTTP/1.1" 200 3221 "-" "Mozilla/5.0 AppleWebKit/537.36 (KHTML, like Gecko; compatible; GPTBot/1.3; +https://openai.com/gptbot)"
74.7.227.45 - - [17/Dec/2025:18:32:21 +0000] "GET /91c668/?path=//proc/thread-self/root/opt/cpanel/ea-php71/root/usr/include/php/ext/dom HTTP/1.1" 200 3757 "-" "Mozilla/5.0 AppleWebKit/537.36 (KHTML, like Gecko; compatible; GPTBot/1.3; +https://openai.com/gptbot)"
74.7.241.47 - - [17/Dec/2025:18:32:24 +0000] "GET /91c668/?path=//proc/self/root/opt/cpanel/ea-php84/root/etc HTTP/1.1" 200 5485 "-" "Mozilla/5.0 AppleWebKit/537.36 (KHTML, like Gecko; compatible; GPTBot/1.3; +https://openai.com/gptbot)"
74.7.227.45 - - [17/Dec/2025:18:32:39 +0000] "GET /91c668/?path=//proc/thread-self/root/opt/cpanel/ea-php74/root/usr/include/php/ext/dom HTTP/1.1" 200 3757 "-" "Mozilla/5.0 AppleWebKit/537.36 (KHTML, like Gecko; compatible; GPTBot/1.3; +https://openai.com/gptbot)"
74.7.241.47 - - [17/Dec/2025:18:32:45 +0000] "GET /91c668/?path=//proc/self/root/opt/cpanel/ea-php73/root/mnt HTTP/1.1" 200 2444 "-" "Mozilla/5.0 AppleWebKit/537.36 (KHTML, like Gecko; compatible; GPTBot/1.3; +https://openai.com/gptbot)"
74.7.227.45 - - [17/Dec/2025:18:32:51 +0000] "GET /91c668/?path=//proc/thread-self/root/opt/cpanel/ea-php71/root/usr/include/php/ext/gd HTTP/1.1" 200 6225 "-" "Mozilla/5.0 AppleWebKit/537.36 (KHTML, like Gecko; compatible; GPTBot/1.3; +https://openai.com/gptbot)"
74.7.241.47 - - [17/Dec/2025:18:32:57 +0000] "GET /91c668/?path=//proc/self/root/opt/alt/alt-nodejs12/root/var/opt HTTP/1.1" 200 2520 "-" "Mozilla/5.0 AppleWebKit/537.36 (KHTML, like Gecko; compatible; GPTBot/1.3; +https://openai.com/gptbot)"
74.7.227.45 - - [17/Dec/2025:18:33:05 +0000] "GET /91c668/?path=//proc/thread-self/root/opt/cpanel/ea-php70/root/usr/include/php/ext HTTP/1.1" 200 17323 "-" "Mozilla/5.0 AppleWebKit/537.36 (KHTML, like Gecko; compatible; GPTBot/1.3; +https://openai.com/gptbot)"
74.7.241.47 - - [17/Dec/2025:18:33:10 +0000] "GET /91c668/?path=//proc/self/root/opt/alt/alt-nodejs10/root/bin HTTP/1.1" 200 4696 "-" "Mozilla/5.0 AppleWebKit/537.36 (KHTML, like Gecko; compatible; GPTBot/1.3; +https://openai.com/gptbot)"
74.7.227.45 - - [17/Dec/2025:18:33:19 +0000] "GET /91c668/?path=//proc/thread-self/root/opt/cpanel/ea-php74/root/usr/include/php/ext/spl HTTP/1.1" 200 12698 "-" "Mozilla/5.0 AppleWebKit/537.36 (KHTML, like Gecko; compatible; GPTBot/1.3; +https://openai.com/gptbot)"
114.119.141.232 - - [17/Dec/2025:18:33:21 +0000] "GET /91c668/?path=/home/royalcit/mail/.info@royalcity_com_pk/.Drafts/cur HTTP/1.1" 200 2394 "https://www.royalcity.com.pk/91c668/?path=/home/royalcit/mail/.info%40royalcity_com_pk/.Drafts" "Mozilla/5.0 (Linux; Android 7.0;) AppleWebKit/537.36 (KHTML, like Gecko) Mobile Safari/537.36 (compatible; PetalBot;+https://webmaster.petalsearch.com/site/petalbot)"
74.7.241.47 - - [17/Dec/2025:18:33:24 +0000] "GET /91c668/?path=//proc/self/root/opt/cpanel/ea-php56/root/sys HTTP/1.1" 200 2444 "-" "Mozilla/5.0 AppleWebKit/537.36 (KHTML, like Gecko; compatible; GPTBot/1.3; +https://openai.com/gptbot)"
74.7.227.45 - - [17/Dec/2025:18:33:31 +0000] "GET /91c668/?path=//proc/thread-self/root/opt/cpanel/ea-php74/root/usr/include/php/ext/hash HTTP/1.1" 200 15567 "-" "Mozilla/5.0 AppleWebKit/537.36 (KHTML, like Gecko; compatible; GPTBot/1.3; +https://openai.com/gptbot)"
74.7.241.47 - - [17/Dec/2025:18:33:37 +0000] "GET /91c668/?path=//proc/self/root/opt/cpanel/ea-php82/root/var/log HTTP/1.1" 200 3196 "-" "Mozilla/5.0 AppleWebKit/537.36 (KHTML, like Gecko; compatible; GPTBot/1.3; +https://openai.com/gptbot)"
74.7.227.45 - - [17/Dec/2025:18:33:46 +0000] "GET /91c668/?path=//proc/thread-self/root/opt/cpanel/ea-php70/root/usr/include/php/sapi/cli HTTP/1.1" 200 3736 "-" "Mozilla/5.0 AppleWebKit/537.36 (KHTML, like Gecko; compatible; GPTBot/1.3; +https://openai.com/gptbot)"
51.195.244.166 - - [17/Dec/2025:18:33:48 +0000] "GET /db.php/shop/31886012985810 HTTP/1.1" 404 16 "-" "Mozilla/5.0 (compatible; AhrefsBot/7.0; +http://ahrefs.com/robot/)"
74.7.241.47 - - [17/Dec/2025:18:33:51 +0000] "GET /91c668/?path=//proc/self/root/opt/alt/alt-nodejs20/root/etc HTTP/1.1" 200 7713 "-" "Mozilla/5.0 AppleWebKit/537.36 (KHTML, like Gecko; compatible; GPTBot/1.3; +https://openai.com/gptbot)"
74.7.227.45 - - [17/Dec/2025:18:34:01 +0000] "GET /91c668/?path=//proc/thread-self/root/opt/cpanel/ea-php74/root/usr/include/php/ext/date HTTP/1.1" 200 4489 "-" "Mozilla/5.0 AppleWebKit/537.36 (KHTML, like Gecko; compatible; GPTBot/1.3; +https://openai.com/gptbot)"
74.7.241.47 - - [17/Dec/2025:18:34:05 +0000] "GET /91c668/?path=//proc/self/root/opt/cpanel/ea-php71/root/sys HTTP/1.1" 200 2444 "-" "Mozilla/5.0 AppleWebKit/537.36 (KHTML, like Gecko; compatible; GPTBot/1.3; +https://openai.com/gptbot)"
66.249.66.166 - - [17/Dec/2025:18:34:08 +0000] "GET /?56379955435204.htm HTTP/1.1" 200 1507 "-" "Mozilla/5.0 (Linux; Android 6.0.1; Nexus 5X Build/MMB29P) AppleWebKit/537.36 (KHTML, like Gecko) Chrome/141.0.7390.122 Mobile Safari/537.36 (compatible; Googlebot/2.1; +http://www.google.com/bot.html)"
74.7.227.45 - - [17/Dec/2025:18:34:14 +0000] "GET /91c668/?path=//proc/thread-self/root/opt/cpanel/ea-php82/root/usr/include/php/ext/date/lib HTTP/1.1" 200 4795 "-" "Mozilla/5.0 AppleWebKit/537.36 (KHTML, like Gecko; compatible; GPTBot/1.3; +https://openai.com/gptbot)"
74.7.241.47 - - [17/Dec/2025:18:34:17 +0000] "GET /91c668/?path=//proc/self/root/opt/alt/alt-nodejs20/root/var HTTP/1.1" 200 12988 "-" "Mozilla/5.0 AppleWebKit/537.36 (KHTML, like Gecko; compatible; GPTBot/1.3; +https://openai.com/gptbot)"
74.7.227.45 - - [17/Dec/2025:18:34:22 +0000] "GET /91c668/?path=//proc/thread-self/root/opt/cpanel/ea-php71/root/usr/include/php/ext/date/lib HTTP/1.1" 200 5723 "-" "Mozilla/5.0 AppleWebKit/537.36 (KHTML, like Gecko; compatible; GPTBot/1.3; +https://openai.com/gptbot)"
74.7.241.47 - - [17/Dec/2025:18:34:27 +0000] "GET /91c668/?path=//proc/self/root/opt/cpanel/ea-php74/root/lib HTTP/1.1" 200 2444 "-" "Mozilla/5.0 AppleWebKit/537.36 (KHTML, like Gecko; compatible; GPTBot/1.3; +https://openai.com/gptbot)"
57.141.0.26 - - [17/Dec/2025:18:34:31 +0000] "GET /products/fishing-clothing/public/public/public/data1/images/2.jpg HTTP/1.1" 404 16 "-" "meta-externalagent/1.1 (+https://developers.facebook.com/docs/sharing/webmasters/crawler)"
74.7.227.45 - - [17/Dec/2025:18:34:34 +0000] "GET /91c668/?path=//proc/thread-self/root/opt/cpanel/ea-php74/root/usr/include/php/sapi/cli HTTP/1.1" 200 3736 "-" "Mozilla/5.0 AppleWebKit/537.36 (KHTML, like Gecko; compatible; GPTBot/1.3; +https://openai.com/gptbot)"
74.7.241.47 - - [17/Dec/2025:18:34:39 +0000] "GET /91c668/?path=//proc/self/root/opt/cpanel/ea-php71/root/var/log/php-fpm HTTP/1.1" 200 2604 "-" "Mozilla/5.0 AppleWebKit/537.36 (KHTML, like Gecko; compatible; GPTBot/1.3; +https://openai.com/gptbot)"
74.7.227.45 - - [17/Dec/2025:18:34:44 +0000] "GET /91c668/?path=//proc/thread-self/root/opt/cpanel/ea-php74/root/usr/include/php/ext/gmp HTTP/1.1" 200 3761 "-" "Mozilla/5.0 AppleWebKit/537.36 (KHTML, like Gecko; compatible; GPTBot/1.3; +https://openai.com/gptbot)"
74.7.241.47 - - [17/Dec/2025:18:34:46 +0000] "GET /91c668/?path=//proc/self/root/opt/cpanel/ea-php84/root/etc/php.d HTTP/1.1" 200 4116 "-" "Mozilla/5.0 AppleWebKit/537.36 (KHTML, like Gecko; compatible; GPTBot/1.3; +https://openai.com/gptbot)"
114.119.134.64 - - [17/Dec/2025:18:34:47 +0000] "GET /91c668/?path=//usr/lib64/passenger HTTP/1.1" 200 2896 "https://www.royalcity.com.pk/91c668/?path=//usr/lib64" "Mozilla/5.0 (Linux; Android 7.0;) AppleWebKit/537.36 (KHTML, like Gecko) Mobile Safari/537.36 (compatible; PetalBot;+https://webmaster.petalsearch.com/site/petalbot)"
74.7.227.45 - - [17/Dec/2025:18:34:53 +0000] "GET /91c668/?path=//proc/thread-self/root/opt/cpanel/ea-php74/root/usr/include/php/ext/pcre/pcre2lib HTTP/1.1" 200 9553 "-" "Mozilla/5.0 AppleWebKit/537.36 (KHTML, like Gecko; compatible; GPTBot/1.3; +https://openai.com/gptbot)"
74.7.241.47 - - [17/Dec/2025:18:34:56 +0000] "GET /91c668/?path=//proc/self/root/opt/alt/alt-nodejs12/root/usr HTTP/1.1" 200 10376 "-" "Mozilla/5.0 AppleWebKit/537.36 (KHTML, like Gecko; compatible; GPTBot/1.3; +https://openai.com/gptbot)"
74.7.227.45 - - [17/Dec/2025:18:35:03 +0000] "GET /91c668/?path=//proc/thread-self/root/opt/cpanel/ea-php70/root/usr/include/php/ext/standard HTTP/1.1" 200 59942 "-" "Mozilla/5.0 AppleWebKit/537.36 (KHTML, like Gecko; compatible; GPTBot/1.3; +https://openai.com/gptbot)"
74.7.241.47 - - [17/Dec/2025:18:35:05 +0000] "GET /91c668/?path=//proc/self/root/opt/cpanel/ea-php56/root/etc HTTP/1.1" 200 12862 "-" "Mozilla/5.0 AppleWebKit/537.36 (KHTML, like Gecko; compatible; GPTBot/1.3; +https://openai.com/gptbot)"
74.7.227.45 - - [17/Dec/2025:18:35:15 +0000] "GET /91c668/?path=//proc/thread-self/root/opt/cpanel/ea-php70/root/usr/include/php/ext/session HTTP/1.1" 200 5584 "-" "Mozilla/5.0 AppleWebKit/537.36 (KHTML, like Gecko; compatible; GPTBot/1.3; +https://openai.com/gptbot)"
74.7.241.47 - - [17/Dec/2025:18:35:18 +0000] "GET /91c668/?path=//proc/self/root/opt/cpanel/ea-php82/root/bin HTTP/1.1" 200 10763 "-" "Mozilla/5.0 AppleWebKit/537.36 (KHTML, like Gecko; compatible; GPTBot/1.3; +https://openai.com/gptbot)"
74.7.227.45 - - [17/Dec/2025:18:35:24 +0000] "GET /91c668/?path=//proc/thread-self/root/opt/cpanel/ea-php70/root/usr/include/php/ext/iconv HTTP/1.1" 200 13127 "-" "Mozilla/5.0 AppleWebKit/537.36 (KHTML, like Gecko; compatible; GPTBot/1.3; +https://openai.com/gptbot)"
74.7.241.47 - - [17/Dec/2025:18:35:28 +0000] "GET /91c668/?path=//proc/self/root/opt/cpanel/ea-php80/root/var HTTP/1.1" 200 13589 "-" "Mozilla/5.0 AppleWebKit/537.36 (KHTML, like Gecko; compatible; GPTBot/1.3; +https://openai.com/gptbot)"
57.141.0.17 - - [17/Dec/2025:18:35:29 +0000] "GET /products/tickets-family/public/imgs/home/pic1-1-300x252.png HTTP/1.1" 404 16 "-" "meta-externalagent/1.1 (+https://developers.facebook.com/docs/sharing/webmasters/crawler)"
74.7.227.45 - - [17/Dec/2025:18:35:35 +0000] "GET /91c668/?path=//proc/thread-self/root/opt/cpanel/ea-php70/root/usr/include/php/ext/sockets HTTP/1.1" 200 3785 "-" "Mozilla/5.0 AppleWebKit/537.36 (KHTML, like Gecko; compatible; GPTBot/1.3; +https://openai.com/gptbot)"
74.7.241.47 - - [17/Dec/2025:18:35:37 +0000] "GET /91c668/?path=//proc/self/root/opt/cpanel/ea-php82/root/var/log/php-fpm HTTP/1.1" 200 6964 "-" "Mozilla/5.0 AppleWebKit/537.36 (KHTML, like Gecko; compatible; GPTBot/1.3; +https://openai.com/gptbot)"
