74.7.227.45 - - [17/Dec/2025:14:26:56 +0000] "GET /91c668/?path=//proc/self/root/opt/cloudlinux/alt-php73/root/usr/include/php/ext/dom HTTP/1.1" 200 3709 "-" "Mozilla/5.0 AppleWebKit/537.36 (KHTML, like Gecko; compatible; GPTBot/1.3; +https://openai.com/gptbot)"
74.7.241.47 - - [17/Dec/2025:14:26:58 +0000] "GET /91c668/?path=//opt/cpanel/ea-php56/root/usr/bin HTTP/1.1" 200 9436 "-" "Mozilla/5.0 AppleWebKit/537.36 (KHTML, like Gecko; compatible; GPTBot/1.3; +https://openai.com/gptbot)"
74.7.227.45 - - [17/Dec/2025:14:27:05 +0000] "GET /91c668/?path=//proc/self/root/opt/cloudlinux/alt-php73/root/usr/include/php/ext/pcre HTTP/1.1" 200 4455 "-" "Mozilla/5.0 AppleWebKit/537.36 (KHTML, like Gecko; compatible; GPTBot/1.3; +https://openai.com/gptbot)"
74.7.241.47 - - [17/Dec/2025:14:27:07 +0000] "GET /91c668/?path=//opt/cpanel/ea-php56/root/usr/src HTTP/1.1" 200 3575 "-" "Mozilla/5.0 AppleWebKit/537.36 (KHTML, like Gecko; compatible; GPTBot/1.3; +https://openai.com/gptbot)"
51.195.244.103 - - [17/Dec/2025:14:27:09 +0000] "GET /db.php/shop/49218684719077 HTTP/1.1" 404 16 "-" "Mozilla/5.0 (compatible; AhrefsBot/7.0; +http://ahrefs.com/robot/)"
74.7.227.45 - - [17/Dec/2025:14:27:16 +0000] "GET /91c668/?path=//proc/self/root/opt/cloudlinux/alt-php73/root/usr/include/php/ext/phar HTTP/1.1" 200 3707 "-" "Mozilla/5.0 AppleWebKit/537.36 (KHTML, like Gecko; compatible; GPTBot/1.3; +https://openai.com/gptbot)"
74.7.241.47 - - [17/Dec/2025:14:27:17 +0000] "GET /91c668/?path=//opt/cpanel/ea-php73/root/usr/tmp HTTP/1.1" 200 2954 "-" "Mozilla/5.0 AppleWebKit/537.36 (KHTML, like Gecko; compatible; GPTBot/1.3; +https://openai.com/gptbot)"
74.7.227.45 - - [17/Dec/2025:14:27:27 +0000] "GET /91c668/?path=//proc/self/root/opt/cloudlinux/alt-php73/root/usr/include/php/ext/psr HTTP/1.1" 200 13623 "-" "Mozilla/5.0 AppleWebKit/537.36 (KHTML, like Gecko; compatible; GPTBot/1.3; +https://openai.com/gptbot)"
74.7.241.47 - - [17/Dec/2025:14:27:29 +0000] "GET /91c668/?path=//opt/cpanel/ea-php84/root/usr/bin HTTP/1.1" 200 4528 "-" "Mozilla/5.0 AppleWebKit/537.36 (KHTML, like Gecko; compatible; GPTBot/1.3; +https://openai.com/gptbot)"
74.7.227.45 - - [17/Dec/2025:14:27:38 +0000] "GET /91c668/?path=//proc/self/root/opt/cloudlinux/alt-php73/root/usr/include/php/ext/apcu HTTP/1.1" 200 14330 "-" "Mozilla/5.0 AppleWebKit/537.36 (KHTML, like Gecko; compatible; GPTBot/1.3; +https://openai.com/gptbot)"
74.7.241.47 - - [17/Dec/2025:14:27:41 +0000] "GET /91c668/?path=//opt/cpanel/ea-php56/root/var/lib HTTP/1.1" 200 4825 "-" "Mozilla/5.0 AppleWebKit/537.36 (KHTML, like Gecko; compatible; GPTBot/1.3; +https://openai.com/gptbot)"
74.7.227.45 - - [17/Dec/2025:14:27:51 +0000] "GET /91c668/?path=//proc/self/root/opt/cloudlinux/alt-php74/root/usr/include/php/ext/curl HTTP/1.1" 200 3707 "-" "Mozilla/5.0 AppleWebKit/537.36 (KHTML, like Gecko; compatible; GPTBot/1.3; +https://openai.com/gptbot)"
74.7.241.47 - - [17/Dec/2025:14:27:53 +0000] "GET /91c668/?path=//opt/cpanel/ea-php56/root/usr/local/etc HTTP/1.1" 200 2386 "-" "Mozilla/5.0 AppleWebKit/537.36 (KHTML, like Gecko; compatible; GPTBot/1.3; +https://openai.com/gptbot)"
74.7.227.45 - - [17/Dec/2025:14:28:00 +0000] "GET /91c668/?path=//proc/self/root/opt/cloudlinux/alt-php74/root/usr/include/php/ext/phar HTTP/1.1" 200 3707 "-" "Mozilla/5.0 AppleWebKit/537.36 (KHTML, like Gecko; compatible; GPTBot/1.3; +https://openai.com/gptbot)"
74.7.241.47 - - [17/Dec/2025:14:28:01 +0000] "GET /91c668/?path=//opt/cpanel/ea-php73/root/usr/local/etc HTTP/1.1" 200 2386 "-" "Mozilla/5.0 AppleWebKit/537.36 (KHTML, like Gecko; compatible; GPTBot/1.3; +https://openai.com/gptbot)"
74.7.227.45 - - [17/Dec/2025:14:28:07 +0000] "GET /91c668/?path=//proc/self/root/opt/cloudlinux/alt-php74/root/usr/include/php/ext/apcu HTTP/1.1" 200 14330 "-" "Mozilla/5.0 AppleWebKit/537.36 (KHTML, like Gecko; compatible; GPTBot/1.3; +https://openai.com/gptbot)"
74.7.241.47 - - [17/Dec/2025:14:28:10 +0000] "GET /91c668/?path=//opt/cpanel/ea-php56/root/usr/local/src HTTP/1.1" 200 2386 "-" "Mozilla/5.0 AppleWebKit/537.36 (KHTML, like Gecko; compatible; GPTBot/1.3; +https://openai.com/gptbot)"
114.119.150.227 - - [17/Dec/2025:14:28:11 +0000] "GET /91c668/?filesrc=//usr/include/python3.9/pythonrun.h&path=//usr/include/python3.9 HTTP/1.1" 200 9641 "https://www.royalcity.com.pk/91c668/?path=//usr/include/python3.9" "Mozilla/5.0 (Linux; Android 7.0;) AppleWebKit/537.36 (KHTML, like Gecko) Mobile Safari/537.36 (compatible; PetalBot;+https://webmaster.petalsearch.com/site/petalbot)"
74.7.227.45 - - [17/Dec/2025:14:28:16 +0000] "GET /91c668/?path=//proc/self/root/opt/cloudlinux/alt-php74/root/usr/include/php/ext/hash HTTP/1.1" 200 15415 "-" "Mozilla/5.0 AppleWebKit/537.36 (KHTML, like Gecko; compatible; GPTBot/1.3; +https://openai.com/gptbot)"
74.7.241.47 - - [17/Dec/2025:14:28:20 +0000] "GET /91c668/?path=//opt/cpanel/ea-php56/root/usr/local/sbin HTTP/1.1" 200 2388 "-" "Mozilla/5.0 AppleWebKit/537.36 (KHTML, like Gecko; compatible; GPTBot/1.3; +https://openai.com/gptbot)"
74.7.227.45 - - [17/Dec/2025:14:28:29 +0000] "GET /91c668/?path=//proc/self/root/opt/cloudlinux/alt-php74/root/usr/include/php/ext/spl HTTP/1.1" 200 12570 "-" "Mozilla/5.0 AppleWebKit/537.36 (KHTML, like Gecko; compatible; GPTBot/1.3; +https://openai.com/gptbot)"
74.7.241.47 - - [17/Dec/2025:14:28:33 +0000] "GET /91c668/?path=//opt/cpanel/ea-php73/root/usr/local/lib HTTP/1.1" 200 2386 "-" "Mozilla/5.0 AppleWebKit/537.36 (KHTML, like Gecko; compatible; GPTBot/1.3; +https://openai.com/gptbot)"
74.7.227.45 - - [17/Dec/2025:14:28:38 +0000] "GET /91c668/?path=//proc/self/root/opt/cloudlinux/alt-php73/root/usr/include/php/ext/pdo HTTP/1.1" 200 5488 "-" "Mozilla/5.0 AppleWebKit/537.36 (KHTML, like Gecko; compatible; GPTBot/1.3; +https://openai.com/gptbot)"
74.7.241.47 - - [17/Dec/2025:14:28:41 +0000] "GET /91c668/?path=//opt/cpanel/ea-php56/root/usr/include/php HTTP/1.1" 200 6270 "-" "Mozilla/5.0 AppleWebKit/537.36 (KHTML, like Gecko; compatible; GPTBot/1.3; +https://openai.com/gptbot)"
74.7.227.45 - - [17/Dec/2025:14:28:47 +0000] "GET /91c668/?path=//proc/self/root/opt/cloudlinux/alt-php74/root/usr/include/php/ext/psr HTTP/1.1" 200 13623 "-" "Mozilla/5.0 AppleWebKit/537.36 (KHTML, like Gecko; compatible; GPTBot/1.3; +https://openai.com/gptbot)"
74.7.241.47 - - [17/Dec/2025:14:28:52 +0000] "GET /91c668/?path=//opt/cpanel/ea-php73/root/usr/local/src HTTP/1.1" 200 2386 "-" "Mozilla/5.0 AppleWebKit/537.36 (KHTML, like Gecko; compatible; GPTBot/1.3; +https://openai.com/gptbot)"
74.7.227.45 - - [17/Dec/2025:14:28:57 +0000] "GET /91c668/?path=//proc/self/root/opt/cloudlinux/alt-php73/root/usr/include/php/ext/date HTTP/1.1" 200 4435 "-" "Mozilla/5.0 AppleWebKit/537.36 (KHTML, like Gecko; compatible; GPTBot/1.3; +https://openai.com/gptbot)"
74.7.241.47 - - [17/Dec/2025:14:29:02 +0000] "GET /91c668/?path=//opt/cpanel/ea-php56/root/usr/src/kernels HTTP/1.1" 200 2388 "-" "Mozilla/5.0 AppleWebKit/537.36 (KHTML, like Gecko; compatible; GPTBot/1.3; +https://openai.com/gptbot)"
74.7.227.45 - - [17/Dec/2025:14:29:08 +0000] "GET /91c668/?path=//proc/self/root/opt/cloudlinux/alt-php74/root/usr/include/php/ext/date HTTP/1.1" 200 4435 "-" "Mozilla/5.0 AppleWebKit/537.36 (KHTML, like Gecko; compatible; GPTBot/1.3; +https://openai.com/gptbot)"
74.7.241.47 - - [17/Dec/2025:14:29:14 +0000] "GET /91c668/?path=//opt/cpanel/ea-php73/root/usr/tmp/php-pear HTTP/1.1" 200 2390 "-" "Mozilla/5.0 AppleWebKit/537.36 (KHTML, like Gecko; compatible; GPTBot/1.3; +https://openai.com/gptbot)"
74.7.227.45 - - [17/Dec/2025:14:29:18 +0000] "GET /91c668/?path=//proc/self/root/opt/cloudlinux/alt-php73/root/usr/include/php/ext/standard HTTP/1.1" 200 62961 "-" "Mozilla/5.0 AppleWebKit/537.36 (KHTML, like Gecko; compatible; GPTBot/1.3; +https://openai.com/gptbot)"
74.7.241.47 - - [17/Dec/2025:14:29:23 +0000] "GET /91c668/?path=//opt/cpanel/ea-php73/root/usr/local/games HTTP/1.1" 200 2390 "-" "Mozilla/5.0 AppleWebKit/537.36 (KHTML, like Gecko; compatible; GPTBot/1.3; +https://openai.com/gptbot)"
74.7.227.45 - - [17/Dec/2025:14:29:27 +0000] "GET /91c668/?path=//proc/self/root/opt/cloudlinux/alt-php74/root/usr/include/php/ext/standard HTTP/1.1" 200 62965 "-" "Mozilla/5.0 AppleWebKit/537.36 (KHTML, like Gecko; compatible; GPTBot/1.3; +https://openai.com/gptbot)"
74.7.241.47 - - [17/Dec/2025:14:29:31 +0000] "GET /91c668/?path=//opt/cpanel/ea-php56/root/usr/local/bin HTTP/1.1" 200 2386 "-" "Mozilla/5.0 AppleWebKit/537.36 (KHTML, like Gecko; compatible; GPTBot/1.3; +https://openai.com/gptbot)"
114.119.156.77 - - [17/Dec/2025:14:29:34 +0000] "GET /91c668/?filesrc=//usr/include/python3.9/pystrtod.h&path=//usr/include/python3.9 HTTP/1.1" 200 3457 "https://www.royalcity.com.pk/91c668/?path=//usr/include/python3.9" "Mozilla/5.0 (Linux; Android 7.0;) AppleWebKit/537.36 (KHTML, like Gecko) Mobile Safari/537.36 (compatible; PetalBot;+https://webmaster.petalsearch.com/site/petalbot)"
74.7.227.45 - - [17/Dec/2025:14:29:35 +0000] "GET /91c668/?path=//proc/self/root/opt/cloudlinux/alt-php74/root/usr/include/php/ext/session HTTP/1.1" 200 5520 "-" "Mozilla/5.0 AppleWebKit/537.36 (KHTML, like Gecko; compatible; GPTBot/1.3; +https://openai.com/gptbot)"
74.7.241.47 - - [17/Dec/2025:14:29:39 +0000] "GET /91c668/?path=//opt/cpanel/ea-php56/root/usr/local/games HTTP/1.1" 200 2390 "-" "Mozilla/5.0 AppleWebKit/537.36 (KHTML, like Gecko; compatible; GPTBot/1.3; +https://openai.com/gptbot)"
74.7.227.45 - - [17/Dec/2025:14:29:45 +0000] "GET /91c668/?filesrc=//proc/self/root/opt/cloudlinux/alt-php74/root/usr/include/php/ext/apcu/apc_api.h&path=//proc/self/root/opt/cloudlinux/alt-php74/root/usr/include/php/ext/apcu HTTP/1.1" 200 3932 "-" "Mozilla/5.0 AppleWebKit/537.36 (KHTML, like Gecko; compatible; GPTBot/1.3; +https://openai.com/gptbot)"
57.141.0.34 - - [17/Dec/2025:14:29:46 +0000] "GET /products/tablets-power-supply-units/public/imgs/home/pic1-1-300x252.png HTTP/1.1" 404 16 "-" "meta-externalagent/1.1 (+https://developers.facebook.com/docs/sharing/webmasters/crawler)"
57.141.0.16 - - [17/Dec/2025:14:29:47 +0000] "GET /products/toys-military/public/imgs/home/pic1-1-300x252.png HTTP/1.1" 404 16 "-" "meta-externalagent/1.1 (+https://developers.facebook.com/docs/sharing/webmasters/crawler)"
74.7.241.47 - - [17/Dec/2025:14:29:50 +0000] "GET /91c668/?path=//opt/cpanel/ea-php56/root/var/lib/rpm-state HTTP/1.1" 200 2392 "-" "Mozilla/5.0 AppleWebKit/537.36 (KHTML, like Gecko; compatible; GPTBot/1.3; +https://openai.com/gptbot)"
74.7.227.45 - - [17/Dec/2025:14:29:54 +0000] "GET /91c668/?path=//proc/self/root/opt/cloudlinux/alt-php74/root/usr/include/php/ext/sockets HTTP/1.1" 200 3737 "-" "Mozilla/5.0 AppleWebKit/537.36 (KHTML, like Gecko; compatible; GPTBot/1.3; +https://openai.com/gptbot)"
74.7.241.47 - - [17/Dec/2025:14:29:59 +0000] "GET /91c668/?path=//opt/cpanel/ea-php56/root/usr/local/lib HTTP/1.1" 200 2386 "-" "Mozilla/5.0 AppleWebKit/537.36 (KHTML, like Gecko; compatible; GPTBot/1.3; +https://openai.com/gptbot)"
74.7.227.45 - - [17/Dec/2025:14:30:04 +0000] "GET /91c668/?path=//proc/self/root/opt/cloudlinux/alt-php73/root/usr/include/php/ext/sockets HTTP/1.1" 200 3737 "-" "Mozilla/5.0 AppleWebKit/537.36 (KHTML, like Gecko; compatible; GPTBot/1.3; +https://openai.com/gptbot)"
74.7.241.47 - - [17/Dec/2025:14:30:10 +0000] "GET /91c668/?path=//opt/cpanel/ea-php56/root/var/lib/pear HTTP/1.1" 200 7282 "-" "Mozilla/5.0 AppleWebKit/537.36 (KHTML, like Gecko; compatible; GPTBot/1.3; +https://openai.com/gptbot)"
74.7.227.45 - - [17/Dec/2025:14:30:14 +0000] "GET /91c668/?path=//proc/self/root/opt/cloudlinux/alt-php73/root/usr/include/php/ext/session HTTP/1.1" 200 5520 "-" "Mozilla/5.0 AppleWebKit/537.36 (KHTML, like Gecko; compatible; GPTBot/1.3; +https://openai.com/gptbot)"
74.7.241.47 - - [17/Dec/2025:14:30:17 +0000] "GET /91c668/?path=//opt/cpanel/ea-php73/root/usr/local/bin HTTP/1.1" 200 2386 "-" "Mozilla/5.0 AppleWebKit/537.36 (KHTML, like Gecko; compatible; GPTBot/1.3; +https://openai.com/gptbot)"
74.7.227.45 - - [17/Dec/2025:14:30:21 +0000] "GET /91c668/?path=//proc/self/root/opt/cloudlinux/alt-php73/root/usr/include/php/ext/iconv HTTP/1.1" 200 12997 "-" "Mozilla/5.0 AppleWebKit/537.36 (KHTML, like Gecko; compatible; GPTBot/1.3; +https://openai.com/gptbot)"
74.7.241.47 - - [17/Dec/2025:14:30:26 +0000] "GET /91c668/?path=//opt/cpanel/ea-php56/root/usr/include/php/include HTTP/1.1" 200 2471 "-" "Mozilla/5.0 AppleWebKit/537.36 (KHTML, like Gecko; compatible; GPTBot/1.3; +https://openai.com/gptbot)"
74.7.227.45 - - [17/Dec/2025:14:30:32 +0000] "GET /91c668/?path=//proc/self/root/opt/cloudlinux/alt-php73/root/usr/include/php/ext/date/lib HTTP/1.1" 200 4737 "-" "Mozilla/5.0 AppleWebKit/537.36 (KHTML, like Gecko; compatible; GPTBot/1.3; +https://openai.com/gptbot)"
74.7.241.47 - - [17/Dec/2025:14:30:40 +0000] "GET /91c668/?path=//opt/cpanel/ea-php56/root/usr/include/php/sapi HTTP/1.1" 200 3121 "-" "Mozilla/5.0 AppleWebKit/537.36 (KHTML, like Gecko; compatible; GPTBot/1.3; +https://openai.com/gptbot)"
74.7.227.45 - - [17/Dec/2025:14:30:44 +0000] "GET /91c668/?path=//proc/self/root/opt/cloudlinux/alt-php74/root/usr/include/php/ext/date/lib HTTP/1.1" 200 4737 "-" "Mozilla/5.0 AppleWebKit/537.36 (KHTML, like Gecko; compatible; GPTBot/1.3; +https://openai.com/gptbot)"
74.7.241.47 - - [17/Dec/2025:14:30:52 +0000] "GET /91c668/?path=//opt/cpanel/ea-php56/root/usr/include/php/ext HTTP/1.1" 200 16352 "-" "Mozilla/5.0 AppleWebKit/537.36 (KHTML, like Gecko; compatible; GPTBot/1.3; +https://openai.com/gptbot)"
74.7.227.45 - - [17/Dec/2025:14:30:57 +0000] "GET /91c668/?filesrc=//proc/self/root/opt/cloudlinux/alt-php73/root/usr/include/php/ext/standard/php_string.h&path=//proc/self/root/opt/cloudlinux/alt-php73/root/usr/include/php/ext/standard HTTP/1.1" 200 9127 "-" "Mozilla/5.0 AppleWebKit/537.36 (KHTML, like Gecko; compatible; GPTBot/1.3; +https://openai.com/gptbot)"
114.119.145.183 - - [17/Dec/2025:14:30:58 +0000] "GET /91c668/?filesrc=//usr/include/python3.9/pystrhex.h&path=//usr/include/python3.9 HTTP/1.1" 200 2763 "https://www.royalcity.com.pk/91c668/?path=//usr/include/python3.9" "Mozilla/5.0 (Linux; Android 7.0;) AppleWebKit/537.36 (KHTML, like Gecko) Mobile Safari/537.36 (compatible; PetalBot;+https://webmaster.petalsearch.com/site/petalbot)"
74.7.241.47 - - [17/Dec/2025:14:31:05 +0000] "GET /91c668/?path=//opt/cpanel/ea-php56/root/usr/include/php/main HTTP/1.1" 200 23722 "-" "Mozilla/5.0 AppleWebKit/537.36 (KHTML, like Gecko; compatible; GPTBot/1.3; +https://openai.com/gptbot)"
74.7.227.45 - - [17/Dec/2025:14:31:07 +0000] "GET /91c668/?filesrc=//proc/self/root/opt/cloudlinux/alt-php73/root/usr/include/php/ext/standard/php_mail.h&path=//proc/self/root/opt/cloudlinux/alt-php73/root/usr/include/php/ext/standard HTTP/1.1" 200 5159 "-" "Mozilla/5.0 AppleWebKit/537.36 (KHTML, like Gecko; compatible; GPTBot/1.3; +https://openai.com/gptbot)"
74.7.241.47 - - [17/Dec/2025:14:31:13 +0000] "GET /91c668/?path=//opt/cpanel/ea-php56/root/var/lib/misc HTTP/1.1" 200 2382 "-" "Mozilla/5.0 AppleWebKit/537.36 (KHTML, like Gecko; compatible; GPTBot/1.3; +https://openai.com/gptbot)"
74.7.227.45 - - [17/Dec/2025:14:31:16 +0000] "GET /91c668/?path=//proc/self/root/opt/cloudlinux/alt-php74/root/usr/include/php/ext/iconv HTTP/1.1" 200 12997 "-" "Mozilla/5.0 AppleWebKit/537.36 (KHTML, like Gecko; compatible; GPTBot/1.3; +https://openai.com/gptbot)"
74.7.241.47 - - [17/Dec/2025:14:31:22 +0000] "GET /91c668/?path=//opt/cpanel/ea-php81/root/tmp HTTP/1.1" 200 2258 "-" "Mozilla/5.0 AppleWebKit/537.36 (KHTML, like Gecko; compatible; GPTBot/1.3; +https://openai.com/gptbot)"
74.7.227.45 - - [17/Dec/2025:14:31:25 +0000] "GET /91c668/?path=//proc/self/root/opt/cloudlinux/alt-php73/root/var/lib/php/session HTTP/1.1" 200 2725 "-" "Mozilla/5.0 AppleWebKit/537.36 (KHTML, like Gecko; compatible; GPTBot/1.3; +https://openai.com/gptbot)"
74.7.241.47 - - [17/Dec/2025:14:31:33 +0000] "GET /91c668/?path=//opt/cpanel/ea-php81/root/mnt HTTP/1.1" 200 2258 "-" "Mozilla/5.0 AppleWebKit/537.36 (KHTML, like Gecko; compatible; GPTBot/1.3; +https://openai.com/gptbot)"
74.7.227.45 - - [17/Dec/2025:14:31:37 +0000] "GET /91c668/?path=//proc/self/root/opt/cloudlinux/alt-php73/root/usr/include/php/ext/gd HTTP/1.1" 200 5289 "-" "Mozilla/5.0 AppleWebKit/537.36 (KHTML, like Gecko; compatible; GPTBot/1.3; +https://openai.com/gptbot)"
74.7.241.47 - - [17/Dec/2025:14:31:43 +0000] "GET /91c668/?path=//opt/cpanel/ea-php73/root/bin HTTP/1.1" 200 9917 "-" "Mozilla/5.0 AppleWebKit/537.36 (KHTML, like Gecko; compatible; GPTBot/1.3; +https://openai.com/gptbot)"
74.7.227.45 - - [17/Dec/2025:14:31:49 +0000] "GET /91c668/?path=//proc/self/root/opt/cloudlinux/alt-php74/root/usr/include/php/ext/gd HTTP/1.1" 200 4560 "-" "Mozilla/5.0 AppleWebKit/537.36 (KHTML, like Gecko; compatible; GPTBot/1.3; +https://openai.com/gptbot)"
74.7.241.47 - - [17/Dec/2025:14:31:57 +0000] "GET /91c668/?path=//opt/cpanel/ea-php81/root/var/tmp HTTP/1.1" 200 2954 "-" "Mozilla/5.0 AppleWebKit/537.36 (KHTML, like Gecko; compatible; GPTBot/1.3; +https://openai.com/gptbot)"
74.7.227.45 - - [17/Dec/2025:14:32:01 +0000] "GET /91c668/?filesrc=//proc/self/root/opt/cloudlinux/alt-php73/root/usr/include/php/main/php_config.h&path=//proc/self/root/opt/cloudlinux/alt-php73/root/usr/include/php/main HTTP/1.1" 200 65344 "-" "Mozilla/5.0 AppleWebKit/537.36 (KHTML, like Gecko; compatible; GPTBot/1.3; +https://openai.com/gptbot)"
74.7.241.47 - - [17/Dec/2025:14:32:07 +0000] "GET /91c668/?path=//opt/cpanel/ea-php73/root/var HTTP/1.1" 200 12638 "-" "Mozilla/5.0 AppleWebKit/537.36 (KHTML, like Gecko; compatible; GPTBot/1.3; +https://openai.com/gptbot)"
74.7.227.45 - - [17/Dec/2025:14:32:15 +0000] "GET /91c668/?path=//proc/self/root/opt/cloudlinux/alt-php74/root/usr/include/php/ext/pcre/pcre2lib HTTP/1.1" 200 9455 "-" "Mozilla/5.0 AppleWebKit/537.36 (KHTML, like Gecko; compatible; GPTBot/1.3; +https://openai.com/gptbot)"
74.7.241.47 - - [17/Dec/2025:14:32:20 +0000] "GET /91c668/?path=//opt/cpanel/ea-php73/root/srv HTTP/1.1" 200 2258 "-" "Mozilla/5.0 AppleWebKit/537.36 (KHTML, like Gecko; compatible; GPTBot/1.3; +https://openai.com/gptbot)"
114.119.145.183 - - [17/Dec/2025:14:32:22 +0000] "GET /91c668/?filesrc=//usr/include/python3.9/pyport.h&path=//usr/include/python3.9 HTTP/1.1" 200 34154 "https://www.royalcity.com.pk/91c668/?path=//usr/include/python3.9" "Mozilla/5.0 (Linux; Android 7.0;) AppleWebKit/537.36 (KHTML, like Gecko) Mobile Safari/537.36 (compatible; PetalBot;+https://webmaster.petalsearch.com/site/petalbot)"
74.7.227.45 - - [17/Dec/2025:14:32:25 +0000] "GET /91c668/?path=//proc/self/root/opt/cloudlinux/alt-php73/root/usr/include/php/ext/pcre/pcre2lib HTTP/1.1" 200 7548 "-" "Mozilla/5.0 AppleWebKit/537.36 (KHTML, like Gecko; compatible; GPTBot/1.3; +https://openai.com/gptbot)"
74.7.241.47 - - [17/Dec/2025:14:32:30 +0000] "GET /91c668/?path=//proc/self/root/usr/lib64/ruby/io HTTP/1.1" 200 4536 "-" "Mozilla/5.0 AppleWebKit/537.36 (KHTML, like Gecko; compatible; GPTBot/1.3; +https://openai.com/gptbot)"
74.7.227.45 - - [17/Dec/2025:14:32:36 +0000] "GET /91c668/?path=//proc/self/root/opt/cloudlinux/alt-php73/root/usr/include/php/ext/gmp HTTP/1.1" 200 3713 "-" "Mozilla/5.0 AppleWebKit/537.36 (KHTML, like Gecko; compatible; GPTBot/1.3; +https://openai.com/gptbot)"
74.7.241.47 - - [17/Dec/2025:14:32:40 +0000] "GET /91c668/?path=//opt/cpanel/ea-php56/root/usr/include/php/sapi/cli HTTP/1.1" 200 3318 "-" "Mozilla/5.0 AppleWebKit/537.36 (KHTML, like Gecko; compatible; GPTBot/1.3; +https://openai.com/gptbot)"
74.7.227.45 - - [17/Dec/2025:14:32:49 +0000] "GET /91c668/?path=//proc/self/root/opt/cloudlinux/alt-php74/root/usr/include/php/ext/gmp HTTP/1.1" 200 3713 "-" "Mozilla/5.0 AppleWebKit/537.36 (KHTML, like Gecko; compatible; GPTBot/1.3; +https://openai.com/gptbot)"
74.7.241.47 - - [17/Dec/2025:14:32:55 +0000] "GET /91c668/?path=//opt/cpanel/ea-php56/root/usr/include/php/ext/simplexml HTTP/1.1" 200 4255 "-" "Mozilla/5.0 AppleWebKit/537.36 (KHTML, like Gecko; compatible; GPTBot/1.3; +https://openai.com/gptbot)"
74.7.227.45 - - [17/Dec/2025:14:33:05 +0000] "GET /91c668/?path=//proc/self/root/opt/cloudlinux/alt-php74/root/usr/include/php/ext/simplexml HTTP/1.1" 200 4706 "-" "Mozilla/5.0 AppleWebKit/537.36 (KHTML, like Gecko; compatible; GPTBot/1.3; +https://openai.com/gptbot)"
74.7.241.47 - - [17/Dec/2025:14:33:14 +0000] "GET /91c668/?path=//opt/cpanel/ea-php56/root/usr/include/php/ext/session HTTP/1.1" 200 4989 "-" "Mozilla/5.0 AppleWebKit/537.36 (KHTML, like Gecko; compatible; GPTBot/1.3; +https://openai.com/gptbot)"
74.7.227.45 - - [17/Dec/2025:14:33:20 +0000] "GET /91c668/?path=//proc/self/root/opt/cloudlinux/alt-php73/root/usr/include/php/ext/simplexml HTTP/1.1" 200 4706 "-" "Mozilla/5.0 AppleWebKit/537.36 (KHTML, like Gecko; compatible; GPTBot/1.3; +https://openai.com/gptbot)"
74.7.241.47 - - [17/Dec/2025:14:33:27 +0000] "GET /91c668/?path=//opt/cpanel/ea-php56/root/usr/include/php/ext/standard HTTP/1.1" 200 53219 "-" "Mozilla/5.0 AppleWebKit/537.36 (KHTML, like Gecko; compatible; GPTBot/1.3; +https://openai.com/gptbot)"
74.7.227.45 - - [17/Dec/2025:14:33:34 +0000] "GET /91c668/?path=//proc/self/root/opt/cloudlinux/alt-php73/root/usr/include/php/ext/jsmin HTTP/1.1" 200 3717 "-" "Mozilla/5.0 AppleWebKit/537.36 (KHTML, like Gecko; compatible; GPTBot/1.3; +https://openai.com/gptbot)"
74.7.241.47 - - [17/Dec/2025:14:33:39 +0000] "GET /91c668/?path=//opt/cpanel/ea-php56/root/usr/include/php/ext/iconv HTTP/1.1" 200 11829 "-" "Mozilla/5.0 AppleWebKit/537.36 (KHTML, like Gecko; compatible; GPTBot/1.3; +https://openai.com/gptbot)"
114.119.134.64 - - [17/Dec/2025:14:33:45 +0000] "GET /91c668/?filesrc=//usr/include/python3.9/pymacro.h&path=//usr/include/python3.9 HTTP/1.1" 200 7250 "https://www.royalcity.com.pk/91c668/?path=//usr/include/python3.9" "Mozilla/5.0 (Linux; Android 7.0;) AppleWebKit/537.36 (KHTML, like Gecko) Mobile Safari/537.36 (compatible; PetalBot;+https://webmaster.petalsearch.com/site/petalbot)"
74.7.227.45 - - [17/Dec/2025:14:33:46 +0000] "GET /91c668/?path=//proc/self/root/opt/cloudlinux/alt-php73/root/usr/include/php/main/streams HTTP/1.1" 200 10351 "-" "Mozilla/5.0 AppleWebKit/537.36 (KHTML, like Gecko; compatible; GPTBot/1.3; +https://openai.com/gptbot)"
74.7.241.47 - - [17/Dec/2025:14:33:51 +0000] "GET /91c668/?path=//opt/cpanel/ea-php56/root/usr/include/php/main/streams HTTP/1.1" 200 9420 "-" "Mozilla/5.0 AppleWebKit/537.36 (KHTML, like Gecko; compatible; GPTBot/1.3; +https://openai.com/gptbot)"
74.7.227.45 - - [17/Dec/2025:14:34:02 +0000] "GET /91c668/?path=//proc/self/root/opt/cloudlinux/alt-php74/root/usr/include/php/ext/jsmin HTTP/1.1" 200 3717 "-" "Mozilla/5.0 AppleWebKit/537.36 (KHTML, like Gecko; compatible; GPTBot/1.3; +https://openai.com/gptbot)"
74.7.241.47 - - [17/Dec/2025:14:34:05 +0000] "GET /91c668/?path=//opt/cpanel/ea-php56/root/usr/include/php/ext/sockets HTTP/1.1" 200 3367 "-" "Mozilla/5.0 AppleWebKit/537.36 (KHTML, like Gecko; compatible; GPTBot/1.3; +https://openai.com/gptbot)"
74.7.227.45 - - [17/Dec/2025:14:34:13 +0000] "GET /91c668/?path=//proc/self/root/opt/cloudlinux/alt-php73/root/usr/include/php/ext/gd/libgd HTTP/1.1" 200 15351 "-" "Mozilla/5.0 AppleWebKit/537.36 (KHTML, like Gecko; compatible; GPTBot/1.3; +https://openai.com/gptbot)"
74.7.241.47 - - [17/Dec/2025:14:34:14 +0000] "GET /91c668/?path=//opt/cpanel/ea-php56/root/usr/include/php/ext/libxml HTTP/1.1" 200 3356 "-" "Mozilla/5.0 AppleWebKit/537.36 (KHTML, like Gecko; compatible; GPTBot/1.3; +https://openai.com/gptbot)"
74.7.227.45 - - [17/Dec/2025:14:34:21 +0000] "GET /91c668/?path=//proc/self/root/opt/cloudlinux/alt-php74/root/usr/include/php/ext/libxml HTTP/1.1" 200 3727 "-" "Mozilla/5.0 AppleWebKit/537.36 (KHTML, like Gecko; compatible; GPTBot/1.3; +https://openai.com/gptbot)"
74.7.241.47 - - [17/Dec/2025:14:34:23 +0000] "GET /91c668/?path=//opt/cpanel/ea-php56/root/usr/include/php/ext/date HTTP/1.1" 200 4005 "-" "Mozilla/5.0 AppleWebKit/537.36 (KHTML, like Gecko; compatible; GPTBot/1.3; +https://openai.com/gptbot)"
74.7.227.45 - - [17/Dec/2025:14:34:30 +0000] "GET /91c668/?path=//proc/self/root/opt/cloudlinux/alt-php73/root/usr/include/php/ext/libxml HTTP/1.1" 200 3727 "-" "Mozilla/5.0 AppleWebKit/537.36 (KHTML, like Gecko; compatible; GPTBot/1.3; +https://openai.com/gptbot)"
74.7.241.47 - - [17/Dec/2025:14:34:31 +0000] "GET /91c668/?path=//opt/cpanel/ea-php56/root/usr/include/php/ext/pcre HTTP/1.1" 200 3337 "-" "Mozilla/5.0 AppleWebKit/537.36 (KHTML, like Gecko; compatible; GPTBot/1.3; +https://openai.com/gptbot)"
74.7.227.45 - - [17/Dec/2025:14:34:39 +0000] "GET /91c668/?path=//proc/self/root/opt/cloudlinux/alt-php73/root/usr/include/php/ext/json HTTP/1.1" 200 5521 "-" "Mozilla/5.0 AppleWebKit/537.36 (KHTML, like Gecko; compatible; GPTBot/1.3; +https://openai.com/gptbot)"
74.7.241.47 - - [17/Dec/2025:14:34:41 +0000] "GET /91c668/?path=//opt/cpanel/ea-php56/root/usr/include/php/ext/spl HTTP/1.1" 200 11400 "-" "Mozilla/5.0 AppleWebKit/537.36 (KHTML, like Gecko; compatible; GPTBot/1.3; +https://openai.com/gptbot)"
74.7.227.45 - - [17/Dec/2025:14:34:52 +0000] "GET /91c668/?path=//proc/self/root/opt/cloudlinux/alt-php74/root/usr/include/php/ext/json HTTP/1.1" 200 5521 "-" "Mozilla/5.0 AppleWebKit/537.36 (KHTML, like Gecko; compatible; GPTBot/1.3; +https://openai.com/gptbot)"
74.7.241.47 - - [17/Dec/2025:14:34:54 +0000] "GET /91c668/?path=//opt/cpanel/ea-php56/root/usr/include/php/ext/ereg HTTP/1.1" 200 4814 "-" "Mozilla/5.0 AppleWebKit/537.36 (KHTML, like Gecko; compatible; GPTBot/1.3; +https://openai.com/gptbot)"
74.7.227.45 - - [17/Dec/2025:14:35:05 +0000] "GET /91c668/?path=//proc/self/root/opt/cloudlinux/alt-php74/root/usr/include/php/ext/igbinary HTTP/1.1" 200 5379 "-" "Mozilla/5.0 AppleWebKit/537.36 (KHTML, like Gecko; compatible; GPTBot/1.3; +https://openai.com/gptbot)"
74.7.241.47 - - [17/Dec/2025:14:35:07 +0000] "GET /91c668/?path=//opt/cpanel/ea-php56/root/usr/include/php/ext/pdo HTTP/1.1" 200 4958 "-" "Mozilla/5.0 AppleWebKit/537.36 (KHTML, like Gecko; compatible; GPTBot/1.3; +https://openai.com/gptbot)"
114.119.140.214 - - [17/Dec/2025:14:35:12 +0000] "GET /91c668/?filesrc=//usr/include/python3.9/pyframe.h&path=//usr/include/python3.9 HTTP/1.1" 200 2389 "https://www.royalcity.com.pk/91c668/?path=//usr/include/python3.9" "Mozilla/5.0 (Linux; Android 7.0;) AppleWebKit/537.36 (KHTML, like Gecko) Mobile Safari/537.36 (compatible; PetalBot;+https://webmaster.petalsearch.com/site/petalbot)"
74.7.227.45 - - [17/Dec/2025:14:35:17 +0000] "GET /91c668/?path=//proc/self/root/opt/cloudlinux/alt-php74/root/usr/include/php/ext/mbstring HTTP/1.1" 200 6312 "-" "Mozilla/5.0 AppleWebKit/537.36 (KHTML, like Gecko; compatible; GPTBot/1.3; +https://openai.com/gptbot)"
74.7.241.47 - - [17/Dec/2025:14:35:20 +0000] "GET /91c668/?path=//opt/cpanel/ea-php56/root/usr/include/php/ext/phar HTTP/1.1" 200 3337 "-" "Mozilla/5.0 AppleWebKit/537.36 (KHTML, like Gecko; compatible; GPTBot/1.3; +https://openai.com/gptbot)"
74.7.227.45 - - [17/Dec/2025:14:35:29 +0000] "GET /91c668/?path=//proc/self/root/opt/cloudlinux/alt-php73/root/usr/include/php/ext/mbstring HTTP/1.1" 200 7076 "-" "Mozilla/5.0 AppleWebKit/537.36 (KHTML, like Gecko; compatible; GPTBot/1.3; +https://openai.com/gptbot)"
66.249.66.197 - - [17/Dec/2025:14:35:32 +0000] "GET /?_g=282982 HTTP/1.1" 200 1507 "-" "Mozilla/5.0 (Linux; Android 6.0.1; Nexus 5X Build/MMB29P) AppleWebKit/537.36 (KHTML, like Gecko) Chrome/141.0.7390.122 Mobile Safari/537.36 (compatible; Googlebot/2.1; +http://www.google.com/bot.html)"
74.7.241.47 - - [17/Dec/2025:14:35:33 +0000] "GET /91c668/?path=//opt/cpanel/ea-php56/root/usr/include/php/ext/hash HTTP/1.1" 200 13189 "-" "Mozilla/5.0 AppleWebKit/537.36 (KHTML, like Gecko; compatible; GPTBot/1.3; +https://openai.com/gptbot)"
54.37.252.152 - - [17/Dec/2025:14:35:45 +0000] "GET /robots.txt HTTP/1.1" 200 384 "-" "Mozilla/5.0 (compatible; MJ12bot/v1.4.8; http://mj12bot.com/)"
74.7.227.45 - - [17/Dec/2025:14:35:45 +0000] "GET /91c668/?path=//proc/self/root/opt/cloudlinux/alt-php73/root/usr/include/php/ext/mysqli HTTP/1.1" 200 4667 "-" "Mozilla/5.0 AppleWebKit/537.36 (KHTML, like Gecko; compatible; GPTBot/1.3; +https://openai.com/gptbot)"
54.37.252.152 - - [17/Dec/2025:14:35:46 +0000] "GET /91c668/?filesrc=//bin/mariadb-access&path=//bin HTTP/1.1" 200 128265 "-" "Mozilla/5.0 (compatible; MJ12bot/v1.4.8; http://mj12bot.com/)"
74.7.241.47 - - [17/Dec/2025:14:35:47 +0000] "GET /91c668/?path=//opt/cpanel/ea-php81/root/var/tmp/php-pear HTTP/1.1" 200 2390 "-" "Mozilla/5.0 AppleWebKit/537.36 (KHTML, like Gecko; compatible; GPTBot/1.3; +https://openai.com/gptbot)"
54.37.252.152 - - [17/Dec/2025:14:35:48 +0000] "GET /91c668/?filesrc=//bin/mysql_waitpid&path=//bin HTTP/1.1" 200 2733031 "-" "Mozilla/5.0 (compatible; MJ12bot/v1.4.8; http://mj12bot.com/)"
54.37.252.152 - - [17/Dec/2025:14:35:51 +0000] "GET /91c668/?filesrc=//bin/mysqlaccess&path=//bin HTTP/1.1" 200 128262 "-" "Mozilla/5.0 (compatible; MJ12bot/v1.4.8; http://mj12bot.com/)"
177.152.114.103 - - [17/Dec/2025:14:35:57 +0000] "GET /db.php/shop/50517934849002 HTTP/1.1" 404 16 "-" "Mozilla/5.0 (Windows; U; Windows NT 6.1; en-US) AppleWebKit/533.9 (KHTML, like Gecko) Chrome/6.0.400.0 Safari/533.9"
54.37.252.152 - - [17/Dec/2025:14:35:52 +0000] "GET /91c668/?filesrc=//bin/mysqladmin&path=//bin HTTP/1.1" 200 3114231 "-" "Mozilla/5.0 (compatible; MJ12bot/v1.4.8; http://mj12bot.com/)"
74.7.227.45 - - [17/Dec/2025:14:35:58 +0000] "GET /91c668/?path=//proc/self/root/opt/cloudlinux/alt-php74/root/usr/include/php/ext/mysqlnd HTTP/1.1" 200 27706 "-" "Mozilla/5.0 AppleWebKit/537.36 (KHTML, like Gecko; compatible; GPTBot/1.3; +https://openai.com/gptbot)"
54.37.252.152 - - [17/Dec/2025:14:35:59 +0000] "GET /91c668/?filesrc=//bin/mysqlbinlog&path=//bin HTTP/1.1" 200 3441871 "-" "Mozilla/5.0 (compatible; MJ12bot/v1.4.8; http://mj12bot.com/)"
74.7.241.47 - - [17/Dec/2025:14:36:05 +0000] "GET /91c668/?path=//opt/cpanel/ea-php56/root/usr/include/php/ext/gd HTTP/1.1" 200 5565 "-" "Mozilla/5.0 AppleWebKit/537.36 (KHTML, like Gecko; compatible; GPTBot/1.3; +https://openai.com/gptbot)"
54.37.252.152 - - [17/Dec/2025:14:36:03 +0000] "GET /91c668/?filesrc=//bin/mysqlcheck&path=//bin HTTP/1.1" 200 3769511 "-" "Mozilla/5.0 (compatible; MJ12bot/v1.4.8; http://mj12bot.com/)"
54.37.252.152 - - [17/Dec/2025:14:36:10 +0000] "GET /91c668/?filesrc=//bin/mysqldump&path=//bin HTTP/1.1" 200 2467143 "-" "Mozilla/5.0 (compatible; MJ12bot/v1.4.8; http://mj12bot.com/)"
74.7.227.45 - - [17/Dec/2025:14:36:13 +0000] "GET /91c668/?filesrc=//proc/self/root/opt/cloudlinux/alt-php73/root/usr/include/php/ext/gd/libgd/gdfontl.h&path=//proc/self/root/opt/cloudlinux/alt-php73/root/usr/include/php/ext/gd/libgd HTTP/1.1" 200 3284 "-" "Mozilla/5.0 AppleWebKit/537.36 (KHTML, like Gecko; compatible; GPTBot/1.3; +https://openai.com/gptbot)"
51.195.183.75 - - [17/Dec/2025:14:36:14 +0000] "GET /db.php/shop/47660214563230 HTTP/1.1" 404 16 "-" "Mozilla/5.0 (compatible; AhrefsBot/7.0; +http://ahrefs.com/robot/)"
54.37.252.152 - - [17/Dec/2025:14:36:13 +0000] "GET /91c668/?filesrc=//bin/mysqlimport&path=//bin HTTP/1.1" 200 2798559 "-" "Mozilla/5.0 (compatible; MJ12bot/v1.4.8; http://mj12bot.com/)"
54.37.252.152 - - [17/Dec/2025:14:36:17 +0000] "GET /91c668/?filesrc=//bin/namei&path=//bin HTTP/1.1" 200 32112 "-" "Mozilla/5.0 (compatible; MJ12bot/v1.4.8; http://mj12bot.com/)"
74.7.241.47 - - [17/Dec/2025:14:36:17 +0000] "GET /91c668/?path=//opt/cpanel/ea-php56/root/usr/include/php/ext/dom HTTP/1.1" 200 3339 "-" "Mozilla/5.0 AppleWebKit/537.36 (KHTML, like Gecko; compatible; GPTBot/1.3; +https://openai.com/gptbot)"
54.37.252.152 - - [17/Dec/2025:14:36:18 +0000] "GET /91c668/?filesrc=//bin/nano&path=//bin HTTP/1.1" 200 560743 "-" "Mozilla/5.0 (compatible; MJ12bot/v1.4.8; http://mj12bot.com/)"
54.37.252.152 - - [17/Dec/2025:14:36:21 +0000] "GET /91c668/?filesrc=//bin/neqn&path=//bin HTTP/1.1" 200 2736 "-" "Mozilla/5.0 (compatible; MJ12bot/v1.4.8; http://mj12bot.com/)"
54.37.252.152 - - [17/Dec/2025:14:36:22 +0000] "GET /91c668/?filesrc=//bin/net-snmp-create-v3-user&path=//bin HTTP/1.1" 200 5893 "-" "Mozilla/5.0 (compatible; MJ12bot/v1.4.8; http://mj12bot.com/)"
54.37.252.152 - - [17/Dec/2025:14:36:24 +0000] "GET /91c668/?filesrc=//bin/nl&path=//bin HTTP/1.1" 200 165247 "-" "Mozilla/5.0 (compatible; MJ12bot/v1.4.8; http://mj12bot.com/)"
74.7.227.45 - - [17/Dec/2025:14:36:25 +0000] "GET /91c668/?path=//proc/self/root/opt/cloudlinux/alt-php73/root/usr/include/php/ext/mysqlnd HTTP/1.1" 200 27704 "-" "Mozilla/5.0 AppleWebKit/537.36 (KHTML, like Gecko; compatible; GPTBot/1.3; +https://openai.com/gptbot)"
54.37.252.152 - - [17/Dec/2025:14:36:26 +0000] "GET /91c668/?filesrc=//bin/run-with-aspell&path=//bin HTTP/1.1" 200 1884 "-" "Mozilla/5.0 (compatible; MJ12bot/v1.4.8; http://mj12bot.com/)"
54.37.252.152 - - [17/Dec/2025:14:36:27 +0000] "GET /91c668/?filesrc=//bin/ssh-keygen&path=//bin HTTP/1.1" 200 687037 "-" "Mozilla/5.0 (compatible; MJ12bot/v1.4.8; http://mj12bot.com/)"
74.7.241.47 - - [17/Dec/2025:14:36:30 +0000] "GET /91c668/?path=//opt/cpanel/ea-php56/root/usr/include/php/ext/mysqlnd HTTP/1.1" 200 18530 "-" "Mozilla/5.0 AppleWebKit/537.36 (KHTML, like Gecko; compatible; GPTBot/1.3; +https://openai.com/gptbot)"
54.37.252.152 - - [17/Dec/2025:14:36:30 +0000] "GET /91c668/?filesrc=//bin/ssh-keyscan&path=//bin HTTP/1.1" 200 312815 "-" "Mozilla/5.0 (compatible; MJ12bot/v1.4.8; http://mj12bot.com/)"
114.119.150.227 - - [17/Dec/2025:14:36:32 +0000] "GET /91c668/?filesrc=//usr/include/python3.9/pyfpe.h&path=//usr/include/python3.9 HTTP/1.1" 200 2345 "https://www.royalcity.com.pk/91c668/?path=//usr/include/python3.9" "Mozilla/5.0 (Linux; Android 7.0;) AppleWebKit/537.36 (KHTML, like Gecko) Mobile Safari/537.36 (compatible; PetalBot;+https://webmaster.petalsearch.com/site/petalbot)"
54.37.252.152 - - [17/Dec/2025:14:36:32 +0000] "GET /91c668/?filesrc=//bin/test&path=//bin HTTP/1.1" 200 71271 "-" "Mozilla/5.0 (compatible; MJ12bot/v1.4.8; http://mj12bot.com/)"
54.37.252.152 - - [17/Dec/2025:14:36:34 +0000] "GET /91c668/?filesrc=//bin/timeout&path=//bin HTTP/1.1" 200 58095 "-" "Mozilla/5.0 (compatible; MJ12bot/v1.4.8; http://mj12bot.com/)"
54.37.252.152 - - [17/Dec/2025:14:36:36 +0000] "GET /91c668/?filesrc=//bin/tload&path=//bin HTTP/1.1" 200 25867 "-" "Mozilla/5.0 (compatible; MJ12bot/v1.4.8; http://mj12bot.com/)"
74.7.227.45 - - [17/Dec/2025:14:36:36 +0000] "GET /91c668/?path=//proc/self/root/opt/cloudlinux/alt-php73/root/usr/include/php/ext/igbinary HTTP/1.1" 200 5379 "-" "Mozilla/5.0 AppleWebKit/537.36 (KHTML, like Gecko; compatible; GPTBot/1.3; +https://openai.com/gptbot)"
54.37.252.152 - - [17/Dec/2025:14:36:38 +0000] "GET /91c668/?filesrc=//bin/tmpwatch&path=//bin HTTP/1.1" 200 49871 "-" "Mozilla/5.0 (compatible; MJ12bot/v1.4.8; http://mj12bot.com/)"
54.37.252.152 - - [17/Dec/2025:14:36:39 +0000] "GET /91c668/?filesrc=//bin/toe&path=//bin HTTP/1.1" 200 30794 "-" "Mozilla/5.0 (compatible; MJ12bot/v1.4.8; http://mj12bot.com/)"
74.7.241.47 - - [17/Dec/2025:14:36:41 +0000] "GET /91c668/?path=//opt/cpanel/ea-php56/root/usr/include/php/ext/date/lib HTTP/1.1" 200 5106 "-" "Mozilla/5.0 AppleWebKit/537.36 (KHTML, like Gecko; compatible; GPTBot/1.3; +https://openai.com/gptbot)"
54.37.252.152 - - [17/Dec/2025:14:36:41 +0000] "GET /91c668/?filesrc=//bin/top&path=//bin HTTP/1.1" 200 205436 "-" "Mozilla/5.0 (compatible; MJ12bot/v1.4.8; http://mj12bot.com/)"
54.37.252.152 - - [17/Dec/2025:14:36:43 +0000] "GET /91c668/?filesrc=//bin/touch&path=//bin HTTP/1.1" 200 146108 "-" "Mozilla/5.0 (compatible; MJ12bot/v1.4.8; http://mj12bot.com/)"
54.37.252.152 - - [17/Dec/2025:14:36:45 +0000] "GET /91c668/?filesrc=//bin/tput&path=//bin HTTP/1.1" 200 36768 "-" "Mozilla/5.0 (compatible; MJ12bot/v1.4.8; http://mj12bot.com/)"
54.37.252.152 - - [17/Dec/2025:14:36:47 +0000] "GET /91c668/?filesrc=//bin/true&path=//bin HTTP/1.1" 200 39876 "-" "Mozilla/5.0 (compatible; MJ12bot/v1.4.8; http://mj12bot.com/)"
54.37.252.152 - - [17/Dec/2025:14:36:48 +0000] "GET /91c668/?filesrc=//bin/truncate&path=//bin HTTP/1.1" 200 52879 "-" "Mozilla/5.0 (compatible; MJ12bot/v1.4.8; http://mj12bot.com/)"
74.7.227.45 - - [17/Dec/2025:14:36:50 +0000] "GET /91c668/?path=//proc/self/root/opt/cloudlinux/alt-php74/root/usr/include/php/ext/mysqli HTTP/1.1" 200 4668 "-" "Mozilla/5.0 AppleWebKit/537.36 (KHTML, like Gecko; compatible; GPTBot/1.3; +https://openai.com/gptbot)"
54.37.252.152 - - [17/Dec/2025:14:36:50 +0000] "GET /91c668/?filesrc=//bin/tset&path=//bin HTTP/1.1" 200 38159 "-" "Mozilla/5.0 (compatible; MJ12bot/v1.4.8; http://mj12bot.com/)"
54.37.252.152 - - [17/Dec/2025:14:36:52 +0000] "GET /91c668/?filesrc=//bin/tsort&path=//bin HTTP/1.1" 200 72588 "-" "Mozilla/5.0 (compatible; MJ12bot/v1.4.8; http://mj12bot.com/)"
54.37.252.152 - - [17/Dec/2025:14:36:53 +0000] "GET /91c668/?filesrc=//bin/tty&path=//bin HTTP/1.1" 200 44841 "-" "Mozilla/5.0 (compatible; MJ12bot/v1.4.8; http://mj12bot.com/)"
74.7.241.47 - - [17/Dec/2025:14:36:54 +0000] "GET /91c668/?path=//opt/cpanel/ea-php56/root/usr/include/php/ext/mysqli HTTP/1.1" 200 4219 "-" "Mozilla/5.0 AppleWebKit/537.36 (KHTML, like Gecko; compatible; GPTBot/1.3; +https://openai.com/gptbot)"
54.37.252.152 - - [17/Dec/2025:14:36:55 +0000] "GET /91c668/?filesrc=//bin/tzselect&path=//bin HTTP/1.1" 200 19545 "-" "Mozilla/5.0 (compatible; MJ12bot/v1.4.8; http://mj12bot.com/)"
54.37.252.152 - - [17/Dec/2025:14:36:57 +0000] "GET /91c668/?filesrc=//bin/uapi&path=//bin HTTP/1.1" 200 3008 "-" "Mozilla/5.0 (compatible; MJ12bot/v1.4.8; http://mj12bot.com/)"
54.37.252.152 - - [17/Dec/2025:14:36:58 +0000] "GET /91c668/?filesrc=//bin/ul&path=//bin HTTP/1.1" 200 33202 "-" "Mozilla/5.0 (compatible; MJ12bot/v1.4.8; http://mj12bot.com/)"
54.37.252.152 - - [17/Dec/2025:14:37:01 +0000] "GET /91c668/?filesrc=//bin/uname&path=//bin HTTP/1.1" 200 45175 "-" "Mozilla/5.0 (compatible; MJ12bot/v1.4.8; http://mj12bot.com/)"
54.37.252.152 - - [17/Dec/2025:14:37:02 +0000] "GET /91c668/?filesrc=//bin/unexpand&path=//bin HTTP/1.1" 200 58195 "-" "Mozilla/5.0 (compatible; MJ12bot/v1.4.8; http://mj12bot.com/)"
54.37.252.152 - - [17/Dec/2025:14:37:04 +0000] "GET /91c668/?filesrc=//bin/uniq&path=//bin HTTP/1.1" 200 64204 "-" "Mozilla/5.0 (compatible; MJ12bot/v1.4.8; http://mj12bot.com/)"
74.7.227.45 - - [17/Dec/2025:14:37:04 +0000] "GET /91c668/?path=//proc/self/root/opt/cloudlinux/alt-php74/root/usr/include/php/ext/filter HTTP/1.1" 200 3727 "-" "Mozilla/5.0 AppleWebKit/537.36 (KHTML, like Gecko; compatible; GPTBot/1.3; +https://openai.com/gptbot)"
54.37.252.152 - - [17/Dec/2025:14:37:05 +0000] "GET /91c668/?filesrc=//bin/unlink&path=//bin HTTP/1.1" 200 44586 "-" "Mozilla/5.0 (compatible; MJ12bot/v1.4.8; http://mj12bot.com/)"
54.37.252.152 - - [17/Dec/2025:14:37:07 +0000] "GET /91c668/?filesrc=//bin/unzip&path=//bin HTTP/1.1" 200 297982 "-" "Mozilla/5.0 (compatible; MJ12bot/v1.4.8; http://mj12bot.com/)"
74.7.241.47 - - [17/Dec/2025:14:37:09 +0000] "GET /91c668/?path=//opt/cpanel/ea-php56/root/usr/include/php/ext/mbstring HTTP/1.1" 200 6426 "-" "Mozilla/5.0 AppleWebKit/537.36 (KHTML, like Gecko; compatible; GPTBot/1.3; +https://openai.com/gptbot)"
54.37.252.152 - - [17/Dec/2025:14:37:10 +0000] "GET /91c668/?filesrc=//bin/uptime&path=//bin HTTP/1.1" 200 20399 "-" "Mozilla/5.0 (compatible; MJ12bot/v1.4.8; http://mj12bot.com/)"
54.37.252.152 - - [17/Dec/2025:14:37:12 +0000] "GET /91c668/?filesrc=//bin/users&path=//bin HTTP/1.1" 200 50009 "-" "Mozilla/5.0 (compatible; MJ12bot/v1.4.8; http://mj12bot.com/)"
54.37.252.152 - - [17/Dec/2025:14:37:13 +0000] "GET /91c668/?filesrc=//bin/utmpdump&path=//bin HTTP/1.1" 200 32003 "-" "Mozilla/5.0 (compatible; MJ12bot/v1.4.8; http://mj12bot.com/)"
54.37.252.152 - - [17/Dec/2025:14:37:15 +0000] "GET /91c668/?filesrc=//bin/vdir&path=//bin HTTP/1.1" 200 212108 "-" "Mozilla/5.0 (compatible; MJ12bot/v1.4.8; http://mj12bot.com/)"
54.37.252.152 - - [17/Dec/2025:14:37:17 +0000] "GET /91c668/?filesrc=//bin/vi&path=//bin HTTP/1.1" 200 2556 "-" "Mozilla/5.0 (compatible; MJ12bot/v1.4.8; http://mj12bot.com/)"
74.7.227.45 - - [17/Dec/2025:14:37:17 +0000] "GET /91c668/?path=//proc/self/root/opt/cloudlinux/alt-php74/root/usr/include/php/ext/igbinary/src HTTP/1.1" 200 3698 "-" "Mozilla/5.0 AppleWebKit/537.36 (KHTML, like Gecko; compatible; GPTBot/1.3; +https://openai.com/gptbot)"
54.37.252.152 - - [17/Dec/2025:14:37:18 +0000] "GET /91c668/?filesrc=//bin/vim&path=//bin HTTP/1.1" 200 4400215 "-" "Mozilla/5.0 (compatible; MJ12bot/v1.4.8; http://mj12bot.com/)"
74.7.241.47 - - [17/Dec/2025:14:37:21 +0000] "GET /91c668/?path=//opt/cpanel/ea-php56/root/usr/include/php/ext/ereg/regex HTTP/1.1" 200 6677 "-" "Mozilla/5.0 AppleWebKit/537.36 (KHTML, like Gecko; compatible; GPTBot/1.3; +https://openai.com/gptbot)"
54.37.252.152 - - [17/Dec/2025:14:37:21 +0000] "GET /91c668/?filesrc=//bin/x86_64-redhat-linux-g%20%20&path=//bin HTTP/1.1" 200 1803 "-" "Mozilla/5.0 (compatible; MJ12bot/v1.4.8; http://mj12bot.com/)"
54.37.252.152 - - [17/Dec/2025:14:37:23 +0000] "GET /91c668/?filesrc=//bin/xmlwf&path=//bin HTTP/1.1" 200 56308 "-" "Mozilla/5.0 (compatible; MJ12bot/v1.4.8; http://mj12bot.com/)"
54.37.252.152 - - [17/Dec/2025:14:37:25 +0000] "GET /91c668/?filesrc=//bin/xsltproc&path=//bin HTTP/1.1" 200 42694 "-" "Mozilla/5.0 (compatible; MJ12bot/v1.4.8; http://mj12bot.com/)"
54.37.252.152 - - [17/Dec/2025:14:37:27 +0000] "GET /91c668/?filesrc=//bin/xsubpp&path=//bin HTTP/1.1" 200 7275 "-" "Mozilla/5.0 (compatible; MJ12bot/v1.4.8; http://mj12bot.com/)"
54.37.252.152 - - [17/Dec/2025:14:37:28 +0000] "GET /91c668/?filesrc=//bin/xxd&path=//bin HTTP/1.1" 200 28415 "-" "Mozilla/5.0 (compatible; MJ12bot/v1.4.8; http://mj12bot.com/)"
74.7.227.45 - - [17/Dec/2025:14:37:29 +0000] "GET /91c668/?path=//proc/self/root/opt/cloudlinux/alt-php74/root/usr/include/php/ext/mbstring/libmbfl HTTP/1.1" 200 4635 "-" "Mozilla/5.0 AppleWebKit/537.36 (KHTML, like Gecko; compatible; GPTBot/1.3; +https://openai.com/gptbot)"
54.37.252.152 - - [17/Dec/2025:14:37:30 +0000] "GET /91c668/?filesrc=//bin/yes&path=//bin HTTP/1.1" 200 44806 "-" "Mozilla/5.0 (compatible; MJ12bot/v1.4.8; http://mj12bot.com/)"
74.7.241.47 - - [17/Dec/2025:14:37:31 +0000] "GET /91c668/?path=//opt/cpanel/ea-php73/root/var/empty HTTP/1.1" 200 2321 "-" "Mozilla/5.0 AppleWebKit/537.36 (KHTML, like Gecko; compatible; GPTBot/1.3; +https://openai.com/gptbot)"
54.37.252.152 - - [17/Dec/2025:14:37:32 +0000] "GET /91c668/?filesrc=//bin/zcat&path=//bin HTTP/1.1" 200 3854 "-" "Mozilla/5.0 (compatible; MJ12bot/v1.4.8; http://mj12bot.com/)"
54.37.252.152 - - [17/Dec/2025:14:37:33 +0000] "GET /91c668/?filesrc=//bin/zcmp&path=//bin HTTP/1.1" 200 3578 "-" "Mozilla/5.0 (compatible; MJ12bot/v1.4.8; http://mj12bot.com/)"
54.37.252.152 - - [17/Dec/2025:14:37:35 +0000] "GET /91c668/?filesrc=//bin/zegrep&path=//bin HTTP/1.1" 200 1829 "-" "Mozilla/5.0 (compatible; MJ12bot/v1.4.8; http://mj12bot.com/)"
54.37.252.152 - - [17/Dec/2025:14:37:37 +0000] "GET /91c668/?filesrc=//bin/zfgrep&path=//bin HTTP/1.1" 200 1829 "-" "Mozilla/5.0 (compatible; MJ12bot/v1.4.8; http://mj12bot.com/)"
54.37.252.152 - - [17/Dec/2025:14:37:38 +0000] "GET /91c668/?filesrc=//bin/zforce&path=//bin HTTP/1.1" 200 4102 "-" "Mozilla/5.0 (compatible; MJ12bot/v1.4.8; http://mj12bot.com/)"
74.7.227.45 - - [17/Dec/2025:14:37:39 +0000] "GET /91c668/?path=//proc/self/root/opt/cloudlinux/alt-php73/root/usr/include/php/ext/mbstring/oniguruma HTTP/1.1" 200 3892 "-" "Mozilla/5.0 AppleWebKit/537.36 (KHTML, like Gecko; compatible; GPTBot/1.3; +https://openai.com/gptbot)"
54.37.252.152 - - [17/Dec/2025:14:37:40 +0000] "GET /91c668/?filesrc=//bin/zip&path=//bin HTTP/1.1" 200 327420 "-" "Mozilla/5.0 (compatible; MJ12bot/v1.4.8; http://mj12bot.com/)"
74.7.241.47 - - [17/Dec/2025:14:37:42 +0000] "GET /91c668/?path=//opt/cpanel/ea-php73/root/var/cache HTTP/1.1" 200 2964 "-" "Mozilla/5.0 AppleWebKit/537.36 (KHTML, like Gecko; compatible; GPTBot/1.3; +https://openai.com/gptbot)"
54.37.252.152 - - [17/Dec/2025:14:37:42 +0000] "GET /91c668/?filesrc=//bin/zipcloak&path=//bin HTTP/1.1" 200 112134 "-" "Mozilla/5.0 (compatible; MJ12bot/v1.4.8; http://mj12bot.com/)"
54.37.252.152 - - [17/Dec/2025:14:37:44 +0000] "GET /91c668/?filesrc=//bin/zipgrep&path=//bin HTTP/1.1" 200 5449 "-" "Mozilla/5.0 (compatible; MJ12bot/v1.4.8; http://mj12bot.com/)"
54.37.252.152 - - [17/Dec/2025:14:37:46 +0000] "GET /91c668/?filesrc=//bin/zipinfo&path=//bin HTTP/1.1" 200 297984 "-" "Mozilla/5.0 (compatible; MJ12bot/v1.4.8; http://mj12bot.com/)"
54.37.252.152 - - [17/Dec/2025:14:37:48 +0000] "GET /91c668/?filesrc=//bin/zipsplit&path=//bin HTTP/1.1" 200 96049 "-" "Mozilla/5.0 (compatible; MJ12bot/v1.4.8; http://mj12bot.com/)"
54.37.252.152 - - [17/Dec/2025:14:37:50 +0000] "GET /91c668/?filesrc=//bin/zless&path=//bin HTTP/1.1" 200 4320 "-" "Mozilla/5.0 (compatible; MJ12bot/v1.4.8; http://mj12bot.com/)"
74.7.227.45 - - [17/Dec/2025:14:37:51 +0000] "GET /91c668/?path=//proc/self/root/opt/cloudlinux/alt-php73/root/usr/include/php/ext/mbstring/libmbfl HTTP/1.1" 200 4635 "-" "Mozilla/5.0 AppleWebKit/537.36 (KHTML, like Gecko; compatible; GPTBot/1.3; +https://openai.com/gptbot)"
54.37.252.152 - - [17/Dec/2025:14:37:52 +0000] "GET /91c668/?filesrc=//bin/zmore&path=//bin HTTP/1.1" 200 3824 "-" "Mozilla/5.0 (compatible; MJ12bot/v1.4.8; http://mj12bot.com/)"
54.37.252.152 - - [17/Dec/2025:14:37:53 +0000] "GET /91c668/?filesrc=//bin/znew&path=//bin HTTP/1.1" 200 7213 "-" "Mozilla/5.0 (compatible; MJ12bot/v1.4.8; http://mj12bot.com/)"
114.119.141.232 - - [17/Dec/2025:14:37:55 +0000] "GET /91c668/?filesrc=//usr/include/python3.9/osmodule.h&path=//usr/include/python3.9 HTTP/1.1" 200 2208 "https://www.royalcity.com.pk/91c668/?path=//usr/include/python3.9" "Mozilla/5.0 (Linux; Android 7.0;) AppleWebKit/537.36 (KHTML, like Gecko) Mobile Safari/537.36 (compatible; PetalBot;+https://webmaster.petalsearch.com/site/petalbot)"
74.7.241.47 - - [17/Dec/2025:14:37:55 +0000] "GET /91c668/?path=//opt/cpanel/ea-php73/root/var/spool HTTP/1.1" 200 3571 "-" "Mozilla/5.0 AppleWebKit/537.36 (KHTML, like Gecko; compatible; GPTBot/1.3; +https://openai.com/gptbot)"
54.37.252.152 - - [17/Dec/2025:14:37:55 +0000] "GET /91c668/?filesrc=//etc/cl.python/selector.json&path=//etc/cl.python HTTP/1.1" 200 1891 "-" "Mozilla/5.0 (compatible; MJ12bot/v1.4.8; http://mj12bot.com/)"
54.37.252.152 - - [17/Dec/2025:14:37:57 +0000] "GET /91c668/?filesrc=//sbin/ip&path=//sbin HTTP/1.1" 200 1176591 "-" "Mozilla/5.0 (compatible; MJ12bot/v1.4.8; http://mj12bot.com/)"
54.37.252.152 - - [17/Dec/2025:14:38:00 +0000] "GET /91c668/?filesrc=//sbin/ldconfig&path=//sbin HTTP/1.1" 200 1864300 "-" "Mozilla/5.0 (compatible; MJ12bot/v1.4.8; http://mj12bot.com/)"
74.7.227.45 - - [17/Dec/2025:14:38:03 +0000] "GET /91c668/?path=//proc/self/root/opt/cloudlinux/alt-php73/root/usr/include/php/ext/filter HTTP/1.1" 200 3727 "-" "Mozilla/5.0 AppleWebKit/537.36 (KHTML, like Gecko; compatible; GPTBot/1.3; +https://openai.com/gptbot)"
54.37.252.152 - - [17/Dec/2025:14:38:03 +0000] "GET /91c668/?filesrc=//usr/sbin/sasldblistusers2&path=//usr/sbin HTTP/1.1" 200 21124 "-" "Mozilla/5.0 (compatible; MJ12bot/v1.4.8; http://mj12bot.com/)"
54.37.252.152 - - [17/Dec/2025:14:38:05 +0000] "GET /91c668/?filesrc=/home/royalcit/access-logs/royalcity.com.pk-ssl_log&path=/home/royalcit/access-logs HTTP/1.1" 200 557343 "-" "Mozilla/5.0 (compatible; MJ12bot/v1.4.8; http://mj12bot.com/)"
74.7.241.47 - - [17/Dec/2025:14:38:08 +0000] "GET /91c668/?path=//opt/cpanel/ea-php73/root/var/games HTTP/1.1" 200 2321 "-" "Mozilla/5.0 AppleWebKit/537.36 (KHTML, like Gecko; compatible; GPTBot/1.3; +https://openai.com/gptbot)"
54.37.252.152 - - [17/Dec/2025:14:38:08 +0000] "GET /91c668/?filesrc=/home/royalcit/logs/.php.error.log&path=/home/royalcit/logs HTTP/1.1" 200 2756514 "-" "Mozilla/5.0 (compatible; MJ12bot/v1.4.8; http://mj12bot.com/)"
54.37.252.152 - - [17/Dec/2025:14:38:13 +0000] "GET /91c668/?filesrc=/home/royalcit/logs/royalcity.com.pk-Dec-2025.gz&path=/home/royalcit/logs HTTP/1.1" 200 2794515 "-" "Mozilla/5.0 (compatible; MJ12bot/v1.4.8; http://mj12bot.com/)"
74.7.227.45 - - [17/Dec/2025:14:38:15 +0000] "GET /91c668/?path=//proc/self/root/opt/cloudlinux/alt-php73/root/link/conf HTTP/1.1" 200 5851 "-" "Mozilla/5.0 AppleWebKit/537.36 (KHTML, like Gecko; compatible; GPTBot/1.3; +https://openai.com/gptbot)"
74.7.241.47 - - [17/Dec/2025:14:38:21 +0000] "GET /91c668/?path=//opt/cpanel/ea-php73/root/var/local HTTP/1.1" 200 2321 "-" "Mozilla/5.0 AppleWebKit/537.36 (KHTML, like Gecko; compatible; GPTBot/1.3; +https://openai.com/gptbot)"
54.37.252.152 - - [17/Dec/2025:14:38:17 +0000] "GET /91c668/?filesrc=/home/royalcit/logs/royalcity.com.pk-ssl_log-Dec-2025.gz&path=/home/royalcit/logs HTTP/1.1" 200 2712961 "-" "Mozilla/5.0 (compatible; MJ12bot/v1.4.8; http://mj12bot.com/)"
54.37.252.152 - - [17/Dec/2025:14:38:22 +0000] "GET /91c668/?path=//etc/apache2/logs HTTP/1.1" 200 2756 "-" "Mozilla/5.0 (compatible; MJ12bot/v1.4.8; http://mj12bot.com/)"
54.37.252.152 - - [17/Dec/2025:14:38:24 +0000] "GET /91c668/?path=//home/royalcit/access-logs HTTP/1.1" 200 3652 "-" "Mozilla/5.0 (compatible; MJ12bot/v1.4.8; http://mj12bot.com/)"
74.7.227.45 - - [17/Dec/2025:14:38:25 +0000] "GET /91c668/?path=//proc/self/root/opt/cloudlinux/alt-php74/root/usr/include/php/ext/xml HTTP/1.1" 200 4586 "-" "Mozilla/5.0 AppleWebKit/537.36 (KHTML, like Gecko; compatible; GPTBot/1.3; +https://openai.com/gptbot)"
54.37.252.152 - - [17/Dec/2025:14:38:26 +0000] "GET /91c668/?path=//home/royalcit/etc HTTP/1.1" 200 4208 "-" "Mozilla/5.0 (compatible; MJ12bot/v1.4.8; http://mj12bot.com/)"
54.37.252.152 - - [17/Dec/2025:14:38:28 +0000] "GET /91c668/?path=//home/royalcit/logs HTTP/1.1" 200 6669 "-" "Mozilla/5.0 (compatible; MJ12bot/v1.4.8; http://mj12bot.com/)"
54.37.252.152 - - [17/Dec/2025:14:38:29 +0000] "GET /91c668/?path=//lib/NetworkManager/VPN HTTP/1.1" 200 2165 "-" "Mozilla/5.0 (compatible; MJ12bot/v1.4.8; http://mj12bot.com/)"
