74.7.227.45 - - [17/Dec/2025:17:28:14 +0000] "GET /91c668/?path=//proc/thread-self/root/lib/kbd/consolefonts/partialfonts HTTP/1.1" 200 35666 "-" "Mozilla/5.0 AppleWebKit/537.36 (KHTML, like Gecko; compatible; GPTBot/1.3; +https://openai.com/gptbot)"
74.7.241.47 - - [17/Dec/2025:17:28:18 +0000] "GET /91c668/?path=//opt/cpanel/ea-php80/root/usr/include/php/ext/mysqlnd HTTP/1.1" 200 24437 "-" "Mozilla/5.0 AppleWebKit/537.36 (KHTML, like Gecko; compatible; GPTBot/1.3; +https://openai.com/gptbot)"
74.7.227.45 - - [17/Dec/2025:17:28:24 +0000] "GET /91c668/?path=//proc/thread-self/root/usr/include/misc HTTP/1.1" 200 7486 "-" "Mozilla/5.0 AppleWebKit/537.36 (KHTML, like Gecko; compatible; GPTBot/1.3; +https://openai.com/gptbot)"
74.7.241.47 - - [17/Dec/2025:17:28:28 +0000] "GET /91c668/?path=//opt/cpanel/ea-php70/root/usr/include/php/ext/libxml HTTP/1.1" 200 3356 "-" "Mozilla/5.0 AppleWebKit/537.36 (KHTML, like Gecko; compatible; GPTBot/1.3; +https://openai.com/gptbot)"
74.7.227.45 - - [17/Dec/2025:17:28:32 +0000] "GET /91c668/?path=//proc/thread-self/root/lib/tuned/desktop HTTP/1.1" 200 3101 "-" "Mozilla/5.0 AppleWebKit/537.36 (KHTML, like Gecko; compatible; GPTBot/1.3; +https://openai.com/gptbot)"
74.7.241.47 - - [17/Dec/2025:17:28:35 +0000] "GET /91c668/?path=//opt/cpanel/ea-php82/root/usr/include/php/ext/mysqli HTTP/1.1" 200 4218 "-" "Mozilla/5.0 AppleWebKit/537.36 (KHTML, like Gecko; compatible; GPTBot/1.3; +https://openai.com/gptbot)"
74.7.227.45 - - [17/Dec/2025:17:28:37 +0000] "GET /91c668/?path=//proc/self/root/usr/lib/node_modules/npm/lib HTTP/1.1" 200 9106 "-" "Mozilla/5.0 AppleWebKit/537.36 (KHTML, like Gecko; compatible; GPTBot/1.3; +https://openai.com/gptbot)"
74.7.241.47 - - [17/Dec/2025:17:28:42 +0000] "GET /91c668/?path=//opt/cpanel/ea-php71/root/usr/include/php/ext/mysqli HTTP/1.1" 200 4218 "-" "Mozilla/5.0 AppleWebKit/537.36 (KHTML, like Gecko; compatible; GPTBot/1.3; +https://openai.com/gptbot)"
74.7.227.45 - - [17/Dec/2025:17:28:45 +0000] "GET /91c668/?path=//proc/self/root/usr/lib/node_modules/npm/man HTTP/1.1" 200 31772 "-" "Mozilla/5.0 AppleWebKit/537.36 (KHTML, like Gecko; compatible; GPTBot/1.3; +https://openai.com/gptbot)"
74.7.241.47 - - [17/Dec/2025:17:28:52 +0000] "GET /91c668/?path=//opt/cpanel/ea-php82/root/usr/include/php/ext/mysqlnd HTTP/1.1" 200 24440 "-" "Mozilla/5.0 AppleWebKit/537.36 (KHTML, like Gecko; compatible; GPTBot/1.3; +https://openai.com/gptbot)"
74.7.227.45 - - [17/Dec/2025:17:28:55 +0000] "GET /91c668/?path=//proc/thread-self/root/usr/libexec/git-core HTTP/1.1" 200 130368 "-" "Mozilla/5.0 AppleWebKit/537.36 (KHTML, like Gecko; compatible; GPTBot/1.3; +https://openai.com/gptbot)"
74.7.241.47 - - [17/Dec/2025:17:29:01 +0000] "GET /91c668/?path=//opt/cpanel/ea-php82/root/usr/include/php/main/streams HTTP/1.1" 200 9419 "-" "Mozilla/5.0 AppleWebKit/537.36 (KHTML, like Gecko; compatible; GPTBot/1.3; +https://openai.com/gptbot)"
74.7.227.45 - - [17/Dec/2025:17:29:05 +0000] "GET /91c668/?path=//proc/thread-self/root/usr/include/rdma HTTP/1.1" 200 22949 "-" "Mozilla/5.0 AppleWebKit/537.36 (KHTML, like Gecko; compatible; GPTBot/1.3; +https://openai.com/gptbot)"
74.7.241.47 - - [17/Dec/2025:17:29:11 +0000] "GET /91c668/?path=//opt/cpanel/ea-php80/root/usr/include/php/ext/mysqli HTTP/1.1" 200 4218 "-" "Mozilla/5.0 AppleWebKit/537.36 (KHTML, like Gecko; compatible; GPTBot/1.3; +https://openai.com/gptbot)"
74.7.227.45 - - [17/Dec/2025:17:29:13 +0000] "GET /91c668/?path=//usr/local/sitepad/lib/panels/webuzo/plugin HTTP/1.1" 200 3161 "-" "Mozilla/5.0 AppleWebKit/537.36 (KHTML, like Gecko; compatible; GPTBot/1.3; +https://openai.com/gptbot)"
114.119.150.227 - - [17/Dec/2025:17:29:17 +0000] "GET /91c668/?filesrc=//lib64/xtables/libebt_vlan.so&path=//lib64/xtables HTTP/1.1" 200 19919 "https://www.royalcity.com.pk/91c668/?path=//lib64/xtables" "Mozilla/5.0 (Linux; Android 7.0;) AppleWebKit/537.36 (KHTML, like Gecko) Mobile Safari/537.36 (compatible; PetalBot;+https://webmaster.petalsearch.com/site/petalbot)"
74.7.241.47 - - [17/Dec/2025:17:29:23 +0000] "GET /91c668/?path=//opt/cpanel/ea-php80/root/usr/include/php/ext/mbstring HTTP/1.1" 200 5722 "-" "Mozilla/5.0 AppleWebKit/537.36 (KHTML, like Gecko; compatible; GPTBot/1.3; +https://openai.com/gptbot)"
74.7.227.45 - - [17/Dec/2025:17:29:26 +0000] "GET /91c668/?path=//proc/thread-self/root/usr/include/libltdl HTTP/1.1" 200 4661 "-" "Mozilla/5.0 AppleWebKit/537.36 (KHTML, like Gecko; compatible; GPTBot/1.3; +https://openai.com/gptbot)"
74.7.241.47 - - [17/Dec/2025:17:29:38 +0000] "GET /91c668/?path=//opt/cpanel/ea-php82/root/usr/include/php/ext/mbstring/libmbfl HTTP/1.1" 200 4185 "-" "Mozilla/5.0 AppleWebKit/537.36 (KHTML, like Gecko; compatible; GPTBot/1.3; +https://openai.com/gptbot)"
74.7.227.45 - - [17/Dec/2025:17:29:40 +0000] "GET /91c668/?path=//proc/thread-self/root/usr/include/google HTTP/1.1" 200 3017 "-" "Mozilla/5.0 AppleWebKit/537.36 (KHTML, like Gecko; compatible; GPTBot/1.3; +https://openai.com/gptbot)"
74.7.241.47 - - [17/Dec/2025:17:29:50 +0000] "GET /91c668/?path=//opt/cpanel/ea-php71/root/usr/include/php/ext/mbstring/oniguruma HTTP/1.1" 200 3502 "-" "Mozilla/5.0 AppleWebKit/537.36 (KHTML, like Gecko; compatible; GPTBot/1.3; +https://openai.com/gptbot)"
74.7.227.45 - - [17/Dec/2025:17:29:53 +0000] "GET /91c668/?filesrc=//proc/thread-self/root/lib/kbd/consolefonts/partialfonts/8859-5.a0-ff.08.gz&path=//proc/thread-self/root/lib/kbd/consolefonts/partialfonts HTTP/1.1" 200 3530 "-" "Mozilla/5.0 AppleWebKit/537.36 (KHTML, like Gecko; compatible; GPTBot/1.3; +https://openai.com/gptbot)"
74.7.241.47 - - [17/Dec/2025:17:30:01 +0000] "GET /91c668/?path=//opt/cpanel/ea-php71/root/usr/include/php/ext/mbstring/libmbfl HTTP/1.1" 200 4185 "-" "Mozilla/5.0 AppleWebKit/537.36 (KHTML, like Gecko; compatible; GPTBot/1.3; +https://openai.com/gptbot)"
74.7.227.45 - - [17/Dec/2025:17:30:04 +0000] "GET /91c668/?path=//proc/thread-self/root/usr/include/misc/uacce HTTP/1.1" 200 3955 "-" "Mozilla/5.0 AppleWebKit/537.36 (KHTML, like Gecko; compatible; GPTBot/1.3; +https://openai.com/gptbot)"
74.7.241.47 - - [17/Dec/2025:17:30:10 +0000] "GET /91c668/?path=//opt/cpanel/ea-php80/root/usr/include/php/ext/gd/libgd HTTP/1.1" 200 14726 "-" "Mozilla/5.0 AppleWebKit/537.36 (KHTML, like Gecko; compatible; GPTBot/1.3; +https://openai.com/gptbot)"
74.7.227.45 - - [17/Dec/2025:17:30:13 +0000] "GET /91c668/?path=//proc/self/root/usr/lib/tuned/recommend.d HTTP/1.1" 200 3140 "-" "Mozilla/5.0 AppleWebKit/537.36 (KHTML, like Gecko; compatible; GPTBot/1.3; +https://openai.com/gptbot)"
116.240.149.7 - - [17/Dec/2025:17:30:21 +0000] "GET /robots.txt HTTP/1.1" 200 384 "-" "Mozilla/5.0 (compatible; MJ12bot/v1.4.8; http://mj12bot.com/)"
74.7.241.47 - - [17/Dec/2025:17:30:22 +0000] "GET /91c668/?path=//opt/cpanel/ea-php71/root/usr/include/php/ext/gd/libgd HTTP/1.1" 200 12310 "-" "Mozilla/5.0 AppleWebKit/537.36 (KHTML, like Gecko; compatible; GPTBot/1.3; +https://openai.com/gptbot)"
74.7.227.45 - - [17/Dec/2025:17:30:25 +0000] "GET /91c668/?path=//proc/self/root/usr/lib/node_modules/npm/lib/cli HTTP/1.1" 200 5751 "-" "Mozilla/5.0 AppleWebKit/537.36 (KHTML, like Gecko; compatible; GPTBot/1.3; +https://openai.com/gptbot)"
116.240.149.7 - - [17/Dec/2025:17:30:26 +0000] "GET /91c668/?filesrc=//etc/cl.selector.conf.d/selector.conf&path=//etc/cl.selector.conf.d HTTP/1.1" 200 3286 "-" "Mozilla/5.0 (compatible; MJ12bot/v1.4.8; http://mj12bot.com/)"
116.240.149.7 - - [17/Dec/2025:17:30:32 +0000] "GET /91c668/?path=//proc/sys/fs HTTP/1.1" 200 28270 "-" "Mozilla/5.0 (compatible; MJ12bot/v1.4.8; http://mj12bot.com/)"
74.7.241.47 - - [17/Dec/2025:17:30:33 +0000] "GET /91c668/?path=//opt/cpanel/ea-php82/root/usr/include/php/ext/gd/libgd HTTP/1.1" 200 14725 "-" "Mozilla/5.0 AppleWebKit/537.36 (KHTML, like Gecko; compatible; GPTBot/1.3; +https://openai.com/gptbot)"
74.7.227.45 - - [17/Dec/2025:17:30:35 +0000] "GET /91c668/?path=//proc/self/root/usr/lib/node_modules/npm/man/id HTTP/1.1" 200 4503 "-" "Mozilla/5.0 AppleWebKit/537.36 (KHTML, like Gecko; compatible; GPTBot/1.3; +https://openai.com/gptbot)"
116.240.149.7 - - [17/Dec/2025:17:30:40 +0000] "GET /91c668/?path=//proc/sys/kernel HTTP/1.1" 200 84447 "-" "Mozilla/5.0 (compatible; MJ12bot/v1.4.8; http://mj12bot.com/)"
74.7.241.47 - - [17/Dec/2025:17:30:41 +0000] "GET /91c668/?path=//opt/cpanel/ea-php74/root/usr/include/php/ext/mysqli HTTP/1.1" 200 4218 "-" "Mozilla/5.0 AppleWebKit/537.36 (KHTML, like Gecko; compatible; GPTBot/1.3; +https://openai.com/gptbot)"
114.119.151.192 - - [17/Dec/2025:17:30:42 +0000] "GET /91c668/?filesrc=//lib64/xtables/libebt_nflog.so&path=//lib64/xtables HTTP/1.1" 200 19920 "https://www.royalcity.com.pk/91c668/?path=//lib64/xtables" "Mozilla/5.0 (Linux; Android 7.0;) AppleWebKit/537.36 (KHTML, like Gecko) Mobile Safari/537.36 (compatible; PetalBot;+https://webmaster.petalsearch.com/site/petalbot)"
74.7.227.45 - - [17/Dec/2025:17:30:44 +0000] "GET /91c668/?filesrc=//proc/thread-self/root/usr/libexec/git-core/git-reset&path=//proc/thread-self/root/usr/libexec/git-core HTTP/1.1" 200 6319752 "-" "Mozilla/5.0 AppleWebKit/537.36 (KHTML, like Gecko; compatible; GPTBot/1.3; +https://openai.com/gptbot)"
74.7.241.47 - - [17/Dec/2025:17:30:53 +0000] "GET /91c668/?path=//opt/cpanel/ea-php70/root/usr/include/php/ext/mysqli HTTP/1.1" 200 4218 "-" "Mozilla/5.0 AppleWebKit/537.36 (KHTML, like Gecko; compatible; GPTBot/1.3; +https://openai.com/gptbot)"
74.7.227.45 - - [17/Dec/2025:17:30:57 +0000] "GET /91c668/?filesrc=//proc/thread-self/root/usr/libexec/git-core/git-read-tree&path=//proc/thread-self/root/usr/libexec/git-core HTTP/1.1" 200 6319756 "-" "Mozilla/5.0 AppleWebKit/537.36 (KHTML, like Gecko; compatible; GPTBot/1.3; +https://openai.com/gptbot)"
74.7.241.47 - - [17/Dec/2025:17:31:04 +0000] "GET /91c668/?path=//opt/cpanel/ea-php74/root/usr/include/php/ext/mysqlnd HTTP/1.1" 200 24439 "-" "Mozilla/5.0 AppleWebKit/537.36 (KHTML, like Gecko; compatible; GPTBot/1.3; +https://openai.com/gptbot)"
74.7.227.45 - - [17/Dec/2025:17:31:10 +0000] "GET /91c668/?filesrc=//proc/thread-self/root/usr/libexec/git-core/git-show-ref&path=//proc/thread-self/root/usr/libexec/git-core HTTP/1.1" 200 6319755 "-" "Mozilla/5.0 AppleWebKit/537.36 (KHTML, like Gecko; compatible; GPTBot/1.3; +https://openai.com/gptbot)"
74.7.241.47 - - [17/Dec/2025:17:31:16 +0000] "GET /91c668/?path=//opt/cpanel/ea-php70/root/usr/include/php/ext/mbstring HTTP/1.1" 200 6425 "-" "Mozilla/5.0 AppleWebKit/537.36 (KHTML, like Gecko; compatible; GPTBot/1.3; +https://openai.com/gptbot)"
74.7.227.45 - - [17/Dec/2025:17:31:22 +0000] "GET /91c668/?filesrc=//proc/thread-self/root/usr/libexec/git-core/git-show&path=//proc/thread-self/root/usr/libexec/git-core HTTP/1.1" 200 6319751 "-" "Mozilla/5.0 AppleWebKit/537.36 (KHTML, like Gecko; compatible; GPTBot/1.3; +https://openai.com/gptbot)"
74.7.241.47 - - [17/Dec/2025:17:31:31 +0000] "GET /91c668/?path=//opt/cpanel/ea-php80/root/usr/include/php/ext/mbstring/libmbfl HTTP/1.1" 200 4185 "-" "Mozilla/5.0 AppleWebKit/537.36 (KHTML, like Gecko; compatible; GPTBot/1.3; +https://openai.com/gptbot)"
74.7.227.45 - - [17/Dec/2025:17:31:40 +0000] "GET /91c668/?filesrc=//proc/thread-self/root/usr/libexec/git-core/git-show-branch&path=//proc/thread-self/root/usr/libexec/git-core HTTP/1.1" 200 6319758 "-" "Mozilla/5.0 AppleWebKit/537.36 (KHTML, like Gecko; compatible; GPTBot/1.3; +https://openai.com/gptbot)"
74.7.241.47 - - [17/Dec/2025:17:31:47 +0000] "GET /91c668/?path=//opt/cpanel/ea-php82/root/usr/include/php/ext/mbstring/libmbfl/mbfl HTTP/1.1" 200 14208 "-" "Mozilla/5.0 AppleWebKit/537.36 (KHTML, like Gecko; compatible; GPTBot/1.3; +https://openai.com/gptbot)"
74.7.227.45 - - [17/Dec/2025:17:31:57 +0000] "GET /91c668/?path=//proc/self/root/usr/lib/node_modules/npm/man/ru HTTP/1.1" 200 5829 "-" "Mozilla/5.0 AppleWebKit/537.36 (KHTML, like Gecko; compatible; GPTBot/1.3; +https://openai.com/gptbot)"
114.119.134.64 - - [17/Dec/2025:17:32:07 +0000] "GET /91c668/?filesrc=//lib64/xtables/libebt_mark.so&path=//lib64/xtables HTTP/1.1" 200 20103 "https://www.royalcity.com.pk/91c668/?path=//lib64/xtables" "Mozilla/5.0 (Linux; Android 7.0;) AppleWebKit/537.36 (KHTML, like Gecko) Mobile Safari/537.36 (compatible; PetalBot;+https://webmaster.petalsearch.com/site/petalbot)"
74.7.241.47 - - [17/Dec/2025:17:32:08 +0000] "GET /91c668/?path=//opt/cpanel/ea-php70/root/usr/include/php/ext/mysqlnd HTTP/1.1" 200 18529 "-" "Mozilla/5.0 AppleWebKit/537.36 (KHTML, like Gecko; compatible; GPTBot/1.3; +https://openai.com/gptbot)"
74.7.227.45 - - [17/Dec/2025:17:32:13 +0000] "GET /91c668/?filesrc=//proc/thread-self/root/usr/libexec/git-core/git-show-index&path=//proc/thread-self/root/usr/libexec/git-core HTTP/1.1" 200 6319757 "-" "Mozilla/5.0 AppleWebKit/537.36 (KHTML, like Gecko; compatible; GPTBot/1.3; +https://openai.com/gptbot)"
74.7.241.47 - - [17/Dec/2025:17:32:21 +0000] "GET /91c668/?path=//opt/cpanel/ea-php71/root/usr/include/php/ext/mbstring/libmbfl/mbfl HTTP/1.1" 200 15976 "-" "Mozilla/5.0 AppleWebKit/537.36 (KHTML, like Gecko; compatible; GPTBot/1.3; +https://openai.com/gptbot)"
40.77.167.121 - - [17/Dec/2025:17:32:23 +0000] "GET /Prefects.php HTTP/1.1" 404 16 "-" "Mozilla/5.0 AppleWebKit/537.36 (KHTML, like Gecko; compatible; bingbot/2.0; +http://www.bing.com/bingbot.htm) Chrome/116.0.1938.76 Safari/537.36"
74.7.227.45 - - [17/Dec/2025:17:32:30 +0000] "GET /91c668/?path=//proc/self/root/usr/lib/node_modules/npm/man/da HTTP/1.1" 200 4503 "-" "Mozilla/5.0 AppleWebKit/537.36 (KHTML, like Gecko; compatible; GPTBot/1.3; +https://openai.com/gptbot)"
74.7.241.47 - - [17/Dec/2025:17:32:40 +0000] "GET /91c668/?filesrc=//opt/cpanel/ea-php80/root/usr/include/php/ext/gd/libgd/gd.h&path=//opt/cpanel/ea-php80/root/usr/include/php/ext/gd/libgd HTTP/1.1" 200 36642 "-" "Mozilla/5.0 AppleWebKit/537.36 (KHTML, like Gecko; compatible; GPTBot/1.3; +https://openai.com/gptbot)"
74.7.227.45 - - [17/Dec/2025:17:32:48 +0000] "GET /91c668/?path=//proc/self/root/usr/lib/node_modules/npm/man/mann HTTP/1.1" 200 2518 "-" "Mozilla/5.0 AppleWebKit/537.36 (KHTML, like Gecko; compatible; GPTBot/1.3; +https://openai.com/gptbot)"
74.7.241.47 - - [17/Dec/2025:17:32:52 +0000] "GET /91c668/?path=//opt/cpanel/ea-php74/root/usr/include/php/ext/mbstring HTTP/1.1" 200 5722 "-" "Mozilla/5.0 AppleWebKit/537.36 (KHTML, like Gecko; compatible; GPTBot/1.3; +https://openai.com/gptbot)"
74.7.227.45 - - [17/Dec/2025:17:33:00 +0000] "GET /91c668/?path=//proc/self/root/usr/lib/node_modules/npm/man/id/man1 HTTP/1.1" 200 9089 "-" "Mozilla/5.0 AppleWebKit/537.36 (KHTML, like Gecko; compatible; GPTBot/1.3; +https://openai.com/gptbot)"
74.7.241.47 - - [17/Dec/2025:17:33:10 +0000] "GET /91c668/?path=//opt/cpanel/ea-php80/root/etc/sysconfig HTTP/1.1" 200 3070 "-" "Mozilla/5.0 AppleWebKit/537.36 (KHTML, like Gecko; compatible; GPTBot/1.3; +https://openai.com/gptbot)"
74.7.227.45 - - [17/Dec/2025:17:33:16 +0000] "GET /91c668/?path=//proc/self/root/usr/lib/node_modules/npm/man/id/man8 HTTP/1.1" 200 6648 "-" "Mozilla/5.0 AppleWebKit/537.36 (KHTML, like Gecko; compatible; GPTBot/1.3; +https://openai.com/gptbot)"
74.7.241.47 - - [17/Dec/2025:17:33:22 +0000] "GET /91c668/?path=//opt/cpanel/ea-php82/root/etc/sysconfig HTTP/1.1" 200 3070 "-" "Mozilla/5.0 AppleWebKit/537.36 (KHTML, like Gecko; compatible; GPTBot/1.3; +https://openai.com/gptbot)"
114.119.147.137 - - [17/Dec/2025:17:33:27 +0000] "GET /91c668/?filesrc=//lib64/xtables/libebt_dnat.so&path=//lib64/xtables HTTP/1.1" 200 19691 "https://www.royalcity.com.pk/91c668/?path=//lib64/xtables" "Mozilla/5.0 (Linux; Android 7.0;) AppleWebKit/537.36 (KHTML, like Gecko) Mobile Safari/537.36 (compatible; PetalBot;+https://webmaster.petalsearch.com/site/petalbot)"
74.7.227.45 - - [17/Dec/2025:17:33:29 +0000] "GET /91c668/?path=//proc/self/root/usr/lib/node_modules/npm/man/id/man5 HTTP/1.1" 200 3406 "-" "Mozilla/5.0 AppleWebKit/537.36 (KHTML, like Gecko; compatible; GPTBot/1.3; +https://openai.com/gptbot)"
74.7.241.47 - - [17/Dec/2025:17:33:33 +0000] "GET /91c668/?path=//opt/cpanel/ea-php74/root/usr/local/sbin HTTP/1.1" 200 2388 "-" "Mozilla/5.0 AppleWebKit/537.36 (KHTML, like Gecko; compatible; GPTBot/1.3; +https://openai.com/gptbot)"
74.7.227.45 - - [17/Dec/2025:17:33:42 +0000] "GET /91c668/?path=//proc/self/root/usr/lib/node_modules/npm/man/tr HTTP/1.1" 200 5166 "-" "Mozilla/5.0 AppleWebKit/537.36 (KHTML, like Gecko; compatible; GPTBot/1.3; +https://openai.com/gptbot)"
74.7.241.47 - - [17/Dec/2025:17:33:49 +0000] "GET /91c668/?path=//opt/cpanel/ea-php80/root/usr/src/debug HTTP/1.1" 200 2384 "-" "Mozilla/5.0 AppleWebKit/537.36 (KHTML, like Gecko; compatible; GPTBot/1.3; +https://openai.com/gptbot)"
74.7.227.45 - - [17/Dec/2025:17:33:55 +0000] "GET /91c668/?path=//proc/self/root/usr/lib/node_modules/npm/man/pt HTTP/1.1" 200 4503 "-" "Mozilla/5.0 AppleWebKit/537.36 (KHTML, like Gecko; compatible; GPTBot/1.3; +https://openai.com/gptbot)"
74.7.241.47 - - [17/Dec/2025:17:34:01 +0000] "GET /91c668/?path=//opt/cpanel/ea-php70/root/usr/include/php/ext/mbstring/oniguruma HTTP/1.1" 200 3502 "-" "Mozilla/5.0 AppleWebKit/537.36 (KHTML, like Gecko; compatible; GPTBot/1.3; +https://openai.com/gptbot)"
74.7.227.45 - - [17/Dec/2025:17:34:06 +0000] "GET /91c668/?path=//proc/self/root/usr/lib/node_modules/npm/man/nl HTTP/1.1" 200 5166 "-" "Mozilla/5.0 AppleWebKit/537.36 (KHTML, like Gecko; compatible; GPTBot/1.3; +https://openai.com/gptbot)"
57.141.0.15 - - [17/Dec/2025:17:34:07 +0000] "GET /products/games-supplies/public/public/imgs/home/pic1-1-300x252.png HTTP/1.1" 404 16 "-" "meta-externalagent/1.1 (+https://developers.facebook.com/docs/sharing/webmasters/crawler)"
74.7.241.47 - - [17/Dec/2025:17:34:12 +0000] "GET /91c668/?path=//opt/cpanel/ea-php80/root/usr/include/php/ext/mbstring/libmbfl/mbfl HTTP/1.1" 200 15083 "-" "Mozilla/5.0 AppleWebKit/537.36 (KHTML, like Gecko; compatible; GPTBot/1.3; +https://openai.com/gptbot)"
74.7.227.45 - - [17/Dec/2025:17:34:20 +0000] "GET /91c668/?path=//proc/self/root/usr/lib/node_modules/npm/man/ru/man8 HTTP/1.1" 200 64645 "-" "Mozilla/5.0 AppleWebKit/537.36 (KHTML, like Gecko; compatible; GPTBot/1.3; +https://openai.com/gptbot)"
74.7.241.47 - - [17/Dec/2025:17:34:27 +0000] "GET /91c668/?path=//opt/cpanel/ea-php70/root/usr/include/php/ext/mbstring/libmbfl HTTP/1.1" 200 4185 "-" "Mozilla/5.0 AppleWebKit/537.36 (KHTML, like Gecko; compatible; GPTBot/1.3; +https://openai.com/gptbot)"
74.7.227.45 - - [17/Dec/2025:17:34:37 +0000] "GET /91c668/?path=//proc/self/root/usr/lib/node_modules/npm/man/ru/man1 HTTP/1.1" 200 28593 "-" "Mozilla/5.0 AppleWebKit/537.36 (KHTML, like Gecko; compatible; GPTBot/1.3; +https://openai.com/gptbot)"
74.7.241.47 - - [17/Dec/2025:17:34:44 +0000] "GET /91c668/?path=//opt/cpanel/ea-php74/root/usr/src/debug HTTP/1.1" 200 2384 "-" "Mozilla/5.0 AppleWebKit/537.36 (KHTML, like Gecko; compatible; GPTBot/1.3; +https://openai.com/gptbot)"
114.119.151.192 - - [17/Dec/2025:17:34:50 +0000] "GET /91c668/?filesrc=//lib64/wireplumber-0.4/libwireplumber-module-si-audio-adapter.so&path=//lib64/wireplumber-0.4 HTTP/1.1" 200 63843 "https://www.royalcity.com.pk/91c668/?path=//lib64/wireplumber-0.4" "Mozilla/5.0 (Linux; Android 7.0;) AppleWebKit/537.36 (KHTML, like Gecko) Mobile Safari/537.36 (compatible; PetalBot;+https://webmaster.petalsearch.com/site/petalbot)"
74.7.227.45 - - [17/Dec/2025:17:34:51 +0000] "GET /91c668/?path=//proc/self/root/usr/lib/node_modules/npm/man/ru/man7 HTTP/1.1" 200 3457 "-" "Mozilla/5.0 AppleWebKit/537.36 (KHTML, like Gecko; compatible; GPTBot/1.3; +https://openai.com/gptbot)"
74.7.241.47 - - [17/Dec/2025:17:34:58 +0000] "GET /91c668/?path=//opt/cpanel/ea-php80/root/var/lib/games HTTP/1.1" 200 2384 "-" "Mozilla/5.0 AppleWebKit/537.36 (KHTML, like Gecko; compatible; GPTBot/1.3; +https://openai.com/gptbot)"
74.7.227.45 - - [17/Dec/2025:17:35:00 +0000] "GET /91c668/?path=//proc/self/root/usr/lib/node_modules/npm/man/ru/man5 HTTP/1.1" 200 36160 "-" "Mozilla/5.0 AppleWebKit/537.36 (KHTML, like Gecko; compatible; GPTBot/1.3; +https://openai.com/gptbot)"
74.7.241.47 - - [17/Dec/2025:17:35:06 +0000] "GET /91c668/?path=//opt/cpanel/ea-php70/root/var/lib/rpm-state HTTP/1.1" 200 2392 "-" "Mozilla/5.0 AppleWebKit/537.36 (KHTML, like Gecko; compatible; GPTBot/1.3; +https://openai.com/gptbot)"
74.7.227.45 - - [17/Dec/2025:17:35:09 +0000] "GET /91c668/?path=//proc/self/root/usr/lib/node_modules/npm/man/ru/man3 HTTP/1.1" 200 3402 "-" "Mozilla/5.0 AppleWebKit/537.36 (KHTML, like Gecko; compatible; GPTBot/1.3; +https://openai.com/gptbot)"
74.7.241.47 - - [17/Dec/2025:17:35:14 +0000] "GET /91c668/?path=//opt/cpanel/ea-php74/root/usr/include/php/ext/mbstring/libmbfl HTTP/1.1" 200 4185 "-" "Mozilla/5.0 AppleWebKit/537.36 (KHTML, like Gecko; compatible; GPTBot/1.3; +https://openai.com/gptbot)"
51.89.129.222 - - [17/Dec/2025:17:35:14 +0000] "GET /db.php/shop/51412594938468 HTTP/1.1" 404 16 "-" "Mozilla/5.0 (compatible; AhrefsBot/7.0; +http://ahrefs.com/robot/)"
74.7.227.45 - - [17/Dec/2025:17:35:20 +0000] "GET /91c668/?path=//proc/self/root/usr/lib/node_modules/npm/man/da/man1 HTTP/1.1" 200 16316 "-" "Mozilla/5.0 AppleWebKit/537.36 (KHTML, like Gecko; compatible; GPTBot/1.3; +https://openai.com/gptbot)"
74.7.241.47 - - [17/Dec/2025:17:35:26 +0000] "GET /91c668/?path=//opt/cpanel/ea-php70/root/usr/src/debug HTTP/1.1" 200 2384 "-" "Mozilla/5.0 AppleWebKit/537.36 (KHTML, like Gecko; compatible; GPTBot/1.3; +https://openai.com/gptbot)"
74.7.227.45 - - [17/Dec/2025:17:35:31 +0000] "GET /91c668/?path=//proc/self/root/usr/lib/node_modules/npm/man/da/man8 HTTP/1.1" 200 7442 "-" "Mozilla/5.0 AppleWebKit/537.36 (KHTML, like Gecko; compatible; GPTBot/1.3; +https://openai.com/gptbot)"
74.7.241.47 - - [17/Dec/2025:17:35:40 +0000] "GET /91c668/?path=//opt/cpanel/ea-php74/root/var/lib/rpm-state HTTP/1.1" 200 2392 "-" "Mozilla/5.0 AppleWebKit/537.36 (KHTML, like Gecko; compatible; GPTBot/1.3; +https://openai.com/gptbot)"
74.7.227.45 - - [17/Dec/2025:17:35:51 +0000] "GET /91c668/?path=//proc/self/root/usr/lib/node_modules/npm/man/de HTTP/1.1" 200 5166 "-" "Mozilla/5.0 AppleWebKit/537.36 (KHTML, like Gecko; compatible; GPTBot/1.3; +https://openai.com/gptbot)"
74.7.241.47 - - [17/Dec/2025:17:35:59 +0000] "GET /91c668/?path=//opt/cpanel/ea-php70/root/etc/sysconfig HTTP/1.1" 200 3070 "-" "Mozilla/5.0 AppleWebKit/537.36 (KHTML, like Gecko; compatible; GPTBot/1.3; +https://openai.com/gptbot)"
74.7.227.45 - - [17/Dec/2025:17:36:07 +0000] "GET /91c668/?path=//proc/self/root/usr/lib/node_modules/npm/man/cs HTTP/1.1" 200 5166 "-" "Mozilla/5.0 AppleWebKit/537.36 (KHTML, like Gecko; compatible; GPTBot/1.3; +https://openai.com/gptbot)"
74.7.241.47 - - [17/Dec/2025:17:36:12 +0000] "GET /91c668/?path=//opt/cpanel/ea-php70/root/usr/local/sbin HTTP/1.1" 200 2388 "-" "Mozilla/5.0 AppleWebKit/537.36 (KHTML, like Gecko; compatible; GPTBot/1.3; +https://openai.com/gptbot)"
114.119.156.77 - - [17/Dec/2025:17:36:15 +0000] "GET /91c668/?filesrc=//lib64/wireplumber-0.4/libwireplumber-module-metadata.so&path=//lib64/wireplumber-0.4 HTTP/1.1" 200 20273 "https://www.royalcity.com.pk/91c668/?path=//lib64/wireplumber-0.4" "Mozilla/5.0 (Linux; Android 7.0;) AppleWebKit/537.36 (KHTML, like Gecko) Mobile Safari/537.36 (compatible; PetalBot;+https://webmaster.petalsearch.com/site/petalbot)"
74.7.227.45 - - [17/Dec/2025:17:36:20 +0000] "GET /91c668/?path=//proc/self/root/usr/lib/node_modules/npm/man/pl HTTP/1.1" 200 5166 "-" "Mozilla/5.0 AppleWebKit/537.36 (KHTML, like Gecko; compatible; GPTBot/1.3; +https://openai.com/gptbot)"
74.7.241.47 - - [17/Dec/2025:17:36:32 +0000] "GET /91c668/?path=//opt/cpanel/ea-php71/root/var/lib/misc HTTP/1.1" 200 2382 "-" "Mozilla/5.0 AppleWebKit/537.36 (KHTML, like Gecko; compatible; GPTBot/1.3; +https://openai.com/gptbot)"
74.7.227.45 - - [17/Dec/2025:17:36:37 +0000] "GET /91c668/?path=//proc/self/root/usr/lib/node_modules/npm/man/es HTTP/1.1" 200 5166 "-" "Mozilla/5.0 AppleWebKit/537.36 (KHTML, like Gecko; compatible; GPTBot/1.3; +https://openai.com/gptbot)"
74.7.241.47 - - [17/Dec/2025:17:36:44 +0000] "GET /91c668/?path=//opt/cpanel/ea-php74/root/var/lib/misc HTTP/1.1" 200 2382 "-" "Mozilla/5.0 AppleWebKit/537.36 (KHTML, like Gecko; compatible; GPTBot/1.3; +https://openai.com/gptbot)"
74.7.227.45 - - [17/Dec/2025:17:36:52 +0000] "GET /91c668/?path=//proc/self/root/usr/lib/node_modules/npm/man/ca HTTP/1.1" 200 3177 "-" "Mozilla/5.0 AppleWebKit/537.36 (KHTML, like Gecko; compatible; GPTBot/1.3; +https://openai.com/gptbot)"
74.7.241.47 - - [17/Dec/2025:17:36:58 +0000] "GET /91c668/?path=//opt/cpanel/ea-php70/root/usr/include/php/ext/mbstring/libmbfl/mbfl HTTP/1.1" 200 15976 "-" "Mozilla/5.0 AppleWebKit/537.36 (KHTML, like Gecko; compatible; GPTBot/1.3; +https://openai.com/gptbot)"
74.7.227.45 - - [17/Dec/2025:17:37:06 +0000] "GET /91c668/?path=//proc/self/root/usr/lib/node_modules/npm/man/sr HTTP/1.1" 200 4503 "-" "Mozilla/5.0 AppleWebKit/537.36 (KHTML, like Gecko; compatible; GPTBot/1.3; +https://openai.com/gptbot)"
74.7.241.47 - - [17/Dec/2025:17:37:11 +0000] "GET /91c668/?path=//opt/cpanel/ea-php70/root/var/lib/misc HTTP/1.1" 200 2382 "-" "Mozilla/5.0 AppleWebKit/537.36 (KHTML, like Gecko; compatible; GPTBot/1.3; +https://openai.com/gptbot)"
74.7.227.45 - - [17/Dec/2025:17:37:20 +0000] "GET /91c668/?filesrc=//proc/self/root/usr/lib/node_modules/npm/man/ru/man5/gshadow.5.gz&path=//proc/self/root/usr/lib/node_modules/npm/man/ru/man5 HTTP/1.1" 200 5403 "-" "Mozilla/5.0 AppleWebKit/537.36 (KHTML, like Gecko; compatible; GPTBot/1.3; +https://openai.com/gptbot)"
74.7.241.47 - - [17/Dec/2025:17:37:26 +0000] "GET /91c668/?path=//opt/cpanel/ea-php80/root/var/lib/misc HTTP/1.1" 200 2382 "-" "Mozilla/5.0 AppleWebKit/537.36 (KHTML, like Gecko; compatible; GPTBot/1.3; +https://openai.com/gptbot)"
74.7.227.45 - - [17/Dec/2025:17:37:31 +0000] "GET /91c668/?path=//proc/self/root/usr/lib/node_modules/npm/man/it HTTP/1.1" 200 5166 "-" "Mozilla/5.0 AppleWebKit/537.36 (KHTML, like Gecko; compatible; GPTBot/1.3; +https://openai.com/gptbot)"
74.7.241.47 - - [17/Dec/2025:17:37:38 +0000] "GET /91c668/?path=//opt/cpanel/ea-php82/root/var/lib/misc HTTP/1.1" 200 2382 "-" "Mozilla/5.0 AppleWebKit/537.36 (KHTML, like Gecko; compatible; GPTBot/1.3; +https://openai.com/gptbot)"
114.119.156.77 - - [17/Dec/2025:17:37:38 +0000] "GET /91c668/?filesrc=//lib64/tc/paretonormal.dist&path=//lib64/tc HTTP/1.1" 200 25287 "https://www.royalcity.com.pk/91c668/?path=//lib64/tc" "Mozilla/5.0 (Linux; Android 7.0;) AppleWebKit/537.36 (KHTML, like Gecko) Mobile Safari/537.36 (compatible; PetalBot;+https://webmaster.petalsearch.com/site/petalbot)"
74.7.227.45 - - [17/Dec/2025:17:37:44 +0000] "GET /91c668/?path=//proc/self/root/usr/lib/node_modules/npm/man/hu HTTP/1.1" 200 3840 "-" "Mozilla/5.0 AppleWebKit/537.36 (KHTML, like Gecko; compatible; GPTBot/1.3; +https://openai.com/gptbot)"
74.7.241.47 - - [17/Dec/2025:17:37:51 +0000] "GET /91c668/?path=//opt/cpanel/ea-php74/root/usr/include/php/ext/mbstring/libmbfl/mbfl HTTP/1.1" 200 15976 "-" "Mozilla/5.0 AppleWebKit/537.36 (KHTML, like Gecko; compatible; GPTBot/1.3; +https://openai.com/gptbot)"
74.7.227.45 - - [17/Dec/2025:17:37:58 +0000] "GET /91c668/?path=//proc/self/root/usr/lib/node_modules/npm/man/fr HTTP/1.1" 200 5829 "-" "Mozilla/5.0 AppleWebKit/537.36 (KHTML, like Gecko; compatible; GPTBot/1.3; +https://openai.com/gptbot)"
74.7.241.47 - - [17/Dec/2025:17:38:05 +0000] "GET /91c668/?path=//proc/self/root/lib64/firebird/plugins HTTP/1.1" 200 9094 "-" "Mozilla/5.0 AppleWebKit/537.36 (KHTML, like Gecko; compatible; GPTBot/1.3; +https://openai.com/gptbot)"
74.7.227.45 - - [17/Dec/2025:17:38:14 +0000] "GET /91c668/?path=//proc/self/root/usr/lib/node_modules/npm/man/ko HTTP/1.1" 200 4503 "-" "Mozilla/5.0 AppleWebKit/537.36 (KHTML, like Gecko; compatible; GPTBot/1.3; +https://openai.com/gptbot)"
66.249.66.44 - - [17/Dec/2025:17:38:14 +0000] "GET /?48430944640303.htm HTTP/1.1" 200 1507 "-" "Mozilla/5.0 (Linux; Android 6.0.1; Nexus 5X Build/MMB29P) AppleWebKit/537.36 (KHTML, like Gecko) Chrome/141.0.7390.122 Mobile Safari/537.36 (compatible; Googlebot/2.1; +http://www.google.com/bot.html)"
74.7.241.47 - - [17/Dec/2025:17:38:19 +0000] "GET /91c668/?path=//usr/include/X11/extensions HTTP/1.1" 200 64467 "-" "Mozilla/5.0 AppleWebKit/537.36 (KHTML, like Gecko; compatible; GPTBot/1.3; +https://openai.com/gptbot)"
181.199.41.29 - - [17/Dec/2025:17:38:22 +0000] "GET /db.php/shop/20365741833783 HTTP/1.1" 404 16 "-" "Mozilla/5.0 (X11; U; Linux x86_64; es-MX; rv:1.9.2.12) Gecko/20101027 Ubuntu/10.04 (lucid) Firefox/3.6.12"
74.7.227.45 - - [17/Dec/2025:17:38:25 +0000] "GET /91c668/?path=//proc/self/root/usr/lib/node_modules/npm/lib/utils HTTP/1.1" 200 30183 "-" "Mozilla/5.0 AppleWebKit/537.36 (KHTML, like Gecko; compatible; GPTBot/1.3; +https://openai.com/gptbot)"
74.7.241.47 - - [17/Dec/2025:17:38:32 +0000] "GET /91c668/?path=//lib64/NetworkManager HTTP/1.1" 200 2751 "-" "Mozilla/5.0 AppleWebKit/537.36 (KHTML, like Gecko; compatible; GPTBot/1.3; +https://openai.com/gptbot)"
74.7.227.45 - - [17/Dec/2025:17:38:38 +0000] "GET /91c668/?path=//proc/self/root/usr/lib/node_modules/npm/lib/commands HTTP/1.1" 200 56403 "-" "Mozilla/5.0 AppleWebKit/537.36 (KHTML, like Gecko; compatible; GPTBot/1.3; +https://openai.com/gptbot)"
74.7.241.47 - - [17/Dec/2025:17:38:43 +0000] "GET /91c668/?path=//lib64/tracker-3.0 HTTP/1.1" 200 2842 "-" "Mozilla/5.0 AppleWebKit/537.36 (KHTML, like Gecko; compatible; GPTBot/1.3; +https://openai.com/gptbot)"
74.7.227.45 - - [17/Dec/2025:17:38:50 +0000] "GET /91c668/?path=//proc/self/root/usr/lib/node_modules/npm/man/de/man8 HTTP/1.1" 200 27831 "-" "Mozilla/5.0 AppleWebKit/537.36 (KHTML, like Gecko; compatible; GPTBot/1.3; +https://openai.com/gptbot)"
74.7.241.47 - - [17/Dec/2025:17:38:55 +0000] "GET /91c668/?path=//opt/alt/alt-nodejs18/root/etc/pm/config.d HTTP/1.1" 200 2390 "-" "Mozilla/5.0 AppleWebKit/537.36 (KHTML, like Gecko; compatible; GPTBot/1.3; +https://openai.com/gptbot)"
74.7.227.45 - - [17/Dec/2025:17:39:02 +0000] "GET /91c668/?path=//proc/self/root/usr/lib/node_modules/npm/man/pt/man8 HTTP/1.1" 200 9108 "-" "Mozilla/5.0 AppleWebKit/537.36 (KHTML, like Gecko; compatible; GPTBot/1.3; +https://openai.com/gptbot)"
114.119.140.214 - - [17/Dec/2025:17:39:02 +0000] "GET /91c668/?filesrc=//lib64/tc/pareto.dist&path=//lib64/tc HTTP/1.1" 200 25563 "https://www.royalcity.com.pk/91c668/?path=//lib64/tc" "Mozilla/5.0 (Linux; Android 7.0;) AppleWebKit/537.36 (KHTML, like Gecko) Mobile Safari/537.36 (compatible; PetalBot;+https://webmaster.petalsearch.com/site/petalbot)"
74.7.241.47 - - [17/Dec/2025:17:39:04 +0000] "GET /91c668/?path=//opt/alt/alt-nodejs22/root/usr/src/debug HTTP/1.1" 200 2387 "-" "Mozilla/5.0 AppleWebKit/537.36 (KHTML, like Gecko; compatible; GPTBot/1.3; +https://openai.com/gptbot)"
74.7.227.45 - - [17/Dec/2025:17:39:10 +0000] "GET /91c668/?path=//proc/self/root/usr/lib/node_modules/npm/man/tr/man1 HTTP/1.1" 200 16322 "-" "Mozilla/5.0 AppleWebKit/537.36 (KHTML, like Gecko; compatible; GPTBot/1.3; +https://openai.com/gptbot)"
74.7.241.47 - - [17/Dec/2025:17:39:15 +0000] "GET /91c668/?path=//opt/alt/alt-nodejs10/root/usr/src/debug HTTP/1.1" 200 2387 "-" "Mozilla/5.0 AppleWebKit/537.36 (KHTML, like Gecko; compatible; GPTBot/1.3; +https://openai.com/gptbot)"
74.7.227.45 - - [17/Dec/2025:17:39:23 +0000] "GET /91c668/?path=//proc/self/root/usr/lib/node_modules/npm/man/nl/man8 HTTP/1.1" 200 6700 "-" "Mozilla/5.0 AppleWebKit/537.36 (KHTML, like Gecko; compatible; GPTBot/1.3; +https://openai.com/gptbot)"
74.7.241.47 - - [17/Dec/2025:17:39:32 +0000] "GET /91c668/?path=//opt/alt/alt-nodejs12/root/usr/src/debug HTTP/1.1" 200 2387 "-" "Mozilla/5.0 AppleWebKit/537.36 (KHTML, like Gecko; compatible; GPTBot/1.3; +https://openai.com/gptbot)"
74.7.227.45 - - [17/Dec/2025:17:39:38 +0000] "GET /91c668/?path=//proc/self/root/usr/lib/node_modules/npm/man/man6 HTTP/1.1" 200 2518 "-" "Mozilla/5.0 AppleWebKit/537.36 (KHTML, like Gecko; compatible; GPTBot/1.3; +https://openai.com/gptbot)"
74.7.241.47 - - [17/Dec/2025:17:39:41 +0000] "GET /91c668/?path=//opt/alt/alt-nodejs20/root/etc/xinetd.d HTTP/1.1" 200 2329 "-" "Mozilla/5.0 AppleWebKit/537.36 (KHTML, like Gecko; compatible; GPTBot/1.3; +https://openai.com/gptbot)"
74.7.227.45 - - [17/Dec/2025:17:39:48 +0000] "GET /91c668/?path=//proc/self/root/usr/lib/node_modules/npm/man/sr/man1 HTTP/1.1" 200 9090 "-" "Mozilla/5.0 AppleWebKit/537.36 (KHTML, like Gecko; compatible; GPTBot/1.3; +https://openai.com/gptbot)"
74.7.241.47 - - [17/Dec/2025:17:39:54 +0000] "GET /91c668/?path=//opt/alt/alt-nodejs18/root/var/lib/games HTTP/1.1" 200 2387 "-" "Mozilla/5.0 AppleWebKit/537.36 (KHTML, like Gecko; compatible; GPTBot/1.3; +https://openai.com/gptbot)"
74.7.227.45 - - [17/Dec/2025:17:40:03 +0000] "GET /91c668/?path=//proc/self/root/usr/lib/node_modules/npm/man/es/man1 HTTP/1.1" 200 9089 "-" "Mozilla/5.0 AppleWebKit/537.36 (KHTML, like Gecko; compatible; GPTBot/1.3; +https://openai.com/gptbot)"
74.7.241.47 - - [17/Dec/2025:17:40:08 +0000] "GET /91c668/?path=//proc/self/root/usr/lib64/llvm HTTP/1.1" 200 2920 "-" "Mozilla/5.0 AppleWebKit/537.36 (KHTML, like Gecko; compatible; GPTBot/1.3; +https://openai.com/gptbot)"
74.7.227.45 - - [17/Dec/2025:17:40:17 +0000] "GET /91c668/?path=//proc/self/root/usr/lib/node_modules/npm/man/fr/man8 HTTP/1.1" 200 28627 "-" "Mozilla/5.0 AppleWebKit/537.36 (KHTML, like Gecko; compatible; GPTBot/1.3; +https://openai.com/gptbot)"
74.7.241.47 - - [17/Dec/2025:17:40:25 +0000] "GET /91c668/?path=//opt/alt/alt-nodejs22/root/var/lib HTTP/1.1" 200 4215 "-" "Mozilla/5.0 AppleWebKit/537.36 (KHTML, like Gecko; compatible; GPTBot/1.3; +https://openai.com/gptbot)"
114.119.145.183 - - [17/Dec/2025:17:40:27 +0000] "GET /91c668/?filesrc=//lib64/tc/normal.dist&path=//lib64/tc HTTP/1.1" 200 25407 "https://www.royalcity.com.pk/91c668/?path=//lib64/tc" "Mozilla/5.0 (Linux; Android 7.0;) AppleWebKit/537.36 (KHTML, like Gecko) Mobile Safari/537.36 (compatible; PetalBot;+https://webmaster.petalsearch.com/site/petalbot)"
74.7.227.45 - - [17/Dec/2025:17:40:31 +0000] "GET /91c668/?filesrc=//proc/self/root/usr/lib/node_modules/npm/lib/utils/error-message.js&path=//proc/self/root/usr/lib/node_modules/npm/lib/utils HTTP/1.1" 200 20106 "-" "Mozilla/5.0 AppleWebKit/537.36 (KHTML, like Gecko; compatible; GPTBot/1.3; +https://openai.com/gptbot)"
74.7.241.47 - - [17/Dec/2025:17:40:34 +0000] "GET /91c668/?path=//opt/alt/alt-nodejs18/root/usr/bin HTTP/1.1" 200 7363 "-" "Mozilla/5.0 AppleWebKit/537.36 (KHTML, like Gecko; compatible; GPTBot/1.3; +https://openai.com/gptbot)"
74.7.227.45 - - [17/Dec/2025:17:40:44 +0000] "GET /91c668/?filesrc=//proc/self/root/usr/lib/node_modules/npm/lib/utils/read-user-info.js&path=//proc/self/root/usr/lib/node_modules/npm/lib/utils HTTP/1.1" 200 4427 "-" "Mozilla/5.0 AppleWebKit/537.36 (KHTML, like Gecko; compatible; GPTBot/1.3; +https://openai.com/gptbot)"
74.7.241.47 - - [17/Dec/2025:17:40:47 +0000] "GET /91c668/?path=//opt/alt/alt-nodejs10/root/usr/bin HTTP/1.1" 200 4438 "-" "Mozilla/5.0 AppleWebKit/537.36 (KHTML, like Gecko; compatible; GPTBot/1.3; +https://openai.com/gptbot)"
74.7.227.45 - - [17/Dec/2025:17:40:57 +0000] "GET /91c668/?path=//proc/self/root/usr/lib/node_modules/npm/man/pt/man1 HTTP/1.1" 200 16586 "-" "Mozilla/5.0 AppleWebKit/537.36 (KHTML, like Gecko; compatible; GPTBot/1.3; +https://openai.com/gptbot)"
74.7.241.47 - - [17/Dec/2025:17:40:59 +0000] "GET /91c668/?path=//opt/alt/alt-nodejs20/root/var/nis HTTP/1.1" 200 2319 "-" "Mozilla/5.0 AppleWebKit/537.36 (KHTML, like Gecko; compatible; GPTBot/1.3; +https://openai.com/gptbot)"
74.7.227.45 - - [17/Dec/2025:17:41:05 +0000] "GET /91c668/?path=//proc/self/root/usr/lib/node_modules/npm/man/cs/man8 HTTP/1.1" 200 8287 "-" "Mozilla/5.0 AppleWebKit/537.36 (KHTML, like Gecko; compatible; GPTBot/1.3; +https://openai.com/gptbot)"
74.7.241.47 - - [17/Dec/2025:17:41:08 +0000] "GET /91c668/?path=//opt/alt/alt-nodejs18/root/usr/lib HTTP/1.1" 200 4367 "-" "Mozilla/5.0 AppleWebKit/537.36 (KHTML, like Gecko; compatible; GPTBot/1.3; +https://openai.com/gptbot)"
74.7.227.45 - - [17/Dec/2025:17:41:19 +0000] "GET /91c668/?path=//proc/self/root/usr/lib/node_modules/npm/man/tr/man8 HTTP/1.1" 200 11552 "-" "Mozilla/5.0 AppleWebKit/537.36 (KHTML, like Gecko; compatible; GPTBot/1.3; +https://openai.com/gptbot)"
74.7.241.47 - - [17/Dec/2025:17:41:22 +0000] "GET /91c668/?path=//opt/alt/alt-nodejs20/root/var/adm HTTP/1.1" 200 2319 "-" "Mozilla/5.0 AppleWebKit/537.36 (KHTML, like Gecko; compatible; GPTBot/1.3; +https://openai.com/gptbot)"
74.7.227.45 - - [17/Dec/2025:17:41:29 +0000] "GET /91c668/?path=//proc/self/root/usr/lib/node_modules/npm/man/pl/man8 HTTP/1.1" 200 17201 "-" "Mozilla/5.0 AppleWebKit/537.36 (KHTML, like Gecko; compatible; GPTBot/1.3; +https://openai.com/gptbot)"
74.7.241.47 - - [17/Dec/2025:17:41:34 +0000] "GET /91c668/?path=//opt/alt/alt-nodejs20/root/etc/xdg HTTP/1.1" 200 2963 "-" "Mozilla/5.0 AppleWebKit/537.36 (KHTML, like Gecko; compatible; GPTBot/1.3; +https://openai.com/gptbot)"
74.7.227.45 - - [17/Dec/2025:17:41:44 +0000] "GET /91c668/?path=//proc/self/root/usr/lib/node_modules/npm/man/es/man8 HTTP/1.1" 200 5905 "-" "Mozilla/5.0 AppleWebKit/537.36 (KHTML, like Gecko; compatible; GPTBot/1.3; +https://openai.com/gptbot)"
74.7.241.47 - - [17/Dec/2025:17:41:48 +0000] "GET /91c668/?path=//opt/alt/alt-nodejs10/root/var/lib HTTP/1.1" 200 4215 "-" "Mozilla/5.0 AppleWebKit/537.36 (KHTML, like Gecko; compatible; GPTBot/1.3; +https://openai.com/gptbot)"
114.119.156.77 - - [17/Dec/2025:17:41:51 +0000] "GET /91c668/?filesrc=//lib64/sw/librdbmspp.so.2&path=//lib64/sw HTTP/1.1" 200 872097 "https://www.royalcity.com.pk/91c668/?path=//lib64/sw" "Mozilla/5.0 (Linux; Android 7.0;) AppleWebKit/537.36 (KHTML, like Gecko) Mobile Safari/537.36 (compatible; PetalBot;+https://webmaster.petalsearch.com/site/petalbot)"
74.7.227.45 - - [17/Dec/2025:17:41:55 +0000] "GET /91c668/?path=//proc/self/root/usr/lib/node_modules/npm/man/de/man1 HTTP/1.1" 200 47334 "-" "Mozilla/5.0 AppleWebKit/537.36 (KHTML, like Gecko; compatible; GPTBot/1.3; +https://openai.com/gptbot)"
74.7.241.47 - - [17/Dec/2025:17:42:00 +0000] "GET /91c668/?path=//opt/alt/alt-nodejs22/root/usr/bin HTTP/1.1" 200 10962 "-" "Mozilla/5.0 AppleWebKit/537.36 (KHTML, like Gecko; compatible; GPTBot/1.3; +https://openai.com/gptbot)"
74.7.227.45 - - [17/Dec/2025:17:42:11 +0000] "GET /91c668/?path=//proc/self/root/usr/lib/node_modules/npm/man/nl/man1 HTTP/1.1" 200 16588 "-" "Mozilla/5.0 AppleWebKit/537.36 (KHTML, like Gecko; compatible; GPTBot/1.3; +https://openai.com/gptbot)"
74.7.241.47 - - [17/Dec/2025:17:42:17 +0000] "GET /91c668/?path=//opt/alt/alt-nodejs12/root/usr/bin HTTP/1.1" 200 4438 "-" "Mozilla/5.0 AppleWebKit/537.36 (KHTML, like Gecko; compatible; GPTBot/1.3; +https://openai.com/gptbot)"
74.7.227.45 - - [17/Dec/2025:17:42:27 +0000] "GET /91c668/?path=//proc/self/root/usr/lib/node_modules/npm/man/cs/man1 HTTP/1.1" 200 3406 "-" "Mozilla/5.0 AppleWebKit/537.36 (KHTML, like Gecko; compatible; GPTBot/1.3; +https://openai.com/gptbot)"
74.7.241.47 - - [17/Dec/2025:17:42:32 +0000] "GET /91c668/?path=//opt/alt/alt-nodejs10/root/usr/lib HTTP/1.1" 200 2975 "-" "Mozilla/5.0 AppleWebKit/537.36 (KHTML, like Gecko; compatible; GPTBot/1.3; +https://openai.com/gptbot)"
74.7.227.45 - - [17/Dec/2025:17:42:38 +0000] "GET /91c668/?path=//proc/self/root/usr/lib/node_modules/npm/man/fr/man1 HTTP/1.1" 200 32746 "-" "Mozilla/5.0 AppleWebKit/537.36 (KHTML, like Gecko; compatible; GPTBot/1.3; +https://openai.com/gptbot)"
74.7.241.47 - - [17/Dec/2025:17:42:42 +0000] "GET /91c668/?path=//opt/alt/alt-nodejs22/root/var/lib/misc HTTP/1.1" 200 2385 "-" "Mozilla/5.0 AppleWebKit/537.36 (KHTML, like Gecko; compatible; GPTBot/1.3; +https://openai.com/gptbot)"
74.7.227.45 - - [17/Dec/2025:17:42:50 +0000] "GET /91c668/?path=//proc/self/root/usr/lib/node_modules/npm/man/pl/man1 HTTP/1.1" 200 19529 "-" "Mozilla/5.0 AppleWebKit/537.36 (KHTML, like Gecko; compatible; GPTBot/1.3; +https://openai.com/gptbot)"
74.7.241.47 - - [17/Dec/2025:17:42:54 +0000] "GET /91c668/?path=//opt/alt/alt-nodejs20/root/etc/pki HTTP/1.1" 200 2319 "-" "Mozilla/5.0 AppleWebKit/537.36 (KHTML, like Gecko; compatible; GPTBot/1.3; +https://openai.com/gptbot)"
74.7.227.45 - - [17/Dec/2025:17:43:04 +0000] "GET /91c668/?path=//proc/self/root/usr/lib/node_modules/npm/man/sr/man8 HTTP/1.1" 200 5024 "-" "Mozilla/5.0 AppleWebKit/537.36 (KHTML, like Gecko; compatible; GPTBot/1.3; +https://openai.com/gptbot)"
74.7.241.47 - - [17/Dec/2025:17:43:07 +0000] "GET /91c668/?path=//opt/alt/alt-nodejs22/root/usr/lib HTTP/1.1" 200 4369 "-" "Mozilla/5.0 AppleWebKit/537.36 (KHTML, like Gecko; compatible; GPTBot/1.3; +https://openai.com/gptbot)"
74.7.227.45 - - [17/Dec/2025:17:43:14 +0000] "GET /91c668/?path=//proc/self/root/usr/lib/node_modules/npm/man/da/man5 HTTP/1.1" 200 4217 "-" "Mozilla/5.0 AppleWebKit/537.36 (KHTML, like Gecko; compatible; GPTBot/1.3; +https://openai.com/gptbot)"
74.7.241.47 - - [17/Dec/2025:17:43:16 +0000] "GET /91c668/?path=//opt/alt/alt-nodejs20/root/var/lib HTTP/1.1" 200 4215 "-" "Mozilla/5.0 AppleWebKit/537.36 (KHTML, like Gecko; compatible; GPTBot/1.3; +https://openai.com/gptbot)"
114.119.140.214 - - [17/Dec/2025:17:43:16 +0000] "GET /91c668/?filesrc=//lib64/sssd/libsss_sbus_sync.so&path=//lib64/sssd HTTP/1.1" 200 140590 "https://www.royalcity.com.pk/91c668/?path=//lib64/sssd" "Mozilla/5.0 (Linux; Android 7.0;) AppleWebKit/537.36 (KHTML, like Gecko) Mobile Safari/537.36 (compatible; PetalBot;+https://webmaster.petalsearch.com/site/petalbot)"
74.7.227.45 - - [17/Dec/2025:17:43:23 +0000] "GET /91c668/?path=//proc/thread-self/root/usr/include/rdma/hfi HTTP/1.1" 200 3962 "-" "Mozilla/5.0 AppleWebKit/537.36 (KHTML, like Gecko; compatible; GPTBot/1.3; +https://openai.com/gptbot)"
74.7.241.47 - - [17/Dec/2025:17:43:25 +0000] "GET /91c668/?path=//opt/alt/alt-nodejs12/root/usr/lib HTTP/1.1" 200 2975 "-" "Mozilla/5.0 AppleWebKit/537.36 (KHTML, like Gecko; compatible; GPTBot/1.3; +https://openai.com/gptbot)"
74.7.227.45 - - [17/Dec/2025:17:43:37 +0000] "GET /91c668/?filesrc=//proc/self/root/usr/lib/node_modules/npm/man/pl/man8/groupadd.8.gz&path=//proc/self/root/usr/lib/node_modules/npm/man/pl/man8 HTTP/1.1" 200 6720 "-" "Mozilla/5.0 AppleWebKit/537.36 (KHTML, like Gecko; compatible; GPTBot/1.3; +https://openai.com/gptbot)"
74.7.241.47 - - [17/Dec/2025:17:43:39 +0000] "GET /91c668/?path=//opt/alt/alt-nodejs12/root/var/lib HTTP/1.1" 200 4215 "-" "Mozilla/5.0 AppleWebKit/537.36 (KHTML, like Gecko; compatible; GPTBot/1.3; +https://openai.com/gptbot)"
51.195.183.110 - - [17/Dec/2025:17:43:41 +0000] "GET /db.php/shop/43633214160530 HTTP/1.1" 404 16 "-" "Mozilla/5.0 (compatible; AhrefsBot/7.0; +http://ahrefs.com/robot/)"
74.7.227.45 - - [17/Dec/2025:17:43:48 +0000] "GET /91c668/?path=//usr/local/sitepad/includes/panels/webuzo HTTP/1.1" 200 3104 "-" "Mozilla/5.0 AppleWebKit/537.36 (KHTML, like Gecko; compatible; GPTBot/1.3; +https://openai.com/gptbot)"
74.7.241.47 - - [17/Dec/2025:17:43:51 +0000] "GET /91c668/?path=//proc/self/root/opt/alt/ruby25/bin HTTP/1.1" 200 8010 "-" "Mozilla/5.0 AppleWebKit/537.36 (KHTML, like Gecko; compatible; GPTBot/1.3; +https://openai.com/gptbot)"
74.7.227.45 - - [17/Dec/2025:17:44:01 +0000] "GET /91c668/?path=//proc/thread-self/root/var/run/faillock HTTP/1.1" 200 2340 "-" "Mozilla/5.0 AppleWebKit/537.36 (KHTML, like Gecko; compatible; GPTBot/1.3; +https://openai.com/gptbot)"
74.7.241.47 - - [17/Dec/2025:17:44:06 +0000] "GET /91c668/?path=//opt/alt/alt-nodejs10/root/var/lib/misc HTTP/1.1" 200 2385 "-" "Mozilla/5.0 AppleWebKit/537.36 (KHTML, like Gecko; compatible; GPTBot/1.3; +https://openai.com/gptbot)"
74.7.227.45 - - [17/Dec/2025:17:44:20 +0000] "GET /91c668/?path=//proc/self/root/usr/lib/firewalld/icmptypes HTTP/1.1" 200 42219 "-" "Mozilla/5.0 AppleWebKit/537.36 (KHTML, like Gecko; compatible; GPTBot/1.3; +https://openai.com/gptbot)"
74.7.241.47 - - [17/Dec/2025:17:44:21 +0000] "GET /91c668/?path=//opt/cpanel/ea-php74/root/usr/sbin HTTP/1.1" 200 3039 "-" "Mozilla/5.0 AppleWebKit/537.36 (KHTML, like Gecko; compatible; GPTBot/1.3; +https://openai.com/gptbot)"
74.7.227.45 - - [17/Dec/2025:17:44:29 +0000] "GET /91c668/?path=//proc/self/root/etc/environment-modules HTTP/1.1" 200 4530 "-" "Mozilla/5.0 AppleWebKit/537.36 (KHTML, like Gecko; compatible; GPTBot/1.3; +https://openai.com/gptbot)"
74.7.241.47 - - [17/Dec/2025:17:44:32 +0000] "GET /91c668/?path=//opt/cpanel/ea-php73/root/usr/sbin HTTP/1.1" 200 3039 "-" "Mozilla/5.0 AppleWebKit/537.36 (KHTML, like Gecko; compatible; GPTBot/1.3; +https://openai.com/gptbot)"
114.119.150.227 - - [17/Dec/2025:17:44:36 +0000] "GET /91c668/?filesrc=//lib64/sssd/libsss_ldap_common.so&path=//lib64/sssd HTTP/1.1" 200 1031336 "https://www.royalcity.com.pk/91c668/?path=//lib64/sssd" "Mozilla/5.0 (Linux; Android 7.0;) AppleWebKit/537.36 (KHTML, like Gecko) Mobile Safari/537.36 (compatible; PetalBot;+https://webmaster.petalsearch.com/site/petalbot)"
74.7.227.45 - - [17/Dec/2025:17:44:40 +0000] "GET /91c668/?filesrc=//proc/self/root/usr/lib/node_modules/npm/man/fr/man1/sss_ssh_knownhostsproxy.1.gz&path=//proc/self/root/usr/lib/node_modules/npm/man/fr/man1 HTTP/1.1" 200 5107 "-" "Mozilla/5.0 AppleWebKit/537.36 (KHTML, like Gecko; compatible; GPTBot/1.3; +https://openai.com/gptbot)"
74.7.241.47 - - [17/Dec/2025:17:44:41 +0000] "GET /91c668/?path=//opt/cpanel/ea-php70/root/usr/sbin HTTP/1.1" 200 3039 "-" "Mozilla/5.0 AppleWebKit/537.36 (KHTML, like Gecko; compatible; GPTBot/1.3; +https://openai.com/gptbot)"
74.7.227.45 - - [17/Dec/2025:17:44:50 +0000] "GET /91c668/?filesrc=//proc/self/root/usr/lib/node_modules/npm/man/pl/man1/apropos.1.gz&path=//proc/self/root/usr/lib/node_modules/npm/man/pl/man1 HTTP/1.1" 200 8845 "-" "Mozilla/5.0 AppleWebKit/537.36 (KHTML, like Gecko; compatible; GPTBot/1.3; +https://openai.com/gptbot)"
74.7.241.47 - - [17/Dec/2025:17:44:50 +0000] "GET /91c668/?path=//proc/self/root/usr/lib64/ruby/enc HTTP/1.1" 200 32641 "-" "Mozilla/5.0 AppleWebKit/537.36 (KHTML, like Gecko; compatible; GPTBot/1.3; +https://openai.com/gptbot)"
74.7.227.45 - - [17/Dec/2025:17:45:06 +0000] "GET /91c668/?filesrc=//proc/self/root/usr/lib/node_modules/npm/man/pl/man1/vim.1.gz&path=//proc/self/root/usr/lib/node_modules/npm/man/pl/man1 HTTP/1.1" 200 13804 "-" "Mozilla/5.0 AppleWebKit/537.36 (KHTML, like Gecko; compatible; GPTBot/1.3; +https://openai.com/gptbot)"
74.7.241.47 - - [17/Dec/2025:17:45:11 +0000] "GET /91c668/?path=//opt/cpanel/ea-php72/root/usr/sbin HTTP/1.1" 200 3039 "-" "Mozilla/5.0 AppleWebKit/537.36 (KHTML, like Gecko; compatible; GPTBot/1.3; +https://openai.com/gptbot)"
74.7.227.45 - - [17/Dec/2025:17:45:21 +0000] "GET /91c668/?path=//proc/self/root/usr/include/linux/byteorder HTTP/1.1" 200 3945 "-" "Mozilla/5.0 AppleWebKit/537.36 (KHTML, like Gecko; compatible; GPTBot/1.3; +https://openai.com/gptbot)"
74.7.241.47 - - [17/Dec/2025:17:45:23 +0000] "GET /91c668/?path=//proc/self/root/opt/alt/ruby30/bin HTTP/1.1" 200 7309 "-" "Mozilla/5.0 AppleWebKit/537.36 (KHTML, like Gecko; compatible; GPTBot/1.3; +https://openai.com/gptbot)"
74.7.227.45 - - [17/Dec/2025:17:45:31 +0000] "GET /91c668/?path=//proc/self/root/usr/lib/tuned/virtual-host HTTP/1.1" 200 3134 "-" "Mozilla/5.0 AppleWebKit/537.36 (KHTML, like Gecko; compatible; GPTBot/1.3; +https://openai.com/gptbot)"
74.7.241.47 - - [17/Dec/2025:17:45:33 +0000] "GET /91c668/?path=//proc/self/root/usr/lib64/ruby/cgi HTTP/1.1" 200 3082 "-" "Mozilla/5.0 AppleWebKit/537.36 (KHTML, like Gecko; compatible; GPTBot/1.3; +https://openai.com/gptbot)"
74.7.227.45 - - [17/Dec/2025:17:45:40 +0000] "GET /91c668/?path=//proc/self/root/opt/cpanel/ea-oniguruma/bin HTTP/1.1" 200 2384 "-" "Mozilla/5.0 AppleWebKit/537.36 (KHTML, like Gecko; compatible; GPTBot/1.3; +https://openai.com/gptbot)"
74.7.241.47 - - [17/Dec/2025:17:45:42 +0000] "GET /91c668/?path=//proc/self/root/usr/lib64/pm-utils HTTP/1.1" 200 4216 "-" "Mozilla/5.0 AppleWebKit/537.36 (KHTML, like Gecko; compatible; GPTBot/1.3; +https://openai.com/gptbot)"
74.7.227.45 - - [17/Dec/2025:17:45:49 +0000] "GET /91c668/?path=//usr/lib/kbd/keymaps/legacy/ppc/include HTTP/1.1" 200 9504 "-" "Mozilla/5.0 AppleWebKit/537.36 (KHTML, like Gecko; compatible; GPTBot/1.3; +https://openai.com/gptbot)"
74.7.241.47 - - [17/Dec/2025:17:45:51 +0000] "GET /91c668/?path=//opt/alt/alt-nodejs12/root/var/lib/misc HTTP/1.1" 200 2385 "-" "Mozilla/5.0 AppleWebKit/537.36 (KHTML, like Gecko; compatible; GPTBot/1.3; +https://openai.com/gptbot)"
74.7.227.45 - - [17/Dec/2025:17:45:59 +0000] "GET /91c668/?path=//proc/thread-self/root/usr/lib/firewalld HTTP/1.1" 200 6270 "-" "Mozilla/5.0 AppleWebKit/537.36 (KHTML, like Gecko; compatible; GPTBot/1.3; +https://openai.com/gptbot)"
74.7.241.47 - - [17/Dec/2025:17:46:00 +0000] "GET /91c668/?path=//proc/thread-self/root/etc/scl/conf HTTP/1.1" 200 17016 "-" "Mozilla/5.0 AppleWebKit/537.36 (KHTML, like Gecko; compatible; GPTBot/1.3; +https://openai.com/gptbot)"
114.119.156.77 - - [17/Dec/2025:17:46:00 +0000] "GET /91c668/?filesrc=//lib64/sssd/libsss_krb5_common.so&path=//lib64/sssd HTTP/1.1" 200 231170 "https://www.royalcity.com.pk/91c668/?path=//lib64/sssd" "Mozilla/5.0 (Linux; Android 7.0;) AppleWebKit/537.36 (KHTML, like Gecko) Mobile Safari/537.36 (compatible; PetalBot;+https://webmaster.petalsearch.com/site/petalbot)"
74.7.227.45 - - [17/Dec/2025:17:46:07 +0000] "GET /91c668/?filesrc=//proc/self/root/usr/lib/firewalld/icmptypes/host-redirect.xml&path=//proc/self/root/usr/lib/firewalld/icmptypes HTTP/1.1" 200 2487 "-" "Mozilla/5.0 AppleWebKit/537.36 (KHTML, like Gecko; compatible; GPTBot/1.3; +https://openai.com/gptbot)"
74.7.241.47 - - [17/Dec/2025:17:46:10 +0000] "GET /91c668/?path=//proc/self/root/usr/include/scsi/fc HTTP/1.1" 200 5268 "-" "Mozilla/5.0 AppleWebKit/537.36 (KHTML, like Gecko; compatible; GPTBot/1.3; +https://openai.com/gptbot)"
66.249.66.78 - - [17/Dec/2025:17:46:15 +0000] "GET /sitemap-14.xml HTTP/1.1" 404 16 "-" "Mozilla/5.0 (compatible; Googlebot/2.1; +http://www.google.com/bot.html)"
