74.7.241.47 - - [17/Dec/2025:20:43:47 +0000] "GET /91c668/?path=//proc/self/root/opt/alt/alt-nodejs10/root/usr HTTP/1.1" 200 10376 "-" "Mozilla/5.0 AppleWebKit/537.36 (KHTML, like Gecko; compatible; GPTBot/1.3; +https://openai.com/gptbot)"
74.7.227.45 - - [17/Dec/2025:20:43:53 +0000] "GET /91c668/?path=//proc/self/root/usr/local/sitepad/editor/site-data/plugins/kkart-pro/includes/shipping HTTP/1.1" 200 9534 "-" "Mozilla/5.0 AppleWebKit/537.36 (KHTML, like Gecko; compatible; GPTBot/1.3; +https://openai.com/gptbot)"
74.7.241.47 - - [17/Dec/2025:20:43:58 +0000] "GET /91c668/?path=//proc/thread-self/root/opt/cpanel/ea-php82/root/var/cache HTTP/1.1" 200 3294 "-" "Mozilla/5.0 AppleWebKit/537.36 (KHTML, like Gecko; compatible; GPTBot/1.3; +https://openai.com/gptbot)"
74.7.227.45 - - [17/Dec/2025:20:44:06 +0000] "GET /91c668/?path=//proc/self/root/usr/local/sitepad/editor/site-data/plugins/kkart-pro/includes/walkers HTTP/1.1" 200 7060 "-" "Mozilla/5.0 AppleWebKit/537.36 (KHTML, like Gecko; compatible; GPTBot/1.3; +https://openai.com/gptbot)"
74.7.241.47 - - [17/Dec/2025:20:44:09 +0000] "GET /91c668/?path=//proc/thread-self/root/opt/cpanel/ea-php56/root/run HTTP/1.1" 200 3175 "-" "Mozilla/5.0 AppleWebKit/537.36 (KHTML, like Gecko; compatible; GPTBot/1.3; +https://openai.com/gptbot)"
57.141.0.44 - - [17/Dec/2025:20:44:17 +0000] "GET /products/kitchen-sinks/public/public/public/imgs/home/pic1-1-300x252.png HTTP/1.1" 404 16 "-" "meta-externalagent/1.1 (+https://developers.facebook.com/docs/sharing/webmasters/crawler)"
114.119.141.232 - - [17/Dec/2025:20:44:18 +0000] "GET /91c668/?filesrc=//usr/include/lzma/index.h&path=//usr/include/lzma HTTP/1.1" 200 25481 "https://www.royalcity.com.pk/91c668/?path=//usr/include/lzma" "Mozilla/5.0 (Linux; Android 7.0;) AppleWebKit/537.36 (KHTML, like Gecko) Mobile Safari/537.36 (compatible; PetalBot;+https://webmaster.petalsearch.com/site/petalbot)"
74.7.227.45 - - [17/Dec/2025:20:44:20 +0000] "GET /91c668/?path=//proc/self/root/usr/local/sitepad/editor/site-data/plugins/kkart-pro/includes/log-handlers HTTP/1.1" 200 6006 "-" "Mozilla/5.0 AppleWebKit/537.36 (KHTML, like Gecko; compatible; GPTBot/1.3; +https://openai.com/gptbot)"
74.7.241.47 - - [17/Dec/2025:20:44:23 +0000] "GET /91c668/?path=//proc/self/root/opt/cpanel/ea-php80/root/lib HTTP/1.1" 200 2444 "-" "Mozilla/5.0 AppleWebKit/537.36 (KHTML, like Gecko; compatible; GPTBot/1.3; +https://openai.com/gptbot)"
74.7.227.45 - - [17/Dec/2025:20:44:31 +0000] "GET /91c668/?path=//proc/thread-self/root/opt/cpanel/ea-php71/root/var/lib/pear/.channels HTTP/1.1" 200 7082 "-" "Mozilla/5.0 AppleWebKit/537.36 (KHTML, like Gecko; compatible; GPTBot/1.3; +https://openai.com/gptbot)"
74.7.241.47 - - [17/Dec/2025:20:44:37 +0000] "GET /91c668/?path=//proc/thread-self/root/opt/cpanel/ea-php74/root/etc/pm HTTP/1.1" 200 4671 "-" "Mozilla/5.0 AppleWebKit/537.36 (KHTML, like Gecko; compatible; GPTBot/1.3; +https://openai.com/gptbot)"
74.7.227.45 - - [17/Dec/2025:20:44:43 +0000] "GET /91c668/?path=//proc/self/root/opt/alt/alt-nodejs12/root/opt/alt HTTP/1.1" 200 3205 "-" "Mozilla/5.0 AppleWebKit/537.36 (KHTML, like Gecko; compatible; GPTBot/1.3; +https://openai.com/gptbot)"
74.7.241.47 - - [17/Dec/2025:20:44:47 +0000] "GET /91c668/?path=//proc/self/root/opt/alt/alt-nodejs18/root/tmp HTTP/1.1" 200 2445 "-" "Mozilla/5.0 AppleWebKit/537.36 (KHTML, like Gecko; compatible; GPTBot/1.3; +https://openai.com/gptbot)"
74.7.227.45 - - [17/Dec/2025:20:44:53 +0000] "GET /91c668/?path=//proc/thread-self/root/opt/alt/alt-nodejs18/root/usr/include/unicode HTTP/1.1" 200 174189 "-" "Mozilla/5.0 AppleWebKit/537.36 (KHTML, like Gecko; compatible; GPTBot/1.3; +https://openai.com/gptbot)"
74.7.241.47 - - [17/Dec/2025:20:44:59 +0000] "GET /91c668/?path=//proc/thread-self/root/opt/cpanel/ea-php71/root/var/yp HTTP/1.1" 200 2579 "-" "Mozilla/5.0 AppleWebKit/537.36 (KHTML, like Gecko; compatible; GPTBot/1.3; +https://openai.com/gptbot)"
74.7.227.45 - - [17/Dec/2025:20:45:06 +0000] "GET /91c668/?path=//proc/thread-self/root/opt/cpanel/ea-php80/root/var/lib/pear/.registry HTTP/1.1" 200 9620 "-" "Mozilla/5.0 AppleWebKit/537.36 (KHTML, like Gecko; compatible; GPTBot/1.3; +https://openai.com/gptbot)"
74.7.241.47 - - [17/Dec/2025:20:45:13 +0000] "GET /91c668/?path=//proc/self/root/opt/cpanel/ea-php74/root/var/mail HTTP/1.1" 200 2520 "-" "Mozilla/5.0 AppleWebKit/537.36 (KHTML, like Gecko; compatible; GPTBot/1.3; +https://openai.com/gptbot)"
74.7.227.45 - - [17/Dec/2025:20:45:19 +0000] "GET /91c668/?path=//proc/thread-self/root/opt/cpanel/ea-php56/root/var/lib/pear/.registry HTTP/1.1" 200 9614 "-" "Mozilla/5.0 AppleWebKit/537.36 (KHTML, like Gecko; compatible; GPTBot/1.3; +https://openai.com/gptbot)"
74.7.241.47 - - [17/Dec/2025:20:45:23 +0000] "GET /91c668/?path=//proc/thread-self/root/opt/cpanel/ea-php74/root/usr/var HTTP/1.1" 200 5321 "-" "Mozilla/5.0 AppleWebKit/537.36 (KHTML, like Gecko; compatible; GPTBot/1.3; +https://openai.com/gptbot)"
74.7.227.45 - - [17/Dec/2025:20:45:30 +0000] "GET /91c668/?path=//proc/thread-self/root/opt/alt/alt-nodejs12/root/usr/local/include HTTP/1.1" 200 2683 "-" "Mozilla/5.0 AppleWebKit/537.36 (KHTML, like Gecko; compatible; GPTBot/1.3; +https://openai.com/gptbot)"
74.7.241.47 - - [17/Dec/2025:20:45:35 +0000] "GET /91c668/?path=//proc/self/root/opt/cpanel/ea-php72/root/etc/pear HTTP/1.1" 200 2520 "-" "Mozilla/5.0 AppleWebKit/537.36 (KHTML, like Gecko; compatible; GPTBot/1.3; +https://openai.com/gptbot)"
114.119.156.77 - - [17/Dec/2025:20:45:42 +0000] "GET /91c668/?filesrc=//usr/include/lzma/delta.h&path=//usr/include/lzma HTTP/1.1" 200 3757 "https://www.royalcity.com.pk/91c668/?path=//usr/include/lzma" "Mozilla/5.0 (Linux; Android 7.0;) AppleWebKit/537.36 (KHTML, like Gecko) Mobile Safari/537.36 (compatible; PetalBot;+https://webmaster.petalsearch.com/site/petalbot)"
74.7.227.45 - - [17/Dec/2025:20:45:43 +0000] "GET /91c668/?filesrc=//proc/self/root/proc/sys/net/netfilter/nf_log/8&path=//proc/self/root/proc/sys/net/netfilter/nf_log HTTP/1.1" 200 2203 "-" "Mozilla/5.0 AppleWebKit/537.36 (KHTML, like Gecko; compatible; GPTBot/1.3; +https://openai.com/gptbot)"
74.7.241.47 - - [17/Dec/2025:20:45:44 +0000] "GET /91c668/?path=//proc/self/root/opt/cpanel/ea-php72/root/var/opt HTTP/1.1" 200 2518 "-" "Mozilla/5.0 AppleWebKit/537.36 (KHTML, like Gecko; compatible; GPTBot/1.3; +https://openai.com/gptbot)"
74.7.227.45 - - [17/Dec/2025:20:45:51 +0000] "GET /91c668/?filesrc=//proc/self/root/proc/sys/net/netfilter/nf_log/1&path=//proc/self/root/proc/sys/net/netfilter/nf_log HTTP/1.1" 200 2203 "-" "Mozilla/5.0 AppleWebKit/537.36 (KHTML, like Gecko; compatible; GPTBot/1.3; +https://openai.com/gptbot)"
74.7.241.47 - - [17/Dec/2025:20:45:53 +0000] "GET /91c668/?path=//proc/self/root/opt/alt/alt-nodejs10/root/usr/tmp HTTP/1.1" 200 2520 "-" "Mozilla/5.0 AppleWebKit/537.36 (KHTML, like Gecko; compatible; GPTBot/1.3; +https://openai.com/gptbot)"
74.7.227.45 - - [17/Dec/2025:20:45:59 +0000] "GET /91c668/?filesrc=//proc/self/root/proc/sys/net/netfilter/nf_log/3&path=//proc/self/root/proc/sys/net/netfilter/nf_log HTTP/1.1" 200 2209 "-" "Mozilla/5.0 AppleWebKit/537.36 (KHTML, like Gecko; compatible; GPTBot/1.3; +https://openai.com/gptbot)"
74.7.241.47 - - [17/Dec/2025:20:46:02 +0000] "GET /91c668/?path=//proc/thread-self/root/opt/cpanel/ea-php82/root/var/cache/php-pear HTTP/1.1" 200 2682 "-" "Mozilla/5.0 AppleWebKit/537.36 (KHTML, like Gecko; compatible; GPTBot/1.3; +https://openai.com/gptbot)"
74.7.227.45 - - [17/Dec/2025:20:46:07 +0000] "GET /91c668/?filesrc=//proc/self/root/proc/sys/net/netfilter/nf_log/7&path=//proc/self/root/proc/sys/net/netfilter/nf_log HTTP/1.1" 200 2212 "-" "Mozilla/5.0 AppleWebKit/537.36 (KHTML, like Gecko; compatible; GPTBot/1.3; +https://openai.com/gptbot)"
74.7.241.47 - - [17/Dec/2025:20:46:09 +0000] "GET /91c668/?path=//proc/thread-self/root/opt/cpanel/ea-php56/root/run/lock HTTP/1.1" 200 2583 "-" "Mozilla/5.0 AppleWebKit/537.36 (KHTML, like Gecko; compatible; GPTBot/1.3; +https://openai.com/gptbot)"
74.7.227.45 - - [17/Dec/2025:20:46:14 +0000] "GET /91c668/?filesrc=//proc/self/root/proc/sys/net/netfilter/nf_log/9&path=//proc/self/root/proc/sys/net/netfilter/nf_log HTTP/1.1" 200 2203 "-" "Mozilla/5.0 AppleWebKit/537.36 (KHTML, like Gecko; compatible; GPTBot/1.3; +https://openai.com/gptbot)"
74.7.241.47 - - [17/Dec/2025:20:46:16 +0000] "GET /91c668/?path=//proc/self/root/opt/alt/alt-nodejs10/root/usr/etc HTTP/1.1" 200 2520 "-" "Mozilla/5.0 AppleWebKit/537.36 (KHTML, like Gecko; compatible; GPTBot/1.3; +https://openai.com/gptbot)"
47.79.98.30 - - [17/Dec/2025:20:46:19 +0000] "GET /robots.txt HTTP/1.1" 200 384 "-" "Mozilla/5.0 (Windows NT 10.0; Win64; x64) AppleWebKit/537.36 (KHTML, like Gecko) Chrome/114.0.0.0 Safari/537.36 Edg/114.0.1823.43"
74.7.227.45 - - [17/Dec/2025:20:46:23 +0000] "GET /91c668/?filesrc=//proc/self/root/proc/sys/net/netfilter/nf_log/0&path=//proc/self/root/proc/sys/net/netfilter/nf_log HTTP/1.1" 200 2212 "-" "Mozilla/5.0 AppleWebKit/537.36 (KHTML, like Gecko; compatible; GPTBot/1.3; +https://openai.com/gptbot)"
74.7.241.47 - - [17/Dec/2025:20:46:27 +0000] "GET /91c668/?path=//proc/self/root/opt/alt/alt-nodejs10/root/usr/local HTTP/1.1" 200 9294 "-" "Mozilla/5.0 AppleWebKit/537.36 (KHTML, like Gecko; compatible; GPTBot/1.3; +https://openai.com/gptbot)"
74.7.227.45 - - [17/Dec/2025:20:46:33 +0000] "GET /91c668/?filesrc=//proc/self/root/proc/sys/net/netfilter/nf_log/6&path=//proc/self/root/proc/sys/net/netfilter/nf_log HTTP/1.1" 200 2203 "-" "Mozilla/5.0 AppleWebKit/537.36 (KHTML, like Gecko; compatible; GPTBot/1.3; +https://openai.com/gptbot)"
74.7.241.47 - - [17/Dec/2025:20:46:35 +0000] "GET /91c668/?path=//proc/self/root/opt/alt/alt-nodejs10/root/usr/src HTTP/1.1" 200 3874 "-" "Mozilla/5.0 AppleWebKit/537.36 (KHTML, like Gecko; compatible; GPTBot/1.3; +https://openai.com/gptbot)"
57.141.0.8 - - [17/Dec/2025:20:46:37 +0000] "GET /products/goods-zx/public/public/public/imgs/home/pic1-1-300x252.png HTTP/1.1" 404 16 "-" "meta-externalagent/1.1 (+https://developers.facebook.com/docs/sharing/webmasters/crawler)"
74.7.227.45 - - [17/Dec/2025:20:46:41 +0000] "GET /91c668/?filesrc=//proc/self/root/proc/sys/net/netfilter/nf_log/5&path=//proc/self/root/proc/sys/net/netfilter/nf_log HTTP/1.1" 200 2212 "-" "Mozilla/5.0 AppleWebKit/537.36 (KHTML, like Gecko; compatible; GPTBot/1.3; +https://openai.com/gptbot)"
74.7.241.47 - - [17/Dec/2025:20:46:45 +0000] "GET /91c668/?path=//proc/thread-self/root/opt/cpanel/ea-php74/root/usr/local HTTP/1.1" 200 9535 "-" "Mozilla/5.0 AppleWebKit/537.36 (KHTML, like Gecko; compatible; GPTBot/1.3; +https://openai.com/gptbot)"
74.7.227.45 - - [17/Dec/2025:20:46:51 +0000] "GET /91c668/?filesrc=//proc/self/root/proc/sys/net/netfilter/nf_log/4&path=//proc/self/root/proc/sys/net/netfilter/nf_log HTTP/1.1" 200 2203 "-" "Mozilla/5.0 AppleWebKit/537.36 (KHTML, like Gecko; compatible; GPTBot/1.3; +https://openai.com/gptbot)"
74.7.241.47 - - [17/Dec/2025:20:46:53 +0000] "GET /91c668/?path=//proc/self/root/opt/alt/alt-nodejs22/root/var/spool HTTP/1.1" 200 3870 "-" "Mozilla/5.0 AppleWebKit/537.36 (KHTML, like Gecko; compatible; GPTBot/1.3; +https://openai.com/gptbot)"
74.7.227.45 - - [17/Dec/2025:20:47:01 +0000] "GET /91c668/?filesrc=//proc/self/root/proc/sys/net/netfilter/nf_log/2&path=//proc/self/root/proc/sys/net/netfilter/nf_log HTTP/1.1" 200 2210 "-" "Mozilla/5.0 AppleWebKit/537.36 (KHTML, like Gecko; compatible; GPTBot/1.3; +https://openai.com/gptbot)"
74.7.241.47 - - [17/Dec/2025:20:47:04 +0000] "GET /91c668/?path=//proc/thread-self/root/opt/cpanel/ea-php74/root/usr/var/tmp HTTP/1.1" 200 2666 "-" "Mozilla/5.0 AppleWebKit/537.36 (KHTML, like Gecko; compatible; GPTBot/1.3; +https://openai.com/gptbot)"
114.119.140.214 - - [17/Dec/2025:20:47:06 +0000] "GET /91c668/?filesrc=//usr/include/libxslt/xsltlocale.h&path=//usr/include/libxslt HTTP/1.1" 200 3502 "https://www.royalcity.com.pk/91c668/?path=//usr/include/libxslt" "Mozilla/5.0 (Linux; Android 7.0;) AppleWebKit/537.36 (KHTML, like Gecko) Mobile Safari/537.36 (compatible; PetalBot;+https://webmaster.petalsearch.com/site/petalbot)"
74.7.227.45 - - [17/Dec/2025:20:47:12 +0000] "GET /91c668/?filesrc=//proc/self/root/proc/sys/net/netfilter/nf_log/11&path=//proc/self/root/proc/sys/net/netfilter/nf_log HTTP/1.1" 200 2204 "-" "Mozilla/5.0 AppleWebKit/537.36 (KHTML, like Gecko; compatible; GPTBot/1.3; +https://openai.com/gptbot)"
74.7.241.47 - - [17/Dec/2025:20:47:13 +0000] "GET /91c668/?path=//proc/thread-self/root/opt/cpanel/ea-php74/root/usr/var/run HTTP/1.1" 200 3402 "-" "Mozilla/5.0 AppleWebKit/537.36 (KHTML, like Gecko; compatible; GPTBot/1.3; +https://openai.com/gptbot)"
74.7.227.45 - - [17/Dec/2025:20:47:22 +0000] "GET /91c668/?filesrc=//proc/self/root/proc/sys/net/netfilter/nf_log/10&path=//proc/self/root/proc/sys/net/netfilter/nf_log HTTP/1.1" 200 2211 "-" "Mozilla/5.0 AppleWebKit/537.36 (KHTML, like Gecko; compatible; GPTBot/1.3; +https://openai.com/gptbot)"
74.7.241.47 - - [17/Dec/2025:20:47:24 +0000] "GET /91c668/?path=//proc/self/root/opt/cpanel/ea-php82/root/usr/etc HTTP/1.1" 200 2518 "-" "Mozilla/5.0 AppleWebKit/537.36 (KHTML, like Gecko; compatible; GPTBot/1.3; +https://openai.com/gptbot)"
74.7.227.45 - - [17/Dec/2025:20:47:32 +0000] "GET /91c668/?filesrc=//proc/self/root/proc/sys/net/netfilter/nf_log/12&path=//proc/self/root/proc/sys/net/netfilter/nf_log HTTP/1.1" 200 2204 "-" "Mozilla/5.0 AppleWebKit/537.36 (KHTML, like Gecko; compatible; GPTBot/1.3; +https://openai.com/gptbot)"
74.7.241.47 - - [17/Dec/2025:20:47:34 +0000] "GET /91c668/?path=//proc/self/root/opt/cpanel/ea-php72/root/etc/sysconfig HTTP/1.1" 200 3331 "-" "Mozilla/5.0 AppleWebKit/537.36 (KHTML, like Gecko; compatible; GPTBot/1.3; +https://openai.com/gptbot)"
74.7.227.45 - - [17/Dec/2025:20:47:44 +0000] "GET /91c668/?path=//proc/thread-self/root/opt/cpanel/ea-php80/root/var/lib/pear/.registry/.channel.pecl.php.net HTTP/1.1" 200 2906 "-" "Mozilla/5.0 AppleWebKit/537.36 (KHTML, like Gecko; compatible; GPTBot/1.3; +https://openai.com/gptbot)"
74.7.241.47 - - [17/Dec/2025:20:47:46 +0000] "GET /91c668/?path=//proc/self/root/opt/cpanel/ea-php82/root/sbin HTTP/1.1" 200 3210 "-" "Mozilla/5.0 AppleWebKit/537.36 (KHTML, like Gecko; compatible; GPTBot/1.3; +https://openai.com/gptbot)"
74.7.227.45 - - [17/Dec/2025:20:47:54 +0000] "GET /91c668/?path=//proc/thread-self/root/opt/cpanel/ea-php56/root/var/lib/pear/.registry/.channel.pecl.php.net HTTP/1.1" 200 2906 "-" "Mozilla/5.0 AppleWebKit/537.36 (KHTML, like Gecko; compatible; GPTBot/1.3; +https://openai.com/gptbot)"
74.7.241.47 - - [17/Dec/2025:20:47:55 +0000] "GET /91c668/?path=//proc/self/root/opt/alt/alt-nodejs20/root/run/lock HTTP/1.1" 200 2522 "-" "Mozilla/5.0 AppleWebKit/537.36 (KHTML, like Gecko; compatible; GPTBot/1.3; +https://openai.com/gptbot)"
74.7.227.45 - - [17/Dec/2025:20:48:05 +0000] "GET /91c668/?path=//proc/thread-self/root/opt/cpanel/ea-php80/root/var/lib/pear/.registry/.channel.doc.php.net HTTP/1.1" 200 2904 "-" "Mozilla/5.0 AppleWebKit/537.36 (KHTML, like Gecko; compatible; GPTBot/1.3; +https://openai.com/gptbot)"
74.7.241.47 - - [17/Dec/2025:20:48:06 +0000] "GET /91c668/?path=//proc/self/root/opt/alt/alt-nodejs12/root/var/nis HTTP/1.1" 200 2520 "-" "Mozilla/5.0 AppleWebKit/537.36 (KHTML, like Gecko; compatible; GPTBot/1.3; +https://openai.com/gptbot)"
74.7.227.45 - - [17/Dec/2025:20:48:15 +0000] "GET /91c668/?path=//proc/thread-self/root/opt/cpanel/ea-php56/root/var/lib/pear/.registry/.channel.doc.php.net HTTP/1.1" 200 2904 "-" "Mozilla/5.0 AppleWebKit/537.36 (KHTML, like Gecko; compatible; GPTBot/1.3; +https://openai.com/gptbot)"
74.7.241.47 - - [17/Dec/2025:20:48:17 +0000] "GET /91c668/?path=//proc/self/root/opt/alt/alt-nodejs10/root/usr/local/etc HTTP/1.1" 200 2605 "-" "Mozilla/5.0 AppleWebKit/537.36 (KHTML, like Gecko; compatible; GPTBot/1.3; +https://openai.com/gptbot)"
74.7.227.45 - - [17/Dec/2025:20:48:25 +0000] "GET /91c668/?path=//proc/thread-self/root/opt/cpanel/ea-php82/root/var/lib/pear/.channels HTTP/1.1" 200 7082 "-" "Mozilla/5.0 AppleWebKit/537.36 (KHTML, like Gecko; compatible; GPTBot/1.3; +https://openai.com/gptbot)"
74.7.241.47 - - [17/Dec/2025:20:48:27 +0000] "GET /91c668/?path=//proc/self/root/opt/alt/alt-nodejs10/root/usr/local/lib HTTP/1.1" 200 2605 "-" "Mozilla/5.0 AppleWebKit/537.36 (KHTML, like Gecko; compatible; GPTBot/1.3; +https://openai.com/gptbot)"
114.119.151.192 - - [17/Dec/2025:20:48:33 +0000] "GET /91c668/?filesrc=//sbin/exim&path=//sbin HTTP/1.1" 200 3011 "https://www.royalcity.com.pk/91c668/?path=//sbin" "Mozilla/5.0 (Linux; Android 7.0;) AppleWebKit/537.36 (KHTML, like Gecko) Mobile Safari/537.36 (compatible; PetalBot;+https://webmaster.petalsearch.com/site/petalbot)"
74.7.227.45 - - [17/Dec/2025:20:48:41 +0000] "GET /91c668/?path=//proc/thread-self/root/opt/alt/alt-nodejs12/root/usr/local/libexec HTTP/1.1" 200 2683 "-" "Mozilla/5.0 AppleWebKit/537.36 (KHTML, like Gecko; compatible; GPTBot/1.3; +https://openai.com/gptbot)"
74.7.241.47 - - [17/Dec/2025:20:48:42 +0000] "GET /91c668/?path=//proc/self/root/opt/alt/alt-nodejs10/root/usr/local/bin HTTP/1.1" 200 2605 "-" "Mozilla/5.0 AppleWebKit/537.36 (KHTML, like Gecko; compatible; GPTBot/1.3; +https://openai.com/gptbot)"
74.7.227.45 - - [17/Dec/2025:20:48:51 +0000] "GET /91c668/?path=//proc/thread-self/root/opt/alt/alt-nodejs18/root/usr/local/libexec HTTP/1.1" 200 2683 "-" "Mozilla/5.0 AppleWebKit/537.36 (KHTML, like Gecko; compatible; GPTBot/1.3; +https://openai.com/gptbot)"
74.7.241.47 - - [17/Dec/2025:20:48:53 +0000] "GET /91c668/?path=//proc/self/root/opt/alt/alt-nodejs22/root/var/spool/mail HTTP/1.1" 200 2607 "-" "Mozilla/5.0 AppleWebKit/537.36 (KHTML, like Gecko; compatible; GPTBot/1.3; +https://openai.com/gptbot)"
51.195.215.52 - - [17/Dec/2025:20:49:02 +0000] "GET /db.php/shop/43791724176381 HTTP/1.1" 404 16 "-" "Mozilla/5.0 (compatible; AhrefsBot/7.0; +http://ahrefs.com/robot/)"
74.7.227.45 - - [17/Dec/2025:20:49:03 +0000] "GET /91c668/?path=//proc/thread-self/root/opt/alt/alt-nodejs12/root/usr/include/openssl HTTP/1.1" 200 94600 "-" "Mozilla/5.0 AppleWebKit/537.36 (KHTML, like Gecko; compatible; GPTBot/1.3; +https://openai.com/gptbot)"
74.7.241.47 - - [17/Dec/2025:20:49:05 +0000] "GET /91c668/?path=//proc/self/root/opt/alt/alt-nodejs10/root/usr/local/sbin HTTP/1.1" 200 2607 "-" "Mozilla/5.0 AppleWebKit/537.36 (KHTML, like Gecko; compatible; GPTBot/1.3; +https://openai.com/gptbot)"
74.7.227.45 - - [17/Dec/2025:20:49:15 +0000] "GET /91c668/?path=//proc/thread-self/root/opt/alt/alt-nodejs22/root/var/lib/rpm-state HTTP/1.1" 200 2681 "-" "Mozilla/5.0 AppleWebKit/537.36 (KHTML, like Gecko; compatible; GPTBot/1.3; +https://openai.com/gptbot)"
74.7.241.47 - - [17/Dec/2025:20:49:18 +0000] "GET /91c668/?path=//proc/thread-self/root/opt/cpanel/ea-php74/root/usr/var/run/php-fpm HTTP/1.1" 200 2763 "-" "Mozilla/5.0 AppleWebKit/537.36 (KHTML, like Gecko; compatible; GPTBot/1.3; +https://openai.com/gptbot)"
74.7.227.45 - - [17/Dec/2025:20:49:28 +0000] "GET /91c668/?path=//proc/thread-self/root/opt/alt/alt-nodejs22/root/usr/local/include HTTP/1.1" 200 2683 "-" "Mozilla/5.0 AppleWebKit/537.36 (KHTML, like Gecko; compatible; GPTBot/1.3; +https://openai.com/gptbot)"
74.7.241.47 - - [17/Dec/2025:20:49:30 +0000] "GET /91c668/?path=//proc/self/root/opt/alt/alt-nodejs22/root/var/spool/lpd HTTP/1.1" 200 2605 "-" "Mozilla/5.0 AppleWebKit/537.36 (KHTML, like Gecko; compatible; GPTBot/1.3; +https://openai.com/gptbot)"
74.7.227.45 - - [17/Dec/2025:20:49:37 +0000] "GET /91c668/?path=//proc/thread-self/root/opt/alt/alt-nodejs10/root/usr/local/libexec HTTP/1.1" 200 2683 "-" "Mozilla/5.0 AppleWebKit/537.36 (KHTML, like Gecko; compatible; GPTBot/1.3; +https://openai.com/gptbot)"
74.7.241.47 - - [17/Dec/2025:20:49:40 +0000] "GET /91c668/?path=//proc/thread-self/root/opt/cpanel/ea-php81/root/var/opt HTTP/1.1" 200 2581 "-" "Mozilla/5.0 AppleWebKit/537.36 (KHTML, like Gecko; compatible; GPTBot/1.3; +https://openai.com/gptbot)"
74.7.227.45 - - [17/Dec/2025:20:49:47 +0000] "GET /91c668/?path=//proc/thread-self/root/opt/cpanel/ea-php74/root/var/lib/pear/.channels HTTP/1.1" 200 7082 "-" "Mozilla/5.0 AppleWebKit/537.36 (KHTML, like Gecko; compatible; GPTBot/1.3; +https://openai.com/gptbot)"
74.7.241.47 - - [17/Dec/2025:20:49:48 +0000] "GET /91c668/?path=//proc/self/root/opt/alt/alt-nodejs22/root/var/adm HTTP/1.1" 200 2520 "-" "Mozilla/5.0 AppleWebKit/537.36 (KHTML, like Gecko; compatible; GPTBot/1.3; +https://openai.com/gptbot)"
114.119.147.137 - - [17/Dec/2025:20:49:52 +0000] "GET /91c668/?filesrc=//sbin/ddns-confgen&path=//sbin HTTP/1.1" 200 35417 "https://www.royalcity.com.pk/91c668/?path=//sbin" "Mozilla/5.0 (Linux; Android 7.0;) AppleWebKit/537.36 (KHTML, like Gecko) Mobile Safari/537.36 (compatible; PetalBot;+https://webmaster.petalsearch.com/site/petalbot)"
74.7.227.45 - - [17/Dec/2025:20:49:54 +0000] "GET /91c668/?path=//proc/thread-self/root/opt/alt/alt-nodejs22/root/usr/local/libexec HTTP/1.1" 200 2683 "-" "Mozilla/5.0 AppleWebKit/537.36 (KHTML, like Gecko; compatible; GPTBot/1.3; +https://openai.com/gptbot)"
74.7.241.47 - - [17/Dec/2025:20:49:56 +0000] "GET /91c668/?path=//proc/self/root/opt/cpanel/ea-php81/root/tmp HTTP/1.1" 200 2444 "-" "Mozilla/5.0 AppleWebKit/537.36 (KHTML, like Gecko; compatible; GPTBot/1.3; +https://openai.com/gptbot)"
74.7.227.45 - - [17/Dec/2025:20:50:02 +0000] "GET /91c668/?path=//proc/thread-self/root/opt/cpanel/ea-php81/root/var/lib/pear/pkgxml HTTP/1.1" 200 7184 "-" "Mozilla/5.0 AppleWebKit/537.36 (KHTML, like Gecko; compatible; GPTBot/1.3; +https://openai.com/gptbot)"
74.7.241.47 - - [17/Dec/2025:20:50:05 +0000] "GET /91c668/?path=//proc/thread-self/root/opt/cpanel/ea-php74/root/etc/xdg HTTP/1.1" 200 3288 "-" "Mozilla/5.0 AppleWebKit/537.36 (KHTML, like Gecko; compatible; GPTBot/1.3; +https://openai.com/gptbot)"
74.7.227.45 - - [17/Dec/2025:20:50:15 +0000] "GET /91c668/?path=//proc/thread-self/root/opt/alt/alt-nodejs10/root/var/lib/rpm-state HTTP/1.1" 200 2681 "-" "Mozilla/5.0 AppleWebKit/537.36 (KHTML, like Gecko; compatible; GPTBot/1.3; +https://openai.com/gptbot)"
74.7.241.47 - - [17/Dec/2025:20:50:18 +0000] "GET /91c668/?path=//proc/self/root/opt/alt/alt-nodejs12/root/usr/src HTTP/1.1" 200 3874 "-" "Mozilla/5.0 AppleWebKit/537.36 (KHTML, like Gecko; compatible; GPTBot/1.3; +https://openai.com/gptbot)"
74.7.227.45 - - [17/Dec/2025:20:50:30 +0000] "GET /91c668/?path=//proc/thread-self/root/opt/alt/alt-nodejs20/root/usr/local/include HTTP/1.1" 200 2683 "-" "Mozilla/5.0 AppleWebKit/537.36 (KHTML, like Gecko; compatible; GPTBot/1.3; +https://openai.com/gptbot)"
74.7.241.47 - - [17/Dec/2025:20:50:33 +0000] "GET /91c668/?path=//proc/thread-self/root/opt/cpanel/ea-php74/root/sys HTTP/1.1" 200 2500 "-" "Mozilla/5.0 AppleWebKit/537.36 (KHTML, like Gecko; compatible; GPTBot/1.3; +https://openai.com/gptbot)"
74.7.227.45 - - [17/Dec/2025:20:50:43 +0000] "GET /91c668/?path=//proc/thread-self/root/opt/cpanel/ea-php71/root/var/lib/pear/.registry HTTP/1.1" 200 9614 "-" "Mozilla/5.0 AppleWebKit/537.36 (KHTML, like Gecko; compatible; GPTBot/1.3; +https://openai.com/gptbot)"
74.7.241.47 - - [17/Dec/2025:20:50:44 +0000] "GET /91c668/?path=//proc/thread-self/root/opt/cpanel/ea-php56/root/boot HTTP/1.1" 200 2502 "-" "Mozilla/5.0 AppleWebKit/537.36 (KHTML, like Gecko; compatible; GPTBot/1.3; +https://openai.com/gptbot)"
74.7.227.45 - - [17/Dec/2025:20:50:50 +0000] "GET /91c668/?filesrc=//proc/thread-self/root/opt/alt/alt-nodejs12/root/usr/include/openssl/asn1_mac.h&path=//proc/thread-self/root/opt/alt/alt-nodejs12/root/usr/include/openssl HTTP/1.1" 200 2898 "-" "Mozilla/5.0 AppleWebKit/537.36 (KHTML, like Gecko; compatible; GPTBot/1.3; +https://openai.com/gptbot)"
74.7.241.47 - - [17/Dec/2025:20:50:53 +0000] "GET /91c668/?path=//proc/thread-self/root/opt/cpanel/ea-php71/root/run HTTP/1.1" 200 3175 "-" "Mozilla/5.0 AppleWebKit/537.36 (KHTML, like Gecko; compatible; GPTBot/1.3; +https://openai.com/gptbot)"
74.7.227.45 - - [17/Dec/2025:20:50:57 +0000] "GET /91c668/?path=//proc/thread-self/root/opt/alt/alt-nodejs20/root/var/lib/rpm-state HTTP/1.1" 200 2681 "-" "Mozilla/5.0 AppleWebKit/537.36 (KHTML, like Gecko; compatible; GPTBot/1.3; +https://openai.com/gptbot)"
74.7.241.47 - - [17/Dec/2025:20:50:59 +0000] "GET /91c668/?path=//proc/self/root/opt/alt/alt-nodejs18/root/var/nis HTTP/1.1" 200 2520 "-" "Mozilla/5.0 AppleWebKit/537.36 (KHTML, like Gecko; compatible; GPTBot/1.3; +https://openai.com/gptbot)"
74.7.227.45 - - [17/Dec/2025:20:51:05 +0000] "GET /91c668/?path=//proc/thread-self/root/opt/cpanel/ea-php73/root/var/lib/pear/.channels HTTP/1.1" 200 7082 "-" "Mozilla/5.0 AppleWebKit/537.36 (KHTML, like Gecko; compatible; GPTBot/1.3; +https://openai.com/gptbot)"
74.7.241.47 - - [17/Dec/2025:20:51:06 +0000] "GET /91c668/?path=//proc/thread-self/root/opt/cpanel/ea-php80/root/tmp HTTP/1.1" 200 2500 "-" "Mozilla/5.0 AppleWebKit/537.36 (KHTML, like Gecko; compatible; GPTBot/1.3; +https://openai.com/gptbot)"
74.7.227.45 - - [17/Dec/2025:20:51:16 +0000] "GET /91c668/?path=//proc/thread-self/root/opt/cpanel/ea-php70/root/var/lib/pear/.channels HTTP/1.1" 200 7082 "-" "Mozilla/5.0 AppleWebKit/537.36 (KHTML, like Gecko; compatible; GPTBot/1.3; +https://openai.com/gptbot)"
74.7.241.47 - - [17/Dec/2025:20:51:18 +0000] "GET /91c668/?path=//proc/thread-self/root/opt/cpanel/ea-php71/root/usr/var HTTP/1.1" 200 5321 "-" "Mozilla/5.0 AppleWebKit/537.36 (KHTML, like Gecko; compatible; GPTBot/1.3; +https://openai.com/gptbot)"
114.119.156.77 - - [17/Dec/2025:20:51:28 +0000] "GET /91c668/?filesrc=//opt/cpguard/tmpdb.txt&path=//opt/cpguard HTTP/1.1" 200 1839 "https://www.royalcity.com.pk/91c668/?path=//opt/cpguard" "Mozilla/5.0 (Linux; Android 7.0;) AppleWebKit/537.36 (KHTML, like Gecko) Mobile Safari/537.36 (compatible; PetalBot;+https://webmaster.petalsearch.com/site/petalbot)"
74.7.227.45 - - [17/Dec/2025:20:51:29 +0000] "GET /91c668/?path=//proc/thread-self/root/opt/cpanel/ea-php56/root/var/lib/pear/.channels HTTP/1.1" 200 7082 "-" "Mozilla/5.0 AppleWebKit/537.36 (KHTML, like Gecko; compatible; GPTBot/1.3; +https://openai.com/gptbot)"
74.7.241.47 - - [17/Dec/2025:20:51:31 +0000] "GET /91c668/?path=//proc/thread-self/root/opt/cpanel/ea-php80/root/etc/opt HTTP/1.1" 200 2581 "-" "Mozilla/5.0 AppleWebKit/537.36 (KHTML, like Gecko; compatible; GPTBot/1.3; +https://openai.com/gptbot)"
74.7.227.45 - - [17/Dec/2025:20:51:41 +0000] "GET /91c668/?path=//proc/thread-self/root/opt/cpanel/ea-php72/root/var/lib/pear/.channels HTTP/1.1" 200 7082 "-" "Mozilla/5.0 AppleWebKit/537.36 (KHTML, like Gecko; compatible; GPTBot/1.3; +https://openai.com/gptbot)"
74.7.241.47 - - [17/Dec/2025:20:51:43 +0000] "GET /91c668/?path=//proc/self/root/opt/cpanel/ea-php56/root/media HTTP/1.1" 200 2448 "-" "Mozilla/5.0 AppleWebKit/537.36 (KHTML, like Gecko; compatible; GPTBot/1.3; +https://openai.com/gptbot)"
74.7.227.45 - - [17/Dec/2025:20:51:54 +0000] "GET /91c668/?path=//proc/thread-self/root/opt/alt/alt-nodejs12/root/var/lib/rpm-state HTTP/1.1" 200 2681 "-" "Mozilla/5.0 AppleWebKit/537.36 (KHTML, like Gecko; compatible; GPTBot/1.3; +https://openai.com/gptbot)"
189.11.66.86 - - [17/Dec/2025:20:51:54 +0000] "GET /db.php/shop/40390133836222 HTTP/1.1" 404 16 "-" "Mozilla/5.0 (Windows; U; Windows NT 6.1; en-US) AppleWebKit/532.3 (KHTML, like Gecko) Chrome/4.0.227.0 Safari/532.3"
74.7.241.47 - - [17/Dec/2025:20:51:55 +0000] "GET /91c668/?path=//proc/self/root/opt/alt/alt-nodejs12/root/var/tmp HTTP/1.1" 200 2520 "-" "Mozilla/5.0 AppleWebKit/537.36 (KHTML, like Gecko; compatible; GPTBot/1.3; +https://openai.com/gptbot)"
74.7.227.45 - - [17/Dec/2025:20:52:03 +0000] "GET /91c668/?path=//proc/thread-self/root/opt/cpanel/ea-php80/root/var/lib/pear/.channels HTTP/1.1" 200 7082 "-" "Mozilla/5.0 AppleWebKit/537.36 (KHTML, like Gecko; compatible; GPTBot/1.3; +https://openai.com/gptbot)"
74.7.241.47 - - [17/Dec/2025:20:52:04 +0000] "GET /91c668/?path=//proc/thread-self/root/opt/cpanel/ea-php56/root/var/adm HTTP/1.1" 200 2581 "-" "Mozilla/5.0 AppleWebKit/537.36 (KHTML, like Gecko; compatible; GPTBot/1.3; +https://openai.com/gptbot)"
74.7.227.45 - - [17/Dec/2025:20:52:14 +0000] "GET /91c668/?path=//proc/thread-self/root/opt/alt/alt-nodejs10/root/usr/local/include HTTP/1.1" 200 2683 "-" "Mozilla/5.0 AppleWebKit/537.36 (KHTML, like Gecko; compatible; GPTBot/1.3; +https://openai.com/gptbot)"
74.7.241.47 - - [17/Dec/2025:20:52:16 +0000] "GET /91c668/?path=//proc/self/root/opt/alt/alt-nodejs12/root/usr/src/kernels HTTP/1.1" 200 2607 "-" "Mozilla/5.0 AppleWebKit/537.36 (KHTML, like Gecko; compatible; GPTBot/1.3; +https://openai.com/gptbot)"
74.7.227.45 - - [17/Dec/2025:20:52:28 +0000] "GET /91c668/?path=//proc/thread-self/root/opt/cpanel/ea-php71/root/var/lib/pear/.registry/.channel.pecl.php.net HTTP/1.1" 200 2906 "-" "Mozilla/5.0 AppleWebKit/537.36 (KHTML, like Gecko; compatible; GPTBot/1.3; +https://openai.com/gptbot)"
74.7.241.47 - - [17/Dec/2025:20:52:29 +0000] "GET /91c668/?path=//proc/self/root/opt/cpanel/ea-php70/root/etc HTTP/1.1" 200 12862 "-" "Mozilla/5.0 AppleWebKit/537.36 (KHTML, like Gecko; compatible; GPTBot/1.3; +https://openai.com/gptbot)"
74.7.227.45 - - [17/Dec/2025:20:52:41 +0000] "GET /91c668/?path=//proc/thread-self/root/opt/cpanel/ea-php71/root/var/lib/pear/.registry/.channel.doc.php.net HTTP/1.1" 200 2904 "-" "Mozilla/5.0 AppleWebKit/537.36 (KHTML, like Gecko; compatible; GPTBot/1.3; +https://openai.com/gptbot)"
74.7.241.47 - - [17/Dec/2025:20:52:41 +0000] "GET /91c668/?path=//proc/self/root/opt/cpanel/ea-php71/root/media HTTP/1.1" 200 2448 "-" "Mozilla/5.0 AppleWebKit/537.36 (KHTML, like Gecko; compatible; GPTBot/1.3; +https://openai.com/gptbot)"
114.119.141.232 - - [17/Dec/2025:20:52:43 +0000] "GET /91c668/?filesrc=//opt/clwpos/wp-cli&path=//opt/clwpos HTTP/1.1" 200 7838841 "https://www.royalcity.com.pk/91c668/?path=//opt/clwpos" "Mozilla/5.0 (Linux; Android 7.0;) AppleWebKit/537.36 (KHTML, like Gecko) Mobile Safari/537.36 (compatible; PetalBot;+https://webmaster.petalsearch.com/site/petalbot)"
74.7.227.45 - - [17/Dec/2025:20:52:52 +0000] "GET /91c668/?path=//proc/thread-self/root/opt/alt/alt-nodejs22/root/usr/include/unicode HTTP/1.1" 200 174189 "-" "Mozilla/5.0 AppleWebKit/537.36 (KHTML, like Gecko; compatible; GPTBot/1.3; +https://openai.com/gptbot)"
74.7.241.47 - - [17/Dec/2025:20:52:53 +0000] "GET /91c668/?path=//proc/thread-self/root/opt/cpanel/ea-php71/root/run/lock HTTP/1.1" 200 2583 "-" "Mozilla/5.0 AppleWebKit/537.36 (KHTML, like Gecko; compatible; GPTBot/1.3; +https://openai.com/gptbot)"
74.7.227.45 - - [17/Dec/2025:20:52:58 +0000] "GET /91c668/?path=//proc/thread-self/root/opt/cpanel/ea-php81/root/var/lib/pear/.registry HTTP/1.1" 200 9620 "-" "Mozilla/5.0 AppleWebKit/537.36 (KHTML, like Gecko; compatible; GPTBot/1.3; +https://openai.com/gptbot)"
74.7.241.47 - - [17/Dec/2025:20:52:59 +0000] "GET /91c668/?path=//proc/thread-self/root/opt/cpanel/ea-php82/root/run/lock HTTP/1.1" 200 2583 "-" "Mozilla/5.0 AppleWebKit/537.36 (KHTML, like Gecko; compatible; GPTBot/1.3; +https://openai.com/gptbot)"
74.7.227.45 - - [17/Dec/2025:20:53:07 +0000] "GET /91c668/?path=//proc/thread-self/root/opt/cpanel/ea-php82/root/var/lib/pear/.registry HTTP/1.1" 200 9620 "-" "Mozilla/5.0 AppleWebKit/537.36 (KHTML, like Gecko; compatible; GPTBot/1.3; +https://openai.com/gptbot)"
74.7.241.47 - - [17/Dec/2025:20:53:09 +0000] "GET /91c668/?path=//proc/self/root/opt/cpanel/ea-php82/root/var/spool/mail HTTP/1.1" 200 2604 "-" "Mozilla/5.0 AppleWebKit/537.36 (KHTML, like Gecko; compatible; GPTBot/1.3; +https://openai.com/gptbot)"
74.7.227.45 - - [17/Dec/2025:20:53:25 +0000] "GET /91c668/?path=//proc/thread-self/root/opt/alt/alt-nodejs18/root/var/lib/rpm-state HTTP/1.1" 200 2681 "-" "Mozilla/5.0 AppleWebKit/537.36 (KHTML, like Gecko; compatible; GPTBot/1.3; +https://openai.com/gptbot)"
74.7.241.47 - - [17/Dec/2025:20:53:27 +0000] "GET /91c668/?path=//proc/thread-self/root/opt/cpanel/ea-php71/root/usr/var/log HTTP/1.1" 200 3402 "-" "Mozilla/5.0 AppleWebKit/537.36 (KHTML, like Gecko; compatible; GPTBot/1.3; +https://openai.com/gptbot)"
74.7.227.45 - - [17/Dec/2025:20:53:37 +0000] "GET /91c668/?path=//usr/lib64/polkit-1 HTTP/1.1" 200 2837 "-" "Mozilla/5.0 AppleWebKit/537.36 (KHTML, like Gecko; compatible; GPTBot/1.3; +https://openai.com/gptbot)"
74.7.241.47 - - [17/Dec/2025:20:53:40 +0000] "GET /91c668/?path=//proc/thread-self/root/opt/cpanel/ea-php71/root/usr/var/run HTTP/1.1" 200 3402 "-" "Mozilla/5.0 AppleWebKit/537.36 (KHTML, like Gecko; compatible; GPTBot/1.3; +https://openai.com/gptbot)"
74.7.227.45 - - [17/Dec/2025:20:53:52 +0000] "GET /91c668/?path=//usr/lib64/galera-4 HTTP/1.1" 200 2844 "-" "Mozilla/5.0 AppleWebKit/537.36 (KHTML, like Gecko; compatible; GPTBot/1.3; +https://openai.com/gptbot)"
74.7.241.47 - - [17/Dec/2025:20:53:57 +0000] "GET /91c668/?path=//proc/self/root/opt/cpanel/ea-php71/root/var/nis HTTP/1.1" 200 2518 "-" "Mozilla/5.0 AppleWebKit/537.36 (KHTML, like Gecko; compatible; GPTBot/1.3; +https://openai.com/gptbot)"
114.119.156.77 - - [17/Dec/2025:20:54:05 +0000] "GET /91c668/?filesrc=//opt/cloudlinux/alt-php74/enable&path=//opt/cloudlinux/alt-php74 HTTP/1.1" 200 2091 "https://www.royalcity.com.pk/91c668/?path=//opt/cloudlinux/alt-php74" "Mozilla/5.0 (Linux; Android 7.0;) AppleWebKit/537.36 (KHTML, like Gecko) Mobile Safari/537.36 (compatible; PetalBot;+https://webmaster.petalsearch.com/site/petalbot)"
74.7.227.45 - - [17/Dec/2025:20:54:08 +0000] "GET /91c668/?path=//proc/self/root/opt/alt/php56/usr/lib64/php HTTP/1.1" 200 3150 "-" "Mozilla/5.0 AppleWebKit/537.36 (KHTML, like Gecko; compatible; GPTBot/1.3; +https://openai.com/gptbot)"
74.7.241.47 - - [17/Dec/2025:20:54:11 +0000] "GET /91c668/?path=//proc/self/root/opt/cpanel/ea-php82/root/srv HTTP/1.1" 200 2444 "-" "Mozilla/5.0 AppleWebKit/537.36 (KHTML, like Gecko; compatible; GPTBot/1.3; +https://openai.com/gptbot)"
74.7.227.45 - - [17/Dec/2025:20:54:20 +0000] "GET /91c668/?path=//proc/self/root/opt/cpguard/app/cpguard/core HTTP/1.1" 200 15109 "-" "Mozilla/5.0 AppleWebKit/537.36 (KHTML, like Gecko; compatible; GPTBot/1.3; +https://openai.com/gptbot)"
74.7.241.47 - - [17/Dec/2025:20:54:23 +0000] "GET /91c668/?path=//proc/self/root/opt/alt/alt-nodejs20/root/boot HTTP/1.1" 200 2447 "-" "Mozilla/5.0 AppleWebKit/537.36 (KHTML, like Gecko; compatible; GPTBot/1.3; +https://openai.com/gptbot)"
74.7.227.45 - - [17/Dec/2025:20:54:30 +0000] "GET /91c668/?path=//proc/thread-self/root/usr/local/sitepad/includes56/admin HTTP/1.1" 200 7534 "-" "Mozilla/5.0 AppleWebKit/537.36 (KHTML, like Gecko; compatible; GPTBot/1.3; +https://openai.com/gptbot)"
74.7.241.47 - - [17/Dec/2025:20:54:34 +0000] "GET /91c668/?path=//proc/self/root/opt/cpanel/ea-php82/root/var/lib/rpm-state HTTP/1.1" 200 2608 "-" "Mozilla/5.0 AppleWebKit/537.36 (KHTML, like Gecko; compatible; GPTBot/1.3; +https://openai.com/gptbot)"
74.7.227.45 - - [17/Dec/2025:20:54:39 +0000] "GET /91c668/?path=//proc/thread-self/root/usr/local/sitepad/includes71/admin HTTP/1.1" 200 7534 "-" "Mozilla/5.0 AppleWebKit/537.36 (KHTML, like Gecko; compatible; GPTBot/1.3; +https://openai.com/gptbot)"
74.7.241.47 - - [17/Dec/2025:20:54:42 +0000] "GET /91c668/?path=//proc/self/root/opt/cpanel/ea-php70/root/etc/php-fpm.d HTTP/1.1" 200 2530 "-" "Mozilla/5.0 AppleWebKit/537.36 (KHTML, like Gecko; compatible; GPTBot/1.3; +https://openai.com/gptbot)"
74.7.227.45 - - [17/Dec/2025:20:54:50 +0000] "GET /91c668/?filesrc=//proc/thread-self/root/opt/alt/alt-nodejs22/root/usr/include/unicode/fpositer.h&path=//proc/thread-self/root/opt/alt/alt-nodejs22/root/usr/include/unicode HTTP/1.1" 200 5663 "-" "Mozilla/5.0 AppleWebKit/537.36 (KHTML, like Gecko; compatible; GPTBot/1.3; +https://openai.com/gptbot)"
74.7.241.47 - - [17/Dec/2025:20:54:53 +0000] "GET /91c668/?path=//proc/self/root/opt/cpanel/ea-php70/root/etc/php.d HTTP/1.1" 200 45297 "-" "Mozilla/5.0 AppleWebKit/537.36 (KHTML, like Gecko; compatible; GPTBot/1.3; +https://openai.com/gptbot)"
74.7.227.45 - - [17/Dec/2025:20:55:02 +0000] "GET /91c668/?path=//proc/thread-self/root/opt/cpanel/ea-php81/root/var/lib/pear/.registry/.channel.pecl.php.net HTTP/1.1" 200 2906 "-" "Mozilla/5.0 AppleWebKit/537.36 (KHTML, like Gecko; compatible; GPTBot/1.3; +https://openai.com/gptbot)"
74.7.241.47 - - [17/Dec/2025:20:55:04 +0000] "GET /91c668/?path=//proc/self/root/opt/cpanel/ea-php70/root/etc/xdg HTTP/1.1" 200 3204 "-" "Mozilla/5.0 AppleWebKit/537.36 (KHTML, like Gecko; compatible; GPTBot/1.3; +https://openai.com/gptbot)"
74.7.227.45 - - [17/Dec/2025:20:55:14 +0000] "GET /91c668/?path=//proc/thread-self/root/opt/cpanel/ea-php81/root/var/lib/pear/.registry/.channel.doc.php.net HTTP/1.1" 200 2904 "-" "Mozilla/5.0 AppleWebKit/537.36 (KHTML, like Gecko; compatible; GPTBot/1.3; +https://openai.com/gptbot)"
74.7.241.47 - - [17/Dec/2025:20:55:16 +0000] "GET /91c668/?path=//proc/self/root/opt/cpanel/ea-php70/root/etc/skel HTTP/1.1" 200 2520 "-" "Mozilla/5.0 AppleWebKit/537.36 (KHTML, like Gecko; compatible; GPTBot/1.3; +https://openai.com/gptbot)"
74.7.227.45 - - [17/Dec/2025:20:55:27 +0000] "GET /91c668/?path=//proc/thread-self/root/opt/cpanel/ea-php82/root/var/lib/pear/.registry/.channel.pecl.php.net HTTP/1.1" 200 2906 "-" "Mozilla/5.0 AppleWebKit/537.36 (KHTML, like Gecko; compatible; GPTBot/1.3; +https://openai.com/gptbot)"
114.119.141.232 - - [17/Dec/2025:20:55:27 +0000] "GET /91c668/?filesrc=//opt/ai-bolit/ai-bolit-hoster.php&path=//opt/ai-bolit HTTP/1.1" 200 1852 "https://www.royalcity.com.pk/91c668/?path=//opt/ai-bolit" "Mozilla/5.0 (Linux; Android 7.0;) AppleWebKit/537.36 (KHTML, like Gecko) Mobile Safari/537.36 (compatible; PetalBot;+https://webmaster.petalsearch.com/site/petalbot)"
74.7.241.47 - - [17/Dec/2025:20:55:29 +0000] "GET /91c668/?path=//proc/self/root/opt/cpanel/ea-php70/root/etc/pear HTTP/1.1" 200 2520 "-" "Mozilla/5.0 AppleWebKit/537.36 (KHTML, like Gecko; compatible; GPTBot/1.3; +https://openai.com/gptbot)"
74.7.227.45 - - [17/Dec/2025:20:55:38 +0000] "GET /91c668/?path=//proc/thread-self/root/opt/cpanel/ea-php82/root/var/lib/pear/.registry/.channel.doc.php.net HTTP/1.1" 200 2904 "-" "Mozilla/5.0 AppleWebKit/537.36 (KHTML, like Gecko; compatible; GPTBot/1.3; +https://openai.com/gptbot)"
74.7.241.47 - - [17/Dec/2025:20:55:39 +0000] "GET /91c668/?path=//proc/thread-self/root/opt/cpanel/ea-php71/root/usr/var/log/php-fpm HTTP/1.1" 200 2763 "-" "Mozilla/5.0 AppleWebKit/537.36 (KHTML, like Gecko; compatible; GPTBot/1.3; +https://openai.com/gptbot)"
74.7.227.45 - - [17/Dec/2025:20:55:46 +0000] "GET /91c668/?path=//proc/thread-self/root/opt/cloudlinux/alt-php81/root/etc/php.d.i360 HTTP/1.1" 200 3481 "-" "Mozilla/5.0 AppleWebKit/537.36 (KHTML, like Gecko; compatible; GPTBot/1.3; +https://openai.com/gptbot)"
74.7.241.47 - - [17/Dec/2025:20:55:47 +0000] "GET /91c668/?path=//proc/thread-self/root/opt/cpanel/ea-php71/root/usr/var/run/php-fpm HTTP/1.1" 200 2763 "-" "Mozilla/5.0 AppleWebKit/537.36 (KHTML, like Gecko; compatible; GPTBot/1.3; +https://openai.com/gptbot)"
74.7.227.45 - - [17/Dec/2025:20:55:59 +0000] "GET /91c668/?path=//proc/self/root/opt/alt/php56/usr/lib64/php/modules HTTP/1.1" 200 4955 "-" "Mozilla/5.0 AppleWebKit/537.36 (KHTML, like Gecko; compatible; GPTBot/1.3; +https://openai.com/gptbot)"
74.7.241.47 - - [17/Dec/2025:20:56:01 +0000] "GET /91c668/?path=//proc/self/root/opt/cpanel/ea-php70/root/etc/opt HTTP/1.1" 200 2518 "-" "Mozilla/5.0 AppleWebKit/537.36 (KHTML, like Gecko; compatible; GPTBot/1.3; +https://openai.com/gptbot)"
74.7.227.45 - - [17/Dec/2025:20:56:09 +0000] "GET /91c668/?path=//usr/lib/rpm/platform/ppcpseries-linux HTTP/1.1" 200 2994 "-" "Mozilla/5.0 AppleWebKit/537.36 (KHTML, like Gecko; compatible; GPTBot/1.3; +https://openai.com/gptbot)"
54.38.147.9 - - [17/Dec/2025:20:56:10 +0000] "GET /db.php/shop/41465843943793 HTTP/1.1" 404 16 "-" "Mozilla/5.0 (compatible; AhrefsBot/7.0; +http://ahrefs.com/robot/)"
74.7.241.47 - - [17/Dec/2025:20:56:11 +0000] "GET /91c668/?path=//proc/self/root/opt/cpanel/ea-php81/root/usr/include HTTP/1.1" 200 3200 "-" "Mozilla/5.0 AppleWebKit/537.36 (KHTML, like Gecko; compatible; GPTBot/1.3; +https://openai.com/gptbot)"
74.7.227.45 - - [17/Dec/2025:20:56:17 +0000] "GET /91c668/?path=//usr/lib/node_modules/npm/lib/commands HTTP/1.1" 200 52182 "-" "Mozilla/5.0 AppleWebKit/537.36 (KHTML, like Gecko; compatible; GPTBot/1.3; +https://openai.com/gptbot)"
74.7.241.47 - - [17/Dec/2025:20:56:18 +0000] "GET /91c668/?path=//proc/self/root/opt/cpanel/ea-php71/root/var/mail HTTP/1.1" 200 2520 "-" "Mozilla/5.0 AppleWebKit/537.36 (KHTML, like Gecko; compatible; GPTBot/1.3; +https://openai.com/gptbot)"
74.7.227.45 - - [17/Dec/2025:20:56:26 +0000] "GET /91c668/?path=//usr/lib/kbd/consolefonts/partialfonts HTTP/1.1" 200 32684 "-" "Mozilla/5.0 AppleWebKit/537.36 (KHTML, like Gecko; compatible; GPTBot/1.3; +https://openai.com/gptbot)"
74.7.241.47 - - [17/Dec/2025:20:56:28 +0000] "GET /91c668/?path=//proc/self/root/opt/cpanel/ea-php72/root/sys HTTP/1.1" 200 2444 "-" "Mozilla/5.0 AppleWebKit/537.36 (KHTML, like Gecko; compatible; GPTBot/1.3; +https://openai.com/gptbot)"
74.7.227.45 - - [17/Dec/2025:20:56:34 +0000] "GET /91c668/?path=//usr/lib/rpm/platform/ppciseries-linux HTTP/1.1" 200 2994 "-" "Mozilla/5.0 AppleWebKit/537.36 (KHTML, like Gecko; compatible; GPTBot/1.3; +https://openai.com/gptbot)"
74.7.241.47 - - [17/Dec/2025:20:56:35 +0000] "GET /91c668/?path=//proc/self/root/opt/cpanel/ea-php70/root/var HTTP/1.1" 200 13589 "-" "Mozilla/5.0 AppleWebKit/537.36 (KHTML, like Gecko; compatible; GPTBot/1.3; +https://openai.com/gptbot)"
74.7.227.45 - - [17/Dec/2025:20:56:53 +0000] "GET /91c668/?path=//usr/lib/python3.9/site-packages/dnf/yum HTTP/1.1" 200 5279 "-" "Mozilla/5.0 AppleWebKit/537.36 (KHTML, like Gecko; compatible; GPTBot/1.3; +https://openai.com/gptbot)"
74.7.241.47 - - [17/Dec/2025:20:56:53 +0000] "GET /91c668/?filesrc=//proc/self/root/opt/cpanel/ea-php70/root/etc/php.d/20-pgsql.ini&path=//proc/self/root/opt/cpanel/ea-php70/root/etc/php.d HTTP/1.1" 200 2351 "-" "Mozilla/5.0 AppleWebKit/537.36 (KHTML, like Gecko; compatible; GPTBot/1.3; +https://openai.com/gptbot)"
114.119.151.192 - - [17/Dec/2025:20:56:57 +0000] "GET /91c668/?filesrc=//lib64/xtables/libxt_statistic.so&path=//lib64/xtables HTTP/1.1" 200 19842 "https://www.royalcity.com.pk/91c668/?path=//lib64/xtables" "Mozilla/5.0 (Linux; Android 7.0;) AppleWebKit/537.36 (KHTML, like Gecko) Mobile Safari/537.36 (compatible; PetalBot;+https://webmaster.petalsearch.com/site/petalbot)"
74.7.227.45 - - [17/Dec/2025:20:57:08 +0000] "GET /91c668/?path=//lib/python3.9/site-packages/dnf/module HTTP/1.1" 200 5255 "-" "Mozilla/5.0 AppleWebKit/537.36 (KHTML, like Gecko; compatible; GPTBot/1.3; +https://openai.com/gptbot)"
74.7.241.47 - - [17/Dec/2025:20:57:08 +0000] "GET /91c668/?path=//proc/self/root/opt/alt/alt-nodejs12/root/usr/local/games HTTP/1.1" 200 2609 "-" "Mozilla/5.0 AppleWebKit/537.36 (KHTML, like Gecko; compatible; GPTBot/1.3; +https://openai.com/gptbot)"
74.7.241.47 - - [17/Dec/2025:20:57:20 +0000] "GET /91c668/?path=//proc/self/root/opt/cpanel/ea-php80/root/sys HTTP/1.1" 200 2444 "-" "Mozilla/5.0 AppleWebKit/537.36 (KHTML, like Gecko; compatible; GPTBot/1.3; +https://openai.com/gptbot)"
74.7.227.45 - - [17/Dec/2025:20:57:18 +0000] "GET /91c668/?filesrc=//bin/mariadb-admin&path=//bin HTTP/1.1" 200 6406954 "-" "Mozilla/5.0 AppleWebKit/537.36 (KHTML, like Gecko; compatible; GPTBot/1.3; +https://openai.com/gptbot)"
74.7.241.47 - - [17/Dec/2025:20:57:29 +0000] "GET /91c668/?path=//proc/self/root/opt/cpanel/ea-php72/root/sbin HTTP/1.1" 200 3210 "-" "Mozilla/5.0 AppleWebKit/537.36 (KHTML, like Gecko; compatible; GPTBot/1.3; +https://openai.com/gptbot)"
74.7.227.45 - - [17/Dec/2025:20:57:32 +0000] "GET /91c668/?path=//usr/local/sitepad/editor/site-data/plugins/pagelayer-pro/js HTTP/1.1" 200 6773 "-" "Mozilla/5.0 AppleWebKit/537.36 (KHTML, like Gecko; compatible; GPTBot/1.3; +https://openai.com/gptbot)"
74.7.241.47 - - [17/Dec/2025:20:57:39 +0000] "GET /91c668/?path=//proc/self/root/opt/alt/alt-nodejs20/root/var/cache HTTP/1.1" 200 2524 "-" "Mozilla/5.0 AppleWebKit/537.36 (KHTML, like Gecko; compatible; GPTBot/1.3; +https://openai.com/gptbot)"
74.7.227.45 - - [17/Dec/2025:20:57:44 +0000] "GET /91c668/?path=//opt/cpanel/ea-wappspector/vendor/slevomat/coding-standard HTTP/1.1" 200 9761 "-" "Mozilla/5.0 AppleWebKit/537.36 (KHTML, like Gecko; compatible; GPTBot/1.3; +https://openai.com/gptbot)"
74.7.241.47 - - [17/Dec/2025:20:57:52 +0000] "GET /91c668/?path=//proc/self/root/opt/alt/alt-nodejs20/root/proc HTTP/1.1" 200 2447 "-" "Mozilla/5.0 AppleWebKit/537.36 (KHTML, like Gecko; compatible; GPTBot/1.3; +https://openai.com/gptbot)"
74.7.227.45 - - [17/Dec/2025:20:57:55 +0000] "GET /91c668/?path=//usr/local/sitepad/editor/site-data/plugins/loginizer/main HTTP/1.1" 200 7437 "-" "Mozilla/5.0 AppleWebKit/537.36 (KHTML, like Gecko; compatible; GPTBot/1.3; +https://openai.com/gptbot)"
74.7.241.47 - - [17/Dec/2025:20:58:06 +0000] "GET /91c668/?path=//proc/self/root/opt/cpanel/ea-php73/root/usr/sbin HTTP/1.1" 200 3300 "-" "Mozilla/5.0 AppleWebKit/537.36 (KHTML, like Gecko; compatible; GPTBot/1.3; +https://openai.com/gptbot)"
74.7.227.45 - - [17/Dec/2025:20:58:10 +0000] "GET /91c668/?path=//proc/self/root/opt/cpanel/ea-profiles-cloudlinux/clshared HTTP/1.1" 200 10112 "-" "Mozilla/5.0 AppleWebKit/537.36 (KHTML, like Gecko; compatible; GPTBot/1.3; +https://openai.com/gptbot)"
114.119.140.214 - - [17/Dec/2025:20:58:19 +0000] "GET /91c668/?filesrc=//lib64/xtables/libxt_connlabel.so&path=//lib64/xtables HTTP/1.1" 200 20279 "https://www.royalcity.com.pk/91c668/?path=//lib64/xtables" "Mozilla/5.0 (Linux; Android 7.0;) AppleWebKit/537.36 (KHTML, like Gecko) Mobile Safari/537.36 (compatible; PetalBot;+https://webmaster.petalsearch.com/site/petalbot)"
74.7.241.47 - - [17/Dec/2025:20:58:20 +0000] "GET /91c668/?path=//proc/self/root/opt/cpanel/ea-php81/root/usr/include/php HTTP/1.1" 200 6756 "-" "Mozilla/5.0 AppleWebKit/537.36 (KHTML, like Gecko; compatible; GPTBot/1.3; +https://openai.com/gptbot)"
74.7.227.45 - - [17/Dec/2025:20:58:22 +0000] "GET /91c668/?filesrc=//usr/lib/node_modules/npm/lib/commands/shrinkwrap.js&path=//usr/lib/node_modules/npm/lib/commands HTTP/1.1" 200 4995 "-" "Mozilla/5.0 AppleWebKit/537.36 (KHTML, like Gecko; compatible; GPTBot/1.3; +https://openai.com/gptbot)"
74.7.241.47 - - [17/Dec/2025:20:58:34 +0000] "GET /91c668/?path=//proc/thread-self/root/opt/cpanel/ea-php72/root/proc HTTP/1.1" 200 2502 "-" "Mozilla/5.0 AppleWebKit/537.36 (KHTML, like Gecko; compatible; GPTBot/1.3; +https://openai.com/gptbot)"
74.7.227.45 - - [17/Dec/2025:20:58:36 +0000] "GET /91c668/?filesrc=//usr/lib/kbd/consolefonts/partialfonts/cp437.00-1f.14.gz&path=//usr/lib/kbd/consolefonts/partialfonts HTTP/1.1" 200 2717 "-" "Mozilla/5.0 AppleWebKit/537.36 (KHTML, like Gecko; compatible; GPTBot/1.3; +https://openai.com/gptbot)"
74.7.241.47 - - [17/Dec/2025:20:58:44 +0000] "GET /91c668/?path=//proc/self/root/opt/alt/openssl11/etc/pki/tls/certs HTTP/1.1" 200 5107 "-" "Mozilla/5.0 AppleWebKit/537.36 (KHTML, like Gecko; compatible; GPTBot/1.3; +https://openai.com/gptbot)"
74.7.227.45 - - [17/Dec/2025:20:58:47 +0000] "GET /91c668/?filesrc=//bin/git-shell&path=//bin HTTP/1.1" 200 1027384 "-" "Mozilla/5.0 AppleWebKit/537.36 (KHTML, like Gecko; compatible; GPTBot/1.3; +https://openai.com/gptbot)"
74.7.241.47 - - [17/Dec/2025:20:58:56 +0000] "GET /91c668/?path=//proc/self/root/opt/cpanel/ea-php70/root/var/opt HTTP/1.1" 200 2518 "-" "Mozilla/5.0 AppleWebKit/537.36 (KHTML, like Gecko; compatible; GPTBot/1.3; +https://openai.com/gptbot)"
74.7.227.45 - - [17/Dec/2025:20:58:57 +0000] "GET /91c668/?filesrc=//bin/fc-match&path=//bin HTTP/1.1" 200 20698 "-" "Mozilla/5.0 AppleWebKit/537.36 (KHTML, like Gecko; compatible; GPTBot/1.3; +https://openai.com/gptbot)"
74.7.241.47 - - [17/Dec/2025:20:59:06 +0000] "GET /91c668/?path=//proc/self/root/opt/cpanel/ea-php70/root/var/spool HTTP/1.1" 200 3862 "-" "Mozilla/5.0 AppleWebKit/537.36 (KHTML, like Gecko; compatible; GPTBot/1.3; +https://openai.com/gptbot)"
74.7.227.45 - - [17/Dec/2025:20:59:08 +0000] "GET /91c668/?filesrc=//etc/ld.so.conf&path=//etc HTTP/1.1" 200 1818 "-" "Mozilla/5.0 AppleWebKit/537.36 (KHTML, like Gecko; compatible; GPTBot/1.3; +https://openai.com/gptbot)"
74.7.241.47 - - [17/Dec/2025:20:59:19 +0000] "GET /91c668/?path=//proc/self/root/opt/cpanel/ea-php70/root/var/adm HTTP/1.1" 200 2518 "-" "Mozilla/5.0 AppleWebKit/537.36 (KHTML, like Gecko; compatible; GPTBot/1.3; +https://openai.com/gptbot)"
74.7.227.45 - - [17/Dec/2025:20:59:21 +0000] "GET /91c668/?path=//proc/self/root/usr/local/sitepad/www/themes HTTP/1.1" 200 3754 "-" "Mozilla/5.0 AppleWebKit/537.36 (KHTML, like Gecko; compatible; GPTBot/1.3; +https://openai.com/gptbot)"
57.141.0.5 - - [17/Dec/2025:20:59:29 +0000] "GET /products/goods-blythe/public/public/data1/images/2.jpg HTTP/1.1" 404 16 "-" "meta-externalagent/1.1 (+https://developers.facebook.com/docs/sharing/webmasters/crawler)"
74.7.241.47 - - [17/Dec/2025:20:59:32 +0000] "GET /91c668/?path=//proc/self/root/opt/cpanel/ea-php70/root/var/run HTTP/1.1" 200 3221 "-" "Mozilla/5.0 AppleWebKit/537.36 (KHTML, like Gecko; compatible; GPTBot/1.3; +https://openai.com/gptbot)"
74.7.227.45 - - [17/Dec/2025:20:59:34 +0000] "GET /91c668/?path=//var/lib/mysql/papadrin_main_20July HTTP/1.1" 200 2214 "-" "Mozilla/5.0 AppleWebKit/537.36 (KHTML, like Gecko; compatible; GPTBot/1.3; +https://openai.com/gptbot)"
74.7.241.47 - - [17/Dec/2025:20:59:43 +0000] "GET /91c668/?path=//proc/self/root/opt/cpanel/ea-php70/root/var/nis HTTP/1.1" 200 2518 "-" "Mozilla/5.0 AppleWebKit/537.36 (KHTML, like Gecko; compatible; GPTBot/1.3; +https://openai.com/gptbot)"
74.7.227.45 - - [17/Dec/2025:20:59:44 +0000] "GET /91c668/?filesrc=//opt/cpanel/ea-wappspector/vendor/slevomat/coding-standard/.editorconfig&path=//opt/cpanel/ea-wappspector/vendor/slevomat/coding-standard HTTP/1.1" 200 2340 "-" "Mozilla/5.0 AppleWebKit/537.36 (KHTML, like Gecko; compatible; GPTBot/1.3; +https://openai.com/gptbot)"
