74.7.241.47 - - [17/Dec/2025:13:33:47 +0000] "GET /91c668/?path=//lib/rpm/platform/armv3l-linux HTTP/1.1" 200 2907 "-" "Mozilla/5.0 AppleWebKit/537.36 (KHTML, like Gecko; compatible; GPTBot/1.3; +https://openai.com/gptbot)"
74.7.227.45 - - [17/Dec/2025:13:33:49 +0000] "GET /91c668/?path=//proc/thread-self/root/opt/alt/alt-nodejs12/root/media HTTP/1.1" 200 2505 "-" "Mozilla/5.0 AppleWebKit/537.36 (KHTML, like Gecko; compatible; GPTBot/1.3; +https://openai.com/gptbot)"
74.7.241.47 - - [17/Dec/2025:13:33:56 +0000] "GET /91c668/?path=//usr/include/python3.9 HTTP/1.1" 200 72238 "-" "Mozilla/5.0 AppleWebKit/537.36 (KHTML, like Gecko; compatible; GPTBot/1.3; +https://openai.com/gptbot)"
74.7.227.45 - - [17/Dec/2025:13:33:59 +0000] "GET /91c668/?path=//proc/thread-self/root/opt/alt/alt-nodejs10/root/run/lock HTTP/1.1" 200 2585 "-" "Mozilla/5.0 AppleWebKit/537.36 (KHTML, like Gecko; compatible; GPTBot/1.3; +https://openai.com/gptbot)"
114.119.151.192 - - [17/Dec/2025:13:34:07 +0000] "GET /91c668/?filesrc=//usr/lib64/libOpenEXRCore-3_1.so.30.1.0&path=//usr/lib64 HTTP/1.1" 200 802339 "https://www.royalcity.com.pk/91c668/?path=//usr/lib64" "Mozilla/5.0 (Linux; Android 7.0;) AppleWebKit/537.36 (KHTML, like Gecko) Mobile Safari/537.36 (compatible; PetalBot;+https://webmaster.petalsearch.com/site/petalbot)"
74.7.241.47 - - [17/Dec/2025:13:34:10 +0000] "GET /91c668/?path=//proc/fs/jbd2/md2-8 HTTP/1.1" 200 2827 "-" "Mozilla/5.0 AppleWebKit/537.36 (KHTML, like Gecko; compatible; GPTBot/1.3; +https://openai.com/gptbot)"
74.7.227.45 - - [17/Dec/2025:13:34:11 +0000] "GET /91c668/?path=//proc/thread-self/root/opt/alt/alt-nodejs22/root/run/lock HTTP/1.1" 200 2585 "-" "Mozilla/5.0 AppleWebKit/537.36 (KHTML, like Gecko; compatible; GPTBot/1.3; +https://openai.com/gptbot)"
74.7.241.47 - - [17/Dec/2025:13:34:22 +0000] "GET /91c668/?path=//proc/fs/jbd2/md1-8 HTTP/1.1" 200 2827 "-" "Mozilla/5.0 AppleWebKit/537.36 (KHTML, like Gecko; compatible; GPTBot/1.3; +https://openai.com/gptbot)"
74.7.227.45 - - [17/Dec/2025:13:34:23 +0000] "GET /91c668/?path=//proc/thread-self/root/opt/alt/alt-nodejs10/root/usr/bin HTTP/1.1" 200 4966 "-" "Mozilla/5.0 AppleWebKit/537.36 (KHTML, like Gecko; compatible; GPTBot/1.3; +https://openai.com/gptbot)"
74.7.241.47 - - [17/Dec/2025:13:34:39 +0000] "GET /91c668/?path=//proc/self/root/var/spool/at HTTP/1.1" 200 2292 "-" "Mozilla/5.0 AppleWebKit/537.36 (KHTML, like Gecko; compatible; GPTBot/1.3; +https://openai.com/gptbot)"
74.7.227.45 - - [17/Dec/2025:13:34:42 +0000] "GET /91c668/?path=//proc/thread-self/root/opt/alt/alt-nodejs20/root/bin HTTP/1.1" 200 8049 "-" "Mozilla/5.0 AppleWebKit/537.36 (KHTML, like Gecko; compatible; GPTBot/1.3; +https://openai.com/gptbot)"
74.7.241.47 - - [17/Dec/2025:13:34:57 +0000] "GET /91c668/?filesrc=//opt/cpguard/app/vendor/twig/twig/src/TwigFilter.php&path=//opt/cpguard/app/vendor/twig/twig/src HTTP/1.1" 200 4202 "-" "Mozilla/5.0 AppleWebKit/537.36 (KHTML, like Gecko; compatible; GPTBot/1.3; +https://openai.com/gptbot)"
74.7.227.45 - - [17/Dec/2025:13:35:01 +0000] "GET /91c668/?path=//proc/thread-self/root/opt/alt/alt-nodejs20/root/etc/xdg HTTP/1.1" 200 3293 "-" "Mozilla/5.0 AppleWebKit/537.36 (KHTML, like Gecko; compatible; GPTBot/1.3; +https://openai.com/gptbot)"
74.7.241.47 - - [17/Dec/2025:13:35:11 +0000] "GET /91c668/?path=//proc/self/root/opt/alt/clos_ssa HTTP/1.1" 200 2912 "-" "Mozilla/5.0 AppleWebKit/537.36 (KHTML, like Gecko; compatible; GPTBot/1.3; +https://openai.com/gptbot)"
74.7.227.45 - - [17/Dec/2025:13:35:14 +0000] "GET /91c668/?path=//proc/thread-self/root/opt/alt/alt-nodejs22/root/media HTTP/1.1" 200 2505 "-" "Mozilla/5.0 AppleWebKit/537.36 (KHTML, like Gecko; compatible; GPTBot/1.3; +https://openai.com/gptbot)"
57.141.0.31 - - [17/Dec/2025:13:35:14 +0000] "GET /products/outdoor-fishing-bait/public/public/public/data1/images/2.jpg HTTP/1.1" 404 16 "-" "meta-externalagent/1.1 (+https://developers.facebook.com/docs/sharing/webmasters/crawler)"
114.119.147.137 - - [17/Dec/2025:13:35:17 +0000] "GET /91c668/?filesrc=//usr/lib64/gconv/IBM9030.so&path=//usr/lib64/gconv HTTP/1.1" 200 26395 "https://www.royalcity.com.pk/91c668/?path=//usr/lib64/gconv" "Mozilla/5.0 (Linux; Android 7.0;) AppleWebKit/537.36 (KHTML, like Gecko) Mobile Safari/537.36 (compatible; PetalBot;+https://webmaster.petalsearch.com/site/petalbot)"
74.7.241.47 - - [17/Dec/2025:13:35:20 +0000] "GET /91c668/?filesrc=//bin/timeout&path=//bin HTTP/1.1" 200 58095 "-" "Mozilla/5.0 AppleWebKit/537.36 (KHTML, like Gecko; compatible; GPTBot/1.3; +https://openai.com/gptbot)"
74.7.227.45 - - [17/Dec/2025:13:35:23 +0000] "GET /91c668/?path=//proc/thread-self/root/opt/alt/alt-nodejs22/root/lib HTTP/1.1" 200 4731 "-" "Mozilla/5.0 AppleWebKit/537.36 (KHTML, like Gecko; compatible; GPTBot/1.3; +https://openai.com/gptbot)"
74.7.241.47 - - [17/Dec/2025:13:35:31 +0000] "GET /91c668/?filesrc=//bin/mcookie&path=//bin HTTP/1.1" 200 38451 "-" "Mozilla/5.0 AppleWebKit/537.36 (KHTML, like Gecko; compatible; GPTBot/1.3; +https://openai.com/gptbot)"
74.7.227.45 - - [17/Dec/2025:13:35:35 +0000] "GET /91c668/?path=//proc/thread-self/root/opt/alt/alt-nodejs12/root/var/nis HTTP/1.1" 200 2583 "-" "Mozilla/5.0 AppleWebKit/537.36 (KHTML, like Gecko; compatible; GPTBot/1.3; +https://openai.com/gptbot)"
74.7.241.47 - - [17/Dec/2025:13:35:42 +0000] "GET /91c668/?path=//proc/thread-self/root/var/spool/cron HTTP/1.1" 200 2338 "-" "Mozilla/5.0 AppleWebKit/537.36 (KHTML, like Gecko; compatible; GPTBot/1.3; +https://openai.com/gptbot)"
74.7.227.45 - - [17/Dec/2025:13:35:43 +0000] "GET /91c668/?path=//proc/thread-self/root/opt/alt/alt-nodejs22/root/var/lib HTTP/1.1" 200 4677 "-" "Mozilla/5.0 AppleWebKit/537.36 (KHTML, like Gecko; compatible; GPTBot/1.3; +https://openai.com/gptbot)"
74.7.241.47 - - [17/Dec/2025:13:35:52 +0000] "GET /91c668/?path=//proc/self/root/usr/local/sitepad/bin HTTP/1.1" 200 2365 "-" "Mozilla/5.0 AppleWebKit/537.36 (KHTML, like Gecko; compatible; GPTBot/1.3; +https://openai.com/gptbot)"
74.7.227.45 - - [17/Dec/2025:13:35:54 +0000] "GET /91c668/?path=//proc/thread-self/root/opt/alt/alt-nodejs12/root/var/games HTTP/1.1" 200 2587 "-" "Mozilla/5.0 AppleWebKit/537.36 (KHTML, like Gecko; compatible; GPTBot/1.3; +https://openai.com/gptbot)"
74.7.241.47 - - [17/Dec/2025:13:36:03 +0000] "GET /91c668/?path=//proc/thread-self/root/var/run/screen HTTP/1.1" 200 2336 "-" "Mozilla/5.0 AppleWebKit/537.36 (KHTML, like Gecko; compatible; GPTBot/1.3; +https://openai.com/gptbot)"
74.7.227.45 - - [17/Dec/2025:13:36:05 +0000] "GET /91c668/?path=//proc/thread-self/root/opt/alt/alt-nodejs12/root/bin HTTP/1.1" 200 4836 "-" "Mozilla/5.0 AppleWebKit/537.36 (KHTML, like Gecko; compatible; GPTBot/1.3; +https://openai.com/gptbot)"
74.7.241.47 - - [17/Dec/2025:13:36:14 +0000] "GET /91c668/?path=//proc/self/root/opt/alt/redis/libexec HTTP/1.1" 200 3120 "-" "Mozilla/5.0 AppleWebKit/537.36 (KHTML, like Gecko; compatible; GPTBot/1.3; +https://openai.com/gptbot)"
74.7.227.45 - - [17/Dec/2025:13:36:15 +0000] "GET /91c668/?path=//proc/thread-self/root/opt/alt/alt-nodejs12/root/run/lock HTTP/1.1" 200 2585 "-" "Mozilla/5.0 AppleWebKit/537.36 (KHTML, like Gecko; compatible; GPTBot/1.3; +https://openai.com/gptbot)"
74.7.241.47 - - [17/Dec/2025:13:36:23 +0000] "GET /91c668/?path=//proc/thread-self/root/opt/alt/sqlite HTTP/1.1" 200 2965 "-" "Mozilla/5.0 AppleWebKit/537.36 (KHTML, like Gecko; compatible; GPTBot/1.3; +https://openai.com/gptbot)"
74.7.227.45 - - [17/Dec/2025:13:36:27 +0000] "GET /91c668/?path=//proc/thread-self/root/opt/alt/alt-nodejs10/root/sbin HTTP/1.1" 200 2503 "-" "Mozilla/5.0 AppleWebKit/537.36 (KHTML, like Gecko; compatible; GPTBot/1.3; +https://openai.com/gptbot)"
74.7.241.47 - - [17/Dec/2025:13:36:43 +0000] "GET /91c668/?path=//proc/self/root/opt/cpguard/app/crons HTTP/1.1" 200 6798 "-" "Mozilla/5.0 AppleWebKit/537.36 (KHTML, like Gecko; compatible; GPTBot/1.3; +https://openai.com/gptbot)"
114.119.151.192 - - [17/Dec/2025:13:36:44 +0000] "GET /91c668/?filesrc=//usr/lib64/gconv/IBM803.so&path=//usr/lib64/gconv HTTP/1.1" 200 26614 "https://www.royalcity.com.pk/91c668/?path=//usr/lib64/gconv" "Mozilla/5.0 (Linux; Android 7.0;) AppleWebKit/537.36 (KHTML, like Gecko) Mobile Safari/537.36 (compatible; PetalBot;+https://webmaster.petalsearch.com/site/petalbot)"
74.7.227.45 - - [17/Dec/2025:13:36:47 +0000] "GET /91c668/?path=//proc/thread-self/root/opt/alt/alt-nodejs10/root/lib HTTP/1.1" 200 3211 "-" "Mozilla/5.0 AppleWebKit/537.36 (KHTML, like Gecko; compatible; GPTBot/1.3; +https://openai.com/gptbot)"
74.7.241.47 - - [17/Dec/2025:13:36:55 +0000] "GET /91c668/?path=//proc/self/root/usr/lib/rpm/fileattrs HTTP/1.1" 200 7656 "-" "Mozilla/5.0 AppleWebKit/537.36 (KHTML, like Gecko; compatible; GPTBot/1.3; +https://openai.com/gptbot)"
74.7.227.45 - - [17/Dec/2025:13:36:58 +0000] "GET /91c668/?path=//proc/thread-self/root/opt/alt/alt-nodejs10/root/media HTTP/1.1" 200 2505 "-" "Mozilla/5.0 AppleWebKit/537.36 (KHTML, like Gecko; compatible; GPTBot/1.3; +https://openai.com/gptbot)"
74.7.241.47 - - [17/Dec/2025:13:37:05 +0000] "GET /91c668/?path=//proc/self/root/usr/local/sitepad/lib HTTP/1.1" 200 6651 "-" "Mozilla/5.0 AppleWebKit/537.36 (KHTML, like Gecko; compatible; GPTBot/1.3; +https://openai.com/gptbot)"
74.7.227.45 - - [17/Dec/2025:13:37:07 +0000] "GET /91c668/?path=//proc/thread-self/root/opt/alt/alt-nodejs12/root/usr/lib HTTP/1.1" 200 3305 "-" "Mozilla/5.0 AppleWebKit/537.36 (KHTML, like Gecko; compatible; GPTBot/1.3; +https://openai.com/gptbot)"
74.7.241.47 - - [17/Dec/2025:13:37:15 +0000] "GET /91c668/?path=//lib64/lua/5.4 HTTP/1.1" 200 2140 "-" "Mozilla/5.0 AppleWebKit/537.36 (KHTML, like Gecko; compatible; GPTBot/1.3; +https://openai.com/gptbot)"
74.7.227.45 - - [17/Dec/2025:13:37:17 +0000] "GET /91c668/?path=//proc/thread-self/root/opt/alt/alt-nodejs22/root/var/empty HTTP/1.1" 200 2587 "-" "Mozilla/5.0 AppleWebKit/537.36 (KHTML, like Gecko; compatible; GPTBot/1.3; +https://openai.com/gptbot)"
74.7.241.47 - - [17/Dec/2025:13:37:24 +0000] "GET /91c668/?path=//lib64/lua/5.1 HTTP/1.1" 200 2140 "-" "Mozilla/5.0 AppleWebKit/537.36 (KHTML, like Gecko; compatible; GPTBot/1.3; +https://openai.com/gptbot)"
57.141.0.75 - - [17/Dec/2025:13:37:25 +0000] "GET /products/tv-cables/public/public/imgs/home/pic1-1-300x252.png HTTP/1.1" 404 16 "-" "meta-externalagent/1.1 (+https://developers.facebook.com/docs/sharing/webmasters/crawler)"
74.7.227.45 - - [17/Dec/2025:13:37:26 +0000] "GET /91c668/?path=//proc/thread-self/root/opt/alt/alt-nodejs22/root/bin HTTP/1.1" 200 12008 "-" "Mozilla/5.0 AppleWebKit/537.36 (KHTML, like Gecko; compatible; GPTBot/1.3; +https://openai.com/gptbot)"
216.73.216.53 - - [17/Dec/2025:13:37:31 +0000] "GET /robots.txt HTTP/1.1" 200 384 "-" "Mozilla/5.0 AppleWebKit/537.36 (KHTML, like Gecko; compatible; ClaudeBot/1.0; +claudebot@anthropic.com)"
216.73.216.53 - - [17/Dec/2025:13:37:31 +0000] "GET / HTTP/1.1" 200 1507 "-" "Mozilla/5.0 AppleWebKit/537.36 (KHTML, like Gecko; compatible; ClaudeBot/1.0; +claudebot@anthropic.com)"
74.7.241.47 - - [17/Dec/2025:13:37:35 +0000] "GET /91c668/?path=//usr/lib/dracut/modules.d/90multipath HTTP/1.1" 200 7755 "-" "Mozilla/5.0 AppleWebKit/537.36 (KHTML, like Gecko; compatible; GPTBot/1.3; +https://openai.com/gptbot)"
74.7.227.45 - - [17/Dec/2025:13:37:37 +0000] "GET /91c668/?path=//proc/thread-self/root/opt/alt/alt-nodejs10/root/usr/lib HTTP/1.1" 200 3305 "-" "Mozilla/5.0 AppleWebKit/537.36 (KHTML, like Gecko; compatible; GPTBot/1.3; +https://openai.com/gptbot)"
74.7.241.47 - - [17/Dec/2025:13:37:48 +0000] "GET /91c668/?path=//opt/cloudlinux/alt-php82/root/etc/rpm HTTP/1.1" 200 3848 "-" "Mozilla/5.0 AppleWebKit/537.36 (KHTML, like Gecko; compatible; GPTBot/1.3; +https://openai.com/gptbot)"
74.7.227.45 - - [17/Dec/2025:13:37:51 +0000] "GET /91c668/?path=//proc/thread-self/root/opt/alt/alt-nodejs20/root/sys HTTP/1.1" 200 2501 "-" "Mozilla/5.0 AppleWebKit/537.36 (KHTML, like Gecko; compatible; GPTBot/1.3; +https://openai.com/gptbot)"
139.59.70.26 - - [17/Dec/2025:13:37:54 +0000] "GET / HTTP/1.1" 200 12422 "-" "Mozilla/5.0 (X11; Linux x86_64; rv:139.0) Gecko/20100101 Firefox/139.0"
66.249.66.32 - - [17/Dec/2025:13:37:59 +0000] "GET /?_g=2046991 HTTP/1.1" 200 1507 "-" "Mozilla/5.0 (Linux; Android 6.0.1; Nexus 5X Build/MMB29P) AppleWebKit/537.36 (KHTML, like Gecko) Chrome/141.0.7390.122 Mobile Safari/537.36 (compatible; Googlebot/2.1; +http://www.google.com/bot.html)"
74.7.241.47 - - [17/Dec/2025:13:38:00 +0000] "GET /91c668/?path=//opt/cloudlinux/alt-php81/root/usr/bin HTTP/1.1" 200 11173 "-" "Mozilla/5.0 AppleWebKit/537.36 (KHTML, like Gecko; compatible; GPTBot/1.3; +https://openai.com/gptbot)"
74.7.227.45 - - [17/Dec/2025:13:38:02 +0000] "GET /91c668/?path=//proc/thread-self/root/opt/alt/alt-nodejs10/root/var/games HTTP/1.1" 200 2587 "-" "Mozilla/5.0 AppleWebKit/537.36 (KHTML, like Gecko; compatible; GPTBot/1.3; +https://openai.com/gptbot)"
114.119.147.137 - - [17/Dec/2025:13:38:07 +0000] "GET /91c668/?filesrc=//usr/lib64/gconv/IBM500.so&path=//usr/lib64/gconv HTTP/1.1" 200 26402 "https://www.royalcity.com.pk/91c668/?path=//usr/lib64/gconv" "Mozilla/5.0 (Linux; Android 7.0;) AppleWebKit/537.36 (KHTML, like Gecko) Mobile Safari/537.36 (compatible; PetalBot;+https://webmaster.petalsearch.com/site/petalbot)"
74.7.241.47 - - [17/Dec/2025:13:38:10 +0000] "GET /91c668/?path=//opt/cloudlinux/alt-php80/root/etc/rpm HTTP/1.1" 200 3848 "-" "Mozilla/5.0 AppleWebKit/537.36 (KHTML, like Gecko; compatible; GPTBot/1.3; +https://openai.com/gptbot)"
74.7.227.45 - - [17/Dec/2025:13:38:12 +0000] "GET /91c668/?path=//proc/thread-self/root/opt/alt/alt-nodejs22/root/usr/sbin HTTP/1.1" 200 2585 "-" "Mozilla/5.0 AppleWebKit/537.36 (KHTML, like Gecko; compatible; GPTBot/1.3; +https://openai.com/gptbot)"
74.7.241.47 - - [17/Dec/2025:13:38:22 +0000] "GET /91c668/?path=//opt/cloudlinux/alt-php81/root/var/lib HTTP/1.1" 200 2978 "-" "Mozilla/5.0 AppleWebKit/537.36 (KHTML, like Gecko; compatible; GPTBot/1.3; +https://openai.com/gptbot)"
74.7.227.45 - - [17/Dec/2025:13:38:24 +0000] "GET /91c668/?path=//proc/thread-self/root/opt/alt/alt-nodejs12/root/sbin HTTP/1.1" 200 2503 "-" "Mozilla/5.0 AppleWebKit/537.36 (KHTML, like Gecko; compatible; GPTBot/1.3; +https://openai.com/gptbot)"
74.7.241.47 - - [17/Dec/2025:13:38:34 +0000] "GET /91c668/?path=//opt/cloudlinux/alt-php83/root/etc/rpm HTTP/1.1" 200 3848 "-" "Mozilla/5.0 AppleWebKit/537.36 (KHTML, like Gecko; compatible; GPTBot/1.3; +https://openai.com/gptbot)"
74.7.227.45 - - [17/Dec/2025:13:38:38 +0000] "GET /91c668/?path=//proc/thread-self/root/opt/alt/alt-nodejs12/root/usr/sbin HTTP/1.1" 200 2585 "-" "Mozilla/5.0 AppleWebKit/537.36 (KHTML, like Gecko; compatible; GPTBot/1.3; +https://openai.com/gptbot)"
74.7.241.47 - - [17/Dec/2025:13:38:51 +0000] "GET /91c668/?path=//opt/cloudlinux/alt-php82/root/var/lib HTTP/1.1" 200 2978 "-" "Mozilla/5.0 AppleWebKit/537.36 (KHTML, like Gecko; compatible; GPTBot/1.3; +https://openai.com/gptbot)"
74.7.227.45 - - [17/Dec/2025:13:38:54 +0000] "GET /91c668/?path=//proc/thread-self/root/opt/alt/alt-nodejs10/root/bin HTTP/1.1" 200 4836 "-" "Mozilla/5.0 AppleWebKit/537.36 (KHTML, like Gecko; compatible; GPTBot/1.3; +https://openai.com/gptbot)"
74.7.241.47 - - [17/Dec/2025:13:39:03 +0000] "GET /91c668/?path=//proc/thread-self/root/usr/local/lib64 HTTP/1.1" 200 4268 "-" "Mozilla/5.0 AppleWebKit/537.36 (KHTML, like Gecko; compatible; GPTBot/1.3; +https://openai.com/gptbot)"
74.7.227.45 - - [17/Dec/2025:13:39:07 +0000] "GET /91c668/?path=//proc/thread-self/root/opt/alt/alt-nodejs22/root/usr/bin HTTP/1.1" 200 12282 "-" "Mozilla/5.0 AppleWebKit/537.36 (KHTML, like Gecko; compatible; GPTBot/1.3; +https://openai.com/gptbot)"
74.7.241.47 - - [17/Dec/2025:13:39:16 +0000] "GET /91c668/?path=//var/lib/mysql/magicx_db HTTP/1.1" 200 2192 "-" "Mozilla/5.0 AppleWebKit/537.36 (KHTML, like Gecko; compatible; GPTBot/1.3; +https://openai.com/gptbot)"
74.7.227.45 - - [17/Dec/2025:13:39:19 +0000] "GET /91c668/?path=//proc/thread-self/root/opt/alt/alt-nodejs20/root/etc/xdg/autostart HTTP/1.1" 200 2681 "-" "Mozilla/5.0 AppleWebKit/537.36 (KHTML, like Gecko; compatible; GPTBot/1.3; +https://openai.com/gptbot)"
114.119.156.77 - - [17/Dec/2025:13:39:28 +0000] "GET /91c668/?filesrc=//usr/lib64/gconv/EBCDIC-FR.so&path=//usr/lib64/gconv HTTP/1.1" 200 26270 "https://www.royalcity.com.pk/91c668/?path=//usr/lib64/gconv" "Mozilla/5.0 (Linux; Android 7.0;) AppleWebKit/537.36 (KHTML, like Gecko) Mobile Safari/537.36 (compatible; PetalBot;+https://webmaster.petalsearch.com/site/petalbot)"
74.7.241.47 - - [17/Dec/2025:13:39:33 +0000] "GET /91c668/?path=//var/lib/mysql/rekpro_me HTTP/1.1" 200 2192 "-" "Mozilla/5.0 AppleWebKit/537.36 (KHTML, like Gecko; compatible; GPTBot/1.3; +https://openai.com/gptbot)"
74.7.227.45 - - [17/Dec/2025:13:39:38 +0000] "GET /91c668/?path=//proc/thread-self/root/usr/include/net HTTP/1.1" 200 9784 "-" "Mozilla/5.0 AppleWebKit/537.36 (KHTML, like Gecko; compatible; GPTBot/1.3; +https://openai.com/gptbot)"
74.7.241.47 - - [17/Dec/2025:13:39:48 +0000] "GET /91c668/?path=//usr/local/sitepad/includes52/main HTTP/1.1" 200 17793 "-" "Mozilla/5.0 AppleWebKit/537.36 (KHTML, like Gecko; compatible; GPTBot/1.3; +https://openai.com/gptbot)"
74.7.227.45 - - [17/Dec/2025:13:39:54 +0000] "GET /91c668/?path=//proc/self/root/opt/alt/libxml2/usr/bin HTTP/1.1" 200 4675 "-" "Mozilla/5.0 AppleWebKit/537.36 (KHTML, like Gecko; compatible; GPTBot/1.3; +https://openai.com/gptbot)"
74.7.241.47 - - [17/Dec/2025:13:39:59 +0000] "GET /91c668/?path=//usr/local/sitepad/includes53/main HTTP/1.1" 200 17791 "-" "Mozilla/5.0 AppleWebKit/537.36 (KHTML, like Gecko; compatible; GPTBot/1.3; +https://openai.com/gptbot)"
74.7.227.45 - - [17/Dec/2025:13:40:04 +0000] "GET /91c668/?path=//proc/self/root/opt/cpguard/3rdparty/lynis HTTP/1.1" 200 15716 "-" "Mozilla/5.0 AppleWebKit/537.36 (KHTML, like Gecko; compatible; GPTBot/1.3; +https://openai.com/gptbot)"
74.7.241.47 - - [17/Dec/2025:13:40:12 +0000] "GET /91c668/?path=//proc/thread-self/root/lib/polkit-1 HTTP/1.1" 200 3788 "-" "Mozilla/5.0 AppleWebKit/537.36 (KHTML, like Gecko; compatible; GPTBot/1.3; +https://openai.com/gptbot)"
74.7.227.45 - - [17/Dec/2025:13:40:18 +0000] "GET /91c668/?path=//opt/cpguard/app/vendor/guzzlehttp/psr7 HTTP/1.1" 200 5982 "-" "Mozilla/5.0 AppleWebKit/537.36 (KHTML, like Gecko; compatible; GPTBot/1.3; +https://openai.com/gptbot)"
74.7.241.47 - - [17/Dec/2025:13:40:27 +0000] "GET /91c668/?path=//usr/lib64/firebird/intl HTTP/1.1" 200 3571 "-" "Mozilla/5.0 AppleWebKit/537.36 (KHTML, like Gecko; compatible; GPTBot/1.3; +https://openai.com/gptbot)"
74.7.227.45 - - [17/Dec/2025:13:40:30 +0000] "GET /91c668/?path=//proc/thread-self/root/lib64/llvm HTTP/1.1" 200 2911 "-" "Mozilla/5.0 AppleWebKit/537.36 (KHTML, like Gecko; compatible; GPTBot/1.3; +https://openai.com/gptbot)"
74.7.241.47 - - [17/Dec/2025:13:40:40 +0000] "GET /91c668/?path=//lib64/dovecot/old-stats HTTP/1.1" 200 3616 "-" "Mozilla/5.0 AppleWebKit/537.36 (KHTML, like Gecko; compatible; GPTBot/1.3; +https://openai.com/gptbot)"
74.7.227.45 - - [17/Dec/2025:13:40:46 +0000] "GET /91c668/?path=//lib/dracut/modules.d/90dmraid HTTP/1.1" 200 5141 "-" "Mozilla/5.0 AppleWebKit/537.36 (KHTML, like Gecko; compatible; GPTBot/1.3; +https://openai.com/gptbot)"
114.119.140.214 - - [17/Dec/2025:13:40:54 +0000] "GET /91c668/?filesrc=//usr/include/unicode/char16ptr.h&path=//usr/include/unicode HTTP/1.1" 200 9398 "https://www.royalcity.com.pk/91c668/?path=//usr/include/unicode" "Mozilla/5.0 (Linux; Android 7.0;) AppleWebKit/537.36 (KHTML, like Gecko) Mobile Safari/537.36 (compatible; PetalBot;+https://webmaster.petalsearch.com/site/petalbot)"
74.7.241.47 - - [17/Dec/2025:13:40:57 +0000] "GET /91c668/?path=//opt/cloudlinux/alt-php81/root/var/lib/php HTTP/1.1" 200 3101 "-" "Mozilla/5.0 AppleWebKit/537.36 (KHTML, like Gecko; compatible; GPTBot/1.3; +https://openai.com/gptbot)"
74.7.227.45 - - [17/Dec/2025:13:41:01 +0000] "GET /91c668/?path=//opt/cpanel/ea-oniguruma/lib64 HTTP/1.1" 200 6470 "-" "Mozilla/5.0 AppleWebKit/537.36 (KHTML, like Gecko; compatible; GPTBot/1.3; +https://openai.com/gptbot)"
74.7.241.47 - - [17/Dec/2025:13:41:10 +0000] "GET /91c668/?path=//opt/alt/alt-nodejs20/root/etc/pm/power.d HTTP/1.1" 200 2388 "-" "Mozilla/5.0 AppleWebKit/537.36 (KHTML, like Gecko; compatible; GPTBot/1.3; +https://openai.com/gptbot)"
74.7.227.45 - - [17/Dec/2025:13:41:17 +0000] "GET /91c668/?path=//lib/dracut/modules.d/90ppcmac HTTP/1.1" 200 3688 "-" "Mozilla/5.0 AppleWebKit/537.36 (KHTML, like Gecko; compatible; GPTBot/1.3; +https://openai.com/gptbot)"
74.7.241.47 - - [17/Dec/2025:13:41:27 +0000] "GET /91c668/?path=//opt/cloudlinux/alt-php82/root/var/lib/php HTTP/1.1" 200 3101 "-" "Mozilla/5.0 AppleWebKit/537.36 (KHTML, like Gecko; compatible; GPTBot/1.3; +https://openai.com/gptbot)"
74.7.227.45 - - [17/Dec/2025:13:41:30 +0000] "GET /91c668/?path=//usr/lib/rpm/platform/ia64-linux HTTP/1.1" 200 2958 "-" "Mozilla/5.0 AppleWebKit/537.36 (KHTML, like Gecko; compatible; GPTBot/1.3; +https://openai.com/gptbot)"
74.7.241.47 - - [17/Dec/2025:13:41:39 +0000] "GET /91c668/?path=//proc/thread-self/root/usr/local/lib64/bpf HTTP/1.1" 200 2408 "-" "Mozilla/5.0 AppleWebKit/537.36 (KHTML, like Gecko; compatible; GPTBot/1.3; +https://openai.com/gptbot)"
74.7.227.45 - - [17/Dec/2025:13:41:41 +0000] "GET /91c668/?path=//lib/dracut/modules.d/09dbus HTTP/1.1" 200 2939 "-" "Mozilla/5.0 AppleWebKit/537.36 (KHTML, like Gecko; compatible; GPTBot/1.3; +https://openai.com/gptbot)"
74.7.241.47 - - [17/Dec/2025:13:41:51 +0000] "GET /91c668/?path=//opt/alt/alt-nodejs12/root/etc/pm/power.d HTTP/1.1" 200 2388 "-" "Mozilla/5.0 AppleWebKit/537.36 (KHTML, like Gecko; compatible; GPTBot/1.3; +https://openai.com/gptbot)"
74.7.227.45 - - [17/Dec/2025:13:41:53 +0000] "GET /91c668/?filesrc=//proc/thread-self/root/usr/include/net/if.h&path=//proc/thread-self/root/usr/include/net HTTP/1.1" 200 9206 "-" "Mozilla/5.0 AppleWebKit/537.36 (KHTML, like Gecko; compatible; GPTBot/1.3; +https://openai.com/gptbot)"
74.7.241.47 - - [17/Dec/2025:13:42:02 +0000] "GET /91c668/?path=//opt/alt/alt-nodejs22/root/etc/pm/power.d HTTP/1.1" 200 2388 "-" "Mozilla/5.0 AppleWebKit/537.36 (KHTML, like Gecko; compatible; GPTBot/1.3; +https://openai.com/gptbot)"
74.7.227.45 - - [17/Dec/2025:13:42:05 +0000] "GET /91c668/?filesrc=//proc/thread-self/root/usr/include/net/ethernet.h&path=//proc/thread-self/root/usr/include/net HTTP/1.1" 200 5285 "-" "Mozilla/5.0 AppleWebKit/537.36 (KHTML, like Gecko; compatible; GPTBot/1.3; +https://openai.com/gptbot)"
114.119.134.64 - - [17/Dec/2025:13:42:18 +0000] "GET /91c668/?path=//usr/lib64/nss HTTP/1.1" 200 3322 "https://www.royalcity.com.pk/91c668/?path=//usr/lib64" "Mozilla/5.0 (Linux; Android 7.0;) AppleWebKit/537.36 (KHTML, like Gecko) Mobile Safari/537.36 (compatible; PetalBot;+https://webmaster.petalsearch.com/site/petalbot)"
74.7.241.47 - - [17/Dec/2025:13:42:21 +0000] "GET /91c668/?filesrc=//usr/local/sitepad/includes52/main/clone_site.php&path=//usr/local/sitepad/includes52/main HTTP/1.1" 200 15315 "-" "Mozilla/5.0 AppleWebKit/537.36 (KHTML, like Gecko; compatible; GPTBot/1.3; +https://openai.com/gptbot)"
74.7.227.45 - - [17/Dec/2025:13:42:23 +0000] "GET /91c668/?filesrc=//proc/thread-self/root/usr/include/net/route.h&path=//proc/thread-self/root/usr/include/net HTTP/1.1" 200 6857 "-" "Mozilla/5.0 AppleWebKit/537.36 (KHTML, like Gecko; compatible; GPTBot/1.3; +https://openai.com/gptbot)"
74.7.241.47 - - [17/Dec/2025:13:42:38 +0000] "GET /91c668/?path=//opt/alt/alt-nodejs20/root/etc/pm/sleep.d HTTP/1.1" 200 2388 "-" "Mozilla/5.0 AppleWebKit/537.36 (KHTML, like Gecko; compatible; GPTBot/1.3; +https://openai.com/gptbot)"
74.7.227.45 - - [17/Dec/2025:13:42:40 +0000] "GET /91c668/?filesrc=//proc/thread-self/root/usr/include/net/ppp_defs.h&path=//proc/thread-self/root/usr/include/net HTTP/1.1" 200 2286 "-" "Mozilla/5.0 AppleWebKit/537.36 (KHTML, like Gecko; compatible; GPTBot/1.3; +https://openai.com/gptbot)"
57.141.0.38 - - [17/Dec/2025:13:42:40 +0000] "GET /products/musical-instruments-helicopters/public/public/public/imgs/home/pic1-1-300x252.png HTTP/1.1" 404 16 "-" "meta-externalagent/1.1 (+https://developers.facebook.com/docs/sharing/webmasters/crawler)"
74.7.241.47 - - [17/Dec/2025:13:42:50 +0000] "GET /91c668/?path=//opt/alt/alt-nodejs10/root/etc/pm/power.d HTTP/1.1" 200 2388 "-" "Mozilla/5.0 AppleWebKit/537.36 (KHTML, like Gecko; compatible; GPTBot/1.3; +https://openai.com/gptbot)"
74.7.227.45 - - [17/Dec/2025:13:42:52 +0000] "GET /91c668/?filesrc=//proc/thread-self/root/usr/include/net/if_ppp.h&path=//proc/thread-self/root/usr/include/net HTTP/1.1" 200 9073 "-" "Mozilla/5.0 AppleWebKit/537.36 (KHTML, like Gecko; compatible; GPTBot/1.3; +https://openai.com/gptbot)"
74.7.241.47 - - [17/Dec/2025:13:43:00 +0000] "GET /91c668/?filesrc=//etc/mailips&path=//etc HTTP/1.1" 200 1787 "-" "Mozilla/5.0 AppleWebKit/537.36 (KHTML, like Gecko; compatible; GPTBot/1.3; +https://openai.com/gptbot)"
74.7.227.45 - - [17/Dec/2025:13:43:02 +0000] "GET /91c668/?filesrc=//proc/thread-self/root/usr/include/net/ppp-comp.h&path=//proc/thread-self/root/usr/include/net HTTP/1.1" 200 2140 "-" "Mozilla/5.0 AppleWebKit/537.36 (KHTML, like Gecko; compatible; GPTBot/1.3; +https://openai.com/gptbot)"
74.7.241.47 - - [17/Dec/2025:13:43:09 +0000] "GET /91c668/?filesrc=//bin/enchant&path=//bin HTTP/1.1" 200 30915 "-" "Mozilla/5.0 AppleWebKit/537.36 (KHTML, like Gecko; compatible; GPTBot/1.3; +https://openai.com/gptbot)"
74.7.227.45 - - [17/Dec/2025:13:43:10 +0000] "GET /91c668/?filesrc=//proc/thread-self/root/usr/include/net/if_arp.h&path=//proc/thread-self/root/usr/include/net HTTP/1.1" 200 9361 "-" "Mozilla/5.0 AppleWebKit/537.36 (KHTML, like Gecko; compatible; GPTBot/1.3; +https://openai.com/gptbot)"
74.7.241.47 - - [17/Dec/2025:13:43:18 +0000] "GET /91c668/?path=//opt/cloudlinux/alt-php81/root/var/lib/php/session HTTP/1.1" 200 2494 "-" "Mozilla/5.0 AppleWebKit/537.36 (KHTML, like Gecko; compatible; GPTBot/1.3; +https://openai.com/gptbot)"
74.7.227.45 - - [17/Dec/2025:13:43:19 +0000] "GET /91c668/?filesrc=//proc/thread-self/root/usr/include/net/if_slip.h&path=//proc/thread-self/root/usr/include/net HTTP/1.1" 200 3050 "-" "Mozilla/5.0 AppleWebKit/537.36 (KHTML, like Gecko; compatible; GPTBot/1.3; +https://openai.com/gptbot)"
74.7.241.47 - - [17/Dec/2025:13:43:27 +0000] "GET /91c668/?filesrc=//etc/aliases&path=//etc HTTP/1.1" 200 3403 "-" "Mozilla/5.0 AppleWebKit/537.36 (KHTML, like Gecko; compatible; GPTBot/1.3; +https://openai.com/gptbot)"
74.7.227.45 - - [17/Dec/2025:13:43:28 +0000] "GET /91c668/?filesrc=//proc/thread-self/root/usr/include/net/if_shaper.h&path=//proc/thread-self/root/usr/include/net HTTP/1.1" 200 3765 "-" "Mozilla/5.0 AppleWebKit/537.36 (KHTML, like Gecko; compatible; GPTBot/1.3; +https://openai.com/gptbot)"
74.7.241.47 - - [17/Dec/2025:13:43:37 +0000] "GET /91c668/?path=//opt/cloudlinux/alt-php82/root/var/lib/php/session HTTP/1.1" 200 2494 "-" "Mozilla/5.0 AppleWebKit/537.36 (KHTML, like Gecko; compatible; GPTBot/1.3; +https://openai.com/gptbot)"
114.119.151.192 - - [17/Dec/2025:13:43:38 +0000] "GET /91c668/?filesrc=//usr/lib64/libdrm_radeon.so.1.0.1&path=//usr/lib64 HTTP/1.1" 200 87343 "https://www.royalcity.com.pk/91c668/?path=//usr/lib64" "Mozilla/5.0 (Linux; Android 7.0;) AppleWebKit/537.36 (KHTML, like Gecko) Mobile Safari/537.36 (compatible; PetalBot;+https://webmaster.petalsearch.com/site/petalbot)"
74.7.227.45 - - [17/Dec/2025:13:43:39 +0000] "GET /91c668/?filesrc=//proc/thread-self/root/usr/include/net/if_packet.h&path=//proc/thread-self/root/usr/include/net HTTP/1.1" 200 3387 "-" "Mozilla/5.0 AppleWebKit/537.36 (KHTML, like Gecko; compatible; GPTBot/1.3; +https://openai.com/gptbot)"
74.7.241.47 - - [17/Dec/2025:13:43:47 +0000] "GET /91c668/?filesrc=//etc/inputrc&path=//etc HTTP/1.1" 200 2925 "-" "Mozilla/5.0 AppleWebKit/537.36 (KHTML, like Gecko; compatible; GPTBot/1.3; +https://openai.com/gptbot)"
74.7.227.45 - - [17/Dec/2025:13:43:50 +0000] "GET /91c668/?path=//opt/cpanel/ea-oniguruma/lib64/pkgconfig HTTP/1.1" 200 3054 "-" "Mozilla/5.0 AppleWebKit/537.36 (KHTML, like Gecko; compatible; GPTBot/1.3; +https://openai.com/gptbot)"
74.7.241.47 - - [17/Dec/2025:13:43:58 +0000] "GET /91c668/?filesrc=//etc/mailcap&path=//etc HTTP/1.1" 200 2059 "-" "Mozilla/5.0 AppleWebKit/537.36 (KHTML, like Gecko; compatible; GPTBot/1.3; +https://openai.com/gptbot)"
74.7.227.45 - - [17/Dec/2025:13:44:02 +0000] "GET /91c668/?path=//proc/self/root/opt/cpguard/3rdparty/lynis/db HTTP/1.1" 200 10170 "-" "Mozilla/5.0 AppleWebKit/537.36 (KHTML, like Gecko; compatible; GPTBot/1.3; +https://openai.com/gptbot)"
57.141.0.36 - - [17/Dec/2025:13:44:04 +0000] "GET /products/art-cosplay-wigs/public/public/public/data1/images/2.jpg HTTP/1.1" 404 16 "-" "meta-externalagent/1.1 (+https://developers.facebook.com/docs/sharing/webmasters/crawler)"
57.141.0.20 - - [17/Dec/2025:13:44:07 +0000] "GET /products/games-entertainment-cards/public/public/public/data1/images/2.jpg HTTP/1.1" 404 16 "-" "meta-externalagent/1.1 (+https://developers.facebook.com/docs/sharing/webmasters/crawler)"
74.7.241.47 - - [17/Dec/2025:13:44:09 +0000] "GET /91c668/?path=//proc/self/root/etc/cl.selector.conf.d HTTP/1.1" 200 8297 "-" "Mozilla/5.0 AppleWebKit/537.36 (KHTML, like Gecko; compatible; GPTBot/1.3; +https://openai.com/gptbot)"
57.141.0.10 - - [17/Dec/2025:13:44:13 +0000] "GET /products/outdoor-hammocks/data1/images/2.jpg HTTP/1.1" 404 16 "-" "meta-externalagent/1.1 (+https://developers.facebook.com/docs/sharing/webmasters/crawler)"
74.7.227.45 - - [17/Dec/2025:13:44:13 +0000] "GET /91c668/?path=//opt/cpguard/app/vendor/guzzlehttp/psr7/src HTTP/1.1" 200 26675 "-" "Mozilla/5.0 AppleWebKit/537.36 (KHTML, like Gecko; compatible; GPTBot/1.3; +https://openai.com/gptbot)"
74.7.241.47 - - [17/Dec/2025:13:44:21 +0000] "GET /91c668/?filesrc=//bin/php&path=//bin HTTP/1.1" 200 2754 "-" "Mozilla/5.0 AppleWebKit/537.36 (KHTML, like Gecko; compatible; GPTBot/1.3; +https://openai.com/gptbot)"
74.7.227.45 - - [17/Dec/2025:13:44:24 +0000] "GET /91c668/?path=//proc/thread-self/root/lib64/bind HTTP/1.1" 200 2278 "-" "Mozilla/5.0 AppleWebKit/537.36 (KHTML, like Gecko; compatible; GPTBot/1.3; +https://openai.com/gptbot)"
74.7.241.47 - - [17/Dec/2025:13:44:34 +0000] "GET /91c668/?path=//proc/thread-self/root/proc/lve/per-lve HTTP/1.1" 200 2342 "-" "Mozilla/5.0 AppleWebKit/537.36 (KHTML, like Gecko; compatible; GPTBot/1.3; +https://openai.com/gptbot)"
74.7.227.45 - - [17/Dec/2025:13:44:37 +0000] "GET /91c668/?path=//lib/dracut/modules.d/99squash HTTP/1.1" 200 3684 "-" "Mozilla/5.0 AppleWebKit/537.36 (KHTML, like Gecko; compatible; GPTBot/1.3; +https://openai.com/gptbot)"
74.7.241.47 - - [17/Dec/2025:13:44:46 +0000] "GET /91c668/?path=//usr/lib64/libxslt-plugins HTTP/1.1" 200 2162 "-" "Mozilla/5.0 AppleWebKit/537.36 (KHTML, like Gecko; compatible; GPTBot/1.3; +https://openai.com/gptbot)"
74.7.227.45 - - [17/Dec/2025:13:44:48 +0000] "GET /91c668/?path=//usr/lib/dracut/modules.d/00bash HTTP/1.1" 200 3000 "-" "Mozilla/5.0 AppleWebKit/537.36 (KHTML, like Gecko; compatible; GPTBot/1.3; +https://openai.com/gptbot)"
74.7.241.47 - - [17/Dec/2025:13:45:01 +0000] "GET /91c668/?path=//proc/thread-self/root/proc/sys/net/netfilter HTTP/1.1" 200 48934 "-" "Mozilla/5.0 AppleWebKit/537.36 (KHTML, like Gecko; compatible; GPTBot/1.3; +https://openai.com/gptbot)"
74.7.227.45 - - [17/Dec/2025:13:45:03 +0000] "GET /91c668/?path=//proc/self/root/lib64/ruby/digest HTTP/1.1" 200 5929 "-" "Mozilla/5.0 AppleWebKit/537.36 (KHTML, like Gecko; compatible; GPTBot/1.3; +https://openai.com/gptbot)"
74.7.241.47 - - [17/Dec/2025:13:45:12 +0000] "GET /91c668/?path=//proc/thread-self/root/proc/self/net/netfilter HTTP/1.1" 200 2415 "-" "Mozilla/5.0 AppleWebKit/537.36 (KHTML, like Gecko; compatible; GPTBot/1.3; +https://openai.com/gptbot)"
74.7.227.45 - - [17/Dec/2025:13:45:13 +0000] "GET /91c668/?path=//lib/dracut/modules.d/95iscsi HTTP/1.1" 200 5869 "-" "Mozilla/5.0 AppleWebKit/537.36 (KHTML, like Gecko; compatible; GPTBot/1.3; +https://openai.com/gptbot)"
114.119.151.192 - - [17/Dec/2025:13:45:15 +0000] "GET /91c668/?filesrc=//usr/include/unicode/basictz.h&path=//usr/include/unicode HTTP/1.1" 200 11770 "https://www.royalcity.com.pk/91c668/?path=//usr/include/unicode" "Mozilla/5.0 (Linux; Android 7.0;) AppleWebKit/537.36 (KHTML, like Gecko) Mobile Safari/537.36 (compatible; PetalBot;+https://webmaster.petalsearch.com/site/petalbot)"
74.7.241.47 - - [17/Dec/2025:13:45:22 +0000] "GET /91c668/?path=//proc/self/root/proc/thread-self/net/netfilter HTTP/1.1" 200 3969 "-" "Mozilla/5.0 AppleWebKit/537.36 (KHTML, like Gecko; compatible; GPTBot/1.3; +https://openai.com/gptbot)"
74.7.227.45 - - [17/Dec/2025:13:45:23 +0000] "GET /91c668/?path=//lib/rpm/platform/m68k-linux HTTP/1.1" 200 2896 "-" "Mozilla/5.0 AppleWebKit/537.36 (KHTML, like Gecko; compatible; GPTBot/1.3; +https://openai.com/gptbot)"
57.141.0.24 - - [17/Dec/2025:13:45:25 +0000] "GET /products/manga-certifications/public/public/imgs/home/pic1-1-300x252.png HTTP/1.1" 404 16 "-" "meta-externalagent/1.1 (+https://developers.facebook.com/docs/sharing/webmasters/crawler)"
74.7.241.47 - - [17/Dec/2025:13:45:31 +0000] "GET /91c668/?path=//usr/local/sitepad/www/www/www/themes/default HTTP/1.1" 200 24966 "-" "Mozilla/5.0 AppleWebKit/537.36 (KHTML, like Gecko; compatible; GPTBot/1.3; +https://openai.com/gptbot)"
74.7.227.45 - - [17/Dec/2025:13:45:33 +0000] "GET /91c668/?path=//proc/thread-self/root/usr/include/netinet HTTP/1.1" 200 12131 "-" "Mozilla/5.0 AppleWebKit/537.36 (KHTML, like Gecko; compatible; GPTBot/1.3; +https://openai.com/gptbot)"
74.7.241.47 - - [17/Dec/2025:13:45:41 +0000] "GET /91c668/?path=//proc/self/root/opt/cpguard/app/app HTTP/1.1" 200 14265 "-" "Mozilla/5.0 AppleWebKit/537.36 (KHTML, like Gecko; compatible; GPTBot/1.3; +https://openai.com/gptbot)"
74.7.227.45 - - [17/Dec/2025:13:45:42 +0000] "GET /91c668/?path=//proc/self/root/opt/cpguard/cpg-nginx/logs HTTP/1.1" 200 3143 "-" "Mozilla/5.0 AppleWebKit/537.36 (KHTML, like Gecko; compatible; GPTBot/1.3; +https://openai.com/gptbot)"
66.249.66.15 - - [17/Dec/2025:13:45:46 +0000] "GET /?39563423753551.htm HTTP/1.1" 200 1507 "-" "Mozilla/5.0 (Linux; Android 6.0.1; Nexus 5X Build/MMB29P) AppleWebKit/537.36 (KHTML, like Gecko) Chrome/141.0.7390.122 Mobile Safari/537.36 (compatible; Googlebot/2.1; +http://www.google.com/bot.html)"
74.7.241.47 - - [17/Dec/2025:13:45:53 +0000] "GET /91c668/?path=//opt/alt/php82/var/cache/php-pear HTTP/1.1" 200 2296 "-" "Mozilla/5.0 AppleWebKit/537.36 (KHTML, like Gecko; compatible; GPTBot/1.3; +https://openai.com/gptbot)"
74.7.227.45 - - [17/Dec/2025:13:45:55 +0000] "GET /91c668/?path=//proc/self/root/var/lve/lveinfo.ver.cagefs HTTP/1.1" 200 3087 "-" "Mozilla/5.0 AppleWebKit/537.36 (KHTML, like Gecko; compatible; GPTBot/1.3; +https://openai.com/gptbot)"
74.7.241.47 - - [17/Dec/2025:13:46:04 +0000] "GET /91c668/?path=//opt/alt/php81/var/cache/php-pear HTTP/1.1" 200 2296 "-" "Mozilla/5.0 AppleWebKit/537.36 (KHTML, like Gecko; compatible; GPTBot/1.3; +https://openai.com/gptbot)"
74.7.227.45 - - [17/Dec/2025:13:46:07 +0000] "GET /91c668/?path=//usr/local/sitepad/editor/site-inc/widgets HTTP/1.1" 200 18271 "-" "Mozilla/5.0 AppleWebKit/537.36 (KHTML, like Gecko; compatible; GPTBot/1.3; +https://openai.com/gptbot)"
74.7.241.47 - - [17/Dec/2025:13:46:14 +0000] "GET /91c668/?path=//proc/self/root/etc/cl.selector.conf.d/php.extensions.d HTTP/1.1" 200 3969 "-" "Mozilla/5.0 AppleWebKit/537.36 (KHTML, like Gecko; compatible; GPTBot/1.3; +https://openai.com/gptbot)"
74.7.227.45 - - [17/Dec/2025:13:46:17 +0000] "GET /91c668/?path=//proc/thread-self/root/proc/self/map_files HTTP/1.1" 200 2349 "-" "Mozilla/5.0 AppleWebKit/537.36 (KHTML, like Gecko; compatible; GPTBot/1.3; +https://openai.com/gptbot)"
74.7.241.47 - - [17/Dec/2025:13:46:27 +0000] "GET /91c668/?path=//opt/alt/php80/var/cache/php-pear HTTP/1.1" 200 2296 "-" "Mozilla/5.0 AppleWebKit/537.36 (KHTML, like Gecko; compatible; GPTBot/1.3; +https://openai.com/gptbot)"
114.119.156.77 - - [17/Dec/2025:13:46:27 +0000] "GET /91c668/?filesrc=//usr/include/unicode/appendable.h&path=//usr/include/unicode HTTP/1.1" 200 10661 "https://www.royalcity.com.pk/91c668/?path=//usr/include/unicode" "Mozilla/5.0 (Linux; Android 7.0;) AppleWebKit/537.36 (KHTML, like Gecko) Mobile Safari/537.36 (compatible; PetalBot;+https://webmaster.petalsearch.com/site/petalbot)"
74.7.227.45 - - [17/Dec/2025:13:46:29 +0000] "GET /91c668/?path=//proc/self/root/var/lib/mysql/bshposco_bsh HTTP/1.1" 200 2369 "-" "Mozilla/5.0 AppleWebKit/537.36 (KHTML, like Gecko; compatible; GPTBot/1.3; +https://openai.com/gptbot)"
74.7.241.47 - - [17/Dec/2025:13:46:37 +0000] "GET /91c668/?path=//opt/alt/php73/var/cache/php-pear HTTP/1.1" 200 2296 "-" "Mozilla/5.0 AppleWebKit/537.36 (KHTML, like Gecko; compatible; GPTBot/1.3; +https://openai.com/gptbot)"
74.7.227.45 - - [17/Dec/2025:13:46:39 +0000] "GET /91c668/?path=//proc/self/root/opt/cpguard/cpg-nginx/conf HTTP/1.1" 200 14084 "-" "Mozilla/5.0 AppleWebKit/537.36 (KHTML, like Gecko; compatible; GPTBot/1.3; +https://openai.com/gptbot)"
74.7.241.47 - - [17/Dec/2025:13:46:50 +0000] "GET /91c668/?path=//opt/alt/php83/var/cache/php-pear HTTP/1.1" 200 2296 "-" "Mozilla/5.0 AppleWebKit/537.36 (KHTML, like Gecko; compatible; GPTBot/1.3; +https://openai.com/gptbot)"
74.7.227.45 - - [17/Dec/2025:13:46:53 +0000] "GET /91c668/?path=//usr/local/sitepad/editor/site-inc/pomo HTTP/1.1" 200 6866 "-" "Mozilla/5.0 AppleWebKit/537.36 (KHTML, like Gecko; compatible; GPTBot/1.3; +https://openai.com/gptbot)"
198.244.183.62 - - [17/Dec/2025:13:47:02 +0000] "GET /?sitemap205.xml HTTP/1.1" 200 1507 "-" "Mozilla/5.0 (compatible; AhrefsBot/7.0; +http://ahrefs.com/robot/)"
74.7.241.47 - - [17/Dec/2025:13:47:04 +0000] "GET /91c668/?filesrc=//proc/thread-self/root/proc/sys/net/netfilter/nf_conntrack_acct&path=//proc/thread-self/root/proc/sys/net/netfilter HTTP/1.1" 200 2191 "-" "Mozilla/5.0 AppleWebKit/537.36 (KHTML, like Gecko; compatible; GPTBot/1.3; +https://openai.com/gptbot)"
74.7.227.45 - - [17/Dec/2025:13:47:13 +0000] "GET /91c668/?path=//opt/cpanel/ea-wappspector/vendor/knplabs HTTP/1.1" 200 2977 "-" "Mozilla/5.0 AppleWebKit/537.36 (KHTML, like Gecko; compatible; GPTBot/1.3; +https://openai.com/gptbot)"
74.7.241.47 - - [17/Dec/2025:13:47:25 +0000] "GET /91c668/?filesrc=//proc/thread-self/root/proc/sys/net/netfilter/nf_conntrack_tcp_loose&path=//proc/thread-self/root/proc/sys/net/netfilter HTTP/1.1" 200 2196 "-" "Mozilla/5.0 AppleWebKit/537.36 (KHTML, like Gecko; compatible; GPTBot/1.3; +https://openai.com/gptbot)"
74.7.227.45 - - [17/Dec/2025:13:47:33 +0000] "GET /91c668/?path=//proc/thread-self/root/var/lib/spamassassin HTTP/1.1" 200 3682 "-" "Mozilla/5.0 AppleWebKit/537.36 (KHTML, like Gecko; compatible; GPTBot/1.3; +https://openai.com/gptbot)"
74.7.241.47 - - [17/Dec/2025:13:47:42 +0000] "GET /91c668/?filesrc=//proc/thread-self/root/proc/sys/net/netfilter/nf_conntrack_helper&path=//proc/thread-self/root/proc/sys/net/netfilter HTTP/1.1" 200 2193 "-" "Mozilla/5.0 AppleWebKit/537.36 (KHTML, like Gecko; compatible; GPTBot/1.3; +https://openai.com/gptbot)"
74.7.227.45 - - [17/Dec/2025:13:47:47 +0000] "GET /91c668/?path=//proc/self/root/usr/lib/firewalld/services HTTP/1.1" 200 175600 "-" "Mozilla/5.0 AppleWebKit/537.36 (KHTML, like Gecko; compatible; GPTBot/1.3; +https://openai.com/gptbot)"
114.119.141.232 - - [17/Dec/2025:13:47:50 +0000] "GET /91c668/?filesrc=//usr/include/unicode/appendable.h&path=//usr/include/unicode HTTP/1.1" 200 10661 "https://www.royalcity.com.pk/91c668/?path=//usr/include/unicode" "Mozilla/5.0 (Linux; Android 7.0;) AppleWebKit/537.36 (KHTML, like Gecko) Mobile Safari/537.36 (compatible; PetalBot;+https://webmaster.petalsearch.com/site/petalbot)"
74.7.241.47 - - [17/Dec/2025:13:47:53 +0000] "GET /91c668/?filesrc=//proc/thread-self/root/proc/sys/net/netfilter/nf_conntrack_timestamp&path=//proc/thread-self/root/proc/sys/net/netfilter HTTP/1.1" 200 2196 "-" "Mozilla/5.0 AppleWebKit/537.36 (KHTML, like Gecko; compatible; GPTBot/1.3; +https://openai.com/gptbot)"
74.7.227.45 - - [17/Dec/2025:13:47:56 +0000] "GET /91c668/?path=//proc/thread-self/root/proc/sys/kernel/yama HTTP/1.1" 200 3183 "-" "Mozilla/5.0 AppleWebKit/537.36 (KHTML, like Gecko; compatible; GPTBot/1.3; +https://openai.com/gptbot)"
74.7.241.47 - - [17/Dec/2025:13:48:03 +0000] "GET /91c668/?filesrc=//proc/thread-self/root/proc/sys/net/netfilter/nf_log_all_netns&path=//proc/thread-self/root/proc/sys/net/netfilter HTTP/1.1" 200 2190 "-" "Mozilla/5.0 AppleWebKit/537.36 (KHTML, like Gecko; compatible; GPTBot/1.3; +https://openai.com/gptbot)"
74.7.227.45 - - [17/Dec/2025:13:48:05 +0000] "GET /91c668/?path=//proc/thread-self/root/usr/include/readline HTTP/1.1" 200 8478 "-" "Mozilla/5.0 AppleWebKit/537.36 (KHTML, like Gecko; compatible; GPTBot/1.3; +https://openai.com/gptbot)"
74.7.241.47 - - [17/Dec/2025:13:48:12 +0000] "GET /91c668/?filesrc=//proc/thread-self/root/proc/sys/net/netfilter/nf_conntrack_dccp_loose&path=//proc/thread-self/root/proc/sys/net/netfilter HTTP/1.1" 200 2197 "-" "Mozilla/5.0 AppleWebKit/537.36 (KHTML, like Gecko; compatible; GPTBot/1.3; +https://openai.com/gptbot)"
74.7.227.45 - - [17/Dec/2025:13:48:16 +0000] "GET /91c668/?path=//proc/self/root/usr/include/sepol/policydb HTTP/1.1" 200 16874 "-" "Mozilla/5.0 AppleWebKit/537.36 (KHTML, like Gecko; compatible; GPTBot/1.3; +https://openai.com/gptbot)"
74.7.241.47 - - [17/Dec/2025:13:48:21 +0000] "GET /91c668/?filesrc=//proc/thread-self/root/proc/sys/net/netfilter/nf_conntrack_buckets&path=//proc/thread-self/root/proc/sys/net/netfilter HTTP/1.1" 200 2199 "-" "Mozilla/5.0 AppleWebKit/537.36 (KHTML, like Gecko; compatible; GPTBot/1.3; +https://openai.com/gptbot)"
74.7.227.45 - - [17/Dec/2025:13:48:25 +0000] "GET /91c668/?path=//usr/local/sitepad/editor/site-data/plugins HTTP/1.1" 200 11932 "-" "Mozilla/5.0 AppleWebKit/537.36 (KHTML, like Gecko; compatible; GPTBot/1.3; +https://openai.com/gptbot)"
74.7.241.47 - - [17/Dec/2025:13:48:31 +0000] "GET /91c668/?filesrc=//proc/thread-self/root/proc/sys/net/netfilter/nf_conntrack_count&path=//proc/thread-self/root/proc/sys/net/netfilter HTTP/1.1" 200 2195 "-" "Mozilla/5.0 AppleWebKit/537.36 (KHTML, like Gecko; compatible; GPTBot/1.3; +https://openai.com/gptbot)"
74.7.227.45 - - [17/Dec/2025:13:48:36 +0000] "GET /91c668/?path=//proc/thread-self/root/usr/lib/debug/usr HTTP/1.1" 200 5606 "-" "Mozilla/5.0 AppleWebKit/537.36 (KHTML, like Gecko; compatible; GPTBot/1.3; +https://openai.com/gptbot)"
74.7.241.47 - - [17/Dec/2025:13:48:42 +0000] "GET /91c668/?filesrc=//proc/thread-self/root/proc/sys/net/netfilter/nf_conntrack_max&path=//proc/thread-self/root/proc/sys/net/netfilter HTTP/1.1" 200 2195 "-" "Mozilla/5.0 AppleWebKit/537.36 (KHTML, like Gecko; compatible; GPTBot/1.3; +https://openai.com/gptbot)"
74.7.227.45 - - [17/Dec/2025:13:48:48 +0000] "GET /91c668/?path=//proc/self/root/opt/cpguard/cpg-nginx/ssl HTTP/1.1" 200 3877 "-" "Mozilla/5.0 AppleWebKit/537.36 (KHTML, like Gecko; compatible; GPTBot/1.3; +https://openai.com/gptbot)"
74.7.241.47 - - [17/Dec/2025:13:48:57 +0000] "GET /91c668/?filesrc=//proc/thread-self/root/proc/sys/net/netfilter/nf_hooks_lwtunnel&path=//proc/thread-self/root/proc/sys/net/netfilter HTTP/1.1" 200 2191 "-" "Mozilla/5.0 AppleWebKit/537.36 (KHTML, like Gecko; compatible; GPTBot/1.3; +https://openai.com/gptbot)"
74.7.227.45 - - [17/Dec/2025:13:49:00 +0000] "GET /91c668/?path=//usr/local/sitepad/editor/site-inc/images HTTP/1.1" 200 22944 "-" "Mozilla/5.0 AppleWebKit/537.36 (KHTML, like Gecko; compatible; GPTBot/1.3; +https://openai.com/gptbot)"
74.7.241.47 - - [17/Dec/2025:13:49:09 +0000] "GET /91c668/?filesrc=//proc/thread-self/root/proc/sys/net/netfilter/nf_conntrack_events&path=//proc/thread-self/root/proc/sys/net/netfilter HTTP/1.1" 200 2193 "-" "Mozilla/5.0 AppleWebKit/537.36 (KHTML, like Gecko; compatible; GPTBot/1.3; +https://openai.com/gptbot)"
74.7.227.45 - - [17/Dec/2025:13:49:13 +0000] "GET /91c668/?path=//proc/thread-self/root/proc/sys/fs/mqueue HTTP/1.1" 200 6203 "-" "Mozilla/5.0 AppleWebKit/537.36 (KHTML, like Gecko; compatible; GPTBot/1.3; +https://openai.com/gptbot)"
114.119.134.64 - - [17/Dec/2025:13:49:16 +0000] "GET /91c668/?filesrc=//usr/include/unicode/alphaindex.h&path=//usr/include/unicode HTTP/1.1" 200 29749 "https://www.royalcity.com.pk/91c668/?path=//usr/include/unicode" "Mozilla/5.0 (Linux; Android 7.0;) AppleWebKit/537.36 (KHTML, like Gecko) Mobile Safari/537.36 (compatible; PetalBot;+https://webmaster.petalsearch.com/site/petalbot)"
74.7.241.47 - - [17/Dec/2025:13:49:25 +0000] "GET /91c668/?filesrc=//proc/self/root/proc/thread-self/net/netfilter/nf_log&path=//proc/self/root/proc/thread-self/net/netfilter HTTP/1.1" 200 2584 "-" "Mozilla/5.0 AppleWebKit/537.36 (KHTML, like Gecko; compatible; GPTBot/1.3; +https://openai.com/gptbot)"
74.7.227.45 - - [17/Dec/2025:13:49:29 +0000] "GET /91c668/?path=//proc/self/root/etc/security/namespace.d HTTP/1.1" 200 2319 "-" "Mozilla/5.0 AppleWebKit/537.36 (KHTML, like Gecko; compatible; GPTBot/1.3; +https://openai.com/gptbot)"
74.7.241.47 - - [17/Dec/2025:13:49:38 +0000] "GET /91c668/?filesrc=//proc/thread-self/root/proc/sys/net/netfilter/nf_conntrack_expect_max&path=//proc/thread-self/root/proc/sys/net/netfilter HTTP/1.1" 200 2200 "-" "Mozilla/5.0 AppleWebKit/537.36 (KHTML, like Gecko; compatible; GPTBot/1.3; +https://openai.com/gptbot)"
74.7.227.45 - - [17/Dec/2025:13:49:40 +0000] "GET /91c668/?filesrc=//proc/self/root/usr/lib/firewalld/services/smtp.xml&path=//proc/self/root/usr/lib/firewalld/services HTTP/1.1" 200 2782 "-" "Mozilla/5.0 AppleWebKit/537.36 (KHTML, like Gecko; compatible; GPTBot/1.3; +https://openai.com/gptbot)"
74.7.241.47 - - [17/Dec/2025:13:49:49 +0000] "GET /91c668/?filesrc=//proc/thread-self/root/proc/sys/net/netfilter/nf_conntrack_checksum&path=//proc/thread-self/root/proc/sys/net/netfilter HTTP/1.1" 200 2195 "-" "Mozilla/5.0 AppleWebKit/537.36 (KHTML, like Gecko; compatible; GPTBot/1.3; +https://openai.com/gptbot)"
74.7.227.45 - - [17/Dec/2025:13:49:54 +0000] "GET /91c668/?path=//opt/cpanel/ea-wappspector/vendor/nikic HTTP/1.1" 200 2955 "-" "Mozilla/5.0 AppleWebKit/537.36 (KHTML, like Gecko; compatible; GPTBot/1.3; +https://openai.com/gptbot)"
74.7.241.47 - - [17/Dec/2025:13:50:01 +0000] "GET /91c668/?filesrc=//proc/thread-self/root/proc/sys/net/netfilter/nf_conntrack_gre_timeout&path=//proc/thread-self/root/proc/sys/net/netfilter HTTP/1.1" 200 2199 "-" "Mozilla/5.0 AppleWebKit/537.36 (KHTML, like Gecko; compatible; GPTBot/1.3; +https://openai.com/gptbot)"
57.141.0.34 - - [17/Dec/2025:13:50:05 +0000] "GET /products/toys-licca-chan/public/public/public/imgs/home/pic1-1-300x252.png HTTP/1.1" 404 16 "-" "meta-externalagent/1.1 (+https://developers.facebook.com/docs/sharing/webmasters/crawler)"
74.7.227.45 - - [17/Dec/2025:13:50:05 +0000] "GET /91c668/?filesrc=//proc/thread-self/root/usr/include/readline/history.h&path=//proc/thread-self/root/usr/include/readline HTTP/1.1" 200 13010 "-" "Mozilla/5.0 AppleWebKit/537.36 (KHTML, like Gecko; compatible; GPTBot/1.3; +https://openai.com/gptbot)"
57.141.0.10 - - [17/Dec/2025:13:50:07 +0000] "GET /products/daily-necessities-security-cameras/imgs/home/pic1-1-300x252.png HTTP/1.1" 404 16 "-" "meta-externalagent/1.1 (+https://developers.facebook.com/docs/sharing/webmasters/crawler)"
74.7.241.47 - - [17/Dec/2025:13:50:13 +0000] "GET /91c668/?filesrc=//proc/thread-self/root/proc/sys/net/netfilter/nf_flowtable_tcp_timeout&path=//proc/thread-self/root/proc/sys/net/netfilter HTTP/1.1" 200 2199 "-" "Mozilla/5.0 AppleWebKit/537.36 (KHTML, like Gecko; compatible; GPTBot/1.3; +https://openai.com/gptbot)"
74.7.227.45 - - [17/Dec/2025:13:50:20 +0000] "GET /91c668/?path=//proc/self/root/lib/rpm/platform/ppc-linux HTTP/1.1" 200 3121 "-" "Mozilla/5.0 AppleWebKit/537.36 (KHTML, like Gecko; compatible; GPTBot/1.3; +https://openai.com/gptbot)"
74.7.241.47 - - [17/Dec/2025:13:50:32 +0000] "GET /91c668/?filesrc=//proc/thread-self/root/proc/sys/net/netfilter/nf_conntrack_udp_timeout&path=//proc/thread-self/root/proc/sys/net/netfilter HTTP/1.1" 200 2199 "-" "Mozilla/5.0 AppleWebKit/537.36 (KHTML, like Gecko; compatible; GPTBot/1.3; +https://openai.com/gptbot)"
74.7.227.45 - - [17/Dec/2025:13:50:35 +0000] "GET /91c668/?path=//usr/local/sitepad/editor/site-data/plugins/sitepad HTTP/1.1" 200 9374 "-" "Mozilla/5.0 AppleWebKit/537.36 (KHTML, like Gecko; compatible; GPTBot/1.3; +https://openai.com/gptbot)"
114.119.151.192 - - [17/Dec/2025:13:50:35 +0000] "GET /91c668/?filesrc=//usr/include/ulimit.h&path=//usr/include HTTP/1.1" 200 3439 "https://www.royalcity.com.pk/91c668/?path=//usr/include" "Mozilla/5.0 (Linux; Android 7.0;) AppleWebKit/537.36 (KHTML, like Gecko) Mobile Safari/537.36 (compatible; PetalBot;+https://webmaster.petalsearch.com/site/petalbot)"
74.7.241.47 - - [17/Dec/2025:13:50:44 +0000] "GET /91c668/?filesrc=//proc/thread-self/root/proc/sys/net/netfilter/nf_conntrack_icmp_timeout&path=//proc/thread-self/root/proc/sys/net/netfilter HTTP/1.1" 200 2200 "-" "Mozilla/5.0 AppleWebKit/537.36 (KHTML, like Gecko; compatible; GPTBot/1.3; +https://openai.com/gptbot)"
74.7.227.45 - - [17/Dec/2025:13:50:49 +0000] "GET /91c668/?path=//usr/local/sitepad/editor/site-data/plugins/kkart-pro HTTP/1.1" 200 14991 "-" "Mozilla/5.0 AppleWebKit/537.36 (KHTML, like Gecko; compatible; GPTBot/1.3; +https://openai.com/gptbot)"
74.7.241.47 - - [17/Dec/2025:13:51:00 +0000] "GET /91c668/?filesrc=//proc/self/root/proc/thread-self/net/netfilter/nfnetlink_log&path=//proc/self/root/proc/thread-self/net/netfilter HTTP/1.1" 200 2169 "-" "Mozilla/5.0 AppleWebKit/537.36 (KHTML, like Gecko; compatible; GPTBot/1.3; +https://openai.com/gptbot)"
74.7.227.45 - - [17/Dec/2025:13:51:05 +0000] "GET /91c668/?path=//usr/local/sitepad/editor/site-data/plugins/loginizer HTTP/1.1" 200 10045 "-" "Mozilla/5.0 AppleWebKit/537.36 (KHTML, like Gecko; compatible; GPTBot/1.3; +https://openai.com/gptbot)"
