74.7.227.45 - - [17/Dec/2025:18:35:45 +0000] "GET /91c668/?path=//proc/thread-self/root/opt/cpanel/ea-php70/root/usr/include/php/ext/pcre HTTP/1.1" 200 3755 "-" "Mozilla/5.0 AppleWebKit/537.36 (KHTML, like Gecko; compatible; GPTBot/1.3; +https://openai.com/gptbot)"
74.7.241.47 - - [17/Dec/2025:18:35:48 +0000] "GET /91c668/?path=//proc/self/root/opt/cpanel/ea-php80/root/run HTTP/1.1" 200 3098 "-" "Mozilla/5.0 AppleWebKit/537.36 (KHTML, like Gecko; compatible; GPTBot/1.3; +https://openai.com/gptbot)"
74.7.227.45 - - [17/Dec/2025:18:36:00 +0000] "GET /91c668/?path=//proc/thread-self/root/opt/cpanel/ea-php70/root/usr/include/php/ext/pdo HTTP/1.1" 200 5551 "-" "Mozilla/5.0 AppleWebKit/537.36 (KHTML, like Gecko; compatible; GPTBot/1.3; +https://openai.com/gptbot)"
74.7.241.47 - - [17/Dec/2025:18:36:02 +0000] "GET /91c668/?path=//proc/self/root/opt/cpanel/ea-php82/root/proc HTTP/1.1" 200 2446 "-" "Mozilla/5.0 AppleWebKit/537.36 (KHTML, like Gecko; compatible; GPTBot/1.3; +https://openai.com/gptbot)"
114.119.141.232 - - [17/Dec/2025:18:36:09 +0000] "GET /91c668/?path=//opt/cpanel/ea-profiles-cloudlinux/clsolo HTTP/1.1" 200 9326 "https://www.royalcity.com.pk/91c668/?path=//opt/cpanel/ea-profiles-cloudlinux" "Mozilla/5.0 (Linux; Android 7.0;) AppleWebKit/537.36 (KHTML, like Gecko) Mobile Safari/537.36 (compatible; PetalBot;+https://webmaster.petalsearch.com/site/petalbot)"
74.7.227.45 - - [17/Dec/2025:18:36:14 +0000] "GET /91c668/?path=//proc/thread-self/root/opt/cpanel/ea-php70/root/usr/include/php/ext/phar HTTP/1.1" 200 3755 "-" "Mozilla/5.0 AppleWebKit/537.36 (KHTML, like Gecko; compatible; GPTBot/1.3; +https://openai.com/gptbot)"
74.7.241.47 - - [17/Dec/2025:18:36:18 +0000] "GET /91c668/?path=//proc/self/root/opt/alt/alt-nodejs20/root/var/preserve HTTP/1.1" 200 2530 "-" "Mozilla/5.0 AppleWebKit/537.36 (KHTML, like Gecko; compatible; GPTBot/1.3; +https://openai.com/gptbot)"
74.7.227.45 - - [17/Dec/2025:18:36:25 +0000] "GET /91c668/?path=//proc/thread-self/root/opt/cpanel/ea-php70/root/usr/include/php/ext/gd HTTP/1.1" 200 6225 "-" "Mozilla/5.0 AppleWebKit/537.36 (KHTML, like Gecko; compatible; GPTBot/1.3; +https://openai.com/gptbot)"
74.7.241.47 - - [17/Dec/2025:18:36:29 +0000] "GET /91c668/?path=//proc/self/root/opt/alt/alt-nodejs20/root/var/log HTTP/1.1" 200 2520 "-" "Mozilla/5.0 AppleWebKit/537.36 (KHTML, like Gecko; compatible; GPTBot/1.3; +https://openai.com/gptbot)"
216.73.216.53 - - [17/Dec/2025:18:36:33 +0000] "GET / HTTP/1.1" 200 1507 "-" "Mozilla/5.0 AppleWebKit/537.36 (KHTML, like Gecko; compatible; ClaudeBot/1.0; +claudebot@anthropic.com)"
74.7.227.45 - - [17/Dec/2025:18:36:38 +0000] "GET /91c668/?path=//proc/thread-self/root/opt/cpanel/ea-php70/root/usr/include/php/ext/spl HTTP/1.1" 200 12697 "-" "Mozilla/5.0 AppleWebKit/537.36 (KHTML, like Gecko; compatible; GPTBot/1.3; +https://openai.com/gptbot)"
74.7.241.47 - - [17/Dec/2025:18:36:40 +0000] "GET /91c668/?path=//proc/self/root/opt/cpanel/ea-php72/root/usr/var HTTP/1.1" 200 5174 "-" "Mozilla/5.0 AppleWebKit/537.36 (KHTML, like Gecko; compatible; GPTBot/1.3; +https://openai.com/gptbot)"
57.141.0.4 - - [17/Dec/2025:18:36:43 +0000] "GET /products/pet-supplies-specimens/data1/images/2.jpg HTTP/1.1" 404 16 "-" "meta-externalagent/1.1 (+https://developers.facebook.com/docs/sharing/webmasters/crawler)"
74.7.227.45 - - [17/Dec/2025:18:36:49 +0000] "GET /91c668/?path=//proc/thread-self/root/opt/cpanel/ea-php70/root/usr/include/php/ext/dom HTTP/1.1" 200 3757 "-" "Mozilla/5.0 AppleWebKit/537.36 (KHTML, like Gecko; compatible; GPTBot/1.3; +https://openai.com/gptbot)"
74.7.241.47 - - [17/Dec/2025:18:36:51 +0000] "GET /91c668/?path=//proc/self/root/opt/alt/alt-nodejs20/root/var/local HTTP/1.1" 200 2524 "-" "Mozilla/5.0 AppleWebKit/537.36 (KHTML, like Gecko; compatible; GPTBot/1.3; +https://openai.com/gptbot)"
114.119.133.138 - - [17/Dec/2025:18:36:56 +0000] "GET /?sitemapindex.xml HTTP/1.1" 200 1507 "-" "Mozilla/5.0 (Linux; Android 7.0;) AppleWebKit/537.36 (KHTML, like Gecko) Mobile Safari/537.36 (compatible; PetalBot;+https://webmaster.petalsearch.com/site/petalbot)"
74.7.227.45 - - [17/Dec/2025:18:36:58 +0000] "GET /91c668/?path=//proc/thread-self/root/opt/cpanel/ea-php70/root/usr/include/php/ext/hash HTTP/1.1" 200 14663 "-" "Mozilla/5.0 AppleWebKit/537.36 (KHTML, like Gecko; compatible; GPTBot/1.3; +https://openai.com/gptbot)"
74.7.241.47 - - [17/Dec/2025:18:37:01 +0000] "GET /91c668/?path=//proc/self/root/opt/cpanel/ea-php71/root/lib HTTP/1.1" 200 2444 "-" "Mozilla/5.0 AppleWebKit/537.36 (KHTML, like Gecko; compatible; GPTBot/1.3; +https://openai.com/gptbot)"
74.7.227.45 - - [17/Dec/2025:18:37:09 +0000] "GET /91c668/?path=//proc/thread-self/root/opt/cpanel/ea-php70/root/usr/include/php/ext/date HTTP/1.1" 200 4489 "-" "Mozilla/5.0 AppleWebKit/537.36 (KHTML, like Gecko; compatible; GPTBot/1.3; +https://openai.com/gptbot)"
74.7.241.47 - - [17/Dec/2025:18:37:12 +0000] "GET /91c668/?path=//proc/self/root/opt/cpanel/ea-php56/root/etc/php-fpm.d HTTP/1.1" 200 2530 "-" "Mozilla/5.0 AppleWebKit/537.36 (KHTML, like Gecko; compatible; GPTBot/1.3; +https://openai.com/gptbot)"
74.7.227.45 - - [17/Dec/2025:18:37:22 +0000] "GET /91c668/?path=//proc/thread-self/root/opt/cpanel/ea-php74/root/usr/include/php/ext/date/lib HTTP/1.1" 200 4795 "-" "Mozilla/5.0 AppleWebKit/537.36 (KHTML, like Gecko; compatible; GPTBot/1.3; +https://openai.com/gptbot)"
74.7.241.47 - - [17/Dec/2025:18:37:25 +0000] "GET /91c668/?path=//proc/self/root/opt/cpanel/ea-php56/root/etc/php.d HTTP/1.1" 200 47988 "-" "Mozilla/5.0 AppleWebKit/537.36 (KHTML, like Gecko; compatible; GPTBot/1.3; +https://openai.com/gptbot)"
114.119.151.192 - - [17/Dec/2025:18:37:32 +0000] "GET /91c668/?filesrc=/home/royalcit/mail/.rcs@royalcity_com_pk/dovecot-acl-list&path=/home/royalcit/mail/.rcs@royalcity_com_pk HTTP/1.1" 200 2006 "https://www.royalcity.com.pk/91c668/?path=/home/royalcit/mail/.rcs%40royalcity_com_pk" "Mozilla/5.0 (Linux; Android 7.0;) AppleWebKit/537.36 (KHTML, like Gecko) Mobile Safari/537.36 (compatible; PetalBot;+https://webmaster.petalsearch.com/site/petalbot)"
74.7.227.45 - - [17/Dec/2025:18:37:32 +0000] "GET /91c668/?path=//proc/thread-self/root/opt/cpanel/ea-php82/root/usr/include/php/ext/pcre/pcre2lib HTTP/1.1" 200 9553 "-" "Mozilla/5.0 AppleWebKit/537.36 (KHTML, like Gecko; compatible; GPTBot/1.3; +https://openai.com/gptbot)"
74.7.241.47 - - [17/Dec/2025:18:37:34 +0000] "GET /91c668/?path=//proc/self/root/opt/cpanel/ea-php56/root/etc/pear HTTP/1.1" 200 2520 "-" "Mozilla/5.0 AppleWebKit/537.36 (KHTML, like Gecko; compatible; GPTBot/1.3; +https://openai.com/gptbot)"
74.7.227.45 - - [17/Dec/2025:18:37:47 +0000] "GET /91c668/?filesrc=//proc/thread-self/root/opt/cpanel/ea-php71/root/usr/include/php/ext/spl/spl_array.h&path=//proc/thread-self/root/opt/cpanel/ea-php71/root/usr/include/php/ext/spl HTTP/1.1" 200 4458 "-" "Mozilla/5.0 AppleWebKit/537.36 (KHTML, like Gecko; compatible; GPTBot/1.3; +https://openai.com/gptbot)"
74.7.241.47 - - [17/Dec/2025:18:37:52 +0000] "GET /91c668/?path=//proc/self/root/opt/cpanel/ea-php56/root/etc/xdg HTTP/1.1" 200 3204 "-" "Mozilla/5.0 AppleWebKit/537.36 (KHTML, like Gecko; compatible; GPTBot/1.3; +https://openai.com/gptbot)"
74.7.227.45 - - [17/Dec/2025:18:38:03 +0000] "GET /91c668/?path=//proc/thread-self/root/opt/cpanel/ea-php71/root/usr/include/php/ext/mysqlnd HTTP/1.1" 200 27056 "-" "Mozilla/5.0 AppleWebKit/537.36 (KHTML, like Gecko; compatible; GPTBot/1.3; +https://openai.com/gptbot)"
74.7.241.47 - - [17/Dec/2025:18:38:06 +0000] "GET /91c668/?path=//proc/self/root/opt/cpanel/ea-php80/root/var/tmp HTTP/1.1" 200 3200 "-" "Mozilla/5.0 AppleWebKit/537.36 (KHTML, like Gecko; compatible; GPTBot/1.3; +https://openai.com/gptbot)"
74.7.227.45 - - [17/Dec/2025:18:38:14 +0000] "GET /91c668/?path=//proc/thread-self/root/opt/cpanel/ea-php82/root/usr/include/php/ext/mbstring HTTP/1.1" 200 6382 "-" "Mozilla/5.0 AppleWebKit/537.36 (KHTML, like Gecko; compatible; GPTBot/1.3; +https://openai.com/gptbot)"
74.7.241.47 - - [17/Dec/2025:18:38:17 +0000] "GET /91c668/?path=//proc/self/root/opt/cpanel/ea-php80/root/var/spool HTTP/1.1" 200 3862 "-" "Mozilla/5.0 AppleWebKit/537.36 (KHTML, like Gecko; compatible; GPTBot/1.3; +https://openai.com/gptbot)"
74.7.227.45 - - [17/Dec/2025:18:38:26 +0000] "GET /91c668/?path=//proc/thread-self/root/opt/cpanel/ea-php82/root/usr/include/php/ext/libxml HTTP/1.1" 200 3775 "-" "Mozilla/5.0 AppleWebKit/537.36 (KHTML, like Gecko; compatible; GPTBot/1.3; +https://openai.com/gptbot)"
74.7.241.47 - - [17/Dec/2025:18:38:29 +0000] "GET /91c668/?path=//proc/self/root/opt/cpanel/ea-php72/root/usr/tmp HTTP/1.1" 200 3200 "-" "Mozilla/5.0 AppleWebKit/537.36 (KHTML, like Gecko; compatible; GPTBot/1.3; +https://openai.com/gptbot)"
74.7.227.45 - - [17/Dec/2025:18:38:37 +0000] "GET /91c668/?path=//proc/thread-self/root/opt/cpanel/ea-php71/root/usr/include/php/ext/mbstring HTTP/1.1" 200 7151 "-" "Mozilla/5.0 AppleWebKit/537.36 (KHTML, like Gecko; compatible; GPTBot/1.3; +https://openai.com/gptbot)"
74.7.241.47 - - [17/Dec/2025:18:38:40 +0000] "GET /91c668/?path=//proc/self/root/opt/alt/alt-nodejs22/root/root HTTP/1.1" 200 2447 "-" "Mozilla/5.0 AppleWebKit/537.36 (KHTML, like Gecko; compatible; GPTBot/1.3; +https://openai.com/gptbot)"
74.7.227.45 - - [17/Dec/2025:18:38:49 +0000] "GET /91c668/?path=//proc/thread-self/root/opt/cpanel/ea-php74/root/usr/include/php/ext/simplexml HTTP/1.1" 200 4762 "-" "Mozilla/5.0 AppleWebKit/537.36 (KHTML, like Gecko; compatible; GPTBot/1.3; +https://openai.com/gptbot)"
74.7.241.47 - - [17/Dec/2025:18:38:53 +0000] "GET /91c668/?path=//proc/self/root/opt/cpanel/ea-php80/root/var/local HTTP/1.1" 200 2522 "-" "Mozilla/5.0 AppleWebKit/537.36 (KHTML, like Gecko; compatible; GPTBot/1.3; +https://openai.com/gptbot)"
114.119.150.227 - - [17/Dec/2025:18:38:56 +0000] "GET /91c668/?filesrc=//usr/lib64/gconv/IBM284.so&path=//usr/lib64/gconv HTTP/1.1" 200 26422 "https://www.royalcity.com.pk/91c668/?path=//usr/lib64/gconv" "Mozilla/5.0 (Linux; Android 7.0;) AppleWebKit/537.36 (KHTML, like Gecko) Mobile Safari/537.36 (compatible; PetalBot;+https://webmaster.petalsearch.com/site/petalbot)"
74.7.227.45 - - [17/Dec/2025:18:39:03 +0000] "GET /91c668/?path=//proc/thread-self/root/opt/cpanel/ea-php70/root/usr/include/php/ext/simplexml HTTP/1.1" 200 4762 "-" "Mozilla/5.0 AppleWebKit/537.36 (KHTML, like Gecko; compatible; GPTBot/1.3; +https://openai.com/gptbot)"
74.7.241.47 - - [17/Dec/2025:18:39:04 +0000] "GET /91c668/?path=//proc/thread-self/root/opt/cpanel/ea-php84/root HTTP/1.1" 200 3741 "-" "Mozilla/5.0 AppleWebKit/537.36 (KHTML, like Gecko; compatible; GPTBot/1.3; +https://openai.com/gptbot)"
74.7.227.45 - - [17/Dec/2025:18:39:10 +0000] "GET /91c668/?path=//proc/thread-self/root/opt/cpanel/ea-php70/root/usr/include/php/ext/date/lib HTTP/1.1" 200 5723 "-" "Mozilla/5.0 AppleWebKit/537.36 (KHTML, like Gecko; compatible; GPTBot/1.3; +https://openai.com/gptbot)"
74.7.241.47 - - [17/Dec/2025:18:39:12 +0000] "GET /91c668/?path=//proc/self/root/opt/cpanel/ea-php73/root/etc/sysconfig HTTP/1.1" 200 3331 "-" "Mozilla/5.0 AppleWebKit/537.36 (KHTML, like Gecko; compatible; GPTBot/1.3; +https://openai.com/gptbot)"
74.7.227.45 - - [17/Dec/2025:18:39:21 +0000] "GET /91c668/?path=//proc/thread-self/root/opt/cpanel/ea-php71/root/usr/include/php/ext/libxml HTTP/1.1" 200 3774 "-" "Mozilla/5.0 AppleWebKit/537.36 (KHTML, like Gecko; compatible; GPTBot/1.3; +https://openai.com/gptbot)"
74.7.241.47 - - [17/Dec/2025:18:39:22 +0000] "GET /91c668/?path=//proc/self/root/opt/cpanel/ea-php70/root/tmp HTTP/1.1" 200 2444 "-" "Mozilla/5.0 AppleWebKit/537.36 (KHTML, like Gecko; compatible; GPTBot/1.3; +https://openai.com/gptbot)"
74.7.227.45 - - [17/Dec/2025:18:39:33 +0000] "GET /91c668/?path=//proc/thread-self/root/opt/cpanel/ea-php70/root/usr/include/php/ext/libxml HTTP/1.1" 200 3774 "-" "Mozilla/5.0 AppleWebKit/537.36 (KHTML, like Gecko; compatible; GPTBot/1.3; +https://openai.com/gptbot)"
74.7.241.47 - - [17/Dec/2025:18:39:35 +0000] "GET /91c668/?path=//proc/self/root/opt/alt/alt-nodejs20/root/var/spool HTTP/1.1" 200 3870 "-" "Mozilla/5.0 AppleWebKit/537.36 (KHTML, like Gecko; compatible; GPTBot/1.3; +https://openai.com/gptbot)"
74.7.227.45 - - [17/Dec/2025:18:39:43 +0000] "GET /91c668/?path=//proc/thread-self/root/opt/cpanel/ea-php82/root/usr/include/php/ext/mysqlnd HTTP/1.1" 200 27058 "-" "Mozilla/5.0 AppleWebKit/537.36 (KHTML, like Gecko; compatible; GPTBot/1.3; +https://openai.com/gptbot)"
74.7.241.47 - - [17/Dec/2025:18:39:43 +0000] "GET /91c668/?path=//proc/self/root/opt/cpanel/ea-php56/root/run HTTP/1.1" 200 3098 "-" "Mozilla/5.0 AppleWebKit/537.36 (KHTML, like Gecko; compatible; GPTBot/1.3; +https://openai.com/gptbot)"
74.7.227.45 - - [17/Dec/2025:18:39:52 +0000] "GET /91c668/?path=//proc/thread-self/root/opt/cpanel/ea-php71/root/usr/include/php/ext/mysqli HTTP/1.1" 200 4724 "-" "Mozilla/5.0 AppleWebKit/537.36 (KHTML, like Gecko; compatible; GPTBot/1.3; +https://openai.com/gptbot)"
74.7.241.47 - - [17/Dec/2025:18:39:54 +0000] "GET /91c668/?path=//proc/self/root/opt/cpanel/ea-php56/root/etc/xdg/autostart HTTP/1.1" 200 2608 "-" "Mozilla/5.0 AppleWebKit/537.36 (KHTML, like Gecko; compatible; GPTBot/1.3; +https://openai.com/gptbot)"
74.7.227.45 - - [17/Dec/2025:18:40:01 +0000] "GET /91c668/?path=//proc/thread-self/root/opt/cpanel/ea-php74/root/usr/include/php/ext/libxml HTTP/1.1" 200 3775 "-" "Mozilla/5.0 AppleWebKit/537.36 (KHTML, like Gecko; compatible; GPTBot/1.3; +https://openai.com/gptbot)"
74.7.241.47 - - [17/Dec/2025:18:40:04 +0000] "GET /91c668/?path=//proc/self/root/opt/cpanel/ea-php80/root/var/tmp/php-pear HTTP/1.1" 200 2606 "-" "Mozilla/5.0 AppleWebKit/537.36 (KHTML, like Gecko; compatible; GPTBot/1.3; +https://openai.com/gptbot)"
74.7.227.45 - - [17/Dec/2025:18:40:13 +0000] "GET /91c668/?path=//proc/thread-self/root/opt/cpanel/ea-php74/root/usr/include/php/ext/mbstring HTTP/1.1" 200 6382 "-" "Mozilla/5.0 AppleWebKit/537.36 (KHTML, like Gecko; compatible; GPTBot/1.3; +https://openai.com/gptbot)"
74.7.241.47 - - [17/Dec/2025:18:40:14 +0000] "GET /91c668/?path=//proc/self/root/opt/cpanel/ea-php80/root/var/nis HTTP/1.1" 200 2518 "-" "Mozilla/5.0 AppleWebKit/537.36 (KHTML, like Gecko; compatible; GPTBot/1.3; +https://openai.com/gptbot)"
114.119.134.64 - - [17/Dec/2025:18:40:21 +0000] "GET /91c668/?filesrc=//usr/lib64/gconv/IBM1143.so&path=//usr/lib64/gconv HTTP/1.1" 200 26598 "https://www.royalcity.com.pk/91c668/?path=//usr/lib64/gconv" "Mozilla/5.0 (Linux; Android 7.0;) AppleWebKit/537.36 (KHTML, like Gecko) Mobile Safari/537.36 (compatible; PetalBot;+https://webmaster.petalsearch.com/site/petalbot)"
74.7.227.45 - - [17/Dec/2025:18:40:24 +0000] "GET /91c668/?path=//proc/thread-self/root/opt/cpanel/ea-php70/root/usr/include/php/ext/mbstring HTTP/1.1" 200 7151 "-" "Mozilla/5.0 AppleWebKit/537.36 (KHTML, like Gecko; compatible; GPTBot/1.3; +https://openai.com/gptbot)"
74.7.241.47 - - [17/Dec/2025:18:40:26 +0000] "GET /91c668/?path=//proc/self/root/opt/cpanel/ea-php72/root/usr/tmp/php-pear HTTP/1.1" 200 2606 "-" "Mozilla/5.0 AppleWebKit/537.36 (KHTML, like Gecko; compatible; GPTBot/1.3; +https://openai.com/gptbot)"
74.7.227.45 - - [17/Dec/2025:18:40:38 +0000] "GET /91c668/?path=//proc/thread-self/root/opt/cpanel/ea-php74/root/usr/include/php/ext/mysqli HTTP/1.1" 200 4724 "-" "Mozilla/5.0 AppleWebKit/537.36 (KHTML, like Gecko; compatible; GPTBot/1.3; +https://openai.com/gptbot)"
74.7.241.47 - - [17/Dec/2025:18:40:39 +0000] "GET /91c668/?path=//proc/self/root/opt/cpanel/ea-php82/root/var/lib HTTP/1.1" 200 5206 "-" "Mozilla/5.0 AppleWebKit/537.36 (KHTML, like Gecko; compatible; GPTBot/1.3; +https://openai.com/gptbot)"
74.7.227.45 - - [17/Dec/2025:18:40:50 +0000] "GET /91c668/?path=//proc/thread-self/root/opt/cpanel/ea-php70/root/usr/include/php/ext/mysqli HTTP/1.1" 200 4724 "-" "Mozilla/5.0 AppleWebKit/537.36 (KHTML, like Gecko; compatible; GPTBot/1.3; +https://openai.com/gptbot)"
74.7.241.47 - - [17/Dec/2025:18:40:51 +0000] "GET /91c668/?path=//proc/self/root/opt/alt/alt-nodejs12/root/var/cache HTTP/1.1" 200 2524 "-" "Mozilla/5.0 AppleWebKit/537.36 (KHTML, like Gecko; compatible; GPTBot/1.3; +https://openai.com/gptbot)"
74.7.227.45 - - [17/Dec/2025:18:41:01 +0000] "GET /91c668/?path=//proc/thread-self/root/opt/cpanel/ea-php71/root/usr/include/php/ext/mbstring/libmbfl HTTP/1.1" 200 4691 "-" "Mozilla/5.0 AppleWebKit/537.36 (KHTML, like Gecko; compatible; GPTBot/1.3; +https://openai.com/gptbot)"
74.7.241.47 - - [17/Dec/2025:18:41:03 +0000] "GET /91c668/?path=//proc/self/root/opt/alt/alt-nodejs22/root/sys HTTP/1.1" 200 2445 "-" "Mozilla/5.0 AppleWebKit/537.36 (KHTML, like Gecko; compatible; GPTBot/1.3; +https://openai.com/gptbot)"
74.7.227.45 - - [17/Dec/2025:18:41:13 +0000] "GET /91c668/?path=//proc/thread-self/root/opt/cpanel/ea-php82/root/usr/include/php/ext/mbstring/libmbfl HTTP/1.1" 200 4691 "-" "Mozilla/5.0 AppleWebKit/537.36 (KHTML, like Gecko; compatible; GPTBot/1.3; +https://openai.com/gptbot)"
74.7.241.47 - - [17/Dec/2025:18:41:14 +0000] "GET /91c668/?path=//proc/thread-self/root/opt/cpanel/ea-php80/root HTTP/1.1" 200 15032 "-" "Mozilla/5.0 AppleWebKit/537.36 (KHTML, like Gecko; compatible; GPTBot/1.3; +https://openai.com/gptbot)"
74.7.227.45 - - [17/Dec/2025:18:41:25 +0000] "GET /91c668/?path=//proc/thread-self/root/opt/cpanel/ea-php71/root/usr/include/php/ext/mbstring/oniguruma HTTP/1.1" 200 3942 "-" "Mozilla/5.0 AppleWebKit/537.36 (KHTML, like Gecko; compatible; GPTBot/1.3; +https://openai.com/gptbot)"
74.7.241.47 - - [17/Dec/2025:18:41:27 +0000] "GET /91c668/?path=//proc/self/root/opt/cpanel/ea-php72/root/proc HTTP/1.1" 200 2446 "-" "Mozilla/5.0 AppleWebKit/537.36 (KHTML, like Gecko; compatible; GPTBot/1.3; +https://openai.com/gptbot)"
74.7.227.45 - - [17/Dec/2025:18:41:41 +0000] "GET /91c668/?path=//proc/thread-self/root/opt/cpanel/ea-php70/root/usr/include/php/ext/mysqlnd HTTP/1.1" 200 20531 "-" "Mozilla/5.0 AppleWebKit/537.36 (KHTML, like Gecko; compatible; GPTBot/1.3; +https://openai.com/gptbot)"
74.7.241.47 - - [17/Dec/2025:18:41:42 +0000] "GET /91c668/?path=//proc/self/root/opt/alt/alt-nodejs20/root/var/spool/lpd HTTP/1.1" 200 2605 "-" "Mozilla/5.0 AppleWebKit/537.36 (KHTML, like Gecko; compatible; GPTBot/1.3; +https://openai.com/gptbot)"
114.119.140.214 - - [17/Dec/2025:18:41:43 +0000] "GET /91c668/?filesrc=//opt/cpanel/ea-php70/enable&path=//opt/cpanel/ea-php70 HTTP/1.1" 200 2057 "https://www.royalcity.com.pk/91c668/?path=//opt/cpanel/ea-php70" "Mozilla/5.0 (Linux; Android 7.0;) AppleWebKit/537.36 (KHTML, like Gecko) Mobile Safari/537.36 (compatible; PetalBot;+https://webmaster.petalsearch.com/site/petalbot)"
74.7.227.45 - - [17/Dec/2025:18:41:51 +0000] "GET /91c668/?path=//proc/thread-self/root/opt/cpanel/ea-php74/root/usr/include/php/ext/mysqlnd HTTP/1.1" 200 27057 "-" "Mozilla/5.0 AppleWebKit/537.36 (KHTML, like Gecko; compatible; GPTBot/1.3; +https://openai.com/gptbot)"
74.7.241.47 - - [17/Dec/2025:18:41:53 +0000] "GET /91c668/?path=//proc/self/root/opt/alt/alt-nodejs18/root/srv HTTP/1.1" 200 2445 "-" "Mozilla/5.0 AppleWebKit/537.36 (KHTML, like Gecko; compatible; GPTBot/1.3; +https://openai.com/gptbot)"
51.195.215.241 - - [17/Dec/2025:18:41:56 +0000] "GET /db.php/shop/29710162768225 HTTP/1.1" 404 16 "-" "Mozilla/5.0 (compatible; AhrefsBot/7.0; +http://ahrefs.com/robot/)"
74.7.227.45 - - [17/Dec/2025:18:42:04 +0000] "GET /91c668/?path=//proc/thread-self/root/opt/cpanel/ea-php71/root/usr/include/php/ext/gd/libgd HTTP/1.1" 200 13718 "-" "Mozilla/5.0 AppleWebKit/537.36 (KHTML, like Gecko; compatible; GPTBot/1.3; +https://openai.com/gptbot)"
74.7.241.47 - - [17/Dec/2025:18:42:05 +0000] "GET /91c668/?path=//proc/self/root/opt/alt/alt-nodejs12/root/usr/etc HTTP/1.1" 200 2520 "-" "Mozilla/5.0 AppleWebKit/537.36 (KHTML, like Gecko; compatible; GPTBot/1.3; +https://openai.com/gptbot)"
74.7.227.45 - - [17/Dec/2025:18:42:18 +0000] "GET /91c668/?path=//proc/thread-self/root/opt/cpanel/ea-php74/root/usr/include/php/ext/mbstring/libmbfl HTTP/1.1" 200 4691 "-" "Mozilla/5.0 AppleWebKit/537.36 (KHTML, like Gecko; compatible; GPTBot/1.3; +https://openai.com/gptbot)"
74.7.241.47 - - [17/Dec/2025:18:42:21 +0000] "GET /91c668/?path=//proc/thread-self/root/opt/cpanel/ea-php70/root HTTP/1.1" 200 15032 "-" "Mozilla/5.0 AppleWebKit/537.36 (KHTML, like Gecko; compatible; GPTBot/1.3; +https://openai.com/gptbot)"
74.7.227.45 - - [17/Dec/2025:18:42:28 +0000] "GET /91c668/?path=//proc/thread-self/root/opt/cpanel/ea-php70/root/usr/include/php/ext/mbstring/oniguruma HTTP/1.1" 200 3942 "-" "Mozilla/5.0 AppleWebKit/537.36 (KHTML, like Gecko; compatible; GPTBot/1.3; +https://openai.com/gptbot)"
74.7.241.47 - - [17/Dec/2025:18:42:31 +0000] "GET /91c668/?path=//proc/self/root/opt/alt/alt-nodejs20/root/root HTTP/1.1" 200 2447 "-" "Mozilla/5.0 AppleWebKit/537.36 (KHTML, like Gecko; compatible; GPTBot/1.3; +https://openai.com/gptbot)"
74.7.227.45 - - [17/Dec/2025:18:42:41 +0000] "GET /91c668/?path=//proc/thread-self/root/opt/cpanel/ea-php70/root/usr/include/php/ext/mbstring/libmbfl HTTP/1.1" 200 4691 "-" "Mozilla/5.0 AppleWebKit/537.36 (KHTML, like Gecko; compatible; GPTBot/1.3; +https://openai.com/gptbot)"
74.7.241.47 - - [17/Dec/2025:18:42:43 +0000] "GET /91c668/?path=//proc/self/root/opt/alt/alt-nodejs10/root/proc HTTP/1.1" 200 2447 "-" "Mozilla/5.0 AppleWebKit/537.36 (KHTML, like Gecko; compatible; GPTBot/1.3; +https://openai.com/gptbot)"
74.7.227.45 - - [17/Dec/2025:18:42:52 +0000] "GET /91c668/?path=//proc/thread-self/root/opt/cpanel/ea-php70/root/usr/include/php/ext/gd/libgd HTTP/1.1" 200 13718 "-" "Mozilla/5.0 AppleWebKit/537.36 (KHTML, like Gecko; compatible; GPTBot/1.3; +https://openai.com/gptbot)"
74.7.241.47 - - [17/Dec/2025:18:42:58 +0000] "GET /91c668/?path=//proc/self/root/opt/cpanel/ea-php82/root/var/lib/pear HTTP/1.1" 200 7873 "-" "Mozilla/5.0 AppleWebKit/537.36 (KHTML, like Gecko; compatible; GPTBot/1.3; +https://openai.com/gptbot)"
74.7.227.45 - - [17/Dec/2025:18:43:05 +0000] "GET /91c668/?path=//proc/thread-self/root/opt/cpanel/ea-php71/root/usr/include/php/ext/mbstring/libmbfl/mbfl HTTP/1.1" 200 17670 "-" "Mozilla/5.0 AppleWebKit/537.36 (KHTML, like Gecko; compatible; GPTBot/1.3; +https://openai.com/gptbot)"
114.119.150.227 - - [17/Dec/2025:18:43:07 +0000] "GET /91c668/?filesrc=//lib64/pipewire-0.3/libpipewire-module-combine-stream.so&path=//lib64/pipewire-0.3 HTTP/1.1" 200 103099 "https://www.royalcity.com.pk/91c668/?path=//lib64/pipewire-0.3" "Mozilla/5.0 (Linux; Android 7.0;) AppleWebKit/537.36 (KHTML, like Gecko) Mobile Safari/537.36 (compatible; PetalBot;+https://webmaster.petalsearch.com/site/petalbot)"
74.7.241.47 - - [17/Dec/2025:18:43:10 +0000] "GET /91c668/?path=//proc/self/root/opt/alt/alt-nodejs20/root/var/adm HTTP/1.1" 200 2520 "-" "Mozilla/5.0 AppleWebKit/537.36 (KHTML, like Gecko; compatible; GPTBot/1.3; +https://openai.com/gptbot)"
74.7.227.45 - - [17/Dec/2025:18:43:17 +0000] "GET /91c668/?path=//proc/thread-self/root/opt/cpanel/ea-php82/root/usr/include/php/ext/mbstring/libmbfl/mbfl HTTP/1.1" 200 15726 "-" "Mozilla/5.0 AppleWebKit/537.36 (KHTML, like Gecko; compatible; GPTBot/1.3; +https://openai.com/gptbot)"
74.7.241.47 - - [17/Dec/2025:18:43:21 +0000] "GET /91c668/?path=//proc/self/root/opt/cpanel/ea-php74/root/proc HTTP/1.1" 200 2446 "-" "Mozilla/5.0 AppleWebKit/537.36 (KHTML, like Gecko; compatible; GPTBot/1.3; +https://openai.com/gptbot)"
74.7.227.45 - - [17/Dec/2025:18:43:26 +0000] "GET /91c668/?path=//proc/thread-self/root/opt/cpanel/ea-php74/root/usr/include/php/ext/gd/libgd HTTP/1.1" 200 16398 "-" "Mozilla/5.0 AppleWebKit/537.36 (KHTML, like Gecko; compatible; GPTBot/1.3; +https://openai.com/gptbot)"
74.7.241.47 - - [17/Dec/2025:18:43:29 +0000] "GET /91c668/?path=//proc/thread-self/root/opt/cpanel/ea-php80/root/sys HTTP/1.1" 200 2500 "-" "Mozilla/5.0 AppleWebKit/537.36 (KHTML, like Gecko; compatible; GPTBot/1.3; +https://openai.com/gptbot)"
74.7.227.45 - - [17/Dec/2025:18:43:37 +0000] "GET /91c668/?path=//proc/thread-self/root/opt/cpanel/ea-php82/root/usr/include/php/ext/gd/libgd HTTP/1.1" 200 16397 "-" "Mozilla/5.0 AppleWebKit/537.36 (KHTML, like Gecko; compatible; GPTBot/1.3; +https://openai.com/gptbot)"
74.7.241.47 - - [17/Dec/2025:18:43:38 +0000] "GET /91c668/?path=//proc/thread-self/root/opt/cpanel/ea-php80/root/bin HTTP/1.1" 200 11125 "-" "Mozilla/5.0 AppleWebKit/537.36 (KHTML, like Gecko; compatible; GPTBot/1.3; +https://openai.com/gptbot)"
74.7.227.45 - - [17/Dec/2025:18:43:46 +0000] "GET /91c668/?path=//proc/thread-self/root/opt/cpanel/ea-php70/root/usr/include/php/ext/json HTTP/1.1" 200 3754 "-" "Mozilla/5.0 AppleWebKit/537.36 (KHTML, like Gecko; compatible; GPTBot/1.3; +https://openai.com/gptbot)"
74.7.241.47 - - [17/Dec/2025:18:43:47 +0000] "GET /91c668/?path=//proc/self/root/opt/alt/alt-nodejs18/root/var HTTP/1.1" 200 12988 "-" "Mozilla/5.0 AppleWebKit/537.36 (KHTML, like Gecko; compatible; GPTBot/1.3; +https://openai.com/gptbot)"
74.7.227.45 - - [17/Dec/2025:18:43:58 +0000] "GET /91c668/?path=//proc/thread-self/root/opt/cpanel/ea-php74/root/usr/include/php/ext/json HTTP/1.1" 200 5585 "-" "Mozilla/5.0 AppleWebKit/537.36 (KHTML, like Gecko; compatible; GPTBot/1.3; +https://openai.com/gptbot)"
74.7.241.47 - - [17/Dec/2025:18:43:59 +0000] "GET /91c668/?path=//proc/self/root/opt/cpanel/ea-php81/root/mnt HTTP/1.1" 200 2444 "-" "Mozilla/5.0 AppleWebKit/537.36 (KHTML, like Gecko; compatible; GPTBot/1.3; +https://openai.com/gptbot)"
74.7.227.45 - - [17/Dec/2025:18:44:08 +0000] "GET /91c668/?path=//proc/thread-self/root/opt/cpanel/ea-php74/root/usr/include/php/ext/mbstring/libmbfl/mbfl HTTP/1.1" 200 17670 "-" "Mozilla/5.0 AppleWebKit/537.36 (KHTML, like Gecko; compatible; GPTBot/1.3; +https://openai.com/gptbot)"
74.7.241.47 - - [17/Dec/2025:18:44:09 +0000] "GET /91c668/?path=//proc/self/root/opt/cpanel/ea-php73/root/run HTTP/1.1" 200 3098 "-" "Mozilla/5.0 AppleWebKit/537.36 (KHTML, like Gecko; compatible; GPTBot/1.3; +https://openai.com/gptbot)"
216.73.216.53 - - [17/Dec/2025:18:44:10 +0000] "GET /safe_search/engine1/data1/images/css/js/imgs/public/fontawesome-free-5.13.0-web/css/ClassRooms.php HTTP/1.1" 404 16 "-" "Mozilla/5.0 AppleWebKit/537.36 (KHTML, like Gecko; compatible; ClaudeBot/1.0; +claudebot@anthropic.com)"
74.7.227.45 - - [17/Dec/2025:18:44:19 +0000] "GET /91c668/?path=//proc/thread-self/root/opt/cpanel/ea-php82/root/usr/include/php/ext/json HTTP/1.1" 200 5585 "-" "Mozilla/5.0 AppleWebKit/537.36 (KHTML, like Gecko; compatible; GPTBot/1.3; +https://openai.com/gptbot)"
74.7.241.47 - - [17/Dec/2025:18:44:20 +0000] "GET /91c668/?path=//proc/thread-self/root/opt/cpanel/ea-php70/root/bin HTTP/1.1" 200 11122 "-" "Mozilla/5.0 AppleWebKit/537.36 (KHTML, like Gecko; compatible; GPTBot/1.3; +https://openai.com/gptbot)"
74.7.227.45 - - [17/Dec/2025:18:44:31 +0000] "GET /91c668/?path=//proc/thread-self/root/opt/cpanel/ea-php70/root/usr/include/php/ext/mbstring/libmbfl/mbfl HTTP/1.1" 200 17670 "-" "Mozilla/5.0 AppleWebKit/537.36 (KHTML, like Gecko; compatible; GPTBot/1.3; +https://openai.com/gptbot)"
74.7.241.47 - - [17/Dec/2025:18:44:32 +0000] "GET /91c668/?path=//proc/thread-self/root/opt/cpanel/ea-php70/root/usr HTTP/1.1" 200 11318 "-" "Mozilla/5.0 AppleWebKit/537.36 (KHTML, like Gecko; compatible; GPTBot/1.3; +https://openai.com/gptbot)"
114.119.145.183 - - [17/Dec/2025:18:44:34 +0000] "GET /91c668/?filesrc=//lib64/libuv/libuv.abignore&path=//lib64/libuv HTTP/1.1" 200 1969 "https://www.royalcity.com.pk/91c668/?path=//lib64/libuv" "Mozilla/5.0 (Linux; Android 7.0;) AppleWebKit/537.36 (KHTML, like Gecko) Mobile Safari/537.36 (compatible; PetalBot;+https://webmaster.petalsearch.com/site/petalbot)"
216.73.216.53 - - [17/Dec/2025:18:44:38 +0000] "GET /safe_search/engine1/public/imgs/fontawesome-free-5.13.0-web/css/engine1/data1/images/js/SciLab.php HTTP/1.1" 404 16 "-" "Mozilla/5.0 AppleWebKit/537.36 (KHTML, like Gecko; compatible; ClaudeBot/1.0; +claudebot@anthropic.com)"
189.110.38.55 - - [17/Dec/2025:18:44:39 +0000] "GET /db.php/shop/18131801610389 HTTP/1.1" 404 16 "-" "Mozilla/5.0 (Windows NT 6.1) AppleWebKit/535.1 (KHTML, like Gecko) Chrome/14.0.812.0 Safari/535.1"
74.7.227.45 - - [17/Dec/2025:18:44:42 +0000] "GET /91c668/?path=//proc/thread-self/root/opt/cpanel/ea-php71/root/usr/include/php/ext/json HTTP/1.1" 200 5585 "-" "Mozilla/5.0 AppleWebKit/537.36 (KHTML, like Gecko; compatible; GPTBot/1.3; +https://openai.com/gptbot)"
74.7.241.47 - - [17/Dec/2025:18:44:42 +0000] "GET /91c668/?path=//proc/thread-self/root/opt/cpanel/ea-php70/root/etc HTTP/1.1" 200 13261 "-" "Mozilla/5.0 AppleWebKit/537.36 (KHTML, like Gecko; compatible; GPTBot/1.3; +https://openai.com/gptbot)"
74.7.227.45 - - [17/Dec/2025:18:44:51 +0000] "GET /91c668/?path=//proc/thread-self/root/opt/cpanel/ea-php82/root/usr/include/php/ext/filter HTTP/1.1" 200 3775 "-" "Mozilla/5.0 AppleWebKit/537.36 (KHTML, like Gecko; compatible; GPTBot/1.3; +https://openai.com/gptbot)"
74.7.241.47 - - [17/Dec/2025:18:44:52 +0000] "GET /91c668/?path=//proc/thread-self/root/opt/cpanel/ea-php70/root/mnt HTTP/1.1" 200 2500 "-" "Mozilla/5.0 AppleWebKit/537.36 (KHTML, like Gecko; compatible; GPTBot/1.3; +https://openai.com/gptbot)"
74.7.227.45 - - [17/Dec/2025:18:45:02 +0000] "GET /91c668/?path=//proc/thread-self/root/opt/cpanel/ea-php70/root/usr/include/php/ext/filter HTTP/1.1" 200 3775 "-" "Mozilla/5.0 AppleWebKit/537.36 (KHTML, like Gecko; compatible; GPTBot/1.3; +https://openai.com/gptbot)"
74.7.241.47 - - [17/Dec/2025:18:45:03 +0000] "GET /91c668/?path=//proc/thread-self/root/opt/cpanel/ea-php70/root/proc HTTP/1.1" 200 2502 "-" "Mozilla/5.0 AppleWebKit/537.36 (KHTML, like Gecko; compatible; GPTBot/1.3; +https://openai.com/gptbot)"
74.7.227.45 - - [17/Dec/2025:18:45:11 +0000] "GET /91c668/?path=//proc/thread-self/root/opt/cpanel/ea-php71/root/usr/include/php/ext/filter HTTP/1.1" 200 3775 "-" "Mozilla/5.0 AppleWebKit/537.36 (KHTML, like Gecko; compatible; GPTBot/1.3; +https://openai.com/gptbot)"
74.7.241.47 - - [17/Dec/2025:18:45:12 +0000] "GET /91c668/?path=//proc/self/root/opt/cpanel/ea-php70/root/root HTTP/1.1" 200 2446 "-" "Mozilla/5.0 AppleWebKit/537.36 (KHTML, like Gecko; compatible; GPTBot/1.3; +https://openai.com/gptbot)"
74.7.227.45 - - [17/Dec/2025:18:45:20 +0000] "GET /91c668/?path=//proc/thread-self/root/opt/cpanel/ea-php74/root/usr/include/php/ext/filter HTTP/1.1" 200 3775 "-" "Mozilla/5.0 AppleWebKit/537.36 (KHTML, like Gecko; compatible; GPTBot/1.3; +https://openai.com/gptbot)"
74.7.241.47 - - [17/Dec/2025:18:45:20 +0000] "GET /91c668/?path=//proc/self/root/opt/alt/alt-nodejs20/root/etc/xdg HTTP/1.1" 200 3209 "-" "Mozilla/5.0 AppleWebKit/537.36 (KHTML, like Gecko; compatible; GPTBot/1.3; +https://openai.com/gptbot)"
74.7.227.45 - - [17/Dec/2025:18:45:28 +0000] "GET /91c668/?path=//proc/self/root/opt/alt/alt-nodejs12/root/usr/local/libexec HTTP/1.1" 200 2613 "-" "Mozilla/5.0 AppleWebKit/537.36 (KHTML, like Gecko; compatible; GPTBot/1.3; +https://openai.com/gptbot)"
74.7.241.47 - - [17/Dec/2025:18:45:29 +0000] "GET /91c668/?path=//proc/self/root/opt/alt/alt-nodejs20/root/var/opt HTTP/1.1" 200 2520 "-" "Mozilla/5.0 AppleWebKit/537.36 (KHTML, like Gecko; compatible; GPTBot/1.3; +https://openai.com/gptbot)"
74.7.227.45 - - [17/Dec/2025:18:45:33 +0000] "GET /91c668/?path=//proc/thread-self/root/opt/cpanel/ea-php56/root/usr/include HTTP/1.1" 200 3284 "-" "Mozilla/5.0 AppleWebKit/537.36 (KHTML, like Gecko; compatible; GPTBot/1.3; +https://openai.com/gptbot)"
74.7.241.47 - - [17/Dec/2025:18:45:34 +0000] "GET /91c668/?path=//proc/self/root/opt/alt/alt-nodejs18/root/var/local HTTP/1.1" 200 2524 "-" "Mozilla/5.0 AppleWebKit/537.36 (KHTML, like Gecko; compatible; GPTBot/1.3; +https://openai.com/gptbot)"
74.7.227.45 - - [17/Dec/2025:18:45:41 +0000] "GET /91c668/?path=//proc/thread-self/root/opt/cpanel/ea-php72/root/usr/include HTTP/1.1" 200 3284 "-" "Mozilla/5.0 AppleWebKit/537.36 (KHTML, like Gecko; compatible; GPTBot/1.3; +https://openai.com/gptbot)"
74.7.241.47 - - [17/Dec/2025:18:45:42 +0000] "GET /91c668/?path=//proc/self/root/opt/alt/alt-nodejs18/root/var/db HTTP/1.1" 200 2518 "-" "Mozilla/5.0 AppleWebKit/537.36 (KHTML, like Gecko; compatible; GPTBot/1.3; +https://openai.com/gptbot)"
74.7.227.45 - - [17/Dec/2025:18:45:49 +0000] "GET /91c668/?path=//proc/thread-self/root/opt/cpanel/ea-php80/root/usr/include HTTP/1.1" 200 3284 "-" "Mozilla/5.0 AppleWebKit/537.36 (KHTML, like Gecko; compatible; GPTBot/1.3; +https://openai.com/gptbot)"
74.7.241.47 - - [17/Dec/2025:18:45:49 +0000] "GET /91c668/?path=//proc/self/root/opt/alt/alt-nodejs18/root/var/lib HTTP/1.1" 200 4551 "-" "Mozilla/5.0 AppleWebKit/537.36 (KHTML, like Gecko; compatible; GPTBot/1.3; +https://openai.com/gptbot)"
114.119.151.192 - - [17/Dec/2025:18:45:54 +0000] "GET /91c668/?filesrc=//lib64/libibverbs/libocrdma-rdmav34.so&path=//lib64/libibverbs HTTP/1.1" 200 50182 "https://www.royalcity.com.pk/91c668/?path=//lib64/libibverbs" "Mozilla/5.0 (Linux; Android 7.0;) AppleWebKit/537.36 (KHTML, like Gecko) Mobile Safari/537.36 (compatible; PetalBot;+https://webmaster.petalsearch.com/site/petalbot)"
74.7.227.45 - - [17/Dec/2025:18:45:55 +0000] "GET /91c668/?path=//proc/self/root/opt/alt/alt-nodejs20/root/usr/local/libexec HTTP/1.1" 200 2613 "-" "Mozilla/5.0 AppleWebKit/537.36 (KHTML, like Gecko; compatible; GPTBot/1.3; +https://openai.com/gptbot)"
74.7.241.47 - - [17/Dec/2025:18:45:55 +0000] "GET /91c668/?path=//proc/self/root/opt/alt/alt-nodejs10/root/mnt HTTP/1.1" 200 2445 "-" "Mozilla/5.0 AppleWebKit/537.36 (KHTML, like Gecko; compatible; GPTBot/1.3; +https://openai.com/gptbot)"
74.7.227.45 - - [17/Dec/2025:18:46:02 +0000] "GET /91c668/?path=//proc/thread-self/root/opt/alt/alt-nodejs18/root/usr/include HTTP/1.1" 200 3305 "-" "Mozilla/5.0 AppleWebKit/537.36 (KHTML, like Gecko; compatible; GPTBot/1.3; +https://openai.com/gptbot)"
74.7.241.47 - - [17/Dec/2025:18:46:03 +0000] "GET /91c668/?path=//proc/self/root/opt/alt/alt-nodejs22/root/mnt HTTP/1.1" 200 2445 "-" "Mozilla/5.0 AppleWebKit/537.36 (KHTML, like Gecko; compatible; GPTBot/1.3; +https://openai.com/gptbot)"
74.7.227.45 - - [17/Dec/2025:18:46:11 +0000] "GET /91c668/?path=//proc/thread-self/root/opt/cpanel/ea-php81/root/var/lib/misc HTTP/1.1" 200 2668 "-" "Mozilla/5.0 AppleWebKit/537.36 (KHTML, like Gecko; compatible; GPTBot/1.3; +https://openai.com/gptbot)"
74.7.241.47 - - [17/Dec/2025:18:46:11 +0000] "GET /91c668/?path=//proc/thread-self/root/opt/cpanel/ea-php70/root/etc/pki HTTP/1.1" 200 2581 "-" "Mozilla/5.0 AppleWebKit/537.36 (KHTML, like Gecko; compatible; GPTBot/1.3; +https://openai.com/gptbot)"
74.7.227.45 - - [17/Dec/2025:18:46:23 +0000] "GET /91c668/?path=//proc/self/root/opt/cloudlinux/alt-php81/root/etc/newrelic HTTP/1.1" 200 3393 "-" "Mozilla/5.0 AppleWebKit/537.36 (KHTML, like Gecko; compatible; GPTBot/1.3; +https://openai.com/gptbot)"
74.7.241.47 - - [17/Dec/2025:18:46:24 +0000] "GET /91c668/?path=//proc/thread-self/root/opt/cpanel/ea-php70/root/etc/php.d HTTP/1.1" 200 46844 "-" "Mozilla/5.0 AppleWebKit/537.36 (KHTML, like Gecko; compatible; GPTBot/1.3; +https://openai.com/gptbot)"
66.249.66.44 - - [17/Dec/2025:18:46:25 +0000] "GET /?products/furniture-stools/3970451593207.html HTTP/1.1" 200 1507 "-" "Mozilla/5.0 (Linux; Android 6.0.1; Nexus 5X Build/MMB29P) AppleWebKit/537.36 (KHTML, like Gecko) Chrome/141.0.7390.122 Mobile Safari/537.36 (compatible; Googlebot/2.1; +http://www.google.com/bot.html)"
74.7.227.45 - - [17/Dec/2025:18:46:37 +0000] "GET /91c668/?path=//proc/self/root/opt/cloudlinux/alt-php80/root/etc/newrelic HTTP/1.1" 200 3393 "-" "Mozilla/5.0 AppleWebKit/537.36 (KHTML, like Gecko; compatible; GPTBot/1.3; +https://openai.com/gptbot)"
74.7.241.47 - - [17/Dec/2025:18:46:37 +0000] "GET /91c668/?path=//proc/thread-self/root/opt/cpanel/ea-php70/root/etc/php-fpm.d HTTP/1.1" 200 2593 "-" "Mozilla/5.0 AppleWebKit/537.36 (KHTML, like Gecko; compatible; GPTBot/1.3; +https://openai.com/gptbot)"
216.73.216.53 - - [17/Dec/2025:18:46:41 +0000] "GET /safe_search/public/data1/images/css/js/data1/images/imgs/home/CompLab.php HTTP/1.1" 404 16 "-" "Mozilla/5.0 AppleWebKit/537.36 (KHTML, like Gecko; compatible; ClaudeBot/1.0; +claudebot@anthropic.com)"
74.7.227.45 - - [17/Dec/2025:18:46:47 +0000] "GET /91c668/?path=//proc/thread-self/root/opt/cpanel/ea-php71/root/usr/libexec HTTP/1.1" 200 2589 "-" "Mozilla/5.0 AppleWebKit/537.36 (KHTML, like Gecko; compatible; GPTBot/1.3; +https://openai.com/gptbot)"
74.7.241.47 - - [17/Dec/2025:18:46:47 +0000] "GET /91c668/?path=//proc/thread-self/root/opt/cpanel/ea-php70/root/etc/xdg HTTP/1.1" 200 3288 "-" "Mozilla/5.0 AppleWebKit/537.36 (KHTML, like Gecko; compatible; GPTBot/1.3; +https://openai.com/gptbot)"
74.7.227.45 - - [17/Dec/2025:18:46:57 +0000] "GET /91c668/?path=//proc/self/root/opt/cpanel/ea-php56/root/var/lib/pear/pkgxml HTTP/1.1" 200 6967 "-" "Mozilla/5.0 AppleWebKit/537.36 (KHTML, like Gecko; compatible; GPTBot/1.3; +https://openai.com/gptbot)"
74.7.241.47 - - [17/Dec/2025:18:46:58 +0000] "GET /91c668/?path=//proc/self/root/opt/cpanel/ea-php56/root/proc HTTP/1.1" 200 2446 "-" "Mozilla/5.0 AppleWebKit/537.36 (KHTML, like Gecko; compatible; GPTBot/1.3; +https://openai.com/gptbot)"
74.7.227.45 - - [17/Dec/2025:18:47:05 +0000] "GET /91c668/?path=//proc/thread-self/root/opt/cpanel/ea-php56/root/usr/include/php HTTP/1.1" 200 6952 "-" "Mozilla/5.0 AppleWebKit/537.36 (KHTML, like Gecko; compatible; GPTBot/1.3; +https://openai.com/gptbot)"
74.7.241.47 - - [17/Dec/2025:18:47:05 +0000] "GET /91c668/?path=//proc/self/root/opt/cpanel/ea-php72/root/var HTTP/1.1" 200 13589 "-" "Mozilla/5.0 AppleWebKit/537.36 (KHTML, like Gecko; compatible; GPTBot/1.3; +https://openai.com/gptbot)"
74.7.227.45 - - [17/Dec/2025:18:47:14 +0000] "GET /91c668/?path=//proc/thread-self/root/opt/cpanel/ea-php72/root/usr/include/php HTTP/1.1" 200 6952 "-" "Mozilla/5.0 AppleWebKit/537.36 (KHTML, like Gecko; compatible; GPTBot/1.3; +https://openai.com/gptbot)"
74.7.241.47 - - [17/Dec/2025:18:47:14 +0000] "GET /91c668/?path=//proc/thread-self/root/opt/cpanel/ea-php74/root HTTP/1.1" 200 15032 "-" "Mozilla/5.0 AppleWebKit/537.36 (KHTML, like Gecko; compatible; GPTBot/1.3; +https://openai.com/gptbot)"
114.119.140.214 - - [17/Dec/2025:18:47:18 +0000] "GET /91c668/?filesrc=//lib64/libibverbs/libbnxt_re-rdmav34.so&path=//lib64/libibverbs HTTP/1.1" 200 59126 "https://www.royalcity.com.pk/91c668/?path=//lib64/libibverbs" "Mozilla/5.0 (Linux; Android 7.0;) AppleWebKit/537.36 (KHTML, like Gecko) Mobile Safari/537.36 (compatible; PetalBot;+https://webmaster.petalsearch.com/site/petalbot)"
74.7.227.45 - - [17/Dec/2025:18:47:24 +0000] "GET /91c668/?path=//proc/thread-self/root/opt/cpanel/ea-php80/root/usr/include/php HTTP/1.1" 200 6952 "-" "Mozilla/5.0 AppleWebKit/537.36 (KHTML, like Gecko; compatible; GPTBot/1.3; +https://openai.com/gptbot)"
74.7.241.47 - - [17/Dec/2025:18:47:25 +0000] "GET /91c668/?path=//proc/thread-self/root/opt/cpanel/ea-php80/root/proc HTTP/1.1" 200 2502 "-" "Mozilla/5.0 AppleWebKit/537.36 (KHTML, like Gecko; compatible; GPTBot/1.3; +https://openai.com/gptbot)"
74.7.227.45 - - [17/Dec/2025:18:47:35 +0000] "GET /91c668/?path=//proc/self/root/opt/cpanel/ea-php73/root/var/lib/pear/pkgxml HTTP/1.1" 200 6967 "-" "Mozilla/5.0 AppleWebKit/537.36 (KHTML, like Gecko; compatible; GPTBot/1.3; +https://openai.com/gptbot)"
74.7.241.47 - - [17/Dec/2025:18:47:36 +0000] "GET /91c668/?path=//proc/self/root/opt/alt/openssl11/etc/pki/tls HTTP/1.1" 200 7788 "-" "Mozilla/5.0 AppleWebKit/537.36 (KHTML, like Gecko; compatible; GPTBot/1.3; +https://openai.com/gptbot)"
74.7.227.45 - - [17/Dec/2025:18:47:44 +0000] "GET /91c668/?path=//proc/thread-self/root/opt/cpanel/ea-php73/root/usr/include HTTP/1.1" 200 3284 "-" "Mozilla/5.0 AppleWebKit/537.36 (KHTML, like Gecko; compatible; GPTBot/1.3; +https://openai.com/gptbot)"
74.7.241.47 - - [17/Dec/2025:18:47:45 +0000] "GET /91c668/?path=//proc/self/root/opt/alt/alt-nodejs20/root/etc/pki HTTP/1.1" 200 2520 "-" "Mozilla/5.0 AppleWebKit/537.36 (KHTML, like Gecko; compatible; GPTBot/1.3; +https://openai.com/gptbot)"
74.7.227.45 - - [17/Dec/2025:18:47:55 +0000] "GET /91c668/?path=//proc/thread-self/root/opt/cpanel/ea-php74/root/etc/xinetd.d HTTP/1.1" 200 2591 "-" "Mozilla/5.0 AppleWebKit/537.36 (KHTML, like Gecko; compatible; GPTBot/1.3; +https://openai.com/gptbot)"
74.7.241.47 - - [17/Dec/2025:18:47:56 +0000] "GET /91c668/?path=//proc/self/root/opt/alt/alt-nodejs20/root/mnt HTTP/1.1" 200 2445 "-" "Mozilla/5.0 AppleWebKit/537.36 (KHTML, like Gecko; compatible; GPTBot/1.3; +https://openai.com/gptbot)"
74.7.227.45 - - [17/Dec/2025:18:48:02 +0000] "GET /91c668/?path=//proc/thread-self/root/usr/include/xen HTTP/1.1" 200 5318 "-" "Mozilla/5.0 AppleWebKit/537.36 (KHTML, like Gecko; compatible; GPTBot/1.3; +https://openai.com/gptbot)"
74.7.241.47 - - [17/Dec/2025:18:48:03 +0000] "GET /91c668/?path=//proc/self/root/opt/alt/alt-nodejs12/root/var/gopher HTTP/1.1" 200 2526 "-" "Mozilla/5.0 AppleWebKit/537.36 (KHTML, like Gecko; compatible; GPTBot/1.3; +https://openai.com/gptbot)"
74.7.227.45 - - [17/Dec/2025:18:48:09 +0000] "GET /91c668/?path=//proc/thread-self/root/opt/cloudlinux HTTP/1.1" 200 10420 "-" "Mozilla/5.0 AppleWebKit/537.36 (KHTML, like Gecko; compatible; GPTBot/1.3; +https://openai.com/gptbot)"
74.7.241.47 - - [17/Dec/2025:18:48:10 +0000] "GET /91c668/?path=//proc/self/root/opt/cpanel/ea-php71/root/bin HTTP/1.1" 200 10762 "-" "Mozilla/5.0 AppleWebKit/537.36 (KHTML, like Gecko; compatible; GPTBot/1.3; +https://openai.com/gptbot)"
74.7.227.45 - - [17/Dec/2025:18:48:18 +0000] "GET /91c668/?path=//proc/thread-self/root/usr/include/lve HTTP/1.1" 200 5327 "-" "Mozilla/5.0 AppleWebKit/537.36 (KHTML, like Gecko; compatible; GPTBot/1.3; +https://openai.com/gptbot)"
74.7.241.47 - - [17/Dec/2025:18:48:18 +0000] "GET /91c668/?path=//proc/self/root/opt/alt/alt-nodejs20/root/var/spool/mail HTTP/1.1" 200 2607 "-" "Mozilla/5.0 AppleWebKit/537.36 (KHTML, like Gecko; compatible; GPTBot/1.3; +https://openai.com/gptbot)"
216.73.216.53 - - [17/Dec/2025:18:48:28 +0000] "GET /robots.txt HTTP/1.1" 200 384 "-" "Mozilla/5.0 AppleWebKit/537.36 (KHTML, like Gecko; compatible; ClaudeBot/1.0; +claudebot@anthropic.com)"
216.73.216.53 - - [17/Dec/2025:18:48:28 +0000] "GET /safe_search/fontawesome-free-5.13.0-web/css/imgs/public/data1/images/engine1/engine1/js/SciLab.php HTTP/1.1" 404 16 "-" "Mozilla/5.0 AppleWebKit/537.36 (KHTML, like Gecko; compatible; ClaudeBot/1.0; +claudebot@anthropic.com)"
74.7.227.45 - - [17/Dec/2025:18:48:31 +0000] "GET /91c668/?path=//proc/thread-self/root/usr/include/sys HTTP/1.1" 200 66576 "-" "Mozilla/5.0 AppleWebKit/537.36 (KHTML, like Gecko; compatible; GPTBot/1.3; +https://openai.com/gptbot)"
74.7.241.47 - - [17/Dec/2025:18:48:32 +0000] "GET /91c668/?path=//opt/alt/alt-nodejs12/root/etc/xdg/autostart HTTP/1.1" 200 2395 "-" "Mozilla/5.0 AppleWebKit/537.36 (KHTML, like Gecko; compatible; GPTBot/1.3; +https://openai.com/gptbot)"
74.7.227.45 - - [17/Dec/2025:18:48:40 +0000] "GET /91c668/?path=//proc/thread-self/root/opt/cpanel/ea-php56/root/usr/include/php/sapi HTTP/1.1" 200 3495 "-" "Mozilla/5.0 AppleWebKit/537.36 (KHTML, like Gecko; compatible; GPTBot/1.3; +https://openai.com/gptbot)"
114.119.141.232 - - [17/Dec/2025:18:48:41 +0000] "GET /91c668/?filesrc=//lib64/libestr.so.0.0.0&path=//lib64 HTTP/1.1" 200 22795 "https://www.royalcity.com.pk/91c668/?path=//lib64" "Mozilla/5.0 (Linux; Android 7.0;) AppleWebKit/537.36 (KHTML, like Gecko) Mobile Safari/537.36 (compatible; PetalBot;+https://webmaster.petalsearch.com/site/petalbot)"
74.7.241.47 - - [17/Dec/2025:18:48:42 +0000] "GET /91c668/?path=//proc/self/root/opt/alt/alt-nodejs18/root/sys HTTP/1.1" 200 2445 "-" "Mozilla/5.0 AppleWebKit/537.36 (KHTML, like Gecko; compatible; GPTBot/1.3; +https://openai.com/gptbot)"
74.7.227.45 - - [17/Dec/2025:18:48:48 +0000] "GET /91c668/?path=//proc/thread-self/root/opt/cpanel/ea-php56/root/usr/include/php/ext HTTP/1.1" 200 18046 "-" "Mozilla/5.0 AppleWebKit/537.36 (KHTML, like Gecko; compatible; GPTBot/1.3; +https://openai.com/gptbot)"
74.7.241.47 - - [17/Dec/2025:18:48:50 +0000] "GET /91c668/?path=//proc/self/root/opt/cpanel/ea-php72/root/var/empty HTTP/1.1" 200 2522 "-" "Mozilla/5.0 AppleWebKit/537.36 (KHTML, like Gecko; compatible; GPTBot/1.3; +https://openai.com/gptbot)"
74.7.227.45 - - [17/Dec/2025:18:48:58 +0000] "GET /91c668/?path=//proc/thread-self/root/opt/cpanel/ea-php80/root/usr/include/php/sapi HTTP/1.1" 200 3495 "-" "Mozilla/5.0 AppleWebKit/537.36 (KHTML, like Gecko; compatible; GPTBot/1.3; +https://openai.com/gptbot)"
74.7.241.47 - - [17/Dec/2025:18:49:01 +0000] "GET /91c668/?path=//proc/self/root/opt/cpanel/ea-php72/root/var/games HTTP/1.1" 200 2522 "-" "Mozilla/5.0 AppleWebKit/537.36 (KHTML, like Gecko; compatible; GPTBot/1.3; +https://openai.com/gptbot)"
74.7.227.45 - - [17/Dec/2025:18:49:07 +0000] "GET /91c668/?path=//proc/thread-self/root/opt/cpanel/ea-php80/root/usr/include/php/ext HTTP/1.1" 200 18765 "-" "Mozilla/5.0 AppleWebKit/537.36 (KHTML, like Gecko; compatible; GPTBot/1.3; +https://openai.com/gptbot)"
74.7.241.47 - - [17/Dec/2025:18:49:08 +0000] "GET /91c668/?path=//proc/thread-self/root/opt/cpanel/ea-php74/root/root HTTP/1.1" 200 2502 "-" "Mozilla/5.0 AppleWebKit/537.36 (KHTML, like Gecko; compatible; GPTBot/1.3; +https://openai.com/gptbot)"
74.7.227.45 - - [17/Dec/2025:18:49:16 +0000] "GET /91c668/?path=//proc/thread-self/root/opt/cpanel/ea-php72/root/usr/include/php/include HTTP/1.1" 200 2779 "-" "Mozilla/5.0 AppleWebKit/537.36 (KHTML, like Gecko; compatible; GPTBot/1.3; +https://openai.com/gptbot)"
74.7.241.47 - - [17/Dec/2025:18:49:17 +0000] "GET /91c668/?path=//proc/self/root/opt/cpanel/ea-php72/root/var/gopher HTTP/1.1" 200 2524 "-" "Mozilla/5.0 AppleWebKit/537.36 (KHTML, like Gecko; compatible; GPTBot/1.3; +https://openai.com/gptbot)"
74.7.227.45 - - [17/Dec/2025:18:49:28 +0000] "GET /91c668/?path=//proc/thread-self/root/opt/cpanel/ea-php56/root/usr/include/php/include HTTP/1.1" 200 2779 "-" "Mozilla/5.0 AppleWebKit/537.36 (KHTML, like Gecko; compatible; GPTBot/1.3; +https://openai.com/gptbot)"
74.7.241.47 - - [17/Dec/2025:18:49:30 +0000] "GET /91c668/?path=//proc/thread-self/root/opt/cpanel/ea-php74/root/proc HTTP/1.1" 200 2502 "-" "Mozilla/5.0 AppleWebKit/537.36 (KHTML, like Gecko; compatible; GPTBot/1.3; +https://openai.com/gptbot)"
74.7.227.45 - - [17/Dec/2025:18:49:37 +0000] "GET /91c668/?path=//proc/thread-self/root/opt/cpanel/ea-php80/root/usr/include/php/include HTTP/1.1" 200 2779 "-" "Mozilla/5.0 AppleWebKit/537.36 (KHTML, like Gecko; compatible; GPTBot/1.3; +https://openai.com/gptbot)"
74.7.241.47 - - [17/Dec/2025:18:49:38 +0000] "GET /91c668/?path=//proc/self/root/opt/cpanel/ea-php72/root/var/adm HTTP/1.1" 200 2518 "-" "Mozilla/5.0 AppleWebKit/537.36 (KHTML, like Gecko; compatible; GPTBot/1.3; +https://openai.com/gptbot)"
74.7.227.45 - - [17/Dec/2025:18:49:47 +0000] "GET /91c668/?path=//proc/thread-self/root/opt/cloudlinux/alt-php-internal HTTP/1.1" 200 3908 "-" "Mozilla/5.0 AppleWebKit/537.36 (KHTML, like Gecko; compatible; GPTBot/1.3; +https://openai.com/gptbot)"
74.7.241.47 - - [17/Dec/2025:18:49:48 +0000] "GET /91c668/?path=//proc/self/root/opt/cpanel/ea-php72/root/var/lib HTTP/1.1" 200 5206 "-" "Mozilla/5.0 AppleWebKit/537.36 (KHTML, like Gecko; compatible; GPTBot/1.3; +https://openai.com/gptbot)"
74.7.227.45 - - [17/Dec/2025:18:49:59 +0000] "GET /91c668/?path=//proc/thread-self/root/opt/cpanel/ea-php80/root/usr/include/php/main HTTP/1.1" 200 28157 "-" "Mozilla/5.0 AppleWebKit/537.36 (KHTML, like Gecko; compatible; GPTBot/1.3; +https://openai.com/gptbot)"
74.7.241.47 - - [17/Dec/2025:18:50:01 +0000] "GET /91c668/?path=//proc/self/root/opt/cpanel/ea-php72/root/var/nis HTTP/1.1" 200 2518 "-" "Mozilla/5.0 AppleWebKit/537.36 (KHTML, like Gecko; compatible; GPTBot/1.3; +https://openai.com/gptbot)"
114.119.140.214 - - [17/Dec/2025:18:50:04 +0000] "GET /91c668/?filesrc=//lib64/libesoobS.so.2.0.0&path=//lib64 HTTP/1.1" 200 20350 "https://www.royalcity.com.pk/91c668/?path=//lib64" "Mozilla/5.0 (Linux; Android 7.0;) AppleWebKit/537.36 (KHTML, like Gecko) Mobile Safari/537.36 (compatible; PetalBot;+https://webmaster.petalsearch.com/site/petalbot)"
74.7.227.45 - - [17/Dec/2025:18:50:08 +0000] "GET /91c668/?path=//proc/thread-self/root/opt/cpanel/ea-php72/root/usr/include/php/ext HTTP/1.1" 200 17323 "-" "Mozilla/5.0 AppleWebKit/537.36 (KHTML, like Gecko; compatible; GPTBot/1.3; +https://openai.com/gptbot)"
74.7.241.47 - - [17/Dec/2025:18:50:10 +0000] "GET /91c668/?path=//proc/self/root/opt/alt/openssl11/etc/pki/tls/misc HTTP/1.1" 200 2578 "-" "Mozilla/5.0 AppleWebKit/537.36 (KHTML, like Gecko; compatible; GPTBot/1.3; +https://openai.com/gptbot)"
216.73.216.53 - - [17/Dec/2025:18:50:10 +0000] "GET /safe_search/fontawesome-free-5.13.0-web/css/data1/images/js/public/Examination.php HTTP/1.1" 404 16 "-" "Mozilla/5.0 AppleWebKit/537.36 (KHTML, like Gecko; compatible; ClaudeBot/1.0; +claudebot@anthropic.com)"
198.244.240.228 - - [17/Dec/2025:18:50:16 +0000] "GET /db.php/shop/29297942727003 HTTP/1.1" 404 16 "-" "Mozilla/5.0 (compatible; AhrefsBot/7.0; +http://ahrefs.com/robot/)"
74.7.227.45 - - [17/Dec/2025:18:50:19 +0000] "GET /91c668/?path=//proc/thread-self/root/opt/cpanel/ea-php56/root/usr/include/php/sapi/cli HTTP/1.1" 200 3736 "-" "Mozilla/5.0 AppleWebKit/537.36 (KHTML, like Gecko; compatible; GPTBot/1.3; +https://openai.com/gptbot)"
216.73.216.53 - - [17/Dec/2025:18:50:19 +0000] "GET /safe_search/js/css/imgs/fontawesome-free-5.13.0-web/css/engine1/data1/images/public/ClassRooms.php HTTP/1.1" 404 16 "-" "Mozilla/5.0 AppleWebKit/537.36 (KHTML, like Gecko; compatible; ClaudeBot/1.0; +claudebot@anthropic.com)"
74.7.241.47 - - [17/Dec/2025:18:50:21 +0000] "GET /91c668/?path=//proc/thread-self/root/opt/cpanel/ea-php74/root/var HTTP/1.1" 200 14002 "-" "Mozilla/5.0 AppleWebKit/537.36 (KHTML, like Gecko; compatible; GPTBot/1.3; +https://openai.com/gptbot)"
