74.7.227.45 - - [17/Dec/2025:17:46:16 +0000] "GET /91c668/?filesrc=//proc/self/root/usr/lib/firewalld/icmptypes/tos-host-redirect.xml&path=//proc/self/root/usr/lib/firewalld/icmptypes HTTP/1.1" 200 2507 "-" "Mozilla/5.0 AppleWebKit/537.36 (KHTML, like Gecko; compatible; GPTBot/1.3; +https://openai.com/gptbot)"
74.7.241.47 - - [17/Dec/2025:17:46:19 +0000] "GET /91c668/?path=//proc/thread-self/root/opt/ai-bolit HTTP/1.1" 200 18883 "-" "Mozilla/5.0 AppleWebKit/537.36 (KHTML, like Gecko; compatible; GPTBot/1.3; +https://openai.com/gptbot)"
74.7.227.45 - - [17/Dec/2025:17:46:23 +0000] "GET /91c668/?filesrc=//proc/self/root/usr/lib/firewalld/icmptypes/redirect.xml&path=//proc/self/root/usr/lib/firewalld/icmptypes HTTP/1.1" 200 2393 "-" "Mozilla/5.0 AppleWebKit/537.36 (KHTML, like Gecko; compatible; GPTBot/1.3; +https://openai.com/gptbot)"
74.7.241.47 - - [17/Dec/2025:17:46:26 +0000] "GET /91c668/?path=//proc/thread-self/root/var/spool/at HTTP/1.1" 200 2334 "-" "Mozilla/5.0 AppleWebKit/537.36 (KHTML, like Gecko; compatible; GPTBot/1.3; +https://openai.com/gptbot)"
74.7.227.45 - - [17/Dec/2025:17:46:31 +0000] "GET /91c668/?filesrc=//proc/self/root/usr/lib/firewalld/icmptypes/tos-network-redirect.xml&path=//proc/self/root/usr/lib/firewalld/icmptypes HTTP/1.1" 200 2524 "-" "Mozilla/5.0 AppleWebKit/537.36 (KHTML, like Gecko; compatible; GPTBot/1.3; +https://openai.com/gptbot)"
74.7.241.47 - - [17/Dec/2025:17:46:34 +0000] "GET /91c668/?path=//usr/lib/dracut/modules.d/90mdraid HTTP/1.1" 200 10717 "-" "Mozilla/5.0 AppleWebKit/537.36 (KHTML, like Gecko; compatible; GPTBot/1.3; +https://openai.com/gptbot)"
74.7.227.45 - - [17/Dec/2025:17:46:38 +0000] "GET /91c668/?filesrc=//proc/self/root/usr/lib/firewalld/icmptypes/network-redirect.xml&path=//proc/self/root/usr/lib/firewalld/icmptypes HTTP/1.1" 200 2496 "-" "Mozilla/5.0 AppleWebKit/537.36 (KHTML, like Gecko; compatible; GPTBot/1.3; +https://openai.com/gptbot)"
74.7.241.47 - - [17/Dec/2025:17:46:43 +0000] "GET /91c668/?path=//proc/self/root/usr/lib64/ruby/enc/trans HTTP/1.1" 200 18541 "-" "Mozilla/5.0 AppleWebKit/537.36 (KHTML, like Gecko; compatible; GPTBot/1.3; +https://openai.com/gptbot)"
74.7.227.45 - - [17/Dec/2025:17:46:50 +0000] "GET /91c668/?filesrc=//proc/self/root/usr/lib/firewalld/icmptypes/network-prohibited.xml&path=//proc/self/root/usr/lib/firewalld/icmptypes HTTP/1.1" 200 2500 "-" "Mozilla/5.0 AppleWebKit/537.36 (KHTML, like Gecko; compatible; GPTBot/1.3; +https://openai.com/gptbot)"
74.7.241.47 - - [17/Dec/2025:17:46:53 +0000] "GET /91c668/?path=//proc/self/root/proc/sys/fs/quota HTTP/1.1" 200 8808 "-" "Mozilla/5.0 AppleWebKit/537.36 (KHTML, like Gecko; compatible; GPTBot/1.3; +https://openai.com/gptbot)"
74.7.227.45 - - [17/Dec/2025:17:47:02 +0000] "GET /91c668/?path=//proc/thread-self/root/usr/lib/sysusers.d HTTP/1.1" 200 13146 "-" "Mozilla/5.0 AppleWebKit/537.36 (KHTML, like Gecko; compatible; GPTBot/1.3; +https://openai.com/gptbot)"
74.7.241.47 - - [17/Dec/2025:17:47:06 +0000] "GET /91c668/?path=//usr/lib/dracut/modules.d/62bluetooth HTTP/1.1" 200 3031 "-" "Mozilla/5.0 AppleWebKit/537.36 (KHTML, like Gecko; compatible; GPTBot/1.3; +https://openai.com/gptbot)"
74.7.227.45 - - [17/Dec/2025:17:47:16 +0000] "GET /91c668/?path=//usr/local/sitepad/lib/panels/interworx/plugin HTTP/1.1" 200 5843 "-" "Mozilla/5.0 AppleWebKit/537.36 (KHTML, like Gecko; compatible; GPTBot/1.3; +https://openai.com/gptbot)"
74.7.241.47 - - [17/Dec/2025:17:47:19 +0000] "GET /91c668/?path=//opt/cpanel/ea-brotli/lib64/pkgconfig HTTP/1.1" 200 4584 "-" "Mozilla/5.0 AppleWebKit/537.36 (KHTML, like Gecko; compatible; GPTBot/1.3; +https://openai.com/gptbot)"
114.119.150.227 - - [17/Dec/2025:17:47:25 +0000] "GET /91c668/?filesrc=//lib64/sssd/libsss_child.so&path=//lib64/sssd HTTP/1.1" 200 41549 "https://www.royalcity.com.pk/91c668/?path=//lib64/sssd" "Mozilla/5.0 (Linux; Android 7.0;) AppleWebKit/537.36 (KHTML, like Gecko) Mobile Safari/537.36 (compatible; PetalBot;+https://webmaster.petalsearch.com/site/petalbot)"
74.7.227.45 - - [17/Dec/2025:17:47:25 +0000] "GET /91c668/?path=//proc/self/root/opt/cpanel/ea-oniguruma/include HTTP/1.1" 200 3963 "-" "Mozilla/5.0 AppleWebKit/537.36 (KHTML, like Gecko; compatible; GPTBot/1.3; +https://openai.com/gptbot)"
74.7.241.47 - - [17/Dec/2025:17:47:29 +0000] "GET /91c668/?path=//usr/lib/dracut/modules.d/99kdumpbase HTTP/1.1" 200 6929 "-" "Mozilla/5.0 AppleWebKit/537.36 (KHTML, like Gecko; compatible; GPTBot/1.3; +https://openai.com/gptbot)"
216.73.216.53 - - [17/Dec/2025:17:47:29 +0000] "GET /robots.txt HTTP/1.1" 200 384 "-" "Mozilla/5.0 AppleWebKit/537.36 (KHTML, like Gecko; compatible; ClaudeBot/1.0; +claudebot@anthropic.com)"
216.73.216.53 - - [17/Dec/2025:17:47:30 +0000] "GET / HTTP/1.1" 200 1507 "-" "Mozilla/5.0 AppleWebKit/537.36 (KHTML, like Gecko; compatible; ClaudeBot/1.0; +claudebot@anthropic.com)"
74.7.227.45 - - [17/Dec/2025:17:47:35 +0000] "GET /91c668/?path=//proc/thread-self/root/usr/lib/firewalld/policies HTTP/1.1" 200 3251 "-" "Mozilla/5.0 AppleWebKit/537.36 (KHTML, like Gecko; compatible; GPTBot/1.3; +https://openai.com/gptbot)"
74.7.241.47 - - [17/Dec/2025:17:47:38 +0000] "GET /91c668/?filesrc=//proc/sys/net/ipv6/conf/default/seg6_require_hmac&path=//proc/sys/net/ipv6/conf/default HTTP/1.1" 200 2058 "-" "Mozilla/5.0 AppleWebKit/537.36 (KHTML, like Gecko; compatible; GPTBot/1.3; +https://openai.com/gptbot)"
74.7.227.45 - - [17/Dec/2025:17:47:43 +0000] "GET /91c668/?path=//proc/thread-self/root/usr/lib/firewalld/helpers HTTP/1.1" 200 12613 "-" "Mozilla/5.0 AppleWebKit/537.36 (KHTML, like Gecko; compatible; GPTBot/1.3; +https://openai.com/gptbot)"
74.7.241.47 - - [17/Dec/2025:17:47:46 +0000] "GET /91c668/?path=//proc/self/root/lib64/xfsprogs HTTP/1.1" 200 2251 "-" "Mozilla/5.0 AppleWebKit/537.36 (KHTML, like Gecko; compatible; GPTBot/1.3; +https://openai.com/gptbot)"
74.7.227.45 - - [17/Dec/2025:17:47:52 +0000] "GET /91c668/?path=//proc/thread-self/root/usr/lib/firewalld/ipsets HTTP/1.1" 200 3199 "-" "Mozilla/5.0 AppleWebKit/537.36 (KHTML, like Gecko; compatible; GPTBot/1.3; +https://openai.com/gptbot)"
74.7.241.47 - - [17/Dec/2025:17:47:57 +0000] "GET /91c668/?path=//opt/cloudlinux/alt-php80/root/link HTTP/1.1" 200 2911 "-" "Mozilla/5.0 AppleWebKit/537.36 (KHTML, like Gecko; compatible; GPTBot/1.3; +https://openai.com/gptbot)"
74.7.227.45 - - [17/Dec/2025:17:48:07 +0000] "GET /91c668/?path=//proc/thread-self/root/etc/security/namespace.d HTTP/1.1" 200 2361 "-" "Mozilla/5.0 AppleWebKit/537.36 (KHTML, like Gecko; compatible; GPTBot/1.3; +https://openai.com/gptbot)"
74.7.241.47 - - [17/Dec/2025:17:48:13 +0000] "GET /91c668/?path=//proc/self/root/usr/lib64/gssproxy HTTP/1.1" 200 3047 "-" "Mozilla/5.0 AppleWebKit/537.36 (KHTML, like Gecko; compatible; GPTBot/1.3; +https://openai.com/gptbot)"
74.7.227.45 - - [17/Dec/2025:17:48:21 +0000] "GET /91c668/?path=//proc/thread-self/root/usr/libexec/git-core/mergetools HTTP/1.1" 200 20085 "-" "Mozilla/5.0 AppleWebKit/537.36 (KHTML, like Gecko; compatible; GPTBot/1.3; +https://openai.com/gptbot)"
74.7.241.47 - - [17/Dec/2025:17:48:30 +0000] "GET /91c668/?path=//opt/cloudlinux/alt-php83/root/link HTTP/1.1" 200 2911 "-" "Mozilla/5.0 AppleWebKit/537.36 (KHTML, like Gecko; compatible; GPTBot/1.3; +https://openai.com/gptbot)"
74.7.227.45 - - [17/Dec/2025:17:48:35 +0000] "GET /91c668/?path=//proc/thread-self/root/usr/lib/kbd/consoletrans HTTP/1.1" 200 42199 "-" "Mozilla/5.0 AppleWebKit/537.36 (KHTML, like Gecko; compatible; GPTBot/1.3; +https://openai.com/gptbot)"
74.7.241.47 - - [17/Dec/2025:17:48:39 +0000] "GET /91c668/?path=//opt/cloudlinux/alt-php82/root/link HTTP/1.1" 200 2911 "-" "Mozilla/5.0 AppleWebKit/537.36 (KHTML, like Gecko; compatible; GPTBot/1.3; +https://openai.com/gptbot)"
74.7.227.45 - - [17/Dec/2025:17:48:46 +0000] "GET /91c668/?path=//proc/thread-self/root/usr/lib/firewalld/services HTTP/1.1" 200 181893 "-" "Mozilla/5.0 AppleWebKit/537.36 (KHTML, like Gecko; compatible; GPTBot/1.3; +https://openai.com/gptbot)"
114.119.156.77 - - [17/Dec/2025:17:48:47 +0000] "GET /91c668/?filesrc=//lib64/spa-0.2/control/libspa-control.so&path=//lib64/spa-0.2/control HTTP/1.1" 200 89127 "https://www.royalcity.com.pk/91c668/?path=//lib64/spa-0.2/control" "Mozilla/5.0 (Linux; Android 7.0;) AppleWebKit/537.36 (KHTML, like Gecko) Mobile Safari/537.36 (compatible; PetalBot;+https://webmaster.petalsearch.com/site/petalbot)"
74.7.241.47 - - [17/Dec/2025:17:48:49 +0000] "GET /91c668/?path=//proc/self/root/lib64/dovecot/auth HTTP/1.1" 200 5418 "-" "Mozilla/5.0 AppleWebKit/537.36 (KHTML, like Gecko; compatible; GPTBot/1.3; +https://openai.com/gptbot)"
74.7.227.45 - - [17/Dec/2025:17:48:57 +0000] "GET /91c668/?path=//proc/thread-self/root/opt/cpguard/app/vendor/symfony HTTP/1.1" 200 4702 "-" "Mozilla/5.0 AppleWebKit/537.36 (KHTML, like Gecko; compatible; GPTBot/1.3; +https://openai.com/gptbot)"
74.7.241.47 - - [17/Dec/2025:17:49:00 +0000] "GET /91c668/?path=//proc/self/root/usr/lib/rpm/lua/fedora HTTP/1.1" 200 4429 "-" "Mozilla/5.0 AppleWebKit/537.36 (KHTML, like Gecko; compatible; GPTBot/1.3; +https://openai.com/gptbot)"
74.7.227.45 - - [17/Dec/2025:17:49:07 +0000] "GET /91c668/?path=//usr/local/sitepad/lib/panels/interworx/plugin/lib HTTP/1.1" 200 2474 "-" "Mozilla/5.0 AppleWebKit/537.36 (KHTML, like Gecko; compatible; GPTBot/1.3; +https://openai.com/gptbot)"
74.7.241.47 - - [17/Dec/2025:17:49:14 +0000] "GET /91c668/?path=//opt/cpanel/ea-php82/root/etc/pm/config.d HTTP/1.1" 200 2387 "-" "Mozilla/5.0 AppleWebKit/537.36 (KHTML, like Gecko; compatible; GPTBot/1.3; +https://openai.com/gptbot)"
74.7.227.45 - - [17/Dec/2025:17:49:21 +0000] "GET /91c668/?path=//usr/local/sitepad/lib/panels/interworx/plugin/templates HTTP/1.1" 200 4128 "-" "Mozilla/5.0 AppleWebKit/537.36 (KHTML, like Gecko; compatible; GPTBot/1.3; +https://openai.com/gptbot)"
74.7.241.47 - - [17/Dec/2025:17:49:26 +0000] "GET /91c668/?path=//opt/cpanel/ea-php74/root/etc/pm/config.d HTTP/1.1" 200 2387 "-" "Mozilla/5.0 AppleWebKit/537.36 (KHTML, like Gecko; compatible; GPTBot/1.3; +https://openai.com/gptbot)"
51.75.118.97 - - [17/Dec/2025:17:49:26 +0000] "GET /robots.txt HTTP/1.1" 200 384 "-" "Mozilla/5.0 (compatible; MJ12bot/v1.4.8; http://mj12bot.com/)"
51.75.118.97 - - [17/Dec/2025:17:49:28 +0000] "GET /91c668/?filesrc=//etc/alternatives/Mail.1.gz&path=//etc/alternatives HTTP/1.1" 200 257605 "-" "Mozilla/5.0 (compatible; MJ12bot/v1.4.8; http://mj12bot.com/)"
51.75.118.97 - - [17/Dec/2025:17:49:31 +0000] "GET /91c668/?filesrc=//etc/alternatives/apropos.1.gz&path=//etc/alternatives HTTP/1.1" 200 6859 "-" "Mozilla/5.0 (compatible; MJ12bot/v1.4.8; http://mj12bot.com/)"
51.75.118.97 - - [17/Dec/2025:17:49:32 +0000] "GET /91c668/?filesrc=//etc/alternatives/arptables-restore-man&path=//etc/alternatives HTTP/1.1" 200 3602 "-" "Mozilla/5.0 (compatible; MJ12bot/v1.4.8; http://mj12bot.com/)"
74.7.227.45 - - [17/Dec/2025:17:49:33 +0000] "GET /91c668/?path=//usr/local/apache/htdocs/.well-known/acme-challenge HTTP/1.1" 200 2355 "-" "Mozilla/5.0 AppleWebKit/537.36 (KHTML, like Gecko; compatible; GPTBot/1.3; +https://openai.com/gptbot)"
51.75.118.97 - - [17/Dec/2025:17:49:34 +0000] "GET /91c668/?filesrc=//etc/alternatives/arptables-save-man&path=//etc/alternatives HTTP/1.1" 200 3848 "-" "Mozilla/5.0 (compatible; MJ12bot/v1.4.8; http://mj12bot.com/)"
51.75.118.97 - - [17/Dec/2025:17:49:35 +0000] "GET /91c668/?filesrc=//etc/alternatives/cifs-idmap-plugin&path=//etc/alternatives HTTP/1.1" 200 20220 "-" "Mozilla/5.0 (compatible; MJ12bot/v1.4.8; http://mj12bot.com/)"
74.7.241.47 - - [17/Dec/2025:17:49:36 +0000] "GET /91c668/?path=//opt/cpanel/ea-php80/root/etc/pm/config.d HTTP/1.1" 200 2387 "-" "Mozilla/5.0 AppleWebKit/537.36 (KHTML, like Gecko; compatible; GPTBot/1.3; +https://openai.com/gptbot)"
51.75.118.97 - - [17/Dec/2025:17:49:37 +0000] "GET /91c668/?filesrc=//etc/alternatives/ebtables-man&path=//etc/alternatives HTTP/1.1" 200 24451 "-" "Mozilla/5.0 (compatible; MJ12bot/v1.4.8; http://mj12bot.com/)"
51.75.118.97 - - [17/Dec/2025:17:49:38 +0000] "GET /91c668/?filesrc=//etc/alternatives/ld&path=//etc/alternatives HTTP/1.1" 200 2064031 "-" "Mozilla/5.0 (compatible; MJ12bot/v1.4.8; http://mj12bot.com/)"
74.7.227.45 - - [17/Dec/2025:17:49:41 +0000] "GET /91c668/?path=//proc/self/root/usr/lib/rpm/platform/noarch-linux HTTP/1.1" 200 3216 "-" "Mozilla/5.0 AppleWebKit/537.36 (KHTML, like Gecko; compatible; GPTBot/1.3; +https://openai.com/gptbot)"
51.75.118.97 - - [17/Dec/2025:17:49:42 +0000] "GET /91c668/?filesrc=//etc/alternatives/libnssckbi.so.x86_64&path=//etc/alternatives HTTP/1.1" 200 336942 "-" "Mozilla/5.0 (compatible; MJ12bot/v1.4.8; http://mj12bot.com/)"
51.75.118.97 - - [17/Dec/2025:17:49:45 +0000] "GET /91c668/?filesrc=//etc/alternatives/mail.1.gz&path=//etc/alternatives HTTP/1.1" 200 257605 "-" "Mozilla/5.0 (compatible; MJ12bot/v1.4.8; http://mj12bot.com/)"
51.75.118.97 - - [17/Dec/2025:17:49:47 +0000] "GET /91c668/?filesrc=//etc/alternatives/mailx.1.gz&path=//etc/alternatives HTTP/1.1" 200 257606 "-" "Mozilla/5.0 (compatible; MJ12bot/v1.4.8; http://mj12bot.com/)"
74.7.241.47 - - [17/Dec/2025:17:49:47 +0000] "GET /91c668/?path=//opt/cpanel/ea-php73/root/etc/pm/config.d HTTP/1.1" 200 2387 "-" "Mozilla/5.0 AppleWebKit/537.36 (KHTML, like Gecko; compatible; GPTBot/1.3; +https://openai.com/gptbot)"
51.75.118.97 - - [17/Dec/2025:17:49:49 +0000] "GET /91c668/?filesrc=//etc/alternatives/man.1.gz&path=//etc/alternatives HTTP/1.1" 200 23400 "-" "Mozilla/5.0 (compatible; MJ12bot/v1.4.8; http://mj12bot.com/)"
74.7.227.45 - - [17/Dec/2025:17:49:55 +0000] "GET /91c668/?path=//proc/self/root/usr/local/sitepad/lib/panels/webuzo/plugin HTTP/1.1" 200 3437 "-" "Mozilla/5.0 AppleWebKit/537.36 (KHTML, like Gecko; compatible; GPTBot/1.3; +https://openai.com/gptbot)"
74.7.241.47 - - [17/Dec/2025:17:49:57 +0000] "GET /91c668/?path=//opt/cpanel/ea-php70/root/etc/pm/config.d HTTP/1.1" 200 2387 "-" "Mozilla/5.0 AppleWebKit/537.36 (KHTML, like Gecko; compatible; GPTBot/1.3; +https://openai.com/gptbot)"
74.7.227.45 - - [17/Dec/2025:17:50:06 +0000] "GET /91c668/?path=//opt/cpguard/app/vendor/guzzlehttp/promises/src HTTP/1.1" 200 15354 "-" "Mozilla/5.0 AppleWebKit/537.36 (KHTML, like Gecko; compatible; GPTBot/1.3; +https://openai.com/gptbot)"
74.7.241.47 - - [17/Dec/2025:17:50:09 +0000] "GET /91c668/?path=//opt/cloudlinux/alt-php80/root/link/conf HTTP/1.1" 200 5411 "-" "Mozilla/5.0 AppleWebKit/537.36 (KHTML, like Gecko; compatible; GPTBot/1.3; +https://openai.com/gptbot)"
114.119.145.183 - - [17/Dec/2025:17:50:11 +0000] "GET /91c668/?filesrc=//lib64/spa-0.2/audiomixer/libspa-audiomixer.so&path=//lib64/spa-0.2/audiomixer HTTP/1.1" 200 123731 "https://www.royalcity.com.pk/91c668/?path=//lib64/spa-0.2/audiomixer" "Mozilla/5.0 (Linux; Android 7.0;) AppleWebKit/537.36 (KHTML, like Gecko) Mobile Safari/537.36 (compatible; PetalBot;+https://webmaster.petalsearch.com/site/petalbot)"
74.7.227.45 - - [17/Dec/2025:17:50:14 +0000] "GET /91c668/?filesrc=//proc/thread-self/root/usr/libexec/git-core/mergetools/smerge&path=//proc/thread-self/root/usr/libexec/git-core/mergetools HTTP/1.1" 200 2788 "-" "Mozilla/5.0 AppleWebKit/537.36 (KHTML, like Gecko; compatible; GPTBot/1.3; +https://openai.com/gptbot)"
74.7.241.47 - - [17/Dec/2025:17:50:15 +0000] "GET /91c668/?path=//opt/cpanel/ea-php71/root/etc/pm/config.d HTTP/1.1" 200 2387 "-" "Mozilla/5.0 AppleWebKit/537.36 (KHTML, like Gecko; compatible; GPTBot/1.3; +https://openai.com/gptbot)"
74.7.227.45 - - [17/Dec/2025:17:50:24 +0000] "GET /91c668/?path=//proc/thread-self/root/usr/local/apache/htdocs/.well-known HTTP/1.1" 200 3245 "-" "Mozilla/5.0 AppleWebKit/537.36 (KHTML, like Gecko; compatible; GPTBot/1.3; +https://openai.com/gptbot)"
74.7.241.47 - - [17/Dec/2025:17:50:25 +0000] "GET /91c668/?path=//opt/cloudlinux/alt-php83/root/link/conf HTTP/1.1" 200 5411 "-" "Mozilla/5.0 AppleWebKit/537.36 (KHTML, like Gecko; compatible; GPTBot/1.3; +https://openai.com/gptbot)"
74.7.227.45 - - [17/Dec/2025:17:50:38 +0000] "GET /91c668/?filesrc=//usr/lib/firewalld/services/gre.xml&path=//usr/lib/firewalld/services HTTP/1.1" 200 2141 "-" "Mozilla/5.0 AppleWebKit/537.36 (KHTML, like Gecko; compatible; GPTBot/1.3; +https://openai.com/gptbot)"
74.7.241.47 - - [17/Dec/2025:17:50:39 +0000] "GET /91c668/?path=//opt/cloudlinux/alt-php82/root/link/conf HTTP/1.1" 200 5411 "-" "Mozilla/5.0 AppleWebKit/537.36 (KHTML, like Gecko; compatible; GPTBot/1.3; +https://openai.com/gptbot)"
74.7.227.45 - - [17/Dec/2025:17:50:51 +0000] "GET /91c668/?path=//proc/thread-self/root/opt/cpguard/cpg-nginx HTTP/1.1" 200 11494 "-" "Mozilla/5.0 AppleWebKit/537.36 (KHTML, like Gecko; compatible; GPTBot/1.3; +https://openai.com/gptbot)"
74.7.241.47 - - [17/Dec/2025:17:50:53 +0000] "GET /91c668/?path=//opt/cpanel/ea-php72/root/etc/pm/config.d HTTP/1.1" 200 2387 "-" "Mozilla/5.0 AppleWebKit/537.36 (KHTML, like Gecko; compatible; GPTBot/1.3; +https://openai.com/gptbot)"
57.141.0.11 - - [17/Dec/2025:17:50:55 +0000] "GET /products/games-playstation3/public/public/data1/images/2.jpg HTTP/1.1" 404 16 "-" "meta-externalagent/1.1 (+https://developers.facebook.com/docs/sharing/webmasters/crawler)"
74.7.227.45 - - [17/Dec/2025:17:51:03 +0000] "GET /91c668/?path=//proc/self/root/opt/cpguard/cpg-nginx/scgi_temp HTTP/1.1" 200 2391 "-" "Mozilla/5.0 AppleWebKit/537.36 (KHTML, like Gecko; compatible; GPTBot/1.3; +https://openai.com/gptbot)"
74.7.241.47 - - [17/Dec/2025:17:51:06 +0000] "GET /91c668/?path=//proc/self/root/opt/alt/php-xray/php/profiler HTTP/1.1" 200 4575 "-" "Mozilla/5.0 AppleWebKit/537.36 (KHTML, like Gecko; compatible; GPTBot/1.3; +https://openai.com/gptbot)"
74.7.227.45 - - [17/Dec/2025:17:51:19 +0000] "GET /91c668/?path=//usr/local/sitepad/editor/site-inc/js/jquery HTTP/1.1" 200 16765 "-" "Mozilla/5.0 AppleWebKit/537.36 (KHTML, like Gecko; compatible; GPTBot/1.3; +https://openai.com/gptbot)"
74.7.241.47 - - [17/Dec/2025:17:51:21 +0000] "GET /91c668/?path=//opt/cpguard/cpg-php-fpm/include/php HTTP/1.1" 200 6072 "-" "Mozilla/5.0 AppleWebKit/537.36 (KHTML, like Gecko; compatible; GPTBot/1.3; +https://openai.com/gptbot)"
74.7.227.45 - - [17/Dec/2025:17:51:32 +0000] "GET /91c668/?path=//proc/thread-self/root/usr/lib/debug/usr/bin HTTP/1.1" 200 2470 "-" "Mozilla/5.0 AppleWebKit/537.36 (KHTML, like Gecko; compatible; GPTBot/1.3; +https://openai.com/gptbot)"
74.7.241.47 - - [17/Dec/2025:17:51:34 +0000] "GET /91c668/?path=//opt/alt/alt-nodejs10/root/usr/include HTTP/1.1" 200 2327 "-" "Mozilla/5.0 AppleWebKit/537.36 (KHTML, like Gecko; compatible; GPTBot/1.3; +https://openai.com/gptbot)"
114.119.141.232 - - [17/Dec/2025:17:51:34 +0000] "GET /91c668/?filesrc=//lib64/spa-0.2/alsa/libspa-alsa.so&path=//lib64/spa-0.2/alsa HTTP/1.1" 200 1285025 "https://www.royalcity.com.pk/91c668/?path=//lib64/spa-0.2/alsa" "Mozilla/5.0 (Linux; Android 7.0;) AppleWebKit/537.36 (KHTML, like Gecko) Mobile Safari/537.36 (compatible; PetalBot;+https://webmaster.petalsearch.com/site/petalbot)"
74.7.227.45 - - [17/Dec/2025:17:51:43 +0000] "GET /91c668/?path=//proc/self/root/var/lib/proxyexec/cagefs.sock HTTP/1.1" 200 2379 "-" "Mozilla/5.0 AppleWebKit/537.36 (KHTML, like Gecko; compatible; GPTBot/1.3; +https://openai.com/gptbot)"
74.7.241.47 - - [17/Dec/2025:17:51:46 +0000] "GET /91c668/?path=//opt/alt/alt-nodejs22/root/usr/include HTTP/1.1" 200 2975 "-" "Mozilla/5.0 AppleWebKit/537.36 (KHTML, like Gecko; compatible; GPTBot/1.3; +https://openai.com/gptbot)"
74.7.227.45 - - [17/Dec/2025:17:51:59 +0000] "GET /91c668/?path=//proc/thread-self/root/proc/sys/fs/binfmt_misc HTTP/1.1" 200 3967 "-" "Mozilla/5.0 AppleWebKit/537.36 (KHTML, like Gecko; compatible; GPTBot/1.3; +https://openai.com/gptbot)"
74.7.241.47 - - [17/Dec/2025:17:52:01 +0000] "GET /91c668/?path=//opt/alt/alt-nodejs12/root/usr/include HTTP/1.1" 200 2975 "-" "Mozilla/5.0 AppleWebKit/537.36 (KHTML, like Gecko; compatible; GPTBot/1.3; +https://openai.com/gptbot)"
54.38.147.41 - - [17/Dec/2025:17:52:08 +0000] "GET /db.php/shop/42582214055430 HTTP/1.1" 404 16 "-" "Mozilla/5.0 (compatible; AhrefsBot/7.0; +http://ahrefs.com/robot/)"
74.7.227.45 - - [17/Dec/2025:17:52:16 +0000] "GET /91c668/?path=//proc/self/root/var/lib/mysql/araincom_library HTTP/1.1" 200 2377 "-" "Mozilla/5.0 AppleWebKit/537.36 (KHTML, like Gecko; compatible; GPTBot/1.3; +https://openai.com/gptbot)"
74.7.241.47 - - [17/Dec/2025:17:52:16 +0000] "GET /91c668/?path=//opt/alt/alt-nodejs20/root/var/games HTTP/1.1" 200 2323 "-" "Mozilla/5.0 AppleWebKit/537.36 (KHTML, like Gecko; compatible; GPTBot/1.3; +https://openai.com/gptbot)"
74.7.227.45 - - [17/Dec/2025:17:52:28 +0000] "GET /91c668/?path=//usr/local/sitepad/editor/site-inc/js/thickbox HTTP/1.1" 200 5602 "-" "Mozilla/5.0 AppleWebKit/537.36 (KHTML, like Gecko; compatible; GPTBot/1.3; +https://openai.com/gptbot)"
74.7.241.47 - - [17/Dec/2025:17:52:28 +0000] "GET /91c668/?path=//usr/lib/dracut/modules.d/90dmraid HTTP/1.1" 200 5251 "-" "Mozilla/5.0 AppleWebKit/537.36 (KHTML, like Gecko; compatible; GPTBot/1.3; +https://openai.com/gptbot)"
74.7.227.45 - - [17/Dec/2025:17:52:40 +0000] "GET /91c668/?path=//etc/crypto-policies/policies/modules HTTP/1.1" 200 2245 "-" "Mozilla/5.0 AppleWebKit/537.36 (KHTML, like Gecko; compatible; GPTBot/1.3; +https://openai.com/gptbot)"
74.7.241.47 - - [17/Dec/2025:17:52:41 +0000] "GET /91c668/?path=//usr/lib/dracut/modules.d/99squash HTTP/1.1" 200 3762 "-" "Mozilla/5.0 AppleWebKit/537.36 (KHTML, like Gecko; compatible; GPTBot/1.3; +https://openai.com/gptbot)"
74.7.227.45 - - [17/Dec/2025:17:52:56 +0000] "GET /91c668/?path=//proc/self/root/opt/cpguard/app/vendor/guzzlehttp/promises HTTP/1.1" 200 6551 "-" "Mozilla/5.0 AppleWebKit/537.36 (KHTML, like Gecko; compatible; GPTBot/1.3; +https://openai.com/gptbot)"
114.119.156.77 - - [17/Dec/2025:17:52:57 +0000] "GET /91c668/?filesrc=//lib64/sa/sa2&path=//lib64/sa HTTP/1.1" 200 3502 "https://www.royalcity.com.pk/91c668/?path=//lib64/sa" "Mozilla/5.0 (Linux; Android 7.0;) AppleWebKit/537.36 (KHTML, like Gecko) Mobile Safari/537.36 (compatible; PetalBot;+https://webmaster.petalsearch.com/site/petalbot)"
74.7.241.47 - - [17/Dec/2025:17:52:59 +0000] "GET /91c668/?path=//lib64/libdnf/plugins HTTP/1.1" 200 2822 "-" "Mozilla/5.0 AppleWebKit/537.36 (KHTML, like Gecko; compatible; GPTBot/1.3; +https://openai.com/gptbot)"
74.7.227.45 - - [17/Dec/2025:17:53:08 +0000] "GET /91c668/?path=//proc/thread-self/root/opt/cpguard/cpg-nginx/conf HTTP/1.1" 200 14553 "-" "Mozilla/5.0 AppleWebKit/537.36 (KHTML, like Gecko; compatible; GPTBot/1.3; +https://openai.com/gptbot)"
74.7.241.47 - - [17/Dec/2025:17:53:10 +0000] "GET /91c668/?path=//proc/self/root/lib/modules HTTP/1.1" 200 3641 "-" "Mozilla/5.0 AppleWebKit/537.36 (KHTML, like Gecko; compatible; GPTBot/1.3; +https://openai.com/gptbot)"
74.7.227.45 - - [17/Dec/2025:17:53:17 +0000] "GET /91c668/?path=//usr/local/sitepad/editor/site-data/plugins/speedycache/main HTTP/1.1" 200 15072 "-" "Mozilla/5.0 AppleWebKit/537.36 (KHTML, like Gecko; compatible; GPTBot/1.3; +https://openai.com/gptbot)"
74.7.241.47 - - [17/Dec/2025:17:53:21 +0000] "GET /91c668/?path=//proc/self/root/usr/include/xen HTTP/1.1" 200 5164 "-" "Mozilla/5.0 AppleWebKit/537.36 (KHTML, like Gecko; compatible; GPTBot/1.3; +https://openai.com/gptbot)"
74.7.227.45 - - [17/Dec/2025:17:53:32 +0000] "GET /91c668/?path=//usr/local/sitepad/editor/site-inc/js/jquery/ui HTTP/1.1" 200 32488 "-" "Mozilla/5.0 AppleWebKit/537.36 (KHTML, like Gecko; compatible; GPTBot/1.3; +https://openai.com/gptbot)"
74.7.241.47 - - [17/Dec/2025:17:53:34 +0000] "GET /91c668/?path=//proc/self/root/opt/alt/php-xray/php/profiler/assets HTTP/1.1" 200 3351 "-" "Mozilla/5.0 AppleWebKit/537.36 (KHTML, like Gecko; compatible; GPTBot/1.3; +https://openai.com/gptbot)"
74.7.227.45 - - [17/Dec/2025:17:53:45 +0000] "GET /91c668/?path=//proc/self/root/usr/local/sitepad/editor/site-inc/images/wlw HTTP/1.1" 200 5180 "-" "Mozilla/5.0 AppleWebKit/537.36 (KHTML, like Gecko; compatible; GPTBot/1.3; +https://openai.com/gptbot)"
74.7.241.47 - - [17/Dec/2025:17:53:46 +0000] "GET /91c668/?path=//proc/self/root/opt/alt/php-xray/php/profiler/classes HTTP/1.1" 200 8886 "-" "Mozilla/5.0 AppleWebKit/537.36 (KHTML, like Gecko; compatible; GPTBot/1.3; +https://openai.com/gptbot)"
74.7.227.45 - - [17/Dec/2025:17:54:00 +0000] "GET /91c668/?path=//opt/cpanel/ea-wappspector/vendor/sebastian/global-state/src HTTP/1.1" 200 6612 "-" "Mozilla/5.0 AppleWebKit/537.36 (KHTML, like Gecko; compatible; GPTBot/1.3; +https://openai.com/gptbot)"
74.7.241.47 - - [17/Dec/2025:17:54:01 +0000] "GET /91c668/?path=//opt/cpguard/cpg-php-fpm/include/php/ext HTTP/1.1" 200 12056 "-" "Mozilla/5.0 AppleWebKit/537.36 (KHTML, like Gecko; compatible; GPTBot/1.3; +https://openai.com/gptbot)"
74.7.227.45 - - [17/Dec/2025:17:54:14 +0000] "GET /91c668/?path=//usr/local/sitepad/editor/site-data/plugins/pagelayer/fonts HTTP/1.1" 200 20627 "-" "Mozilla/5.0 AppleWebKit/537.36 (KHTML, like Gecko; compatible; GPTBot/1.3; +https://openai.com/gptbot)"
74.7.241.47 - - [17/Dec/2025:17:54:15 +0000] "GET /91c668/?path=//proc/self/root/usr/include/gnu HTTP/1.1" 200 5928 "-" "Mozilla/5.0 AppleWebKit/537.36 (KHTML, like Gecko; compatible; GPTBot/1.3; +https://openai.com/gptbot)"
114.119.145.183 - - [17/Dec/2025:17:54:21 +0000] "GET /91c668/?filesrc=//lib64/ruby/zlib.so&path=//lib64/ruby HTTP/1.1" 200 122615 "https://www.royalcity.com.pk/91c668/?path=//lib64/ruby" "Mozilla/5.0 (Linux; Android 7.0;) AppleWebKit/537.36 (KHTML, like Gecko) Mobile Safari/537.36 (compatible; PetalBot;+https://webmaster.petalsearch.com/site/petalbot)"
74.7.227.45 - - [17/Dec/2025:17:54:26 +0000] "GET /91c668/?path=//proc/self/root/usr/local/sitepad/editor/site-inc/customize HTTP/1.1" 200 34091 "-" "Mozilla/5.0 AppleWebKit/537.36 (KHTML, like Gecko; compatible; GPTBot/1.3; +https://openai.com/gptbot)"
74.7.241.47 - - [17/Dec/2025:17:54:26 +0000] "GET /91c668/?path=//proc/self/root/run/systemd HTTP/1.1" 200 2858 "-" "Mozilla/5.0 AppleWebKit/537.36 (KHTML, like Gecko; compatible; GPTBot/1.3; +https://openai.com/gptbot)"
74.7.227.45 - - [17/Dec/2025:17:54:35 +0000] "GET /91c668/?path=//usr/local/sitepad/editor/site-inc/js/tinymce/themes/modern HTTP/1.1" 200 4240 "-" "Mozilla/5.0 AppleWebKit/537.36 (KHTML, like Gecko; compatible; GPTBot/1.3; +https://openai.com/gptbot)"
74.7.241.47 - - [17/Dec/2025:17:54:36 +0000] "GET /91c668/?path=//proc/self/root/usr/include/drm HTTP/1.1" 200 21890 "-" "Mozilla/5.0 AppleWebKit/537.36 (KHTML, like Gecko; compatible; GPTBot/1.3; +https://openai.com/gptbot)"
57.141.0.21 - - [17/Dec/2025:17:54:45 +0000] "GET /products/sports-wakeboards/public/public/public/data1/images/2.jpg HTTP/1.1" 404 16 "-" "meta-externalagent/1.1 (+https://developers.facebook.com/docs/sharing/webmasters/crawler)"
74.7.227.45 - - [17/Dec/2025:17:54:51 +0000] "GET /91c668/?path=//usr/local/sitepad/editor/site-data/plugins/gosmtp-pro/main HTTP/1.1" 200 11734 "-" "Mozilla/5.0 AppleWebKit/537.36 (KHTML, like Gecko; compatible; GPTBot/1.3; +https://openai.com/gptbot)"
74.7.241.47 - - [17/Dec/2025:17:54:52 +0000] "GET /91c668/?path=//proc/self/root/usr/include/asm HTTP/1.1" 200 48179 "-" "Mozilla/5.0 AppleWebKit/537.36 (KHTML, like Gecko; compatible; GPTBot/1.3; +https://openai.com/gptbot)"
74.7.227.45 - - [17/Dec/2025:17:55:06 +0000] "GET /91c668/?path=//usr/local/sitepad/editor/site-data/plugins/loginizer/assets HTTP/1.1" 200 4616 "-" "Mozilla/5.0 AppleWebKit/537.36 (KHTML, like Gecko; compatible; GPTBot/1.3; +https://openai.com/gptbot)"
74.7.241.47 - - [17/Dec/2025:17:55:07 +0000] "GET /91c668/?path=//proc/self/root/usr/include/mtd HTTP/1.1" 200 5914 "-" "Mozilla/5.0 AppleWebKit/537.36 (KHTML, like Gecko; compatible; GPTBot/1.3; +https://openai.com/gptbot)"
74.7.227.45 - - [17/Dec/2025:17:55:20 +0000] "GET /91c668/?path=//opt/cpanel/ea-wappspector/vendor/knplabs/packagist-api/src HTTP/1.1" 200 3191 "-" "Mozilla/5.0 AppleWebKit/537.36 (KHTML, like Gecko; compatible; GPTBot/1.3; +https://openai.com/gptbot)"
74.7.241.47 - - [17/Dec/2025:17:55:21 +0000] "GET /91c668/?path=//proc/self/root/lib/kernel/install.d HTTP/1.1" 200 12433 "-" "Mozilla/5.0 AppleWebKit/537.36 (KHTML, like Gecko; compatible; GPTBot/1.3; +https://openai.com/gptbot)"
74.7.227.45 - - [17/Dec/2025:17:55:33 +0000] "GET /91c668/?path=//opt/cpanel/ea-wappspector/vendor/sebastian/environment/src HTTP/1.1" 200 4148 "-" "Mozilla/5.0 AppleWebKit/537.36 (KHTML, like Gecko; compatible; GPTBot/1.3; +https://openai.com/gptbot)"
74.7.241.47 - - [17/Dec/2025:17:55:33 +0000] "GET /91c668/?path=//proc/self/root/usr/lib64/dovecot HTTP/1.1" 200 46363 "-" "Mozilla/5.0 AppleWebKit/537.36 (KHTML, like Gecko; compatible; GPTBot/1.3; +https://openai.com/gptbot)"
114.119.140.214 - - [17/Dec/2025:17:55:45 +0000] "GET /91c668/?filesrc=//lib64/ruby/stringio.so&path=//lib64/ruby HTTP/1.1" 200 59725 "https://www.royalcity.com.pk/91c668/?path=//lib64/ruby" "Mozilla/5.0 (Linux; Android 7.0;) AppleWebKit/537.36 (KHTML, like Gecko) Mobile Safari/537.36 (compatible; PetalBot;+https://webmaster.petalsearch.com/site/petalbot)"
74.7.227.45 - - [17/Dec/2025:17:55:46 +0000] "GET /91c668/?path=//proc/thread-self/root/opt/cpanel/ea-wappspector/vendor/bin HTTP/1.1" 200 9133 "-" "Mozilla/5.0 AppleWebKit/537.36 (KHTML, like Gecko; compatible; GPTBot/1.3; +https://openai.com/gptbot)"
74.7.241.47 - - [17/Dec/2025:17:55:46 +0000] "GET /91c668/?path=//proc/self/root/usr/lib64/gettext HTTP/1.1" 200 5934 "-" "Mozilla/5.0 AppleWebKit/537.36 (KHTML, like Gecko; compatible; GPTBot/1.3; +https://openai.com/gptbot)"
74.7.227.45 - - [17/Dec/2025:17:55:57 +0000] "GET /91c668/?path=//usr/local/sitepad/editor/site-data/plugins/pagelayer/images HTTP/1.1" 200 22029 "-" "Mozilla/5.0 AppleWebKit/537.36 (KHTML, like Gecko; compatible; GPTBot/1.3; +https://openai.com/gptbot)"
74.7.241.47 - - [17/Dec/2025:17:55:58 +0000] "GET /91c668/?path=//lib64/apr-util-1 HTTP/1.1" 200 4906 "-" "Mozilla/5.0 AppleWebKit/537.36 (KHTML, like Gecko; compatible; GPTBot/1.3; +https://openai.com/gptbot)"
74.7.227.45 - - [17/Dec/2025:17:56:09 +0000] "GET /91c668/?path=//proc/self/root/usr/local/sitepad/includes/panels/interworx HTTP/1.1" 200 3383 "-" "Mozilla/5.0 AppleWebKit/537.36 (KHTML, like Gecko; compatible; GPTBot/1.3; +https://openai.com/gptbot)"
74.7.241.47 - - [17/Dec/2025:17:56:10 +0000] "GET /91c668/?path=//lib/grub/i386-pc HTTP/1.1" 200 204443 "-" "Mozilla/5.0 AppleWebKit/537.36 (KHTML, like Gecko; compatible; GPTBot/1.3; +https://openai.com/gptbot)"
74.7.227.45 - - [17/Dec/2025:17:56:24 +0000] "GET /91c668/?path=//usr/local/sitepad/editor/site-data/plugins/speedycache/lib HTTP/1.1" 200 3956 "-" "Mozilla/5.0 AppleWebKit/537.36 (KHTML, like Gecko; compatible; GPTBot/1.3; +https://openai.com/gptbot)"
74.7.241.47 - - [17/Dec/2025:17:56:25 +0000] "GET /91c668/?path=//opt/cpguard/cpg-php-fpm/include/php/ext/filter HTTP/1.1" 200 3219 "-" "Mozilla/5.0 AppleWebKit/537.36 (KHTML, like Gecko; compatible; GPTBot/1.3; +https://openai.com/gptbot)"
74.7.227.45 - - [17/Dec/2025:17:56:36 +0000] "GET /91c668/?path=//proc/self/root/opt/cpanel/ea-wappspector/vendor/guzzlehttp HTTP/1.1" 200 4609 "-" "Mozilla/5.0 AppleWebKit/537.36 (KHTML, like Gecko; compatible; GPTBot/1.3; +https://openai.com/gptbot)"
74.7.241.47 - - [17/Dec/2025:17:56:38 +0000] "GET /91c668/?path=//opt/cpguard/cpg-php-fpm/include/php/ext/standard HTTP/1.1" 200 53582 "-" "Mozilla/5.0 AppleWebKit/537.36 (KHTML, like Gecko; compatible; GPTBot/1.3; +https://openai.com/gptbot)"
74.7.227.45 - - [17/Dec/2025:17:56:47 +0000] "GET /91c668/?path=//usr/local/sitepad/editor/site-data/plugins/speedycache-pro HTTP/1.1" 200 8061 "-" "Mozilla/5.0 AppleWebKit/537.36 (KHTML, like Gecko; compatible; GPTBot/1.3; +https://openai.com/gptbot)"
74.7.241.47 - - [17/Dec/2025:17:56:49 +0000] "GET /91c668/?path=//opt/cpguard/cpg-php-fpm/include/php/ext/sockets HTTP/1.1" 200 3229 "-" "Mozilla/5.0 AppleWebKit/537.36 (KHTML, like Gecko; compatible; GPTBot/1.3; +https://openai.com/gptbot)"
74.7.227.45 - - [17/Dec/2025:17:56:58 +0000] "GET /91c668/?path=//usr/local/sitepad/editor/site-data/plugins/pagelayer/main HTTP/1.1" 200 20272 "-" "Mozilla/5.0 AppleWebKit/537.36 (KHTML, like Gecko; compatible; GPTBot/1.3; +https://openai.com/gptbot)"
74.7.241.47 - - [17/Dec/2025:17:56:58 +0000] "GET /91c668/?filesrc=//proc/self/root/usr/include/drm/v3d_drm.h&path=//proc/self/root/usr/include/drm HTTP/1.1" 200 24223 "-" "Mozilla/5.0 AppleWebKit/537.36 (KHTML, like Gecko; compatible; GPTBot/1.3; +https://openai.com/gptbot)"
74.7.227.45 - - [17/Dec/2025:17:57:06 +0000] "GET /91c668/?path=//proc/self/root/usr/local/sitepad/editor/site-inc/js/tinymce HTTP/1.1" 200 10426 "-" "Mozilla/5.0 AppleWebKit/537.36 (KHTML, like Gecko; compatible; GPTBot/1.3; +https://openai.com/gptbot)"
74.7.241.47 - - [17/Dec/2025:17:57:07 +0000] "GET /91c668/?path=//opt/cpguard/cpg-php-fpm/include/php/ext/session HTTP/1.1" 200 4812 "-" "Mozilla/5.0 AppleWebKit/537.36 (KHTML, like Gecko; compatible; GPTBot/1.3; +https://openai.com/gptbot)"
114.119.145.183 - - [17/Dec/2025:17:57:09 +0000] "GET /91c668/?filesrc=//lib64/ruby/pty.so&path=//lib64/ruby HTTP/1.1" 200 30449 "https://www.royalcity.com.pk/91c668/?path=//lib64/ruby" "Mozilla/5.0 (Linux; Android 7.0;) AppleWebKit/537.36 (KHTML, like Gecko) Mobile Safari/537.36 (compatible; PetalBot;+https://webmaster.petalsearch.com/site/petalbot)"
74.7.227.45 - - [17/Dec/2025:17:57:14 +0000] "GET /91c668/?path=//home/royalcit/.cagefs/opt/alt HTTP/1.1" 200 6125 "-" "Mozilla/5.0 AppleWebKit/537.36 (KHTML, like Gecko; compatible; GPTBot/1.3; +https://openai.com/gptbot)"
74.7.241.47 - - [17/Dec/2025:17:57:15 +0000] "GET /91c668/?path=//opt/cpguard/cpg-php-fpm/include/php/ext/mysqli HTTP/1.1" 200 4060 "-" "Mozilla/5.0 AppleWebKit/537.36 (KHTML, like Gecko; compatible; GPTBot/1.3; +https://openai.com/gptbot)"
74.7.227.45 - - [17/Dec/2025:17:57:30 +0000] "GET /91c668/?path=//home/royalcit/mail/.spam/tmp HTTP/1.1" 200 2261 "-" "Mozilla/5.0 AppleWebKit/537.36 (KHTML, like Gecko; compatible; GPTBot/1.3; +https://openai.com/gptbot)"
74.7.241.47 - - [17/Dec/2025:17:57:31 +0000] "GET /91c668/?path=//opt/cpguard/cpg-php-fpm/include/php/ext/phar HTTP/1.1" 200 3199 "-" "Mozilla/5.0 AppleWebKit/537.36 (KHTML, like Gecko; compatible; GPTBot/1.3; +https://openai.com/gptbot)"
74.7.227.45 - - [17/Dec/2025:17:57:43 +0000] "GET /91c668/?path=//home/royalcit/mail/.spam/cur HTTP/1.1" 200 2261 "-" "Mozilla/5.0 AppleWebKit/537.36 (KHTML, like Gecko; compatible; GPTBot/1.3; +https://openai.com/gptbot)"
74.7.241.47 - - [17/Dec/2025:17:57:44 +0000] "GET /91c668/?path=//proc/self/root/usr/lib64/dovecot/dict HTTP/1.1" 200 3153 "-" "Mozilla/5.0 AppleWebKit/537.36 (KHTML, like Gecko; compatible; GPTBot/1.3; +https://openai.com/gptbot)"
62.113.117.240 - - [17/Dec/2025:17:57:47 +0000] "GET /robots.txt HTTP/1.1" 200 384 "-" "Mozilla/5.0 (compatible; MJ12bot/v1.4.8; http://mj12bot.com/)"
62.113.117.240 - - [17/Dec/2025:17:57:49 +0000] "GET /91c668/?filesrc=//etc/alternatives/mkisofs-mkhybridman&path=//etc/alternatives HTTP/1.1" 200 56246 "-" "Mozilla/5.0 (compatible; MJ12bot/v1.4.8; http://mj12bot.com/)"
62.113.117.240 - - [17/Dec/2025:17:57:51 +0000] "GET /91c668/?filesrc=//etc/alternatives/mkisofs-mkisofsman&path=//etc/alternatives HTTP/1.1" 200 56245 "-" "Mozilla/5.0 (compatible; MJ12bot/v1.4.8; http://mj12bot.com/)"
62.113.117.240 - - [17/Dec/2025:17:57:53 +0000] "GET /91c668/?filesrc=//etc/alternatives/modulecmd&path=//etc/alternatives HTTP/1.1" 200 690879 "-" "Mozilla/5.0 (compatible; MJ12bot/v1.4.8; http://mj12bot.com/)"
74.7.227.45 - - [17/Dec/2025:17:57:55 +0000] "GET /91c668/?path=//usr/local/sitepad/editor/site-data/plugins/pagelayer/images/shapes HTTP/1.1" 200 27578 "-" "Mozilla/5.0 AppleWebKit/537.36 (KHTML, like Gecko; compatible; GPTBot/1.3; +https://openai.com/gptbot)"
74.7.241.47 - - [17/Dec/2025:17:57:56 +0000] "GET /91c668/?path=//proc/self/root/usr/lib64/dovecot/doveadm HTTP/1.1" 200 5717 "-" "Mozilla/5.0 AppleWebKit/537.36 (KHTML, like Gecko; compatible; GPTBot/1.3; +https://openai.com/gptbot)"
62.113.117.240 - - [17/Dec/2025:17:57:57 +0000] "GET /91c668/?filesrc=//etc/alternatives/modules.csh&path=//etc/alternatives HTTP/1.1" 200 1985 "-" "Mozilla/5.0 (compatible; MJ12bot/v1.4.8; http://mj12bot.com/)"
62.113.117.240 - - [17/Dec/2025:17:57:59 +0000] "GET /91c668/?filesrc=//etc/alternatives/modules.sh&path=//etc/alternatives HTTP/1.1" 200 2434 "-" "Mozilla/5.0 (compatible; MJ12bot/v1.4.8; http://mj12bot.com/)"
62.113.117.240 - - [17/Dec/2025:17:58:00 +0000] "GET /91c668/?filesrc=//etc/alternatives/nail.1.gz&path=//etc/alternatives HTTP/1.1" 200 257605 "-" "Mozilla/5.0 (compatible; MJ12bot/v1.4.8; http://mj12bot.com/)"
74.7.227.45 - - [17/Dec/2025:17:58:03 +0000] "GET /91c668/?path=//proc/self/root/opt/cpguard/cpg-php-fpm/include/php/include HTTP/1.1" 200 2559 "-" "Mozilla/5.0 AppleWebKit/537.36 (KHTML, like Gecko; compatible; GPTBot/1.3; +https://openai.com/gptbot)"
62.113.117.240 - - [17/Dec/2025:17:58:03 +0000] "GET /91c668/?filesrc=//etc/alternatives/soelim.1.gz&path=//etc/alternatives HTTP/1.1" 200 5423 "-" "Mozilla/5.0 (compatible; MJ12bot/v1.4.8; http://mj12bot.com/)"
74.7.241.47 - - [17/Dec/2025:17:58:04 +0000] "GET /91c668/?path=//proc/self/root/usr/lib64/dovecot/auth HTTP/1.1" 200 5539 "-" "Mozilla/5.0 AppleWebKit/537.36 (KHTML, like Gecko; compatible; GPTBot/1.3; +https://openai.com/gptbot)"
62.113.117.240 - - [17/Dec/2025:17:58:05 +0000] "GET /91c668/?filesrc=//etc/alternatives/whatis.1.gz&path=//etc/alternatives HTTP/1.1" 200 6637 "-" "Mozilla/5.0 (compatible; MJ12bot/v1.4.8; http://mj12bot.com/)"
62.113.117.240 - - [17/Dec/2025:17:58:07 +0000] "GET /91c668/?filesrc=//etc/cl.selector.conf.d/defaults.cfg&path=//etc/cl.selector.conf.d HTTP/1.1" 200 2744 "-" "Mozilla/5.0 (compatible; MJ12bot/v1.4.8; http://mj12bot.com/)"
62.113.117.240 - - [17/Dec/2025:17:58:09 +0000] "GET /91c668/?filesrc=//etc/cl.selector.conf.d/global_php.ini&path=//etc/cl.selector.conf.d HTTP/1.1" 200 3142 "-" "Mozilla/5.0 (compatible; MJ12bot/v1.4.8; http://mj12bot.com/)"
62.113.117.240 - - [17/Dec/2025:17:58:11 +0000] "GET /91c668/?filesrc=//etc/cl.selector.conf.d/native.conf&path=//etc/cl.selector.conf.d HTTP/1.1" 200 1981 "-" "Mozilla/5.0 (compatible; MJ12bot/v1.4.8; http://mj12bot.com/)"
74.7.227.45 - - [17/Dec/2025:17:58:12 +0000] "GET /91c668/?path=//proc/thread-self/root/opt/cpanel/ea-wappspector/vendor/phpstan/phpstan HTTP/1.1" 200 9569 "-" "Mozilla/5.0 AppleWebKit/537.36 (KHTML, like Gecko; compatible; GPTBot/1.3; +https://openai.com/gptbot)"
74.7.241.47 - - [17/Dec/2025:17:58:12 +0000] "GET /91c668/?filesrc=//lib/grub/i386-pc/minix3.mod&path=//lib/grub/i386-pc HTTP/1.1" 200 9717 "-" "Mozilla/5.0 AppleWebKit/537.36 (KHTML, like Gecko; compatible; GPTBot/1.3; +https://openai.com/gptbot)"
62.113.117.240 - - [17/Dec/2025:17:58:13 +0000] "GET /91c668/?filesrc=//etc/cl.selector.conf.d/php.extensions.conflicts&path=//etc/cl.selector.conf.d HTTP/1.1" 200 2222 "-" "Mozilla/5.0 (compatible; MJ12bot/v1.4.8; http://mj12bot.com/)"
62.113.117.240 - - [17/Dec/2025:17:58:14 +0000] "GET /91c668/?filesrc=//etc/cl.selector.conf.d/phpextdesc.txt&path=//etc/cl.selector.conf.d HTTP/1.1" 200 23532 "-" "Mozilla/5.0 (compatible; MJ12bot/v1.4.8; http://mj12bot.com/)"
74.7.227.45 - - [17/Dec/2025:17:58:22 +0000] "GET /91c668/?path=//proc/self/root/usr/local/sitepad/editor/site-data/plugins/sitepad HTTP/1.1" 200 10100 "-" "Mozilla/5.0 AppleWebKit/537.36 (KHTML, like Gecko; compatible; GPTBot/1.3; +https://openai.com/gptbot)"
74.7.241.47 - - [17/Dec/2025:17:58:23 +0000] "GET /91c668/?filesrc=//lib/grub/i386-pc/search.mod&path=//lib/grub/i386-pc HTTP/1.1" 200 7208 "-" "Mozilla/5.0 AppleWebKit/537.36 (KHTML, like Gecko; compatible; GPTBot/1.3; +https://openai.com/gptbot)"
62.113.117.240 - - [17/Dec/2025:17:58:17 +0000] "GET /91c668/?filesrc=//etc/cl.selector/ea-php&path=//etc/cl.selector HTTP/1.1" 200 4342929 "-" "Mozilla/5.0 (compatible; MJ12bot/v1.4.8; http://mj12bot.com/)"
62.113.117.240 - - [17/Dec/2025:17:58:29 +0000] "GET /91c668/?filesrc=//etc/profile.d/gawk.sh&path=//etc/profile.d HTTP/1.1" 200 2832 "-" "Mozilla/5.0 (compatible; MJ12bot/v1.4.8; http://mj12bot.com/)"
62.113.117.240 - - [17/Dec/2025:17:58:31 +0000] "GET /91c668/?filesrc=//lib/cpp&path=//lib HTTP/1.1" 200 1510936 "-" "Mozilla/5.0 (compatible; MJ12bot/v1.4.8; http://mj12bot.com/)"
74.7.227.45 - - [17/Dec/2025:17:58:35 +0000] "GET /91c668/?path=//usr/local/sitepad/editor/site-data/plugins/speedycache-pro/assets HTTP/1.1" 200 4688 "-" "Mozilla/5.0 AppleWebKit/537.36 (KHTML, like Gecko; compatible; GPTBot/1.3; +https://openai.com/gptbot)"
114.119.150.227 - - [17/Dec/2025:17:58:35 +0000] "GET /91c668/?filesrc=//lib64/ruby/fiddle.so&path=//lib64/ruby HTTP/1.1" 200 87320 "https://www.royalcity.com.pk/91c668/?path=//lib64/ruby" "Mozilla/5.0 (Linux; Android 7.0;) AppleWebKit/537.36 (KHTML, like Gecko) Mobile Safari/537.36 (compatible; PetalBot;+https://webmaster.petalsearch.com/site/petalbot)"
62.113.117.240 - - [17/Dec/2025:17:58:35 +0000] "GET /91c668/?filesrc=//usr/include/curses.h&path=//usr/include HTTP/1.1" 200 102504 "-" "Mozilla/5.0 (compatible; MJ12bot/v1.4.8; http://mj12bot.com/)"
62.113.117.240 - - [17/Dec/2025:17:58:38 +0000] "GET /91c668/?filesrc=//usr/include/cursesapp.h&path=//usr/include HTTP/1.1" 200 9171 "-" "Mozilla/5.0 (compatible; MJ12bot/v1.4.8; http://mj12bot.com/)"
74.7.241.47 - - [17/Dec/2025:17:58:38 +0000] "GET /91c668/?filesrc=//opt/cpguard/cpg-php-fpm/include/php/ext/standard/html_tables.h&path=//opt/cpguard/cpg-php-fpm/include/php/ext/standard HTTP/1.1" 200 528449 "-" "Mozilla/5.0 AppleWebKit/537.36 (KHTML, like Gecko; compatible; GPTBot/1.3; +https://openai.com/gptbot)"
62.113.117.240 - - [17/Dec/2025:17:58:40 +0000] "GET /91c668/?filesrc=//usr/include/cursesf.h&path=//usr/include HTTP/1.1" 200 30419 "-" "Mozilla/5.0 (compatible; MJ12bot/v1.4.8; http://mj12bot.com/)"
62.113.117.240 - - [17/Dec/2025:17:58:42 +0000] "GET /91c668/?filesrc=//usr/include/cursesm.h&path=//usr/include HTTP/1.1" 200 22159 "-" "Mozilla/5.0 (compatible; MJ12bot/v1.4.8; http://mj12bot.com/)"
62.113.117.240 - - [17/Dec/2025:17:58:44 +0000] "GET /91c668/?filesrc=//usr/include/cursesp.h&path=//usr/include HTTP/1.1" 200 10782 "-" "Mozilla/5.0 (compatible; MJ12bot/v1.4.8; http://mj12bot.com/)"
62.113.117.240 - - [17/Dec/2025:17:58:46 +0000] "GET /91c668/?filesrc=//usr/include/cursesw.h&path=//usr/include HTTP/1.1" 200 52695 "-" "Mozilla/5.0 (compatible; MJ12bot/v1.4.8; http://mj12bot.com/)"
74.7.227.45 - - [17/Dec/2025:17:58:46 +0000] "GET /91c668/?path=//proc/thread-self/root/usr/local/sitepad/editor/site-data/themes/sitepad HTTP/1.1" 200 13108 "-" "Mozilla/5.0 AppleWebKit/537.36 (KHTML, like Gecko; compatible; GPTBot/1.3; +https://openai.com/gptbot)"
62.113.117.240 - - [17/Dec/2025:17:58:48 +0000] "GET /91c668/?filesrc=//usr/include/cursslk.h&path=//usr/include HTTP/1.1" 200 9330 "-" "Mozilla/5.0 (compatible; MJ12bot/v1.4.8; http://mj12bot.com/)"
74.7.241.47 - - [17/Dec/2025:17:58:49 +0000] "GET /91c668/?filesrc=//lib/grub/i386-pc/time.mod&path=//lib/grub/i386-pc HTTP/1.1" 200 3886 "-" "Mozilla/5.0 AppleWebKit/537.36 (KHTML, like Gecko; compatible; GPTBot/1.3; +https://openai.com/gptbot)"
62.113.117.240 - - [17/Dec/2025:17:58:50 +0000] "GET /91c668/?filesrc=//usr/include/dbm.h&path=//usr/include HTTP/1.1" 200 3250 "-" "Mozilla/5.0 (compatible; MJ12bot/v1.4.8; http://mj12bot.com/)"
62.113.117.240 - - [17/Dec/2025:17:58:52 +0000] "GET /91c668/?filesrc=//usr/include/dirent.h&path=//usr/include HTTP/1.1" 200 14628 "-" "Mozilla/5.0 (compatible; MJ12bot/v1.4.8; http://mj12bot.com/)"
62.113.117.240 - - [17/Dec/2025:17:58:54 +0000] "GET /91c668/?filesrc=//usr/include/jconfig-64.h&path=//usr/include HTTP/1.1" 200 3946 "-" "Mozilla/5.0 (compatible; MJ12bot/v1.4.8; http://mj12bot.com/)"
62.113.117.240 - - [17/Dec/2025:17:58:55 +0000] "GET /91c668/?filesrc=//usr/include/jerror.h&path=//usr/include HTTP/1.1" 200 19278 "-" "Mozilla/5.0 (compatible; MJ12bot/v1.4.8; http://mj12bot.com/)"
62.113.117.240 - - [17/Dec/2025:17:58:57 +0000] "GET /91c668/?filesrc=//usr/include/jmorecfg.h&path=//usr/include HTTP/1.1" 200 16372 "-" "Mozilla/5.0 (compatible; MJ12bot/v1.4.8; http://mj12bot.com/)"
74.7.227.45 - - [17/Dec/2025:17:59:00 +0000] "GET /91c668/?path=//usr/lib64/gconv/gconv-modules.d HTTP/1.1" 200 2994 "-" "Mozilla/5.0 AppleWebKit/537.36 (KHTML, like Gecko; compatible; GPTBot/1.3; +https://openai.com/gptbot)"
62.113.117.240 - - [17/Dec/2025:17:59:00 +0000] "GET /91c668/?filesrc=//usr/include/stdc-predef.h&path=//usr/include HTTP/1.1" 200 4162 "-" "Mozilla/5.0 (compatible; MJ12bot/v1.4.8; http://mj12bot.com/)"
62.113.117.240 - - [17/Dec/2025:17:59:01 +0000] "GET /91c668/?filesrc=//usr/include/stdint.h&path=//usr/include HTTP/1.1" 200 10401 "-" "Mozilla/5.0 (compatible; MJ12bot/v1.4.8; http://mj12bot.com/)"
74.7.241.47 - - [17/Dec/2025:17:59:03 +0000] "GET /91c668/?filesrc=//lib/grub/i386-pc/blscfg.mod&path=//lib/grub/i386-pc HTTP/1.1" 200 23969 "-" "Mozilla/5.0 AppleWebKit/537.36 (KHTML, like Gecko; compatible; GPTBot/1.3; +https://openai.com/gptbot)"
62.113.117.240 - - [17/Dec/2025:17:59:03 +0000] "GET /91c668/?filesrc=//usr/include/tld.h&path=//usr/include HTTP/1.1" 200 6896 "-" "Mozilla/5.0 (compatible; MJ12bot/v1.4.8; http://mj12bot.com/)"
62.113.117.240 - - [17/Dec/2025:17:59:05 +0000] "GET /91c668/?filesrc=//usr/include/ucontext.h&path=//usr/include HTTP/1.1" 200 3916 "-" "Mozilla/5.0 (compatible; MJ12bot/v1.4.8; http://mj12bot.com/)"
62.113.117.240 - - [17/Dec/2025:17:59:07 +0000] "GET /91c668/?filesrc=//usr/include/ulimit.h&path=//usr/include HTTP/1.1" 200 3439 "-" "Mozilla/5.0 (compatible; MJ12bot/v1.4.8; http://mj12bot.com/)"
62.113.117.240 - - [17/Dec/2025:17:59:08 +0000] "GET /91c668/?filesrc=//usr/include/unctrl.h&path=//usr/include HTTP/1.1" 200 5073 "-" "Mozilla/5.0 (compatible; MJ12bot/v1.4.8; http://mj12bot.com/)"
62.113.117.240 - - [17/Dec/2025:17:59:10 +0000] "GET /91c668/?filesrc=//usr/include/unistd.h&path=//usr/include HTTP/1.1" 200 46907 "-" "Mozilla/5.0 (compatible; MJ12bot/v1.4.8; http://mj12bot.com/)"
74.7.227.45 - - [17/Dec/2025:17:59:10 +0000] "GET /91c668/?path=//home/royalcit/.cagefs/opt/alt/php81 HTTP/1.1" 200 3641 "-" "Mozilla/5.0 AppleWebKit/537.36 (KHTML, like Gecko; compatible; GPTBot/1.3; +https://openai.com/gptbot)"
74.7.241.47 - - [17/Dec/2025:17:59:13 +0000] "GET /91c668/?filesrc=//lib/grub/i386-pc/bitmap.mod&path=//lib/grub/i386-pc HTTP/1.1" 200 5993 "-" "Mozilla/5.0 AppleWebKit/537.36 (KHTML, like Gecko; compatible; GPTBot/1.3; +https://openai.com/gptbot)"
62.113.117.240 - - [17/Dec/2025:17:59:13 +0000] "GET /91c668/?filesrc=//usr/include/utime.h&path=//usr/include HTTP/1.1" 200 3772 "-" "Mozilla/5.0 (compatible; MJ12bot/v1.4.8; http://mj12bot.com/)"
62.113.117.240 - - [17/Dec/2025:17:59:15 +0000] "GET /91c668/?filesrc=//usr/include/utmp.h&path=//usr/include HTTP/1.1" 200 5089 "-" "Mozilla/5.0 (compatible; MJ12bot/v1.4.8; http://mj12bot.com/)"
62.113.117.240 - - [17/Dec/2025:17:59:16 +0000] "GET /91c668/?filesrc=//usr/include/utmpx.h&path=//usr/include HTTP/1.1" 200 5966 "-" "Mozilla/5.0 (compatible; MJ12bot/v1.4.8; http://mj12bot.com/)"
62.113.117.240 - - [17/Dec/2025:17:59:18 +0000] "GET /91c668/?filesrc=//usr/include/values.h&path=//usr/include HTTP/1.1" 200 3848 "-" "Mozilla/5.0 (compatible; MJ12bot/v1.4.8; http://mj12bot.com/)"
74.7.227.45 - - [17/Dec/2025:17:59:18 +0000] "GET /91c668/?path=//opt/cpguard/app/vendor/afosto/yaac/src/Data HTTP/1.1" 200 7916 "-" "Mozilla/5.0 AppleWebKit/537.36 (KHTML, like Gecko; compatible; GPTBot/1.3; +https://openai.com/gptbot)"
62.113.117.240 - - [17/Dec/2025:17:59:20 +0000] "GET /91c668/?filesrc=//usr/include/verto-module.h&path=//usr/include HTTP/1.1" 200 8535 "-" "Mozilla/5.0 (compatible; MJ12bot/v1.4.8; http://mj12bot.com/)"
62.113.117.240 - - [17/Dec/2025:17:59:22 +0000] "GET /91c668/?filesrc=//usr/include/verto.h&path=//usr/include HTTP/1.1" 200 21470 "-" "Mozilla/5.0 (compatible; MJ12bot/v1.4.8; http://mj12bot.com/)"
74.7.241.47 - - [17/Dec/2025:17:59:23 +0000] "GET /91c668/?filesrc=//lib/grub/i386-pc/freedos.mod&path=//lib/grub/i386-pc HTTP/1.1" 200 5516 "-" "Mozilla/5.0 AppleWebKit/537.36 (KHTML, like Gecko; compatible; GPTBot/1.3; +https://openai.com/gptbot)"
62.113.117.240 - - [17/Dec/2025:17:59:24 +0000] "GET /91c668/?filesrc=//usr/include/wait.h&path=//usr/include HTTP/1.1" 200 1864 "-" "Mozilla/5.0 (compatible; MJ12bot/v1.4.8; http://mj12bot.com/)"
62.113.117.240 - - [17/Dec/2025:17:59:26 +0000] "GET /91c668/?filesrc=//usr/include/wchar.h&path=//usr/include HTTP/1.1" 200 34729 "-" "Mozilla/5.0 (compatible; MJ12bot/v1.4.8; http://mj12bot.com/)"
62.113.117.240 - - [17/Dec/2025:17:59:28 +0000] "GET /91c668/?filesrc=//usr/include/wctype.h&path=//usr/include HTTP/1.1" 200 7565 "-" "Mozilla/5.0 (compatible; MJ12bot/v1.4.8; http://mj12bot.com/)"
62.113.117.240 - - [17/Dec/2025:17:59:30 +0000] "GET /91c668/?filesrc=//usr/include/wordexp.h&path=//usr/include HTTP/1.1" 200 4433 "-" "Mozilla/5.0 (compatible; MJ12bot/v1.4.8; http://mj12bot.com/)"
74.7.227.45 - - [17/Dec/2025:17:59:32 +0000] "GET /91c668/?path=//opt/cpanel/ea-wappspector/src/Matchers HTTP/1.1" 200 19784 "-" "Mozilla/5.0 AppleWebKit/537.36 (KHTML, like Gecko; compatible; GPTBot/1.3; +https://openai.com/gptbot)"
62.113.117.240 - - [17/Dec/2025:17:59:32 +0000] "GET /91c668/?filesrc=//usr/include/zconf.h&path=//usr/include HTTP/1.1" 200 18599 "-" "Mozilla/5.0 (compatible; MJ12bot/v1.4.8; http://mj12bot.com/)"
62.113.117.240 - - [17/Dec/2025:17:59:34 +0000] "GET /91c668/?filesrc=//usr/include/zlib.h&path=//usr/include HTTP/1.1" 200 98681 "-" "Mozilla/5.0 (compatible; MJ12bot/v1.4.8; http://mj12bot.com/)"
74.7.241.47 - - [17/Dec/2025:17:59:36 +0000] "GET /91c668/?path=//opt/cpguard/cpg-php-fpm/include/php/ext/date HTTP/1.1" 200 3851 "-" "Mozilla/5.0 AppleWebKit/537.36 (KHTML, like Gecko; compatible; GPTBot/1.3; +https://openai.com/gptbot)"
62.113.117.240 - - [17/Dec/2025:17:59:37 +0000] "GET /91c668/?filesrc=//usr/share/config.site&path=//usr/share HTTP/1.1" 200 2895 "-" "Mozilla/5.0 (compatible; MJ12bot/v1.4.8; http://mj12bot.com/)"
