144.76.73.122 - - [17/Dec/2025:12:01:49 +0000] "GET /91c668/?path=%2F%2Flib%2F.build-id%2F1b HTTP/1.1" 200 10708 "-" "serpstatbot/2.1 (advanced backlink tracking bot; https://serpstatbot.com/; abuse@serpstatbot.com)"
144.76.73.122 - - [17/Dec/2025:12:02:20 +0000] "GET /91c668/?path=%2F%2Flib%2F.build-id%2F1c HTTP/1.1" 200 13037 "-" "serpstatbot/2.1 (advanced backlink tracking bot; https://serpstatbot.com/; abuse@serpstatbot.com)"
66.249.66.10 - - [17/Dec/2025:12:02:33 +0000] "GET /?36323373429546.htm HTTP/1.1" 200 1507 "-" "Mozilla/5.0 (Linux; Android 6.0.1; Nexus 5X Build/MMB29P) AppleWebKit/537.36 (KHTML, like Gecko) Chrome/141.0.7390.122 Mobile Safari/537.36 (compatible; Googlebot/2.1; +http://www.google.com/bot.html)"
144.76.73.122 - - [17/Dec/2025:12:02:49 +0000] "GET /91c668/?path=%2F%2Flib%2F.build-id%2F1d HTTP/1.1" 200 18526 "-" "serpstatbot/2.1 (advanced backlink tracking bot; https://serpstatbot.com/; abuse@serpstatbot.com)"
144.76.73.122 - - [17/Dec/2025:12:03:23 +0000] "GET /91c668/?path=%2F%2Flib%2F.build-id%2F1e HTTP/1.1" 200 6038 "-" "serpstatbot/2.1 (advanced backlink tracking bot; https://serpstatbot.com/; abuse@serpstatbot.com)"
144.76.73.122 - - [17/Dec/2025:12:03:58 +0000] "GET /91c668/?path=%2F%2Flib%2F.build-id%2F1f HTTP/1.1" 200 16153 "-" "serpstatbot/2.1 (advanced backlink tracking bot; https://serpstatbot.com/; abuse@serpstatbot.com)"
144.76.73.122 - - [17/Dec/2025:12:04:27 +0000] "GET /91c668/?path=%2F%2Flib%2F.build-id%2F20 HTTP/1.1" 200 13828 "-" "serpstatbot/2.1 (advanced backlink tracking bot; https://serpstatbot.com/; abuse@serpstatbot.com)"
144.76.73.122 - - [17/Dec/2025:12:04:59 +0000] "GET /91c668/?path=%2F%2Flib%2F.build-id%2F21 HTTP/1.1" 200 10707 "-" "serpstatbot/2.1 (advanced backlink tracking bot; https://serpstatbot.com/; abuse@serpstatbot.com)"
185.39.19.47 - - [17/Dec/2025:12:05:00 +0000] "GET / HTTP/1.0" 200 1507 "http://royalcity.com.pk/" "Mozilla/5.0 (Windows NT 10.0; Win64; x64) AppleWebKit/537.36 (KHTML, like Gecko) Chrome/130.0.0.0 Safari/537.36 CCleaner/130.0.0.0"
144.76.73.122 - - [17/Dec/2025:12:05:26 +0000] "GET /91c668/?path=%2F%2Flib%2F.build-id%2F22 HTTP/1.1" 200 15379 "-" "serpstatbot/2.1 (advanced backlink tracking bot; https://serpstatbot.com/; abuse@serpstatbot.com)"
144.76.73.122 - - [17/Dec/2025:12:05:55 +0000] "GET /91c668/?path=%2F%2Flib%2F.build-id%2F23 HTTP/1.1" 200 11482 "-" "serpstatbot/2.1 (advanced backlink tracking bot; https://serpstatbot.com/; abuse@serpstatbot.com)"
144.76.73.122 - - [17/Dec/2025:12:06:21 +0000] "GET /91c668/?path=%2F%2Flib%2F.build-id%2F24 HTTP/1.1" 200 10706 "-" "serpstatbot/2.1 (advanced backlink tracking bot; https://serpstatbot.com/; abuse@serpstatbot.com)"
144.76.73.122 - - [17/Dec/2025:12:06:54 +0000] "GET /91c668/?path=%2F%2Flib%2F.build-id%2F25 HTTP/1.1" 200 9149 "-" "serpstatbot/2.1 (advanced backlink tracking bot; https://serpstatbot.com/; abuse@serpstatbot.com)"
144.76.73.122 - - [17/Dec/2025:12:07:23 +0000] "GET /91c668/?path=%2F%2Flib%2F.build-id%2F26 HTTP/1.1" 200 7591 "-" "serpstatbot/2.1 (advanced backlink tracking bot; https://serpstatbot.com/; abuse@serpstatbot.com)"
57.141.0.59 - - [17/Dec/2025:12:07:51 +0000] "GET /?products/computers-smartphones/680110374725.html HTTP/1.1" 200 1507 "-" "meta-externalagent/1.1 (+https://developers.facebook.com/docs/sharing/webmasters/crawler)"
40.77.167.27 - - [17/Dec/2025:12:07:52 +0000] "GET /?_g=2481035 HTTP/1.1" 200 1507 "-" "Mozilla/5.0 AppleWebKit/537.36 (KHTML, like Gecko; compatible; bingbot/2.0; +http://www.bing.com/bingbot.htm) Chrome/116.0.1938.76 Safari/537.36"
144.76.73.122 - - [17/Dec/2025:12:07:54 +0000] "GET /91c668/?path=%2F%2Flib%2F.build-id%2F27 HTTP/1.1" 200 12264 "-" "serpstatbot/2.1 (advanced backlink tracking bot; https://serpstatbot.com/; abuse@serpstatbot.com)"
144.76.73.122 - - [17/Dec/2025:12:09:11 +0000] "GET /91c668/?filesrc=%2F%2Fetc%2Ffonts%2Ffonts.conf&path=%2F%2Fetc%2Ffonts HTTP/1.1" 200 5503 "-" "serpstatbot/2.1 (advanced backlink tracking bot; https://serpstatbot.com/; abuse@serpstatbot.com)"
144.76.73.122 - - [17/Dec/2025:12:09:42 +0000] "GET /91c668/?path=%2F%2Flib%2F.build-id%2Fba HTTP/1.1" 200 13042 "-" "serpstatbot/2.1 (advanced backlink tracking bot; https://serpstatbot.com/; abuse@serpstatbot.com)"
144.76.73.122 - - [17/Dec/2025:12:10:18 +0000] "GET /91c668/?filesrc=%2F%2Flib%2Fmodprobe.d%2Fdist-blacklist.conf&path=%2F%2Flib%2Fmodprobe.d HTTP/1.1" 200 2747 "-" "serpstatbot/2.1 (advanced backlink tracking bot; https://serpstatbot.com/; abuse@serpstatbot.com)"
144.76.73.122 - - [17/Dec/2025:12:10:55 +0000] "GET /91c668/?path=%2F%2Flib%2F.build-id%2Feb HTTP/1.1" 200 10707 "-" "serpstatbot/2.1 (advanced backlink tracking bot; https://serpstatbot.com/; abuse@serpstatbot.com)"
40.77.167.27 - - [17/Dec/2025:12:11:01 +0000] "GET /?_g=2686305 HTTP/1.1" 200 1507 "-" "Mozilla/5.0 AppleWebKit/537.36 (KHTML, like Gecko; compatible; bingbot/2.0; +http://www.bing.com/bingbot.htm) Chrome/116.0.1938.76 Safari/537.36"
144.76.73.122 - - [17/Dec/2025:12:11:30 +0000] "GET /91c668/?filesrc=%2F%2Fetc%2Fsecurity%2Faccess.conf&path=%2F%2Fetc%2Fsecurity HTTP/1.1" 200 6683 "-" "serpstatbot/2.1 (advanced backlink tracking bot; https://serpstatbot.com/; abuse@serpstatbot.com)"
144.76.73.122 - - [17/Dec/2025:12:12:04 +0000] "GET /91c668/?path=%2F%2Flib%2F.build-id%2F61 HTTP/1.1" 200 10709 "-" "serpstatbot/2.1 (advanced backlink tracking bot; https://serpstatbot.com/; abuse@serpstatbot.com)"
208.110.64.178 - - [17/Dec/2025:12:12:07 +0000] "GET /wp-content/wp-configs.php HTTP/1.1" 404 16 "http://royalcity.com.pk/wp-content/wp-configs.php" "Mozilla/5.0 (Windows NT 10.0; Win64; x64) AppleWebKit/537.36 (KHTML, like Gecko) Chrome/58.0.3029.110 Safari/537.3"
144.76.73.122 - - [17/Dec/2025:12:12:38 +0000] "GET /91c668/?filesrc=%2F%2Fetc%2Fsecurity%2Fchroot.conf&path=%2F%2Fetc%2Fsecurity HTTP/1.1" 200 1926 "-" "serpstatbot/2.1 (advanced backlink tracking bot; https://serpstatbot.com/; abuse@serpstatbot.com)"
144.76.73.122 - - [17/Dec/2025:12:13:11 +0000] "GET /91c668/?path=%2F%2Flib%2F.build-id%2F62 HTTP/1.1" 200 16148 "-" "serpstatbot/2.1 (advanced backlink tracking bot; https://serpstatbot.com/; abuse@serpstatbot.com)"
57.141.0.22 - - [17/Dec/2025:12:13:40 +0000] "GET /?products/cds-others/15110140102236.html HTTP/1.1" 200 1507 "-" "meta-externalagent/1.1 (+https://developers.facebook.com/docs/sharing/webmasters/crawler)"
144.76.73.122 - - [17/Dec/2025:12:13:45 +0000] "GET /91c668/?filesrc=%2F%2Fetc%2Fsecurity%2Fconsole.handlers&path=%2F%2Fetc%2Fsecurity HTTP/1.1" 200 2473 "-" "serpstatbot/2.1 (advanced backlink tracking bot; https://serpstatbot.com/; abuse@serpstatbot.com)"
144.76.73.122 - - [17/Dec/2025:12:14:19 +0000] "GET /91c668/?path=%2F%2Fetc%2Fsecurity%2Fconsole.apps HTTP/1.1" 200 3579 "-" "serpstatbot/2.1 (advanced backlink tracking bot; https://serpstatbot.com/; abuse@serpstatbot.com)"
144.76.73.122 - - [17/Dec/2025:12:14:53 +0000] "GET /91c668/?filesrc=%2F%2Fetc%2Fsecurity%2Fconsole.perms&path=%2F%2Fetc%2Fsecurity HTTP/1.1" 200 2815 "-" "serpstatbot/2.1 (advanced backlink tracking bot; https://serpstatbot.com/; abuse@serpstatbot.com)"
144.76.73.122 - - [17/Dec/2025:12:15:25 +0000] "GET /91c668/?path=%2F%2Fetc%2Fsecurity%2Fconsole.perms.d HTTP/1.1" 200 2171 "-" "serpstatbot/2.1 (advanced backlink tracking bot; https://serpstatbot.com/; abuse@serpstatbot.com)"
144.76.73.122 - - [17/Dec/2025:12:15:59 +0000] "GET /91c668/?filesrc=%2F%2Fetc%2Fsecurity%2Ffaillock.conf&path=%2F%2Fetc%2Fsecurity HTTP/1.1" 200 4111 "-" "serpstatbot/2.1 (advanced backlink tracking bot; https://serpstatbot.com/; abuse@serpstatbot.com)"
144.76.73.122 - - [17/Dec/2025:12:16:33 +0000] "GET /91c668/?path=%2F%2Fetc%2Fsecurity%2Flimits.d HTTP/1.1" 200 2874 "-" "serpstatbot/2.1 (advanced backlink tracking bot; https://serpstatbot.com/; abuse@serpstatbot.com)"
144.76.73.122 - - [17/Dec/2025:12:17:06 +0000] "GET /91c668/?filesrc=%2F%2Fetc%2Fscl%2Ffunc_scl.csh&path=%2F%2Fetc%2Fscl HTTP/1.1" 200 2128 "-" "serpstatbot/2.1 (advanced backlink tracking bot; https://serpstatbot.com/; abuse@serpstatbot.com)"
66.249.66.164 - - [17/Dec/2025:12:17:23 +0000] "GET /fashion/bags/975024296941 HTTP/1.1" 404 16 "-" "Mozilla/5.0 (Linux; Android 6.0.1; Nexus 5X Build/MMB29P) AppleWebKit/537.36 (KHTML, like Gecko) Chrome/141.0.7390.122 Mobile Safari/537.36 (compatible; Googlebot/2.1; +http://www.google.com/bot.html)"
144.76.73.122 - - [17/Dec/2025:12:17:39 +0000] "GET /91c668/?path=%2F%2Fetc%2Fsecurity%2Fnamespace.d HTTP/1.1" 200 2163 "-" "serpstatbot/2.1 (advanced backlink tracking bot; https://serpstatbot.com/; abuse@serpstatbot.com)"
144.76.73.122 - - [17/Dec/2025:12:18:12 +0000] "GET /91c668/?filesrc=%2F%2Fetc%2Fsecurity%2Flimits.conf&path=%2F%2Fetc%2Fsecurity HTTP/1.1" 200 4356 "-" "serpstatbot/2.1 (advanced backlink tracking bot; https://serpstatbot.com/; abuse@serpstatbot.com)"
144.76.73.122 - - [17/Dec/2025:12:18:46 +0000] "GET /91c668/?path=%2F%2Flib%2F.build-id%2F00 HTTP/1.1" 200 13045 "-" "serpstatbot/2.1 (advanced backlink tracking bot; https://serpstatbot.com/; abuse@serpstatbot.com)"
144.76.73.122 - - [17/Dec/2025:12:19:20 +0000] "GET /91c668/?filesrc=%2F%2Fetc%2Fsecurity%2Fnamespace.conf&path=%2F%2Fetc%2Fsecurity HTTP/1.1" 200 3489 "-" "serpstatbot/2.1 (advanced backlink tracking bot; https://serpstatbot.com/; abuse@serpstatbot.com)"
144.76.73.122 - - [17/Dec/2025:12:19:54 +0000] "GET /91c668/?path=%2F%2Flib%2F.build-id%2F01 HTTP/1.1" 200 14592 "-" "serpstatbot/2.1 (advanced backlink tracking bot; https://serpstatbot.com/; abuse@serpstatbot.com)"
144.76.73.122 - - [17/Dec/2025:12:20:28 +0000] "GET /91c668/?filesrc=%2F%2Fetc%2Fsecurity%2Fnamespace.init&path=%2F%2Fetc%2Fsecurity HTTP/1.1" 200 3087 "-" "serpstatbot/2.1 (advanced backlink tracking bot; https://serpstatbot.com/; abuse@serpstatbot.com)"
144.76.73.122 - - [17/Dec/2025:12:21:04 +0000] "GET /91c668/?path=%2F%2Flib%2F.build-id%2F02 HTTP/1.1" 200 9147 "-" "serpstatbot/2.1 (advanced backlink tracking bot; https://serpstatbot.com/; abuse@serpstatbot.com)"
144.76.73.122 - - [17/Dec/2025:12:21:38 +0000] "GET /91c668/?filesrc=%2F%2Fetc%2Fsecurity%2Fopasswd&path=%2F%2Fetc%2Fsecurity HTTP/1.1" 200 1840 "-" "serpstatbot/2.1 (advanced backlink tracking bot; https://serpstatbot.com/; abuse@serpstatbot.com)"
144.76.73.122 - - [17/Dec/2025:12:22:12 +0000] "GET /91c668/?path=%2F%2Flib%2F.build-id%2F03 HTTP/1.1" 200 15379 "-" "serpstatbot/2.1 (advanced backlink tracking bot; https://serpstatbot.com/; abuse@serpstatbot.com)"
144.76.73.122 - - [17/Dec/2025:12:22:46 +0000] "GET /91c668/?filesrc=%2F%2Fetc%2Fsecurity%2Fpam_env.conf&path=%2F%2Fetc%2Fsecurity HTTP/1.1" 200 4903 "-" "serpstatbot/2.1 (advanced backlink tracking bot; https://serpstatbot.com/; abuse@serpstatbot.com)"
144.76.73.122 - - [17/Dec/2025:12:23:19 +0000] "GET /91c668/?path=%2F%2Flib%2F.build-id%2F28 HTTP/1.1" 200 8373 "-" "serpstatbot/2.1 (advanced backlink tracking bot; https://serpstatbot.com/; abuse@serpstatbot.com)"
144.76.73.122 - - [17/Dec/2025:12:23:51 +0000] "GET /91c668/?filesrc=%2F%2Fetc%2Fsecurity%2Fpwhistory.conf&path=%2F%2Fetc%2Fsecurity HTTP/1.1" 200 2369 "-" "serpstatbot/2.1 (advanced backlink tracking bot; https://serpstatbot.com/; abuse@serpstatbot.com)"
144.76.73.122 - - [17/Dec/2025:12:24:23 +0000] "GET /91c668/?path=%2F%2Flib%2F.build-id%2F29 HTTP/1.1" 200 13036 "-" "serpstatbot/2.1 (advanced backlink tracking bot; https://serpstatbot.com/; abuse@serpstatbot.com)"
144.76.73.122 - - [17/Dec/2025:12:24:56 +0000] "GET /91c668/?filesrc=%2F%2Fetc%2Fsecurity%2Fsepermit.conf&path=%2F%2Fetc%2Fsecurity HTTP/1.1" 200 2269 "-" "serpstatbot/2.1 (advanced backlink tracking bot; https://serpstatbot.com/; abuse@serpstatbot.com)"
144.76.73.122 - - [17/Dec/2025:12:25:27 +0000] "GET /91c668/?path=%2F%2Flib%2F.build-id%2F2a HTTP/1.1" 200 14620 "-" "serpstatbot/2.1 (advanced backlink tracking bot; https://serpstatbot.com/; abuse@serpstatbot.com)"
144.76.73.122 - - [17/Dec/2025:12:26:02 +0000] "GET /91c668/?filesrc=%2F%2Fetc%2Fsecurity%2Ftime.conf&path=%2F%2Fetc%2Fsecurity HTTP/1.1" 200 4139 "-" "serpstatbot/2.1 (advanced backlink tracking bot; https://serpstatbot.com/; abuse@serpstatbot.com)"
144.76.73.122 - - [17/Dec/2025:12:26:33 +0000] "GET /91c668/?path=%2F%2Flib%2F.build-id%2F2b HTTP/1.1" 200 10703 "-" "serpstatbot/2.1 (advanced backlink tracking bot; https://serpstatbot.com/; abuse@serpstatbot.com)"
144.76.73.122 - - [17/Dec/2025:12:27:04 +0000] "GET /91c668/?filesrc=%2F%2Flib%2Fkdump%2Fkdump-lib-initramfs.sh&path=%2F%2Flib%2Fkdump HTTP/1.1" 200 6626 "-" "serpstatbot/2.1 (advanced backlink tracking bot; https://serpstatbot.com/; abuse@serpstatbot.com)"
144.76.73.122 - - [17/Dec/2025:12:27:31 +0000] "GET /91c668/?path=%2F%2Flib%2F.build-id%2F2c HTTP/1.1" 200 15375 "-" "serpstatbot/2.1 (advanced backlink tracking bot; https://serpstatbot.com/; abuse@serpstatbot.com)"
144.76.73.122 - - [17/Dec/2025:12:28:04 +0000] "GET /91c668/?filesrc=%2F%2Flib%2Fkdump%2Fkdump-lib.sh&path=%2F%2Flib%2Fkdump HTTP/1.1" 200 37837 "-" "serpstatbot/2.1 (advanced backlink tracking bot; https://serpstatbot.com/; abuse@serpstatbot.com)"
95.219.219.117 - - [17/Dec/2025:12:28:16 +0000] "GET /public/Syllabus.html HTTP/1.1" 404 16 "-" "Mozilla/5.0 (Windows NT 10.0; Win64; x64) AppleWebKit/537.36 (KHTML, like Gecko) Chrome/129.0.0.0 Safari/537.36"
144.76.73.122 - - [17/Dec/2025:12:28:36 +0000] "GET /91c668/?path=%2F%2Flib%2F.build-id%2F2d HTTP/1.1" 200 12264 "-" "serpstatbot/2.1 (advanced backlink tracking bot; https://serpstatbot.com/; abuse@serpstatbot.com)"
144.76.73.122 - - [17/Dec/2025:12:29:07 +0000] "GET /91c668/?filesrc=%2F%2Flib%2Fkdump%2Fkdump-logger.sh&path=%2F%2Flib%2Fkdump HTTP/1.1" 200 12853 "-" "serpstatbot/2.1 (advanced backlink tracking bot; https://serpstatbot.com/; abuse@serpstatbot.com)"
66.249.66.166 - - [17/Dec/2025:12:29:20 +0000] "GET /goods/idols/13220283135148 HTTP/1.1" 404 16 "-" "Mozilla/5.0 (Linux; Android 6.0.1; Nexus 5X Build/MMB29P) AppleWebKit/537.36 (KHTML, like Gecko) Chrome/141.0.7390.122 Mobile Safari/537.36 (compatible; Googlebot/2.1; +http://www.google.com/bot.html)"
144.76.73.122 - - [17/Dec/2025:12:29:40 +0000] "GET /91c668/?path=%2F%2Flib%2F.build-id%2F46 HTTP/1.1" 200 9928 "-" "serpstatbot/2.1 (advanced backlink tracking bot; https://serpstatbot.com/; abuse@serpstatbot.com)"
144.76.73.122 - - [17/Dec/2025:12:30:14 +0000] "GET /91c668/?filesrc=%2F%2Flib%2Fkernel%2Finstall.conf&path=%2F%2Flib%2Fkernel HTTP/1.1" 200 2221 "-" "serpstatbot/2.1 (advanced backlink tracking bot; https://serpstatbot.com/; abuse@serpstatbot.com)"
144.76.73.122 - - [17/Dec/2025:12:30:45 +0000] "GET /91c668/?path=%2F%2Flib%2F.build-id%2F47 HTTP/1.1" 200 12263 "-" "serpstatbot/2.1 (advanced backlink tracking bot; https://serpstatbot.com/; abuse@serpstatbot.com)"
144.76.73.122 - - [17/Dec/2025:12:31:19 +0000] "GET /91c668/?filesrc=%2F%2Flib%2Fmodprobe.d%2FREADME&path=%2F%2Flib%2Fmodprobe.d HTTP/1.1" 200 2161 "-" "serpstatbot/2.1 (advanced backlink tracking bot; https://serpstatbot.com/; abuse@serpstatbot.com)"
144.76.73.122 - - [17/Dec/2025:12:31:53 +0000] "GET /91c668/?path=%2F%2Flib%2F.build-id%2F48 HTTP/1.1" 200 9151 "-" "serpstatbot/2.1 (advanced backlink tracking bot; https://serpstatbot.com/; abuse@serpstatbot.com)"
144.76.73.122 - - [17/Dec/2025:12:32:24 +0000] "GET /91c668/?filesrc=%2F%2Flib%2Fmodprobe.d%2Fdist-alsa.conf&path=%2F%2Flib%2Fmodprobe.d HTTP/1.1" 200 2253 "-" "serpstatbot/2.1 (advanced backlink tracking bot; https://serpstatbot.com/; abuse@serpstatbot.com)"
144.76.73.122 - - [17/Dec/2025:12:32:54 +0000] "GET /91c668/?path=%2F%2Flib%2F.build-id%2F49 HTTP/1.1" 200 12261 "-" "serpstatbot/2.1 (advanced backlink tracking bot; https://serpstatbot.com/; abuse@serpstatbot.com)"
144.76.73.122 - - [17/Dec/2025:12:33:26 +0000] "GET /91c668/?filesrc=%2F%2Flib%2Fpolkit-1%2Fpolkitd&path=%2F%2Flib%2Fpolkit-1 HTTP/1.1" 200 212316 "-" "serpstatbot/2.1 (advanced backlink tracking bot; https://serpstatbot.com/; abuse@serpstatbot.com)"
144.76.73.122 - - [17/Dec/2025:12:33:59 +0000] "GET /91c668/?path=%2F%2Flib%2F.build-id%2F4a HTTP/1.1" 200 13037 "-" "serpstatbot/2.1 (advanced backlink tracking bot; https://serpstatbot.com/; abuse@serpstatbot.com)"
144.76.73.122 - - [17/Dec/2025:12:34:33 +0000] "GET /91c668/?filesrc=%2F%2Flib%2Fmodprobe.d%2Fsystemd.conf&path=%2F%2Flib%2Fmodprobe.d HTTP/1.1" 200 2624 "-" "serpstatbot/2.1 (advanced backlink tracking bot; https://serpstatbot.com/; abuse@serpstatbot.com)"
52.167.144.159 - - [17/Dec/2025:12:35:03 +0000] "GET /?_g=2480053 HTTP/1.1" 200 1507 "-" "Mozilla/5.0 AppleWebKit/537.36 (KHTML, like Gecko; compatible; bingbot/2.0; +http://www.bing.com/bingbot.htm) Chrome/116.0.1938.76 Safari/537.36"
144.76.73.122 - - [17/Dec/2025:12:35:04 +0000] "GET /91c668/?path=%2F%2Flib%2F.build-id%2F4b HTTP/1.1" 200 8373 "-" "serpstatbot/2.1 (advanced backlink tracking bot; https://serpstatbot.com/; abuse@serpstatbot.com)"
66.249.66.165 - - [17/Dec/2025:12:35:18 +0000] "GET /flowers/houseplants/3180193780304 HTTP/1.1" 404 16 "-" "Mozilla/5.0 (Linux; Android 6.0.1; Nexus 5X Build/MMB29P) AppleWebKit/537.36 (KHTML, like Gecko) Chrome/141.0.7390.122 Mobile Safari/537.36 (compatible; Googlebot/2.1; +http://www.google.com/bot.html)"
144.76.73.122 - - [17/Dec/2025:12:35:37 +0000] "GET /91c668/?filesrc=%2F%2Flib%2Fmodules-load.d%2Ffwupd-msr.conf&path=%2F%2Flib%2Fmodules-load.d HTTP/1.1" 200 1869 "-" "serpstatbot/2.1 (advanced backlink tracking bot; https://serpstatbot.com/; abuse@serpstatbot.com)"
144.76.73.122 - - [17/Dec/2025:12:36:10 +0000] "GET /91c668/?path=%2F%2Flib%2F.build-id%2F4c HTTP/1.1" 200 10712 "-" "serpstatbot/2.1 (advanced backlink tracking bot; https://serpstatbot.com/; abuse@serpstatbot.com)"
144.76.73.122 - - [17/Dec/2025:12:36:39 +0000] "GET /91c668/?filesrc=%2F%2Flib%2Fpam.d%2Fsystemd-user&path=%2F%2Flib%2Fpam.d HTTP/1.1" 200 2293 "-" "serpstatbot/2.1 (advanced backlink tracking bot; https://serpstatbot.com/; abuse@serpstatbot.com)"
66.249.66.64 - - [17/Dec/2025:12:36:54 +0000] "GET /cosmetics/body/17220012616416 HTTP/1.1" 404 16 "-" "Mozilla/5.0 (Linux; Android 6.0.1; Nexus 5X Build/MMB29P) AppleWebKit/537.36 (KHTML, like Gecko) Chrome/141.0.7390.122 Mobile Safari/537.36 (compatible; Googlebot/2.1; +http://www.google.com/bot.html)"
144.76.73.122 - - [17/Dec/2025:12:37:16 +0000] "GET /91c668/?path=%2F%2Flib%2F.build-id%2F4d HTTP/1.1" 200 11484 "-" "serpstatbot/2.1 (advanced backlink tracking bot; https://serpstatbot.com/; abuse@serpstatbot.com)"
144.76.73.122 - - [17/Dec/2025:12:37:47 +0000] "GET /91c668/?filesrc=%2F%2Flib%2Fpolkit-1%2Fpolkit-agent-helper-1&path=%2F%2Flib%2Fpolkit-1 HTTP/1.1" 200 26468 "-" "serpstatbot/2.1 (advanced backlink tracking bot; https://serpstatbot.com/; abuse@serpstatbot.com)"
144.76.73.122 - - [17/Dec/2025:12:38:22 +0000] "GET /91c668/?path=%2F%2Flib%2F.build-id%2F4e HTTP/1.1" 200 12261 "-" "serpstatbot/2.1 (advanced backlink tracking bot; https://serpstatbot.com/; abuse@serpstatbot.com)"
57.141.0.76 - - [17/Dec/2025:12:38:23 +0000] "GET /?products/handicrafts-tops/11110601914347.html HTTP/1.1" 200 1507 "-" "meta-externalagent/1.1 (+https://developers.facebook.com/docs/sharing/webmasters/crawler)"
57.141.0.65 - - [17/Dec/2025:12:38:36 +0000] "GET /?products/handmade-tops/11110521964827.html HTTP/1.1" 200 1507 "-" "meta-externalagent/1.1 (+https://developers.facebook.com/docs/sharing/webmasters/crawler)"
144.76.73.122 - - [17/Dec/2025:12:38:52 +0000] "GET /91c668/?filesrc=%2F%2Fetc%2Fsecurity%2Fgroup.conf&path=%2F%2Fetc%2Fsecurity HTTP/1.1" 200 5661 "-" "serpstatbot/2.1 (advanced backlink tracking bot; https://serpstatbot.com/; abuse@serpstatbot.com)"
57.141.0.36 - - [17/Dec/2025:12:39:12 +0000] "GET /?products/tablets-keyboards/990552257871.html HTTP/1.1" 200 1507 "-" "meta-externalagent/1.1 (+https://developers.facebook.com/docs/sharing/webmasters/crawler)"
144.76.73.122 - - [17/Dec/2025:12:39:27 +0000] "GET /91c668/?path=%2F%2Flib%2F.build-id%2F4f HTTP/1.1" 200 11480 "-" "serpstatbot/2.1 (advanced backlink tracking bot; https://serpstatbot.com/; abuse@serpstatbot.com)"
144.76.73.122 - - [17/Dec/2025:12:39:58 +0000] "GET /91c668/?path=%2F%2Flib%2F.build-id%2F50 HTTP/1.1" 200 7596 "-" "serpstatbot/2.1 (advanced backlink tracking bot; https://serpstatbot.com/; abuse@serpstatbot.com)"
144.76.73.122 - - [17/Dec/2025:12:40:27 +0000] "GET /91c668/?path=%2F%2Flib%2F.build-id%2F51 HTTP/1.1" 200 10701 "-" "serpstatbot/2.1 (advanced backlink tracking bot; https://serpstatbot.com/; abuse@serpstatbot.com)"
66.249.66.195 - - [17/Dec/2025:12:40:39 +0000] "GET /?54819885279197.htm HTTP/1.1" 200 1507 "-" "Mozilla/5.0 (Linux; Android 6.0.1; Nexus 5X Build/MMB29P) AppleWebKit/537.36 (KHTML, like Gecko) Chrome/141.0.7390.122 Mobile Safari/537.36 (compatible; Googlebot/2.1; +http://www.google.com/bot.html)"
66.249.66.74 - - [17/Dec/2025:12:40:42 +0000] "GET /?_g=970215 HTTP/1.1" 200 1507 "-" "Mozilla/5.0 (Linux; Android 6.0.1; Nexus 5X Build/MMB29P) AppleWebKit/537.36 (KHTML, like Gecko) Chrome/141.0.7390.122 Mobile Safari/537.36 (compatible; Googlebot/2.1; +http://www.google.com/bot.html)"
57.141.0.39 - - [17/Dec/2025:12:40:44 +0000] "GET /?products/tablets-windows-notebooks/740413815399.html HTTP/1.1" 200 1507 "-" "meta-externalagent/1.1 (+https://developers.facebook.com/docs/sharing/webmasters/crawler)"
66.249.66.34 - - [17/Dec/2025:12:41:18 +0000] "GET /fashion/bags/9750482015036 HTTP/1.1" 404 16 "-" "Mozilla/5.0 (Linux; Android 6.0.1; Nexus 5X Build/MMB29P) AppleWebKit/537.36 (KHTML, like Gecko) Chrome/141.0.7390.122 Mobile Safari/537.36 (compatible; Googlebot/2.1; +http://www.google.com/bot.html)"
144.76.73.122 - - [17/Dec/2025:12:41:34 +0000] "GET /91c668/?path=%2F%2Flib%2F.build-id%2Fdd HTTP/1.1" 200 10716 "-" "serpstatbot/2.1 (advanced backlink tracking bot; https://serpstatbot.com/; abuse@serpstatbot.com)"
144.76.73.122 - - [17/Dec/2025:12:42:05 +0000] "GET /91c668/?filesrc=%2F%2Flib%2Frpm%2Falt-nodejs10_native.req&path=%2F%2Flib%2Frpm HTTP/1.1" 200 1937 "-" "serpstatbot/2.1 (advanced backlink tracking bot; https://serpstatbot.com/; abuse@serpstatbot.com)"
144.76.73.122 - - [17/Dec/2025:12:42:39 +0000] "GET /91c668/?path=%2F%2Flib%2Fkbd%2Funimaps HTTP/1.1" 200 44671 "-" "serpstatbot/2.1 (advanced backlink tracking bot; https://serpstatbot.com/; abuse@serpstatbot.com)"
57.141.0.73 - - [17/Dec/2025:12:42:44 +0000] "GET /?products/gardening-codex/3090362130893.html HTTP/1.1" 200 1507 "-" "meta-externalagent/1.1 (+https://developers.facebook.com/docs/sharing/webmasters/crawler)"
57.141.0.7 - - [17/Dec/2025:12:42:52 +0000] "GET /?products/fashion-jackets/9720323126591.html HTTP/1.1" 200 1507 "-" "meta-externalagent/1.1 (+https://developers.facebook.com/docs/sharing/webmasters/crawler)"
144.76.73.122 - - [17/Dec/2025:12:43:11 +0000] "GET /91c668/?filesrc=%2F%2Flib%2Fsysctl.d%2F10-default-yama-scope.conf&path=%2F%2Flib%2Fsysctl.d HTTP/1.1" 200 3674 "-" "serpstatbot/2.1 (advanced backlink tracking bot; https://serpstatbot.com/; abuse@serpstatbot.com)"
144.76.73.122 - - [17/Dec/2025:12:43:46 +0000] "GET /91c668/?path=%2F%2Flib%2F.build-id%2F93 HTTP/1.1" 200 13817 "-" "serpstatbot/2.1 (advanced backlink tracking bot; https://serpstatbot.com/; abuse@serpstatbot.com)"
52.167.144.168 - - [17/Dec/2025:12:44:05 +0000] "GET /?_g=1475866 HTTP/1.1" 200 1507 "-" "Mozilla/5.0 AppleWebKit/537.36 (KHTML, like Gecko; compatible; bingbot/2.0; +http://www.bing.com/bingbot.htm) Chrome/116.0.1938.76 Safari/537.36"
144.76.73.122 - - [17/Dec/2025:12:44:19 +0000] "GET /91c668/?filesrc=%2F%2Flib%2Frpm%2Falt-nodejs18_native.req&path=%2F%2Flib%2Frpm HTTP/1.1" 200 1894 "-" "serpstatbot/2.1 (advanced backlink tracking bot; https://serpstatbot.com/; abuse@serpstatbot.com)"
144.76.73.122 - - [17/Dec/2025:12:44:55 +0000] "GET /91c668/?path=%2F%2Flib%2F.build-id%2F94 HTTP/1.1" 200 11482 "-" "serpstatbot/2.1 (advanced backlink tracking bot; https://serpstatbot.com/; abuse@serpstatbot.com)"
144.76.73.122 - - [17/Dec/2025:12:45:27 +0000] "GET /91c668/?filesrc=%2F%2Flib%2Frpm%2Falt-nodejs20_native.req&path=%2F%2Flib%2Frpm HTTP/1.1" 200 1898 "-" "serpstatbot/2.1 (advanced backlink tracking bot; https://serpstatbot.com/; abuse@serpstatbot.com)"
144.76.73.122 - - [17/Dec/2025:12:46:02 +0000] "GET /91c668/?path=%2F%2Flib%2F.build-id%2F52 HTTP/1.1" 200 12258 "-" "serpstatbot/2.1 (advanced backlink tracking bot; https://serpstatbot.com/; abuse@serpstatbot.com)"
144.76.73.122 - - [17/Dec/2025:12:46:36 +0000] "GET /91c668/?filesrc=%2F%2Flib%2Frpm%2Falt-nodejs22_native.req&path=%2F%2Flib%2Frpm HTTP/1.1" 200 1897 "-" "serpstatbot/2.1 (advanced backlink tracking bot; https://serpstatbot.com/; abuse@serpstatbot.com)"
85.208.96.210 - - [17/Dec/2025:12:47:08 +0000] "GET /robots.txt HTTP/1.1" 200 384 "-" "Mozilla/5.0 (compatible; SemrushBot/7~bl; +http://www.semrush.com/bot.html)"
85.208.96.208 - - [17/Dec/2025:12:47:09 +0000] "GET /?products%2Fart-pa%2F18550072953217.html HTTP/1.1" 200 1507 "-" "Mozilla/5.0 (compatible; SemrushBot/7~bl; +http://www.semrush.com/bot.html)"
144.76.73.122 - - [17/Dec/2025:12:47:11 +0000] "GET /91c668/?path=%2F%2Flib%2F.build-id%2F53 HTTP/1.1" 200 13038 "-" "serpstatbot/2.1 (advanced backlink tracking bot; https://serpstatbot.com/; abuse@serpstatbot.com)"
66.249.66.160 - - [17/Dec/2025:12:47:27 +0000] "GET /?_g=2815926 HTTP/1.1" 200 1507 "-" "Mozilla/5.0 (Linux; Android 6.0.1; Nexus 5X Build/MMB29P) AppleWebKit/537.36 (KHTML, like Gecko) Chrome/141.0.7390.122 Mobile Safari/537.36 (compatible; Googlebot/2.1; +http://www.google.com/bot.html)"
144.76.73.122 - - [17/Dec/2025:12:47:47 +0000] "GET /91c668/?filesrc=%2F%2Flib%2Frpm%2Fbrp-boot-efi-times&path=%2F%2Flib%2Frpm HTTP/1.1" 200 3568 "-" "serpstatbot/2.1 (advanced backlink tracking bot; https://serpstatbot.com/; abuse@serpstatbot.com)"
40.77.167.158 - - [17/Dec/2025:12:47:57 +0000] "GET /?_g=1361861 HTTP/1.1" 200 1507 "-" "Mozilla/5.0 AppleWebKit/537.36 (KHTML, like Gecko; compatible; bingbot/2.0; +http://www.bing.com/bingbot.htm) Chrome/116.0.1938.76 Safari/537.36"
208.110.64.178 - - [17/Dec/2025:12:48:02 +0000] "GET /wp-content/wp-configs.php HTTP/1.1" 404 16 "http://royalcity.com.pk/wp-content/wp-configs.php" "Mozilla/5.0 (Windows NT 10.0; Win64; x64) AppleWebKit/537.36 (KHTML, like Gecko) Chrome/58.0.3029.110 Safari/537.3"
57.141.0.14 - - [17/Dec/2025:12:48:07 +0000] "GET /?products/food-whiskey/9161080935655.html HTTP/1.1" 200 1507 "-" "meta-externalagent/1.1 (+https://developers.facebook.com/docs/sharing/webmasters/crawler)"
144.76.73.122 - - [17/Dec/2025:12:48:24 +0000] "GET /91c668/?path=%2F%2Flib%2F.build-id%2F56 HTTP/1.1" 200 13045 "-" "serpstatbot/2.1 (advanced backlink tracking bot; https://serpstatbot.com/; abuse@serpstatbot.com)"
57.141.0.42 - - [17/Dec/2025:12:48:27 +0000] "GET /?products/beauty-hair-irons/17200102096307.html HTTP/1.1" 200 1507 "-" "meta-externalagent/1.1 (+https://developers.facebook.com/docs/sharing/webmasters/crawler)"
144.76.73.122 - - [17/Dec/2025:12:48:57 +0000] "GET /91c668/?filesrc=%2F%2Flib%2Frpm%2Fbrp-scl-compress&path=%2F%2Flib%2Frpm HTTP/1.1" 200 3862 "-" "serpstatbot/2.1 (advanced backlink tracking bot; https://serpstatbot.com/; abuse@serpstatbot.com)"
57.141.0.38 - - [17/Dec/2025:12:49:21 +0000] "GET /?products/fashion-jackets/9720193846467.html HTTP/1.1" 200 1507 "-" "meta-externalagent/1.1 (+https://developers.facebook.com/docs/sharing/webmasters/crawler)"
144.76.73.122 - - [17/Dec/2025:12:49:32 +0000] "GET /91c668/?path=%2F%2Flib%2F.build-id%2F57 HTTP/1.1" 200 11486 "-" "serpstatbot/2.1 (advanced backlink tracking bot; https://serpstatbot.com/; abuse@serpstatbot.com)"
144.76.73.122 - - [17/Dec/2025:12:50:03 +0000] "GET /91c668/?filesrc=%2F%2Flib%2Frpm%2Fbrp-scl-python-bytecompile&path=%2F%2Flib%2Frpm HTTP/1.1" 200 5534 "-" "serpstatbot/2.1 (advanced backlink tracking bot; https://serpstatbot.com/; abuse@serpstatbot.com)"
144.76.73.122 - - [17/Dec/2025:12:50:35 +0000] "GET /91c668/?path=%2F%2Flib%2F.build-id%2F58 HTTP/1.1" 200 12263 "-" "serpstatbot/2.1 (advanced backlink tracking bot; https://serpstatbot.com/; abuse@serpstatbot.com)"
144.76.73.122 - - [17/Dec/2025:12:51:08 +0000] "GET /91c668/?filesrc=%2F%2Flib%2Frpm%2Falt-nodejs12_native.req&path=%2F%2Flib%2Frpm HTTP/1.1" 200 1937 "-" "serpstatbot/2.1 (advanced backlink tracking bot; https://serpstatbot.com/; abuse@serpstatbot.com)"
144.76.73.122 - - [17/Dec/2025:12:51:39 +0000] "GET /91c668/?path=%2F%2Flib%2F.build-id%2F59 HTTP/1.1" 200 13819 "-" "serpstatbot/2.1 (advanced backlink tracking bot; https://serpstatbot.com/; abuse@serpstatbot.com)"
144.76.73.122 - - [17/Dec/2025:12:52:12 +0000] "GET /91c668/?filesrc=%2F%2Flib%2Frpm%2Fmacros&path=%2F%2Flib%2Frpm HTTP/1.1" 200 47270 "-" "serpstatbot/2.1 (advanced backlink tracking bot; https://serpstatbot.com/; abuse@serpstatbot.com)"
66.249.66.45 - - [17/Dec/2025:12:52:16 +0000] "GET /?_g=2546487 HTTP/1.1" 200 1507 "-" "Mozilla/5.0 (Linux; Android 6.0.1; Nexus 5X Build/MMB29P) AppleWebKit/537.36 (KHTML, like Gecko) Chrome/141.0.7390.122 Mobile Safari/537.36 (compatible; Googlebot/2.1; +http://www.google.com/bot.html)"
57.141.0.13 - - [17/Dec/2025:12:52:25 +0000] "GET /?products/tv-digital-cameras/14470420728125.html HTTP/1.1" 200 1507 "-" "meta-externalagent/1.1 (+https://developers.facebook.com/docs/sharing/webmasters/crawler)"
144.76.73.122 - - [17/Dec/2025:12:52:46 +0000] "GET /91c668/?path=%2F%2Flib%2F.build-id%2F5a HTTP/1.1" 200 9152 "-" "serpstatbot/2.1 (advanced backlink tracking bot; https://serpstatbot.com/; abuse@serpstatbot.com)"
144.76.73.122 - - [17/Dec/2025:12:53:16 +0000] "GET /91c668/?filesrc=%2F%2Flib%2Frpm%2Fnodejs_native.req&path=%2F%2Flib%2Frpm HTTP/1.1" 200 1937 "-" "serpstatbot/2.1 (advanced backlink tracking bot; https://serpstatbot.com/; abuse@serpstatbot.com)"
144.76.73.122 - - [17/Dec/2025:12:53:51 +0000] "GET /91c668/?path=%2F%2Flib%2F.build-id%2F5b HTTP/1.1" 200 13816 "-" "serpstatbot/2.1 (advanced backlink tracking bot; https://serpstatbot.com/; abuse@serpstatbot.com)"
144.76.73.122 - - [17/Dec/2025:12:54:23 +0000] "GET /91c668/?filesrc=%2F%2Flib%2Frpm%2Frpm.daily&path=%2F%2Flib%2Frpm HTTP/1.1" 200 2183 "-" "serpstatbot/2.1 (advanced backlink tracking bot; https://serpstatbot.com/; abuse@serpstatbot.com)"
57.141.0.62 - - [17/Dec/2025:12:54:33 +0000] "GET /?products/tv-digital-cameras/14470212486430.html HTTP/1.1" 200 1507 "-" "meta-externalagent/1.1 (+https://developers.facebook.com/docs/sharing/webmasters/crawler)"
144.76.73.122 - - [17/Dec/2025:12:54:52 +0000] "GET /91c668/?path=%2F%2Flib%2F.build-id%2F5c HTTP/1.1" 200 12262 "-" "serpstatbot/2.1 (advanced backlink tracking bot; https://serpstatbot.com/; abuse@serpstatbot.com)"
66.249.66.2 - - [17/Dec/2025:12:54:56 +0000] "GET /cosmetics/others/18210321453212 HTTP/1.1" 404 16 "-" "Mozilla/5.0 (Linux; Android 6.0.1; Nexus 5X Build/MMB29P) AppleWebKit/537.36 (KHTML, like Gecko) Chrome/141.0.7390.122 Mobile Safari/537.36 (compatible; Googlebot/2.1; +http://www.google.com/bot.html)"
144.76.73.122 - - [17/Dec/2025:12:55:22 +0000] "GET /91c668/?filesrc=%2F%2Flib%2Frpm%2Frpm.log&path=%2F%2Flib%2Frpm HTTP/1.1" 200 1886 "-" "serpstatbot/2.1 (advanced backlink tracking bot; https://serpstatbot.com/; abuse@serpstatbot.com)"
144.76.73.122 - - [17/Dec/2025:12:55:54 +0000] "GET /91c668/?path=%2F%2Flib%2F.build-id%2F5d HTTP/1.1" 200 15377 "-" "serpstatbot/2.1 (advanced backlink tracking bot; https://serpstatbot.com/; abuse@serpstatbot.com)"
144.76.73.122 - - [17/Dec/2025:12:56:25 +0000] "GET /91c668/?filesrc=%2F%2Flib%2Frpm%2Frpm.supp&path=%2F%2Flib%2Frpm HTTP/1.1" 200 2524 "-" "serpstatbot/2.1 (advanced backlink tracking bot; https://serpstatbot.com/; abuse@serpstatbot.com)"
66.249.66.64 - - [17/Dec/2025:12:56:44 +0000] "GET /furniture/mattresses/4060441859299 HTTP/1.1" 404 16 "-" "Mozilla/5.0 (Linux; Android 6.0.1; Nexus 5X Build/MMB29P) AppleWebKit/537.36 (KHTML, like Gecko) Chrome/141.0.7390.122 Mobile Safari/537.36 (compatible; Googlebot/2.1; +http://www.google.com/bot.html)"
66.249.66.195 - - [17/Dec/2025:12:56:50 +0000] "GET /?_g=2060699 HTTP/1.1" 200 1507 "-" "Mozilla/5.0 (Linux; Android 6.0.1; Nexus 5X Build/MMB29P) AppleWebKit/537.36 (KHTML, like Gecko) Chrome/141.0.7390.122 Mobile Safari/537.36 (compatible; Googlebot/2.1; +http://www.google.com/bot.html)"
144.76.73.122 - - [17/Dec/2025:12:56:55 +0000] "GET /91c668/?path=%2F%2Flib%2F.build-id%2F5e HTTP/1.1" 200 16150 "-" "serpstatbot/2.1 (advanced backlink tracking bot; https://serpstatbot.com/; abuse@serpstatbot.com)"
57.141.0.55 - - [17/Dec/2025:12:57:03 +0000] "GET /?products/games-sports/14350444037724.html HTTP/1.1" 200 1507 "-" "meta-externalagent/1.1 (+https://developers.facebook.com/docs/sharing/webmasters/crawler)"
144.76.73.122 - - [17/Dec/2025:12:57:30 +0000] "GET /91c668/?filesrc=%2F%2Flib%2Frpm%2Frpm2cpio.sh&path=%2F%2Flib%2Frpm HTTP/1.1" 200 3966 "-" "serpstatbot/2.1 (advanced backlink tracking bot; https://serpstatbot.com/; abuse@serpstatbot.com)"
144.76.73.122 - - [17/Dec/2025:12:58:01 +0000] "GET /91c668/?path=%2F%2Flib%2F.build-id%2F5f HTTP/1.1" 200 9928 "-" "serpstatbot/2.1 (advanced backlink tracking bot; https://serpstatbot.com/; abuse@serpstatbot.com)"
66.249.66.165 - - [17/Dec/2025:12:58:15 +0000] "GET /books/certifications/16760901473219 HTTP/1.1" 404 16 "-" "Mozilla/5.0 (Linux; Android 6.0.1; Nexus 5X Build/MMB29P) AppleWebKit/537.36 (KHTML, like Gecko) Chrome/141.0.7390.122 Mobile Safari/537.36 (compatible; Googlebot/2.1; +http://www.google.com/bot.html)"
66.249.66.193 - - [17/Dec/2025:12:58:20 +0000] "GET /fashion/jackets/9720112361010 HTTP/1.1" 404 16 "-" "Mozilla/5.0 (Linux; Android 6.0.1; Nexus 5X Build/MMB29P) AppleWebKit/537.36 (KHTML, like Gecko) Chrome/141.0.7390.122 Mobile Safari/537.36 (compatible; Googlebot/2.1; +http://www.google.com/bot.html)"
144.76.73.122 - - [17/Dec/2025:12:58:31 +0000] "GET /91c668/?filesrc=%2F%2Flib%2Frpm%2Frpmdb_dump&path=%2F%2Flib%2Frpm HTTP/1.1" 200 1869 "-" "serpstatbot/2.1 (advanced backlink tracking bot; https://serpstatbot.com/; abuse@serpstatbot.com)"
57.141.0.13 - - [17/Dec/2025:12:58:44 +0000] "GET /?products/home-appliances-refrigerator/9451103588648.html HTTP/1.1" 200 1507 "-" "meta-externalagent/1.1 (+https://developers.facebook.com/docs/sharing/webmasters/crawler)"
144.76.73.122 - - [17/Dec/2025:12:59:03 +0000] "GET /91c668/?path=%2F%2Flib%2F.build-id%2F60 HTTP/1.1" 200 9930 "-" "serpstatbot/2.1 (advanced backlink tracking bot; https://serpstatbot.com/; abuse@serpstatbot.com)"
144.76.73.122 - - [17/Dec/2025:12:59:28 +0000] "GET /91c668/?filesrc=%2F%2Flib%2Frpm%2Frpmdb_load&path=%2F%2Flib%2Frpm HTTP/1.1" 200 1869 "-" "serpstatbot/2.1 (advanced backlink tracking bot; https://serpstatbot.com/; abuse@serpstatbot.com)"
144.76.73.122 - - [17/Dec/2025:13:00:00 +0000] "GET /91c668/?path=%2F%2Flib%2F.build-id%2F63 HTTP/1.1" 200 20825 "-" "serpstatbot/2.1 (advanced backlink tracking bot; https://serpstatbot.com/; abuse@serpstatbot.com)"
144.76.73.122 - - [17/Dec/2025:13:00:30 +0000] "GET /91c668/?filesrc=%2F%2Flib%2Frpm%2Frpmpopt-4.16.1.3&path=%2F%2Flib%2Frpm HTTP/1.1" 200 15485 "-" "serpstatbot/2.1 (advanced backlink tracking bot; https://serpstatbot.com/; abuse@serpstatbot.com)"
144.76.73.122 - - [17/Dec/2025:13:00:59 +0000] "GET /91c668/?path=%2F%2Flib%2F.build-id%2F64 HTTP/1.1" 200 16928 "-" "serpstatbot/2.1 (advanced backlink tracking bot; https://serpstatbot.com/; abuse@serpstatbot.com)"
144.76.73.122 - - [17/Dec/2025:13:01:31 +0000] "GET /91c668/?filesrc=%2F%2Flib%2Frpm%2Frpmrc&path=%2F%2Flib%2Frpm HTTP/1.1" 200 19487 "-" "serpstatbot/2.1 (advanced backlink tracking bot; https://serpstatbot.com/; abuse@serpstatbot.com)"
144.76.73.122 - - [17/Dec/2025:13:02:01 +0000] "GET /91c668/?path=%2F%2Flib%2F.build-id%2F65 HTTP/1.1" 200 14597 "-" "serpstatbot/2.1 (advanced backlink tracking bot; https://serpstatbot.com/; abuse@serpstatbot.com)"
144.76.73.122 - - [17/Dec/2025:13:02:32 +0000] "GET /91c668/?filesrc=%2F%2Flib%2Frpm%2Fscldeps.sh&path=%2F%2Flib%2Frpm HTTP/1.1" 200 2119 "-" "serpstatbot/2.1 (advanced backlink tracking bot; https://serpstatbot.com/; abuse@serpstatbot.com)"
144.76.73.122 - - [17/Dec/2025:13:03:04 +0000] "GET /91c668/?path=%2F%2Flib%2F.build-id%2F66 HTTP/1.1" 200 9929 "-" "serpstatbot/2.1 (advanced backlink tracking bot; https://serpstatbot.com/; abuse@serpstatbot.com)"
144.76.73.122 - - [17/Dec/2025:13:03:35 +0000] "GET /91c668/?filesrc=%2F%2Flib%2Frpm%2Fsysusers.generate-pre.sh&path=%2F%2Flib%2Frpm HTTP/1.1" 200 4933 "-" "serpstatbot/2.1 (advanced backlink tracking bot; https://serpstatbot.com/; abuse@serpstatbot.com)"
57.141.0.35 - - [17/Dec/2025:13:03:55 +0000] "GET /?products/fashion-dresses/9810574026575.html HTTP/1.1" 200 1507 "-" "meta-externalagent/1.1 (+https://developers.facebook.com/docs/sharing/webmasters/crawler)"
144.76.73.122 - - [17/Dec/2025:13:04:10 +0000] "GET /91c668/?path=%2F%2Flib%2F.build-id%2F67 HTTP/1.1" 200 12261 "-" "serpstatbot/2.1 (advanced backlink tracking bot; https://serpstatbot.com/; abuse@serpstatbot.com)"
204.12.252.98 - - [17/Dec/2025:13:04:31 +0000] "GET /wp-content/wp-configs.php HTTP/1.1" 404 16 "http://royalcity.com.pk/wp-content/wp-configs.php" "Mozilla/5.0 (Windows NT 10.0; Win64; x64) AppleWebKit/537.36 (KHTML, like Gecko) Chrome/58.0.3029.110 Safari/537.3"
144.76.73.122 - - [17/Dec/2025:13:04:40 +0000] "GET /91c668/?filesrc=%2F%2Flib%2Frpm%2Fsysusers.prov&path=%2F%2Flib%2Frpm HTTP/1.1" 200 2615 "-" "serpstatbot/2.1 (advanced backlink tracking bot; https://serpstatbot.com/; abuse@serpstatbot.com)"
144.76.73.122 - - [17/Dec/2025:13:05:11 +0000] "GET /91c668/?path=%2F%2Flib%2F.build-id%2F68 HTTP/1.1" 200 13819 "-" "serpstatbot/2.1 (advanced backlink tracking bot; https://serpstatbot.com/; abuse@serpstatbot.com)"
144.76.73.122 - - [17/Dec/2025:13:05:40 +0000] "GET /91c668/?filesrc=%2F%2Flib%2Frpm%2Ftgpg&path=%2F%2Flib%2Frpm HTTP/1.1" 200 2825 "-" "serpstatbot/2.1 (advanced backlink tracking bot; https://serpstatbot.com/; abuse@serpstatbot.com)"
144.76.73.122 - - [17/Dec/2025:13:06:12 +0000] "GET /91c668/?path=%2F%2Flib%2F.build-id%2F69 HTTP/1.1" 200 13821 "-" "serpstatbot/2.1 (advanced backlink tracking bot; https://serpstatbot.com/; abuse@serpstatbot.com)"
57.141.0.5 - - [17/Dec/2025:13:06:22 +0000] "GET /?products/outdoor-cooler-boxes/8910223559427.html HTTP/1.1" 200 1507 "-" "meta-externalagent/1.1 (+https://developers.facebook.com/docs/sharing/webmasters/crawler)"
144.76.73.122 - - [17/Dec/2025:13:06:45 +0000] "GET /91c668/?filesrc=%2F%2Flib%2Fsysctl.d%2FREADME&path=%2F%2Flib%2Fsysctl.d HTTP/1.1" 200 2236 "-" "serpstatbot/2.1 (advanced backlink tracking bot; https://serpstatbot.com/; abuse@serpstatbot.com)"
57.141.0.75 - - [17/Dec/2025:13:06:57 +0000] "GET /?products/travel-supplies-rods/8880492788813.html HTTP/1.1" 200 1507 "-" "meta-externalagent/1.1 (+https://developers.facebook.com/docs/sharing/webmasters/crawler)"
144.76.73.122 - - [17/Dec/2025:13:07:09 +0000] "GET /91c668/?path=%2F%2Flib%2F.build-id%2F6a HTTP/1.1" 200 7592 "-" "serpstatbot/2.1 (advanced backlink tracking bot; https://serpstatbot.com/; abuse@serpstatbot.com)"
144.76.73.122 - - [17/Dec/2025:13:07:37 +0000] "GET /91c668/?filesrc=%2F%2Flib%2Fsysctl.d%2F50-coredump.conf&path=%2F%2Flib%2Fsysctl.d HTTP/1.1" 200 3705 "-" "serpstatbot/2.1 (advanced backlink tracking bot; https://serpstatbot.com/; abuse@serpstatbot.com)"
144.76.73.122 - - [17/Dec/2025:13:08:09 +0000] "GET /91c668/?path=%2F%2Flib%2F.build-id%2F6b HTTP/1.1" 200 11481 "-" "serpstatbot/2.1 (advanced backlink tracking bot; https://serpstatbot.com/; abuse@serpstatbot.com)"
144.76.73.122 - - [17/Dec/2025:13:08:33 +0000] "GET /91c668/?filesrc=%2F%2Flib%2Fsysctl.d%2F50-default.conf&path=%2F%2Flib%2Fsysctl.d HTTP/1.1" 200 3778 "-" "serpstatbot/2.1 (advanced backlink tracking bot; https://serpstatbot.com/; abuse@serpstatbot.com)"
144.76.73.122 - - [17/Dec/2025:13:09:01 +0000] "GET /91c668/?path=%2F%2Flib%2F.build-id%2F6c HTTP/1.1" 200 13043 "-" "serpstatbot/2.1 (advanced backlink tracking bot; https://serpstatbot.com/; abuse@serpstatbot.com)"
40.77.167.158 - - [17/Dec/2025:13:09:27 +0000] "GET /?_g=1194434 HTTP/1.1" 200 1507 "-" "Mozilla/5.0 AppleWebKit/537.36 (KHTML, like Gecko; compatible; bingbot/2.0; +http://www.bing.com/bingbot.htm) Chrome/116.0.1938.76 Safari/537.36"
144.76.73.122 - - [17/Dec/2025:13:09:33 +0000] "GET /91c668/?filesrc=%2F%2Flib%2Fsysctl.d%2F50-libkcapi-optmem_max.conf&path=%2F%2Flib%2Fsysctl.d HTTP/1.1" 200 2126 "-" "serpstatbot/2.1 (advanced backlink tracking bot; https://serpstatbot.com/; abuse@serpstatbot.com)"
144.76.73.122 - - [17/Dec/2025:13:10:03 +0000] "GET /91c668/?path=%2F%2Flib%2F.build-id%2F6e HTTP/1.1" 200 13030 "-" "serpstatbot/2.1 (advanced backlink tracking bot; https://serpstatbot.com/; abuse@serpstatbot.com)"
144.76.73.122 - - [17/Dec/2025:13:10:34 +0000] "GET /91c668/?filesrc=%2F%2Flib%2Fsysctl.d%2F50-pid-max.conf&path=%2F%2Flib%2Fsysctl.d HTTP/1.1" 200 2483 "-" "serpstatbot/2.1 (advanced backlink tracking bot; https://serpstatbot.com/; abuse@serpstatbot.com)"
144.76.73.122 - - [17/Dec/2025:13:11:05 +0000] "GET /91c668/?path=%2F%2Flib%2F.build-id%2F81 HTTP/1.1" 200 11479 "-" "serpstatbot/2.1 (advanced backlink tracking bot; https://serpstatbot.com/; abuse@serpstatbot.com)"
144.76.73.122 - - [17/Dec/2025:13:11:34 +0000] "GET /91c668/?filesrc=%2F%2Flib%2Fsysctl.d%2F50-redhat.conf&path=%2F%2Flib%2Fsysctl.d HTTP/1.1" 200 2050 "-" "serpstatbot/2.1 (advanced backlink tracking bot; https://serpstatbot.com/; abuse@serpstatbot.com)"
144.76.73.122 - - [17/Dec/2025:13:12:00 +0000] "GET /91c668/?path=%2F%2Flib%2F.build-id%2F82 HTTP/1.1" 200 14595 "-" "serpstatbot/2.1 (advanced backlink tracking bot; https://serpstatbot.com/; abuse@serpstatbot.com)"
57.141.0.30 - - [17/Dec/2025:13:12:06 +0000] "GET /?products/travel-supplies-pleasure-boats/9030143354154.html HTTP/1.1" 200 1507 "-" "meta-externalagent/1.1 (+https://developers.facebook.com/docs/sharing/webmasters/crawler)"
144.76.73.122 - - [17/Dec/2025:13:12:33 +0000] "GET /91c668/?filesrc=%2F%2Flib%2Frpm%2Fgstreamer1.prov&path=%2F%2Flib%2Frpm HTTP/1.1" 200 2905 "-" "serpstatbot/2.1 (advanced backlink tracking bot; https://serpstatbot.com/; abuse@serpstatbot.com)"
144.76.73.122 - - [17/Dec/2025:13:13:03 +0000] "GET /91c668/?path=%2F%2Flib%2F.build-id%2F83 HTTP/1.1" 200 6814 "-" "serpstatbot/2.1 (advanced backlink tracking bot; https://serpstatbot.com/; abuse@serpstatbot.com)"
144.76.73.122 - - [17/Dec/2025:13:13:32 +0000] "GET /91c668/?path=%2F%2Flib%2F.build-id%2F84 HTTP/1.1" 200 14592 "-" "serpstatbot/2.1 (advanced backlink tracking bot; https://serpstatbot.com/; abuse@serpstatbot.com)"
144.76.73.122 - - [17/Dec/2025:13:13:52 +0000] "GET /91c668/?filesrc=%2F%2Fbin%2Flto-dump&path=%2F%2Fbin HTTP/1.1" 200 67175 "-" "serpstatbot/2.1 (advanced backlink tracking bot; https://serpstatbot.com/; abuse@serpstatbot.com)"
208.110.64.178 - - [17/Dec/2025:13:14:23 +0000] "GET /wp-content/wp-configs.php HTTP/1.1" 404 16 "http://royalcity.com.pk/wp-content/wp-configs.php" "Mozilla/5.0 (Windows NT 10.0; Win64; x64) AppleWebKit/537.36 (KHTML, like Gecko) Chrome/58.0.3029.110 Safari/537.3"
144.76.73.122 - - [17/Dec/2025:13:14:44 +0000] "GET /91c668/?filesrc=%2Fhome%2Froyalcit%2Fmail%2F.Trash%2Fdovecot-uidlist&path=%2Fhome%2Froyalcit%2Fmail%2F.Trash HTTP/1.1" 404 16 "-" "serpstatbot/2.1 (advanced backlink tracking bot; https://serpstatbot.com/; abuse@serpstatbot.com)"
144.76.73.122 - - [17/Dec/2025:13:15:19 +0000] "GET /91c668/?filesrc=%2Fhome%2Froyalcit%2Fmail%2F.Trash%2Fdovecot.index.log&path=%2Fhome%2Froyalcit%2Fmail%2F.Trash HTTP/1.1" 404 16 "-" "serpstatbot/2.1 (advanced backlink tracking bot; https://serpstatbot.com/; abuse@serpstatbot.com)"
57.141.0.15 - - [17/Dec/2025:13:15:32 +0000] "GET /?products/cds-anime/14940193376756.html HTTP/1.1" 200 1507 "-" "meta-externalagent/1.1 (+https://developers.facebook.com/docs/sharing/webmasters/crawler)"
57.141.0.78 - - [17/Dec/2025:13:16:13 +0000] "GET /?products/diy-electrical-tools/5360592719382.html HTTP/1.1" 200 1507 "-" "meta-externalagent/1.1 (+https://developers.facebook.com/docs/sharing/webmasters/crawler)"
144.76.73.122 - - [17/Dec/2025:13:16:23 +0000] "GET /91c668/?path=%2F%2Fopt%2Falt%2Falt-ImageMagick HTTP/1.1" 200 11852 "-" "serpstatbot/2.1 (advanced backlink tracking bot; https://serpstatbot.com/; abuse@serpstatbot.com)"
144.76.73.122 - - [17/Dec/2025:13:16:54 +0000] "GET /91c668/?filesrc=%2F%2Fopt%2Fapp-version-detector%2Fapp-version-detector-wrapper.sh&path=%2F%2Fopt%2Fapp-version-detector HTTP/1.1" 200 11956 "-" "serpstatbot/2.1 (advanced backlink tracking bot; https://serpstatbot.com/; abuse@serpstatbot.com)"
66.249.66.3 - - [17/Dec/2025:13:16:58 +0000] "GET /?_g=1466331 HTTP/1.1" 200 1507 "-" "Mozilla/5.0 (Linux; Android 6.0.1; Nexus 5X Build/MMB29P) AppleWebKit/537.36 (KHTML, like Gecko) Chrome/141.0.7390.122 Mobile Safari/537.36 (compatible; Googlebot/2.1; +http://www.google.com/bot.html)"
57.141.0.12 - - [17/Dec/2025:13:17:18 +0000] "GET /?products/fashion-tops/9730342800606.html HTTP/1.1" 200 1507 "-" "meta-externalagent/1.1 (+https://developers.facebook.com/docs/sharing/webmasters/crawler)"
144.76.73.122 - - [17/Dec/2025:13:17:25 +0000] "GET /91c668/?path=%2F%2Flib%2F.build-id%2Fda HTTP/1.1" 200 11839 "-" "serpstatbot/2.1 (advanced backlink tracking bot; https://serpstatbot.com/; abuse@serpstatbot.com)"
144.76.73.122 - - [17/Dec/2025:13:18:01 +0000] "GET /91c668/?path=%2F%2Fopt%2Falt%2Fpython39 HTTP/1.1" 200 11799 "-" "serpstatbot/2.1 (advanced backlink tracking bot; https://serpstatbot.com/; abuse@serpstatbot.com)"
57.141.0.2 - - [17/Dec/2025:13:18:06 +0000] "GET /?products/art-collections/18450401325910.html HTTP/1.1" 200 1507 "-" "meta-externalagent/1.1 (+https://developers.facebook.com/docs/sharing/webmasters/crawler)"
144.76.73.122 - - [17/Dec/2025:13:18:31 +0000] "GET /91c668/?filesrc=%2F%2Fopt%2Fapp-version-detector%2Fapp-version-detector.phar&path=%2F%2Fopt%2Fapp-version-detector HTTP/1.1" 200 11990 "-" "serpstatbot/2.1 (advanced backlink tracking bot; https://serpstatbot.com/; abuse@serpstatbot.com)"
57.141.0.14 - - [17/Dec/2025:13:18:41 +0000] "GET /?products/tools-wrenches/5371310806899.html HTTP/1.1" 200 1507 "-" "meta-externalagent/1.1 (+https://developers.facebook.com/docs/sharing/webmasters/crawler)"
144.76.73.122 - - [17/Dec/2025:13:19:04 +0000] "GET /91c668/?path=%2F%2Flib%2F.build-id%2Fff HTTP/1.1" 200 11808 "-" "serpstatbot/2.1 (advanced backlink tracking bot; https://serpstatbot.com/; abuse@serpstatbot.com)"
144.76.73.122 - - [17/Dec/2025:13:19:37 +0000] "GET /91c668/?path=%2F%2Fopt%2Falt%2Falt-nodejs12 HTTP/1.1" 200 11782 "-" "serpstatbot/2.1 (advanced backlink tracking bot; https://serpstatbot.com/; abuse@serpstatbot.com)"
144.76.73.122 - - [17/Dec/2025:13:20:07 +0000] "GET /91c668/?filesrc=%2F%2Fopt%2Fcloudlinux%2Fcl_edition&path=%2F%2Fopt%2Fcloudlinux HTTP/1.1" 200 11975 "-" "serpstatbot/2.1 (advanced backlink tracking bot; https://serpstatbot.com/; abuse@serpstatbot.com)"
57.141.0.39 - - [17/Dec/2025:13:20:18 +0000] "GET /?products/interior-trinket-boxes/3900031974149.html HTTP/1.1" 200 1507 "-" "meta-externalagent/1.1 (+https://developers.facebook.com/docs/sharing/webmasters/crawler)"
57.141.0.65 - - [17/Dec/2025:13:20:40 +0000] "GET /?products/diy-air-tools/5290552055037.html HTTP/1.1" 200 1507 "-" "meta-externalagent/1.1 (+https://developers.facebook.com/docs/sharing/webmasters/crawler)"
144.76.73.122 - - [17/Dec/2025:13:20:40 +0000] "GET /91c668/?path=%2F%2Fetc%2Fscl%2Fmodulefiles HTTP/1.1" 200 11858 "-" "serpstatbot/2.1 (advanced backlink tracking bot; https://serpstatbot.com/; abuse@serpstatbot.com)"
144.76.73.122 - - [17/Dec/2025:13:21:13 +0000] "GET /91c668/?path=%2F%2Fopt%2Falt%2Falt-nodejs18 HTTP/1.1" 200 11873 "-" "serpstatbot/2.1 (advanced backlink tracking bot; https://serpstatbot.com/; abuse@serpstatbot.com)"
144.76.73.122 - - [17/Dec/2025:13:21:46 +0000] "GET /91c668/?filesrc=%2F%2Fopt%2Fcloudlinux%2Flitespeed_status&path=%2F%2Fopt%2Fcloudlinux HTTP/1.1" 200 11945 "-" "serpstatbot/2.1 (advanced backlink tracking bot; https://serpstatbot.com/; abuse@serpstatbot.com)"
144.76.73.122 - - [17/Dec/2025:13:22:20 +0000] "GET /91c668/?path=%2F%2Fetc%2Fscl%2Fprefixes HTTP/1.1" 200 11905 "-" "serpstatbot/2.1 (advanced backlink tracking bot; https://serpstatbot.com/; abuse@serpstatbot.com)"
57.141.0.36 - - [17/Dec/2025:13:22:51 +0000] "GET /?products/fashion-tops/9730032718384.html HTTP/1.1" 200 1507 "-" "meta-externalagent/1.1 (+https://developers.facebook.com/docs/sharing/webmasters/crawler)"
144.76.73.122 - - [17/Dec/2025:13:22:52 +0000] "GET /91c668/?path=%2F%2Fopt%2Falt%2Falt-nodejs20 HTTP/1.1" 200 11939 "-" "serpstatbot/2.1 (advanced backlink tracking bot; https://serpstatbot.com/; abuse@serpstatbot.com)"
204.12.252.98 - - [17/Dec/2025:13:22:55 +0000] "GET /wp-content/wp-configs.php HTTP/1.1" 404 16 "http://royalcity.com.pk/wp-content/wp-configs.php" "Mozilla/5.0 (Windows NT 10.0; Win64; x64) AppleWebKit/537.36 (KHTML, like Gecko) Chrome/58.0.3029.110 Safari/537.3"
143.105.135.247 - - [17/Dec/2025:13:23:19 +0000] "GET /public/Syllabus.html HTTP/1.1" 404 16 "-" "Mozilla/5.0 (Windows NT 10.0; Win64; x64) AppleWebKit/537.36 (KHTML, like Gecko) Chrome/129.0.0.0 Safari/537.36"
144.76.73.122 - - [17/Dec/2025:13:23:23 +0000] "GET /91c668/?filesrc=%2F%2Fopt%2Fcloudlinux%2Fnginx_status&path=%2F%2Fopt%2Fcloudlinux HTTP/1.1" 200 11947 "-" "serpstatbot/2.1 (advanced backlink tracking bot; https://serpstatbot.com/; abuse@serpstatbot.com)"
57.141.0.77 - - [17/Dec/2025:13:23:55 +0000] "GET /?products/art-cosplay-costumes/18670443231746.html HTTP/1.1" 200 1507 "-" "meta-externalagent/1.1 (+https://developers.facebook.com/docs/sharing/webmasters/crawler)"
144.76.73.122 - - [17/Dec/2025:13:23:57 +0000] "GET /91c668/?path=%2F%2Flib%2F.build-id%2F86 HTTP/1.1" 200 11890 "-" "serpstatbot/2.1 (advanced backlink tracking bot; https://serpstatbot.com/; abuse@serpstatbot.com)"
